[INFO] fetching crate check_elevation 0.2.4...
[INFO] testing check_elevation-0.2.4 against nightly-2024-10-28 for randomize-layout
[INFO] extracting crate check_elevation 0.2.4 into /workspace/builds/worker-2-tc1/source
[INFO] validating manifest of crates.io crate check_elevation 0.2.4 on toolchain nightly-2024-10-28
[INFO] running `Command { std: CARGO_HOME="/workspace/cargo-home" RUSTUP_HOME="/workspace/rustup-home" "/workspace/cargo-home/bin/cargo" "+nightly-2024-10-28" "metadata" "--manifest-path" "Cargo.toml" "--no-deps", kill_on_drop: false }`
[INFO] started tweaking crates.io crate check_elevation 0.2.4
[INFO] finished tweaking crates.io crate check_elevation 0.2.4
[INFO] tweaked toml for crates.io crate check_elevation 0.2.4 written to /workspace/builds/worker-2-tc1/source/Cargo.toml
[INFO] running `Command { std: CARGO_HOME="/workspace/cargo-home" RUSTUP_HOME="/workspace/rustup-home" "/workspace/cargo-home/bin/cargo" "+nightly-2024-10-28" "generate-lockfile" "--manifest-path" "Cargo.toml", kill_on_drop: false }`
[INFO] [stderr]     Updating crates.io index
[INFO] [stderr]      Locking 10 packages to latest compatible versions
[INFO] [stderr]       Adding windows v0.51.1 (available: v0.58.0)
[INFO] running `Command { std: CARGO_HOME="/workspace/cargo-home" RUSTUP_HOME="/workspace/rustup-home" "/workspace/cargo-home/bin/cargo" "+nightly-2024-10-28" "fetch" "--manifest-path" "Cargo.toml", kill_on_drop: false }`
[INFO] running `Command { std: "docker" "create" "-v" "/var/lib/crater-agent-workspace/builds/worker-2-tc1/target:/opt/rustwide/target:rw,Z" "-v" "/var/lib/crater-agent-workspace/builds/worker-2-tc1/source:/opt/rustwide/workdir:ro,Z" "-v" "/var/lib/crater-agent-workspace/cargo-home:/opt/rustwide/cargo-home:ro,Z" "-v" "/var/lib/crater-agent-workspace/rustup-home:/opt/rustwide/rustup-home:ro,Z" "-e" "SOURCE_DIR=/opt/rustwide/workdir" "-e" "CARGO_TARGET_DIR=/opt/rustwide/target" "-e" "CARGO_HOME=/opt/rustwide/cargo-home" "-e" "RUSTUP_HOME=/opt/rustwide/rustup-home" "-w" "/opt/rustwide/workdir" "-m" "1610612736" "--user" "0:0" "--network" "none" "ghcr.io/rust-lang/crates-build-env/linux@sha256:4a844ea9eb2546a2d2c7022eacef16ef2e8229c7fbb2c7d4d55a9ceca922f72d" "/opt/rustwide/cargo-home/bin/cargo" "+nightly-2024-10-28" "metadata" "--no-deps" "--format-version=1", kill_on_drop: false }`
[INFO] [stdout] 17e395cb0f4aa003d8f48a034f509736ffc6676ef20e42a27993ed4c52d4ee3a
[INFO] running `Command { std: "docker" "start" "-a" "17e395cb0f4aa003d8f48a034f509736ffc6676ef20e42a27993ed4c52d4ee3a", kill_on_drop: false }`
[INFO] running `Command { std: "docker" "inspect" "17e395cb0f4aa003d8f48a034f509736ffc6676ef20e42a27993ed4c52d4ee3a", kill_on_drop: false }`
[INFO] running `Command { std: "docker" "rm" "-f" "17e395cb0f4aa003d8f48a034f509736ffc6676ef20e42a27993ed4c52d4ee3a", kill_on_drop: false }`
[INFO] [stdout] 17e395cb0f4aa003d8f48a034f509736ffc6676ef20e42a27993ed4c52d4ee3a
[INFO] running `Command { std: "docker" "create" "-v" "/var/lib/crater-agent-workspace/builds/worker-2-tc1/target:/opt/rustwide/target:rw,Z" "-v" "/var/lib/crater-agent-workspace/builds/worker-2-tc1/source:/opt/rustwide/workdir:ro,Z" "-v" "/var/lib/crater-agent-workspace/cargo-home:/opt/rustwide/cargo-home:ro,Z" "-v" "/var/lib/crater-agent-workspace/rustup-home:/opt/rustwide/rustup-home:ro,Z" "-e" "SOURCE_DIR=/opt/rustwide/workdir" "-e" "CARGO_TARGET_DIR=/opt/rustwide/target" "-e" "CARGO_INCREMENTAL=0" "-e" "RUST_BACKTRACE=full" "-e" "RUSTFLAGS=--cap-lints=forbid" "-e" "RUSTDOCFLAGS=--cap-lints=forbid" "-e" "CARGO_HOME=/opt/rustwide/cargo-home" "-e" "RUSTUP_HOME=/opt/rustwide/rustup-home" "-w" "/opt/rustwide/workdir" "-m" "1610612736" "--user" "0:0" "--network" "none" "ghcr.io/rust-lang/crates-build-env/linux@sha256:4a844ea9eb2546a2d2c7022eacef16ef2e8229c7fbb2c7d4d55a9ceca922f72d" "/opt/rustwide/cargo-home/bin/cargo" "+nightly-2024-10-28" "build" "--frozen" "--message-format=json", kill_on_drop: false }`
[INFO] [stdout] 4de42d9659bc81a8a8ab0246f6842f9cab0a08042f9f754fa33c828d0224f04a
[INFO] running `Command { std: "docker" "start" "-a" "4de42d9659bc81a8a8ab0246f6842f9cab0a08042f9f754fa33c828d0224f04a", kill_on_drop: false }`
[INFO] [stderr]    Compiling windows_x86_64_gnu v0.48.5
[INFO] [stderr]    Compiling windows-targets v0.48.5
[INFO] [stderr]    Compiling windows-core v0.51.1
[INFO] [stderr]    Compiling windows v0.51.1
[INFO] [stderr]    Compiling check_elevation v0.2.4 (/opt/rustwide/workdir)
[INFO] [stderr]     Finished `dev` profile [unoptimized + debuginfo] target(s) in 3.92s
[INFO] running `Command { std: "docker" "inspect" "4de42d9659bc81a8a8ab0246f6842f9cab0a08042f9f754fa33c828d0224f04a", kill_on_drop: false }`
[INFO] running `Command { std: "docker" "rm" "-f" "4de42d9659bc81a8a8ab0246f6842f9cab0a08042f9f754fa33c828d0224f04a", kill_on_drop: false }`
[INFO] [stdout] 4de42d9659bc81a8a8ab0246f6842f9cab0a08042f9f754fa33c828d0224f04a
[INFO] running `Command { std: "docker" "create" "-v" "/var/lib/crater-agent-workspace/builds/worker-2-tc1/target:/opt/rustwide/target:rw,Z" "-v" "/var/lib/crater-agent-workspace/builds/worker-2-tc1/source:/opt/rustwide/workdir:ro,Z" "-v" "/var/lib/crater-agent-workspace/cargo-home:/opt/rustwide/cargo-home:ro,Z" "-v" "/var/lib/crater-agent-workspace/rustup-home:/opt/rustwide/rustup-home:ro,Z" "-e" "SOURCE_DIR=/opt/rustwide/workdir" "-e" "CARGO_TARGET_DIR=/opt/rustwide/target" "-e" "CARGO_INCREMENTAL=0" "-e" "RUST_BACKTRACE=full" "-e" "RUSTFLAGS=--cap-lints=forbid" "-e" "RUSTDOCFLAGS=--cap-lints=forbid" "-e" "CARGO_HOME=/opt/rustwide/cargo-home" "-e" "RUSTUP_HOME=/opt/rustwide/rustup-home" "-w" "/opt/rustwide/workdir" "-m" "1610612736" "--user" "0:0" "--network" "none" "ghcr.io/rust-lang/crates-build-env/linux@sha256:4a844ea9eb2546a2d2c7022eacef16ef2e8229c7fbb2c7d4d55a9ceca922f72d" "/opt/rustwide/cargo-home/bin/cargo" "+nightly-2024-10-28" "test" "--frozen" "--no-run" "--message-format=json", kill_on_drop: false }`
[INFO] [stdout] b6bb2da116b38b3323956aa17ada8534a80c3efbf35813596844cac336a64d2d
[INFO] running `Command { std: "docker" "start" "-a" "b6bb2da116b38b3323956aa17ada8534a80c3efbf35813596844cac336a64d2d", kill_on_drop: false }`
[INFO] [stderr]    Compiling check_elevation v0.2.4 (/opt/rustwide/workdir)
[INFO] [stderr]     Finished `test` profile [unoptimized + debuginfo] target(s) in 0.22s
[INFO] running `Command { std: "docker" "inspect" "b6bb2da116b38b3323956aa17ada8534a80c3efbf35813596844cac336a64d2d", kill_on_drop: false }`
[INFO] running `Command { std: "docker" "rm" "-f" "b6bb2da116b38b3323956aa17ada8534a80c3efbf35813596844cac336a64d2d", kill_on_drop: false }`
[INFO] [stdout] b6bb2da116b38b3323956aa17ada8534a80c3efbf35813596844cac336a64d2d
[INFO] running `Command { std: "docker" "create" "-v" "/var/lib/crater-agent-workspace/builds/worker-2-tc1/target:/opt/rustwide/target:rw,Z" "-v" "/var/lib/crater-agent-workspace/builds/worker-2-tc1/source:/opt/rustwide/workdir:ro,Z" "-v" "/var/lib/crater-agent-workspace/cargo-home:/opt/rustwide/cargo-home:ro,Z" "-v" "/var/lib/crater-agent-workspace/rustup-home:/opt/rustwide/rustup-home:ro,Z" "-e" "SOURCE_DIR=/opt/rustwide/workdir" "-e" "CARGO_TARGET_DIR=/opt/rustwide/target" "-e" "CARGO_INCREMENTAL=0" "-e" "RUST_BACKTRACE=full" "-e" "RUSTFLAGS=--cap-lints=forbid" "-e" "RUSTDOCFLAGS=--cap-lints=forbid" "-e" "CARGO_HOME=/opt/rustwide/cargo-home" "-e" "RUSTUP_HOME=/opt/rustwide/rustup-home" "-w" "/opt/rustwide/workdir" "-m" "1610612736" "--user" "0:0" "--network" "none" "ghcr.io/rust-lang/crates-build-env/linux@sha256:4a844ea9eb2546a2d2c7022eacef16ef2e8229c7fbb2c7d4d55a9ceca922f72d" "/opt/rustwide/cargo-home/bin/cargo" "+nightly-2024-10-28" "test" "--frozen", kill_on_drop: false }`
[INFO] [stdout] 8ba61172011503ec09f0816b089261005896ea2da77b95901831a581244c4f9e
[INFO] running `Command { std: "docker" "start" "-a" "8ba61172011503ec09f0816b089261005896ea2da77b95901831a581244c4f9e", kill_on_drop: false }`
[INFO] [stderr]     Finished `test` profile [unoptimized + debuginfo] target(s) in 0.02s
[INFO] [stderr]      Running unittests src/lib.rs (/opt/rustwide/target/debug/deps/check_elevation-170f7ae68c621955)
[INFO] [stdout] 
[INFO] [stdout] running 0 tests
[INFO] [stdout] 
[INFO] [stdout] test result: ok. 0 passed; 0 failed; 0 ignored; 0 measured; 0 filtered out; finished in 0.00s
[INFO] [stdout] 
[INFO] [stderr]    Doc-tests check_elevation
[INFO] [stdout] 
[INFO] [stdout] running 1 test
[INFO] [stdout] test src/lib.rs - (line 4) ... FAILED
[INFO] [stdout] 
[INFO] [stdout] failures:
[INFO] [stdout] 
[INFO] [stdout] ---- src/lib.rs - (line 4) stdout ----
[INFO] [stdout] error: linking with `cc` failed: exit status: 1
[INFO] [stdout]   |
[INFO] [stdout]   = note: LC_ALL="C" PATH="/opt/rustwide/rustup-home/toolchains/nightly-2024-10-28-x86_64-unknown-linux-gnu/lib/rustlib/x86_64-unknown-linux-gnu/bin:/opt/rustwide/rustup-home/toolchains/nightly-2024-10-28-x86_64-unknown-linux-gnu/lib/rustlib/x86_64-unknown-linux-gnu/bin/self-contained:/opt/rustwide/cargo-home/bin:/usr/local/sbin:/usr/local/bin:/usr/sbin:/usr/bin:/sbin:/bin" VSLANG="1033" "cc" "-m64" "/tmp/rustcg6aVSJ/symbols.o" "/tmp/rustdoctestoSuzXm/rust_out.rust_out.16b4434b3f29390-cgu.0.rcgu.o" "/tmp/rustdoctestoSuzXm/rust_out.433cx8cl382ppljrnwzuxa40f.rcgu.o" "-Wl,--as-needed" "-Wl,-Bstatic" "/opt/rustwide/target/debug/deps/libcheck_elevation-5ae16b2e1e287e60.rlib" "/opt/rustwide/target/debug/deps/libwindows-013c733822b1dcd6.rlib" "/opt/rustwide/target/debug/deps/libwindows_core-63180eb637ec3a58.rlib" "/opt/rustwide/target/debug/deps/libwindows_targets-01e8e6f5f186fdc0.rlib" "/opt/rustwide/rustup-home/toolchains/nightly-2024-10-28-x86_64-unknown-linux-gnu/lib/rustlib/x86_64-unknown-linux-gnu/lib/libstd-fb8c387236db3c10.rlib" "/opt/rustwide/rustup-home/toolchains/nightly-2024-10-28-x86_64-unknown-linux-gnu/lib/rustlib/x86_64-unknown-linux-gnu/lib/libpanic_unwind-b251837809b2f64b.rlib" "/opt/rustwide/rustup-home/toolchains/nightly-2024-10-28-x86_64-unknown-linux-gnu/lib/rustlib/x86_64-unknown-linux-gnu/lib/libobject-cbef83eaa4e01f04.rlib" "/opt/rustwide/rustup-home/toolchains/nightly-2024-10-28-x86_64-unknown-linux-gnu/lib/rustlib/x86_64-unknown-linux-gnu/lib/libmemchr-12a772286de2fca7.rlib" "/opt/rustwide/rustup-home/toolchains/nightly-2024-10-28-x86_64-unknown-linux-gnu/lib/rustlib/x86_64-unknown-linux-gnu/lib/libaddr2line-023bbe5ada7abfc3.rlib" "/opt/rustwide/rustup-home/toolchains/nightly-2024-10-28-x86_64-unknown-linux-gnu/lib/rustlib/x86_64-unknown-linux-gnu/lib/libgimli-de2bcdf10ec69c2b.rlib" "/opt/rustwide/rustup-home/toolchains/nightly-2024-10-28-x86_64-unknown-linux-gnu/lib/rustlib/x86_64-unknown-linux-gnu/lib/librustc_demangle-8e1754df350800fd.rlib" "/opt/rustwide/rustup-home/toolchains/nightly-2024-10-28-x86_64-unknown-linux-gnu/lib/rustlib/x86_64-unknown-linux-gnu/lib/libstd_detect-06c2ab7b9c32e037.rlib" "/opt/rustwide/rustup-home/toolchains/nightly-2024-10-28-x86_64-unknown-linux-gnu/lib/rustlib/x86_64-unknown-linux-gnu/lib/libhashbrown-51d2621fc57a281b.rlib" "/opt/rustwide/rustup-home/toolchains/nightly-2024-10-28-x86_64-unknown-linux-gnu/lib/rustlib/x86_64-unknown-linux-gnu/lib/librustc_std_workspace_alloc-54a930408793772f.rlib" "/opt/rustwide/rustup-home/toolchains/nightly-2024-10-28-x86_64-unknown-linux-gnu/lib/rustlib/x86_64-unknown-linux-gnu/lib/libminiz_oxide-0c7d01cba400dcb2.rlib" "/opt/rustwide/rustup-home/toolchains/nightly-2024-10-28-x86_64-unknown-linux-gnu/lib/rustlib/x86_64-unknown-linux-gnu/lib/libadler-b9f84d69e331b75b.rlib" "/opt/rustwide/rustup-home/toolchains/nightly-2024-10-28-x86_64-unknown-linux-gnu/lib/rustlib/x86_64-unknown-linux-gnu/lib/libunwind-eec95493246aae39.rlib" "/opt/rustwide/rustup-home/toolchains/nightly-2024-10-28-x86_64-unknown-linux-gnu/lib/rustlib/x86_64-unknown-linux-gnu/lib/libcfg_if-6f6676c475e08ab0.rlib" "/opt/rustwide/rustup-home/toolchains/nightly-2024-10-28-x86_64-unknown-linux-gnu/lib/rustlib/x86_64-unknown-linux-gnu/lib/liblibc-799d520624f8b2e0.rlib" "/opt/rustwide/rustup-home/toolchains/nightly-2024-10-28-x86_64-unknown-linux-gnu/lib/rustlib/x86_64-unknown-linux-gnu/lib/liballoc-fcf93d4842acd9a9.rlib" "/opt/rustwide/rustup-home/toolchains/nightly-2024-10-28-x86_64-unknown-linux-gnu/lib/rustlib/x86_64-unknown-linux-gnu/lib/librustc_std_workspace_core-395a38b8e0851c9b.rlib" "/opt/rustwide/rustup-home/toolchains/nightly-2024-10-28-x86_64-unknown-linux-gnu/lib/rustlib/x86_64-unknown-linux-gnu/lib/libcore-d453bab70303062c.rlib" "/opt/rustwide/rustup-home/toolchains/nightly-2024-10-28-x86_64-unknown-linux-gnu/lib/rustlib/x86_64-unknown-linux-gnu/lib/libcompiler_builtins-0e6386368b0a24e8.rlib" "-Wl,-Bdynamic" "-lgcc_s" "-lutil" "-lrt" "-lpthread" "-lm" "-ldl" "-lc" "-B/opt/rustwide/rustup-home/toolchains/nightly-2024-10-28-x86_64-unknown-linux-gnu/lib/rustlib/x86_64-unknown-linux-gnu/bin/gcc-ld" "-fuse-ld=lld" "-Wl,--eh-frame-hdr" "-Wl,-z,noexecstack" "-L" "/opt/rustwide/rustup-home/toolchains/nightly-2024-10-28-x86_64-unknown-linux-gnu/lib/rustlib/x86_64-unknown-linux-gnu/lib" "-o" "/tmp/rustdoctestoSuzXm/rust_out" "-Wl,--gc-sections" "-pie" "-Wl,-z,relro,-z,now" "-nodefaultlibs"
[INFO] [stdout]   = note: rust-lld: error: undefined symbol: OpenProcessToken
[INFO] [stdout]           >>> referenced by mod.rs:1685 (/opt/rustwide/cargo-home/registry/src/index.crates.io-6f17d22bba15001f/windows-0.51.1/src/Windows/Win32/System/Threading/mod.rs:1685)
[INFO] [stdout]           >>>               check_elevation-5ae16b2e1e287e60.check_elevation.e2d331954b63f595-cgu.0.rcgu.o:(windows::Windows::Win32::System::Threading::OpenProcessToken::hfc08e30b6eb713e0) in archive /opt/rustwide/target/debug/deps/libcheck_elevation-5ae16b2e1e287e60.rlib
[INFO] [stdout]           
[INFO] [stdout]           rust-lld: error: undefined symbol: GetCurrentProcess
[INFO] [stdout]           >>> referenced by mod.rs:917 (/opt/rustwide/cargo-home/registry/src/index.crates.io-6f17d22bba15001f/windows-0.51.1/src/Windows/Win32/System/Threading/mod.rs:917)
[INFO] [stdout]           >>>               check_elevation-5ae16b2e1e287e60.check_elevation.e2d331954b63f595-cgu.0.rcgu.o:(windows::Windows::Win32::System::Threading::GetCurrentProcess::h26ff2bc0e107e89c) in archive /opt/rustwide/target/debug/deps/libcheck_elevation-5ae16b2e1e287e60.rlib
[INFO] [stdout]           
[INFO] [stdout]           rust-lld: error: undefined symbol: GetTokenInformation
[INFO] [stdout]           >>> referenced by mod.rs:826 (/opt/rustwide/cargo-home/registry/src/index.crates.io-6f17d22bba15001f/windows-0.51.1/src/Windows/Win32/Security/mod.rs:826)
[INFO] [stdout]           >>>               check_elevation-5ae16b2e1e287e60.check_elevation.e2d331954b63f595-cgu.0.rcgu.o:(windows::Windows::Win32::Security::GetTokenInformation::h27ef17f83861958b) in archive /opt/rustwide/target/debug/deps/libcheck_elevation-5ae16b2e1e287e60.rlib
[INFO] [stdout]           
[INFO] [stdout]           rust-lld: error: undefined symbol: GetErrorInfo
[INFO] [stdout]           >>> referenced by com_bindings.rs:23 (src/imp/com_bindings.rs:23)
[INFO] [stdout]           >>>               windows_core-63180eb637ec3a58.windows_core.de26af1d8f423e5a-cgu.1.rcgu.o:(windows_core::imp::com_bindings::GetErrorInfo::h11179e1dc48e2bb0) in archive /opt/rustwide/target/debug/deps/libwindows_core-63180eb637ec3a58.rlib
[INFO] [stdout]           
[INFO] [stdout]           rust-lld: error: undefined symbol: LoadLibraryExA
[INFO] [stdout]           >>> referenced by delay_load.rs:11 (src/imp/delay_load.rs:11)
[INFO] [stdout]           >>>               windows_core-63180eb637ec3a58.windows_core.de26af1d8f423e5a-cgu.6.rcgu.o:(windows_core::imp::delay_load::delay_load::h3939500dfa515f16) in archive /opt/rustwide/target/debug/deps/libwindows_core-63180eb637ec3a58.rlib
[INFO] [stdout]           
[INFO] [stdout]           rust-lld: error: undefined symbol: GetProcAddress
[INFO] [stdout]           >>> referenced by delay_load.rs:17 (src/imp/delay_load.rs:17)
[INFO] [stdout]           >>>               windows_core-63180eb637ec3a58.windows_core.de26af1d8f423e5a-cgu.6.rcgu.o:(windows_core::imp::delay_load::delay_load::h3939500dfa515f16) in archive /opt/rustwide/target/debug/deps/libwindows_core-63180eb637ec3a58.rlib
[INFO] [stdout]           
[INFO] [stdout]           rust-lld: error: undefined symbol: FreeLibrary
[INFO] [stdout]           >>> referenced by delay_load.rs:23 (src/imp/delay_load.rs:23)
[INFO] [stdout]           >>>               windows_core-63180eb637ec3a58.windows_core.de26af1d8f423e5a-cgu.6.rcgu.o:(windows_core::imp::delay_load::delay_load::h3939500dfa515f16) in archive /opt/rustwide/target/debug/deps/libwindows_core-63180eb637ec3a58.rlib
[INFO] [stdout]           
[INFO] [stdout]           rust-lld: error: undefined symbol: GetLastError
[INFO] [stdout]           >>> referenced by error.rs:27 (src/error.rs:27)
[INFO] [stdout]           >>>               windows_core-63180eb637ec3a58.windows_core.de26af1d8f423e5a-cgu.8.rcgu.o:(windows_core::error::Error::from_win32::h5f09b0f7ab592582) in archive /opt/rustwide/target/debug/deps/libwindows_core-63180eb637ec3a58.rlib
[INFO] [stdout]           
[INFO] [stdout]           rust-lld: error: undefined symbol: SysStringLen
[INFO] [stdout]           >>> referenced by bstr.rs:26 (src/strings/bstr.rs:26)
[INFO] [stdout]           >>>               windows_core-63180eb637ec3a58.windows_core.de26af1d8f423e5a-cgu.5.rcgu.o:(windows_core::strings::bstr::BSTR::len::hfa298a831ab1daf5) in archive /opt/rustwide/target/debug/deps/libwindows_core-63180eb637ec3a58.rlib
[INFO] [stdout]           
[INFO] [stdout]           rust-lld: error: undefined symbol: GetProcessHeap
[INFO] [stdout]           >>> referenced by heap.rs:10 (src/imp/heap.rs:10)
[INFO] [stdout]           >>>               windows_core-63180eb637ec3a58.windows_core.de26af1d8f423e5a-cgu.4.rcgu.o:(windows_core::imp::heap::heap_alloc::h3d761e1d3fd6dbad) in archive /opt/rustwide/target/debug/deps/libwindows_core-63180eb637ec3a58.rlib
[INFO] [stdout]           >>> referenced by heap.rs:34 (src/imp/heap.rs:34)
[INFO] [stdout]           >>>               windows_core-63180eb637ec3a58.windows_core.de26af1d8f423e5a-cgu.4.rcgu.o:(windows_core::imp::heap::heap_free::h221b8f37b3bcd451) in archive /opt/rustwide/target/debug/deps/libwindows_core-63180eb637ec3a58.rlib
[INFO] [stdout]           
[INFO] [stdout]           rust-lld: error: undefined symbol: HeapAlloc
[INFO] [stdout]           >>> referenced by heap.rs:10 (src/imp/heap.rs:10)
[INFO] [stdout]           >>>               windows_core-63180eb637ec3a58.windows_core.de26af1d8f423e5a-cgu.4.rcgu.o:(windows_core::imp::heap::heap_alloc::h3d761e1d3fd6dbad) in archive /opt/rustwide/target/debug/deps/libwindows_core-63180eb637ec3a58.rlib
[INFO] [stdout]           
[INFO] [stdout]           rust-lld: error: undefined symbol: SysFreeString
[INFO] [stdout]           >>> referenced by bstr.rs:153 (src/strings/bstr.rs:153)
[INFO] [stdout]           >>>               windows_core-63180eb637ec3a58.windows_core.de26af1d8f423e5a-cgu.5.rcgu.o:(_$LT$windows_core..strings..bstr..BSTR$u20$as$u20$core..ops..drop..Drop$GT$::drop::h5a909c98bc84157f) in archive /opt/rustwide/target/debug/deps/libwindows_core-63180eb637ec3a58.rlib
[INFO] [stdout]           
[INFO] [stdout]           rust-lld: error: undefined symbol: HeapFree
[INFO] [stdout]           >>> referenced by heap.rs:34 (src/imp/heap.rs:34)
[INFO] [stdout]           >>>               windows_core-63180eb637ec3a58.windows_core.de26af1d8f423e5a-cgu.4.rcgu.o:(windows_core::imp::heap::heap_free::h221b8f37b3bcd451) in archive /opt/rustwide/target/debug/deps/libwindows_core-63180eb637ec3a58.rlib
[INFO] [stdout]           
[INFO] [stdout]           rust-lld: error: undefined symbol: FormatMessageW
[INFO] [stdout]           >>> referenced by hresult.rs:88 (src/hresult.rs:88)
[INFO] [stdout]           >>>               windows_core-63180eb637ec3a58.windows_core.de26af1d8f423e5a-cgu.3.rcgu.o:(windows_core::hresult::HRESULT::message::h1b98652532b48481) in archive /opt/rustwide/target/debug/deps/libwindows_core-63180eb637ec3a58.rlib
[INFO] [stdout]           collect2: error: ld returned 1 exit status
[INFO] [stdout]           
[INFO] [stdout] 
[INFO] [stdout] error: aborting due to 1 previous error
[INFO] [stdout] 
[INFO] [stdout] Couldn't compile the test.
[INFO] [stdout] 
[INFO] [stdout] failures:
[INFO] [stdout]     src/lib.rs - (line 4)
[INFO] [stdout] 
[INFO] [stdout] test result: FAILED. 0 passed; 1 failed; 0 ignored; 0 measured; 0 filtered out; finished in 0.20s
[INFO] [stdout] 
[INFO] [stderr] error: doctest failed, to rerun pass `--doc`
[INFO] running `Command { std: "docker" "inspect" "8ba61172011503ec09f0816b089261005896ea2da77b95901831a581244c4f9e", kill_on_drop: false }`
[INFO] running `Command { std: "docker" "rm" "-f" "8ba61172011503ec09f0816b089261005896ea2da77b95901831a581244c4f9e", kill_on_drop: false }`
[INFO] [stdout] 8ba61172011503ec09f0816b089261005896ea2da77b95901831a581244c4f9e
