[INFO] fetching crate check-config 0.4.0...
[INFO] testing check-config-0.4.0 against nightly-2024-10-28 for randomize-layout
[INFO] extracting crate check-config 0.4.0 into /workspace/builds/worker-1-tc1/source
[INFO] validating manifest of crates.io crate check-config 0.4.0 on toolchain nightly-2024-10-28
[INFO] running `Command { std: CARGO_HOME="/workspace/cargo-home" RUSTUP_HOME="/workspace/rustup-home" "/workspace/cargo-home/bin/cargo" "+nightly-2024-10-28" "metadata" "--manifest-path" "Cargo.toml" "--no-deps", kill_on_drop: false }`
[INFO] started tweaking crates.io crate check-config 0.4.0
[INFO] finished tweaking crates.io crate check-config 0.4.0
[INFO] tweaked toml for crates.io crate check-config 0.4.0 written to /workspace/builds/worker-1-tc1/source/Cargo.toml
[INFO] crate crates.io crate check-config 0.4.0 already has a lockfile, it will not be regenerated
[INFO] running `Command { std: CARGO_HOME="/workspace/cargo-home" RUSTUP_HOME="/workspace/rustup-home" "/workspace/cargo-home/bin/cargo" "+nightly-2024-10-28" "fetch" "--manifest-path" "Cargo.toml", kill_on_drop: false }`
[INFO] [stderr]     Updating crates.io index
[INFO] [stderr]  Downloading crates ...
[INFO] [stderr]   Downloaded tempfile v3.7.1
[INFO] [stderr]   Downloaded serde_yaml v0.9.25
[INFO] [stderr]   Downloaded clap-verbosity-flag v2.0.1
[INFO] [stderr]   Downloaded serde_spanned v0.6.3
[INFO] [stderr]   Downloaded similar v2.2.1
[INFO] [stderr]   Downloaded clap_derive v4.3.12
[INFO] [stderr]   Downloaded unsafe-libyaml v0.2.8
[INFO] [stderr]   Downloaded serde_json v1.0.104
[INFO] [stderr]   Downloaded regex-automata v0.3.4
[INFO] running `Command { std: "docker" "create" "-v" "/var/lib/crater-agent-workspace/builds/worker-1-tc1/target:/opt/rustwide/target:rw,Z" "-v" "/var/lib/crater-agent-workspace/builds/worker-1-tc1/source:/opt/rustwide/workdir:ro,Z" "-v" "/var/lib/crater-agent-workspace/cargo-home:/opt/rustwide/cargo-home:ro,Z" "-v" "/var/lib/crater-agent-workspace/rustup-home:/opt/rustwide/rustup-home:ro,Z" "-e" "SOURCE_DIR=/opt/rustwide/workdir" "-e" "CARGO_TARGET_DIR=/opt/rustwide/target" "-e" "CARGO_HOME=/opt/rustwide/cargo-home" "-e" "RUSTUP_HOME=/opt/rustwide/rustup-home" "-w" "/opt/rustwide/workdir" "-m" "1610612736" "--user" "0:0" "--network" "none" "ghcr.io/rust-lang/crates-build-env/linux@sha256:4a844ea9eb2546a2d2c7022eacef16ef2e8229c7fbb2c7d4d55a9ceca922f72d" "/opt/rustwide/cargo-home/bin/cargo" "+nightly-2024-10-28" "metadata" "--no-deps" "--format-version=1", kill_on_drop: false }`
[INFO] [stdout] 32a1c233623b9d9131f8d8fb42dc3b88f14ffd9ef864976b2d220acf9fa6320f
[INFO] running `Command { std: "docker" "start" "-a" "32a1c233623b9d9131f8d8fb42dc3b88f14ffd9ef864976b2d220acf9fa6320f", kill_on_drop: false }`
[INFO] running `Command { std: "docker" "inspect" "32a1c233623b9d9131f8d8fb42dc3b88f14ffd9ef864976b2d220acf9fa6320f", kill_on_drop: false }`
[INFO] running `Command { std: "docker" "rm" "-f" "32a1c233623b9d9131f8d8fb42dc3b88f14ffd9ef864976b2d220acf9fa6320f", kill_on_drop: false }`
[INFO] [stdout] 32a1c233623b9d9131f8d8fb42dc3b88f14ffd9ef864976b2d220acf9fa6320f
[INFO] running `Command { std: "docker" "create" "-v" "/var/lib/crater-agent-workspace/builds/worker-1-tc1/target:/opt/rustwide/target:rw,Z" "-v" "/var/lib/crater-agent-workspace/builds/worker-1-tc1/source:/opt/rustwide/workdir:ro,Z" "-v" "/var/lib/crater-agent-workspace/cargo-home:/opt/rustwide/cargo-home:ro,Z" "-v" "/var/lib/crater-agent-workspace/rustup-home:/opt/rustwide/rustup-home:ro,Z" "-e" "SOURCE_DIR=/opt/rustwide/workdir" "-e" "CARGO_TARGET_DIR=/opt/rustwide/target" "-e" "CARGO_INCREMENTAL=0" "-e" "RUST_BACKTRACE=full" "-e" "RUSTFLAGS=--cap-lints=forbid" "-e" "RUSTDOCFLAGS=--cap-lints=forbid" "-e" "CARGO_HOME=/opt/rustwide/cargo-home" "-e" "RUSTUP_HOME=/opt/rustwide/rustup-home" "-w" "/opt/rustwide/workdir" "-m" "1610612736" "--user" "0:0" "--network" "none" "ghcr.io/rust-lang/crates-build-env/linux@sha256:4a844ea9eb2546a2d2c7022eacef16ef2e8229c7fbb2c7d4d55a9ceca922f72d" "/opt/rustwide/cargo-home/bin/cargo" "+nightly-2024-10-28" "build" "--frozen" "--message-format=json", kill_on_drop: false }`
[INFO] [stdout] ec48d0d6f280d7ef99a9bdf3bd3d8c43bb992d3e65aec9618101fa9e60a5e836
[INFO] running `Command { std: "docker" "start" "-a" "ec48d0d6f280d7ef99a9bdf3bd3d8c43bb992d3e65aec9618101fa9e60a5e836", kill_on_drop: false }`
[INFO] [stderr]    Compiling proc-macro2 v1.0.66
[INFO] [stderr]    Compiling rustix v0.38.4
[INFO] [stderr]    Compiling serde v1.0.171
[INFO] [stderr]    Compiling bitflags v2.3.3
[INFO] [stderr]    Compiling linux-raw-sys v0.4.3
[INFO] [stderr]    Compiling unicode-ident v1.0.11
[INFO] [stderr]    Compiling memchr v2.5.0
[INFO] [stderr]    Compiling utf8parse v0.2.1
[INFO] [stderr]    Compiling equivalent v1.0.1
[INFO] [stderr]    Compiling libc v0.2.147
[INFO] [stderr]    Compiling hashbrown v0.14.0
[INFO] [stderr]    Compiling anstyle-query v1.0.0
[INFO] [stderr]    Compiling anstyle v1.0.1
[INFO] [stderr]    Compiling colorchoice v1.0.0
[INFO] [stderr]    Compiling heck v0.4.1
[INFO] [stderr]    Compiling clap_lex v0.5.0
[INFO] [stderr]    Compiling regex-syntax v0.7.4
[INFO] [stderr]    Compiling anstyle-parse v0.2.1
[INFO] [stderr]    Compiling strsim v0.10.0
[INFO] [stderr]    Compiling option-ext v0.2.0
[INFO] [stderr]    Compiling itoa v1.0.8
[INFO] [stderr]    Compiling log v0.4.20
[INFO] [stderr]    Compiling ryu v1.0.14
[INFO] [stderr]    Compiling serde_json v1.0.104
[INFO] [stderr]    Compiling thiserror v1.0.44
[INFO] [stderr]    Compiling once_cell v1.18.0
[INFO] [stderr]    Compiling winnow v0.5.0
[INFO] [stderr]    Compiling termcolor v1.2.0
[INFO] [stderr]    Compiling cfg-if v1.0.0
[INFO] [stderr]    Compiling humantime v2.1.0
[INFO] [stderr]    Compiling fastrand v2.0.0
[INFO] [stderr]    Compiling unsafe-libyaml v0.2.8
[INFO] [stderr]    Compiling similar v2.2.1
[INFO] [stderr]    Compiling aho-corasick v1.0.2
[INFO] [stderr]    Compiling indexmap v2.0.0
[INFO] [stderr]    Compiling quote v1.0.31
[INFO] [stderr]    Compiling dirs-sys v0.4.1
[INFO] [stderr]    Compiling syn v2.0.27
[INFO] [stderr]    Compiling dirs v5.0.1
[INFO] [stderr]    Compiling is-terminal v0.4.9
[INFO] [stderr]    Compiling tempfile v3.7.1
[INFO] [stderr]    Compiling regex-automata v0.3.4
[INFO] [stderr]    Compiling anstream v0.3.2
[INFO] [stderr]    Compiling clap_builder v4.3.19
[INFO] [stderr]    Compiling serde_spanned v0.6.3
[INFO] [stderr]    Compiling toml_datetime v0.6.3
[INFO] [stderr]    Compiling serde_yaml v0.9.25
[INFO] [stderr]    Compiling toml_edit v0.19.14
[INFO] [stderr]    Compiling clap_derive v4.3.12
[INFO] [stderr]    Compiling thiserror-impl v1.0.44
[INFO] [stderr]    Compiling regex v1.9.1
[INFO] [stderr]    Compiling env_logger v0.10.0
[INFO] [stderr]    Compiling toml v0.7.6
[INFO] [stderr]    Compiling clap v4.3.19
[INFO] [stderr]    Compiling clap-verbosity-flag v2.0.1
[INFO] [stderr]    Compiling check-config v0.4.0 (/opt/rustwide/workdir)
[INFO] [stdout] warning: field `0` is never read
[INFO] [stdout]  --> src/mapping/generic.rs:5:16
[INFO] [stdout]   |
[INFO] [stdout] 5 |     MissingKey(String),
[INFO] [stdout]   |     ---------- ^^^^^^
[INFO] [stdout]   |     |
[INFO] [stdout]   |     field in this variant
[INFO] [stdout]   |
[INFO] [stdout]   = note: `MappingError` has a derived impl for the trait `Debug`, but this is intentionally ignored during dead code analysis
[INFO] [stdout]   = note: `#[warn(dead_code)]` on by default
[INFO] [stdout] help: consider changing the field to be of unit type to suppress this warning while preserving the field numbering, or remove the field
[INFO] [stdout]   |
[INFO] [stdout] 5 |     MissingKey(()),
[INFO] [stdout]   |                ~~
[INFO] [stdout] 
[INFO] [stdout] 
[INFO] [stdout] warning: field `0` is never read
[INFO] [stdout]  --> src/mapping/generic.rs:6:15
[INFO] [stdout]   |
[INFO] [stdout] 6 |     WrongType(String),
[INFO] [stdout]   |     --------- ^^^^^^
[INFO] [stdout]   |     |
[INFO] [stdout]   |     field in this variant
[INFO] [stdout]   |
[INFO] [stdout]   = note: `MappingError` has a derived impl for the trait `Debug`, but this is intentionally ignored during dead code analysis
[INFO] [stdout] help: consider changing the field to be of unit type to suppress this warning while preserving the field numbering, or remove the field
[INFO] [stdout]   |
[INFO] [stdout] 6 |     WrongType(()),
[INFO] [stdout]   |               ~~
[INFO] [stdout] 
[INFO] [stdout] 
[INFO] [stdout] warning: method `contains_key` is never used
[INFO] [stdout]   --> src/mapping/generic.rs:17:8
[INFO] [stdout]    |
[INFO] [stdout] 9  | pub(crate) trait Mapping: Send + Sync {
[INFO] [stdout]    |                  ------- method in this trait
[INFO] [stdout] ...
[INFO] [stdout] 17 |     fn contains_key(&self, key: &str) -> bool;
[INFO] [stdout]    |        ^^^^^^^^^^^^
[INFO] [stdout] 
[INFO] [stdout] 
[INFO] [stdout] warning: method `contains_item` is never used
[INFO] [stdout]   --> src/mapping/generic.rs:33:8
[INFO] [stdout]    |
[INFO] [stdout] 28 | pub(crate) trait Array {
[INFO] [stdout]    |                  ----- method in this trait
[INFO] [stdout] ...
[INFO] [stdout] 33 |     fn contains_item(&self, value: &toml::Value) -> bool;
[INFO] [stdout]    |        ^^^^^^^^^^^^^
[INFO] [stdout] 
[INFO] [stdout] 
[INFO] [stderr]     Finished `dev` profile [unoptimized + debuginfo] target(s) in 5.77s
[INFO] running `Command { std: "docker" "inspect" "ec48d0d6f280d7ef99a9bdf3bd3d8c43bb992d3e65aec9618101fa9e60a5e836", kill_on_drop: false }`
[INFO] running `Command { std: "docker" "rm" "-f" "ec48d0d6f280d7ef99a9bdf3bd3d8c43bb992d3e65aec9618101fa9e60a5e836", kill_on_drop: false }`
[INFO] [stdout] ec48d0d6f280d7ef99a9bdf3bd3d8c43bb992d3e65aec9618101fa9e60a5e836
[INFO] running `Command { std: "docker" "create" "-v" "/var/lib/crater-agent-workspace/builds/worker-1-tc1/target:/opt/rustwide/target:rw,Z" "-v" "/var/lib/crater-agent-workspace/builds/worker-1-tc1/source:/opt/rustwide/workdir:ro,Z" "-v" "/var/lib/crater-agent-workspace/cargo-home:/opt/rustwide/cargo-home:ro,Z" "-v" "/var/lib/crater-agent-workspace/rustup-home:/opt/rustwide/rustup-home:ro,Z" "-e" "SOURCE_DIR=/opt/rustwide/workdir" "-e" "CARGO_TARGET_DIR=/opt/rustwide/target" "-e" "CARGO_INCREMENTAL=0" "-e" "RUST_BACKTRACE=full" "-e" "RUSTFLAGS=--cap-lints=forbid" "-e" "RUSTDOCFLAGS=--cap-lints=forbid" "-e" "CARGO_HOME=/opt/rustwide/cargo-home" "-e" "RUSTUP_HOME=/opt/rustwide/rustup-home" "-w" "/opt/rustwide/workdir" "-m" "1610612736" "--user" "0:0" "--network" "none" "ghcr.io/rust-lang/crates-build-env/linux@sha256:4a844ea9eb2546a2d2c7022eacef16ef2e8229c7fbb2c7d4d55a9ceca922f72d" "/opt/rustwide/cargo-home/bin/cargo" "+nightly-2024-10-28" "test" "--frozen" "--no-run" "--message-format=json", kill_on_drop: false }`
[INFO] [stdout] b0d955faf06d8d9565e4fe190c16e884fa0f22e1ecb072b999c579e677e4fcfa
[INFO] running `Command { std: "docker" "start" "-a" "b0d955faf06d8d9565e4fe190c16e884fa0f22e1ecb072b999c579e677e4fcfa", kill_on_drop: false }`
[INFO] [stdout] warning: field `0` is never read
[INFO] [stdout]  --> src/mapping/generic.rs:5:16
[INFO] [stdout]   |
[INFO] [stdout] 5 |     MissingKey(String),
[INFO] [stdout]   |     ---------- ^^^^^^
[INFO] [stdout]   |     |
[INFO] [stdout]   |     field in this variant
[INFO] [stdout]   |
[INFO] [stdout]   = note: `MappingError` has a derived impl for the trait `Debug`, but this is intentionally ignored during dead code analysis
[INFO] [stdout]   = note: `#[warn(dead_code)]` on by default
[INFO] [stdout] help: consider changing the field to be of unit type to suppress this warning while preserving the field numbering, or remove the field
[INFO] [stdout]   |
[INFO] [stdout] 5 |     MissingKey(()),
[INFO] [stdout]   |                ~~
[INFO] [stdout] 
[INFO] [stdout] 
[INFO] [stdout] warning: field `0` is never read
[INFO] [stdout]  --> src/mapping/generic.rs:6:15
[INFO] [stdout]   |
[INFO] [stdout] 6 |     WrongType(String),
[INFO] [stdout]   |     --------- ^^^^^^
[INFO] [stdout]   |     |
[INFO] [stdout]   |     field in this variant
[INFO] [stdout]   |
[INFO] [stdout]   = note: `MappingError` has a derived impl for the trait `Debug`, but this is intentionally ignored during dead code analysis
[INFO] [stdout] help: consider changing the field to be of unit type to suppress this warning while preserving the field numbering, or remove the field
[INFO] [stdout]   |
[INFO] [stdout] 6 |     WrongType(()),
[INFO] [stdout]   |               ~~
[INFO] [stdout] 
[INFO] [stdout] 
[INFO] [stdout] warning: method `contains_key` is never used
[INFO] [stdout]   --> src/mapping/generic.rs:17:8
[INFO] [stdout]    |
[INFO] [stdout] 9  | pub(crate) trait Mapping: Send + Sync {
[INFO] [stdout]    |                  ------- method in this trait
[INFO] [stdout] ...
[INFO] [stdout] 17 |     fn contains_key(&self, key: &str) -> bool;
[INFO] [stdout]    |        ^^^^^^^^^^^^
[INFO] [stdout] 
[INFO] [stdout] 
[INFO] [stderr]    Compiling check-config v0.4.0 (/opt/rustwide/workdir)
[INFO] [stdout] warning: method `contains_item` is never used
[INFO] [stdout]   --> src/mapping/generic.rs:33:8
[INFO] [stdout]    |
[INFO] [stdout] 28 | pub(crate) trait Array {
[INFO] [stdout]    |                  ----- method in this trait
[INFO] [stdout] ...
[INFO] [stdout] 33 |     fn contains_item(&self, value: &toml::Value) -> bool;
[INFO] [stdout]    |        ^^^^^^^^^^^^^
[INFO] [stdout] 
[INFO] [stdout] 
[INFO] [stdout] warning: unused import: `std::process::Command`
[INFO] [stdout]  --> src/uri.rs:5:5
[INFO] [stdout]   |
[INFO] [stdout] 5 | use std::process::Command;
[INFO] [stdout]   |     ^^^^^^^^^^^^^^^^^^^^^
[INFO] [stdout]   |
[INFO] [stdout] note: the lint level is defined here
[INFO] [stdout]  --> src/uri.rs:4:8
[INFO] [stdout]   |
[INFO] [stdout] 4 | #[warn(unused_imports)]
[INFO] [stdout]   |        ^^^^^^^^^^^^^^
[INFO] [stdout] 
[INFO] [stdout] 
[INFO] [stdout] warning: field `0` is never read
[INFO] [stdout]  --> src/mapping/generic.rs:5:16
[INFO] [stdout]   |
[INFO] [stdout] 5 |     MissingKey(String),
[INFO] [stdout]   |     ---------- ^^^^^^
[INFO] [stdout]   |     |
[INFO] [stdout]   |     field in this variant
[INFO] [stdout]   |
[INFO] [stdout]   = note: `MappingError` has a derived impl for the trait `Debug`, but this is intentionally ignored during dead code analysis
[INFO] [stdout]   = note: `#[warn(dead_code)]` on by default
[INFO] [stdout] help: consider changing the field to be of unit type to suppress this warning while preserving the field numbering, or remove the field
[INFO] [stdout]   |
[INFO] [stdout] 5 |     MissingKey(()),
[INFO] [stdout]   |                ~~
[INFO] [stdout] 
[INFO] [stdout] 
[INFO] [stdout] warning: field `0` is never read
[INFO] [stdout]  --> src/mapping/generic.rs:6:15
[INFO] [stdout]   |
[INFO] [stdout] 6 |     WrongType(String),
[INFO] [stdout]   |     --------- ^^^^^^
[INFO] [stdout]   |     |
[INFO] [stdout]   |     field in this variant
[INFO] [stdout]   |
[INFO] [stdout]   = note: `MappingError` has a derived impl for the trait `Debug`, but this is intentionally ignored during dead code analysis
[INFO] [stdout] help: consider changing the field to be of unit type to suppress this warning while preserving the field numbering, or remove the field
[INFO] [stdout]   |
[INFO] [stdout] 6 |     WrongType(()),
[INFO] [stdout]   |               ~~
[INFO] [stdout] 
[INFO] [stdout] 
[INFO] [stdout] warning: method `contains_key` is never used
[INFO] [stdout]   --> src/mapping/generic.rs:17:8
[INFO] [stdout]    |
[INFO] [stdout] 9  | pub(crate) trait Mapping: Send + Sync {
[INFO] [stdout]    |                  ------- method in this trait
[INFO] [stdout] ...
[INFO] [stdout] 17 |     fn contains_key(&self, key: &str) -> bool;
[INFO] [stdout]    |        ^^^^^^^^^^^^
[INFO] [stdout] 
[INFO] [stdout] 
[INFO] [stdout] warning: method `contains_item` is never used
[INFO] [stdout]   --> src/mapping/generic.rs:33:8
[INFO] [stdout]    |
[INFO] [stdout] 28 | pub(crate) trait Array {
[INFO] [stdout]    |                  ----- method in this trait
[INFO] [stdout] ...
[INFO] [stdout] 33 |     fn contains_item(&self, value: &toml::Value) -> bool;
[INFO] [stdout]    |        ^^^^^^^^^^^^^
[INFO] [stdout] 
[INFO] [stdout] 
[INFO] [stderr]     Finished `test` profile [unoptimized + debuginfo] target(s) in 0.88s
[INFO] running `Command { std: "docker" "inspect" "b0d955faf06d8d9565e4fe190c16e884fa0f22e1ecb072b999c579e677e4fcfa", kill_on_drop: false }`
[INFO] running `Command { std: "docker" "rm" "-f" "b0d955faf06d8d9565e4fe190c16e884fa0f22e1ecb072b999c579e677e4fcfa", kill_on_drop: false }`
[INFO] [stdout] b0d955faf06d8d9565e4fe190c16e884fa0f22e1ecb072b999c579e677e4fcfa
[INFO] running `Command { std: "docker" "create" "-v" "/var/lib/crater-agent-workspace/builds/worker-1-tc1/target:/opt/rustwide/target:rw,Z" "-v" "/var/lib/crater-agent-workspace/builds/worker-1-tc1/source:/opt/rustwide/workdir:ro,Z" "-v" "/var/lib/crater-agent-workspace/cargo-home:/opt/rustwide/cargo-home:ro,Z" "-v" "/var/lib/crater-agent-workspace/rustup-home:/opt/rustwide/rustup-home:ro,Z" "-e" "SOURCE_DIR=/opt/rustwide/workdir" "-e" "CARGO_TARGET_DIR=/opt/rustwide/target" "-e" "CARGO_INCREMENTAL=0" "-e" "RUST_BACKTRACE=full" "-e" "RUSTFLAGS=--cap-lints=forbid" "-e" "RUSTDOCFLAGS=--cap-lints=forbid" "-e" "CARGO_HOME=/opt/rustwide/cargo-home" "-e" "RUSTUP_HOME=/opt/rustwide/rustup-home" "-w" "/opt/rustwide/workdir" "-m" "1610612736" "--user" "0:0" "--network" "none" "ghcr.io/rust-lang/crates-build-env/linux@sha256:4a844ea9eb2546a2d2c7022eacef16ef2e8229c7fbb2c7d4d55a9ceca922f72d" "/opt/rustwide/cargo-home/bin/cargo" "+nightly-2024-10-28" "test" "--frozen", kill_on_drop: false }`
[INFO] [stdout] 050f2dbc8cb17abdaae7d75a549b67b16fe86b1db985abaa2aa3c4fddc369866
[INFO] running `Command { std: "docker" "start" "-a" "050f2dbc8cb17abdaae7d75a549b67b16fe86b1db985abaa2aa3c4fddc369866", kill_on_drop: false }`
[INFO] [stderr] warning: field `0` is never read
[INFO] [stderr]  --> src/mapping/generic.rs:5:16
[INFO] [stderr]   |
[INFO] [stderr] 5 |     MissingKey(String),
[INFO] [stderr]   |     ---------- ^^^^^^
[INFO] [stderr]   |     |
[INFO] [stderr]   |     field in this variant
[INFO] [stderr]   |
[INFO] [stderr]   = note: `MappingError` has a derived impl for the trait `Debug`, but this is intentionally ignored during dead code analysis
[INFO] [stderr]   = note: `#[warn(dead_code)]` on by default
[INFO] [stderr] help: consider changing the field to be of unit type to suppress this warning while preserving the field numbering, or remove the field
[INFO] [stderr]   |
[INFO] [stderr] 5 |     MissingKey(()),
[INFO] [stderr]   |                ~~
[INFO] [stderr] 
[INFO] [stderr] warning: field `0` is never read
[INFO] [stderr]  --> src/mapping/generic.rs:6:15
[INFO] [stderr]   |
[INFO] [stderr] 6 |     WrongType(String),
[INFO] [stderr]   |     --------- ^^^^^^
[INFO] [stderr]   |     |
[INFO] [stderr]   |     field in this variant
[INFO] [stderr]   |
[INFO] [stderr]   = note: `MappingError` has a derived impl for the trait `Debug`, but this is intentionally ignored during dead code analysis
[INFO] [stderr] help: consider changing the field to be of unit type to suppress this warning while preserving the field numbering, or remove the field
[INFO] [stderr]   |
[INFO] [stderr] 6 |     WrongType(()),
[INFO] [stderr]   |               ~~
[INFO] [stderr] 
[INFO] [stderr] warning: method `contains_key` is never used
[INFO] [stderr]   --> src/mapping/generic.rs:17:8
[INFO] [stderr]    |
[INFO] [stderr] 9  | pub(crate) trait Mapping: Send + Sync {
[INFO] [stderr]    |                  ------- method in this trait
[INFO] [stderr] ...
[INFO] [stderr] 17 |     fn contains_key(&self, key: &str) -> bool;
[INFO] [stderr]    |        ^^^^^^^^^^^^
[INFO] [stderr] 
[INFO] [stderr] warning: method `contains_item` is never used
[INFO] [stderr]   --> src/mapping/generic.rs:33:8
[INFO] [stderr]    |
[INFO] [stderr] 28 | pub(crate) trait Array {
[INFO] [stderr]    |                  ----- method in this trait
[INFO] [stderr] ...
[INFO] [stderr] 33 |     fn contains_item(&self, value: &toml::Value) -> bool;
[INFO] [stderr]    |        ^^^^^^^^^^^^^
[INFO] [stderr] 
[INFO] [stderr] warning: unused import: `std::process::Command`
[INFO] [stderr]  --> src/uri.rs:5:5
[INFO] [stderr]   |
[INFO] [stderr] 5 | use std::process::Command;
[INFO] [stderr]   |     ^^^^^^^^^^^^^^^^^^^^^
[INFO] [stderr]   |
[INFO] [stderr] note: the lint level is defined here
[INFO] [stderr]  --> src/uri.rs:4:8
[INFO] [stderr]   |
[INFO] [stderr] 4 | #[warn(unused_imports)]
[INFO] [stderr]   |        ^^^^^^^^^^^^^^
[INFO] [stderr] 
[INFO] [stderr] warning: `check-config` (lib) generated 4 warnings
[INFO] [stderr] warning: `check-config` (lib test) generated 5 warnings (4 duplicates) (run `cargo fix --lib -p check-config --tests` to apply 1 suggestion)
[INFO] [stderr]     Finished `test` profile [unoptimized + debuginfo] target(s) in 0.08s
[INFO] [stderr]      Running unittests src/lib.rs (/opt/rustwide/target/debug/deps/check_config-1606ea2053f56c83)
[INFO] [stdout] 
[INFO] [stdout] running 16 tests
[INFO] [stdout] test checkers::entry_absent::tests::test_remove_entries_with_tables ... ok
[INFO] [stdout] test checkers::file_absent::tests::test_file_absent ... ok
[INFO] [stdout] test checkers::file_present::tests::test_file_present ... ok
[INFO] [stdout] test checkers::key_absent::tests::test_test_files ... ok
[INFO] [stdout] test checkers::lines_absent::tests::test_add_line_ending_when_needed ... ok
[INFO] [stdout] test checkers::lines_present::tests::test_add_line_ending_when_needed ... ok
[INFO] [stdout] test checkers::entry_absent::tests::test_test_files ... ok
[INFO] [stdout] test checkers::entry_present::tests::test_test_files ... ok
[INFO] [stdout] test checkers::lines_absent::tests::test_lines_present ... ok
[INFO] [stdout] test checkers::lines_present::tests::test_lines_present ... ok
[INFO] [stdout] test checkers::test::test_read_checks_from_path ... ok
[INFO] [stdout] test checkers::file_regex::tests::test_regex_present ... ok
[INFO] [stdout] test checkers::key_value_present::tests::test_test_files ... ok
[INFO] [stdout] test checkers::key_value_regex_match::tests::test_test_files ... ok
[INFO] [stdout] test uri::test::test_read_py_packages ... FAILED
[INFO] [stdout] test checkers::test::test_read_invalid_checks_from_path - should panic ... ok
[INFO] [stdout] 
[INFO] [stdout] failures:
[INFO] [stdout] 
[INFO] [stdout] ---- uri::test::test_read_py_packages stdout ----
[INFO] [stdout] thread 'uri::test::test_read_py_packages' panicked at src/uri.rs:77:9:
[INFO] [stdout] assertion `left == right` failed
[INFO] [stdout]   left: "/path/to/python/lib/site-packages/asset/file.txt"
[INFO] [stdout]  right: "/path/to/python/lib/site-packages\\asset/file.txt"
[INFO] [stdout] stack backtrace:
[INFO] [stdout]    0:     0x62d19d50122a - std::backtrace_rs::backtrace::libunwind::trace::h207520d6e9873551
[INFO] [stdout]                                at /rustc/df4ca44d3fbc9301ee17f30f4d474e6ae4b05252/library/std/src/../../backtrace/src/backtrace/libunwind.rs:116:5
[INFO] [stdout]    1:     0x62d19d50122a - std::backtrace_rs::backtrace::trace_unsynchronized::h2ed7433f370e3eca
[INFO] [stdout]                                at /rustc/df4ca44d3fbc9301ee17f30f4d474e6ae4b05252/library/std/src/../../backtrace/src/backtrace/mod.rs:66:5
[INFO] [stdout]    2:     0x62d19d50122a - std::sys::backtrace::_print_fmt::h916fac51166b18d7
[INFO] [stdout]                                at /rustc/df4ca44d3fbc9301ee17f30f4d474e6ae4b05252/library/std/src/sys/backtrace.rs:66:9
[INFO] [stdout]    3:     0x62d19d50122a - <std::sys::backtrace::BacktraceLock::print::DisplayBacktrace as core::fmt::Display>::fmt::ha0a4c9b8ce3802e6
[INFO] [stdout]                                at /rustc/df4ca44d3fbc9301ee17f30f4d474e6ae4b05252/library/std/src/sys/backtrace.rs:39:26
[INFO] [stdout]    4:     0x62d19d52ade3 - core::fmt::rt::Argument::fmt::h4cfc8587d52b3eb5
[INFO] [stdout]                                at /rustc/df4ca44d3fbc9301ee17f30f4d474e6ae4b05252/library/core/src/fmt/rt.rs:177:76
[INFO] [stdout]    5:     0x62d19d52ade3 - core::fmt::write::h522cc39e5b36ae9f
[INFO] [stdout]                                at /rustc/df4ca44d3fbc9301ee17f30f4d474e6ae4b05252/library/core/src/fmt/mod.rs:1190:21
[INFO] [stdout]    6:     0x62d19d4fda23 - std::io::Write::write_fmt::h7d3c26752da97734
[INFO] [stdout]                                at /rustc/df4ca44d3fbc9301ee17f30f4d474e6ae4b05252/library/std/src/io/mod.rs:1839:15
[INFO] [stdout]    7:     0x62d19d501072 - std::sys::backtrace::BacktraceLock::print::h4b9e00b29e9c0942
[INFO] [stdout]                                at /rustc/df4ca44d3fbc9301ee17f30f4d474e6ae4b05252/library/std/src/sys/backtrace.rs:42:9
[INFO] [stdout]    8:     0x62d19d5026ba - std::panicking::default_hook::{{closure}}::hb59b88280d0324d9
[INFO] [stdout]                                at /rustc/df4ca44d3fbc9301ee17f30f4d474e6ae4b05252/library/std/src/panicking.rs:268:22
[INFO] [stdout]    9:     0x62d19d5024c4 - std::panicking::default_hook::he1dd496665be4a29
[INFO] [stdout]                                at /rustc/df4ca44d3fbc9301ee17f30f4d474e6ae4b05252/library/std/src/panicking.rs:292:9
[INFO] [stdout]   10:     0x62d19d0cda69 - <alloc::boxed::Box<F,A> as core::ops::function::Fn<Args>>::call::h4ff71de18744e1dc
[INFO] [stdout]                                at /rustc/df4ca44d3fbc9301ee17f30f4d474e6ae4b05252/library/alloc/src/boxed.rs:2468:9
[INFO] [stdout]   11:     0x62d19d0cda69 - test::test_main::{{closure}}::hcf7c055ce117aa81
[INFO] [stdout]                                at /rustc/df4ca44d3fbc9301ee17f30f4d474e6ae4b05252/library/test/src/lib.rs:133:21
[INFO] [stdout]   12:     0x62d19d502db8 - <alloc::boxed::Box<F,A> as core::ops::function::Fn<Args>>::call::h1d66c6bbd60c9692
[INFO] [stdout]                                at /rustc/df4ca44d3fbc9301ee17f30f4d474e6ae4b05252/library/alloc/src/boxed.rs:2468:9
[INFO] [stdout]   13:     0x62d19d502db8 - std::panicking::rust_panic_with_hook::h2ff17fe8f26dfcf8
[INFO] [stdout]                                at /rustc/df4ca44d3fbc9301ee17f30f4d474e6ae4b05252/library/std/src/panicking.rs:809:13
[INFO] [stdout]   14:     0x62d19d502b7a - std::panicking::begin_panic_handler::{{closure}}::h4fad77951c07e101
[INFO] [stdout]                                at /rustc/df4ca44d3fbc9301ee17f30f4d474e6ae4b05252/library/std/src/panicking.rs:674:13
[INFO] [stdout]   15:     0x62d19d501709 - std::sys::backtrace::__rust_end_short_backtrace::hb1a25b3da5d0ea08
[INFO] [stdout]                                at /rustc/df4ca44d3fbc9301ee17f30f4d474e6ae4b05252/library/std/src/sys/backtrace.rs:170:18
[INFO] [stdout]   16:     0x62d19d50280c - rust_begin_unwind
[INFO] [stdout]                                at /rustc/df4ca44d3fbc9301ee17f30f4d474e6ae4b05252/library/std/src/panicking.rs:665:5
[INFO] [stdout]   17:     0x62d19d528b60 - core::panicking::panic_fmt::ha9db07b529f9b256
[INFO] [stdout]                                at /rustc/df4ca44d3fbc9301ee17f30f4d474e6ae4b05252/library/core/src/panicking.rs:75:14
[INFO] [stdout]   18:     0x62d19d528fc5 - core::panicking::assert_failed_inner::h04f38944d74a80a8
[INFO] [stdout]   19:     0x62d19d06c7a8 - core::panicking::assert_failed::h2daf2312b49ae01e
[INFO] [stdout]                                at /rustc/df4ca44d3fbc9301ee17f30f4d474e6ae4b05252/library/core/src/panicking.rs:377:5
[INFO] [stdout]   20:     0x62d19d06aeb9 - check_config::uri::test::test_read_py_packages::h3386ebf234039a01
[INFO] [stdout]                                at /opt/rustwide/workdir/src/uri.rs:77:9
[INFO] [stdout]   21:     0x62d19d06abe7 - check_config::uri::test::test_read_py_packages::{{closure}}::h190df488acef8d93
[INFO] [stdout]                                at /opt/rustwide/workdir/src/uri.rs:72:31
[INFO] [stdout]   22:     0x62d19d04c926 - core::ops::function::FnOnce::call_once::h7200e5feaa9224eb
[INFO] [stdout]                                at /rustc/df4ca44d3fbc9301ee17f30f4d474e6ae4b05252/library/core/src/ops/function.rs:250:5
[INFO] [stdout]   23:     0x62d19d0d233b - core::ops::function::FnOnce::call_once::h22c3ba5715e93f05
[INFO] [stdout]                                at /rustc/df4ca44d3fbc9301ee17f30f4d474e6ae4b05252/library/core/src/ops/function.rs:250:5
[INFO] [stdout]   24:     0x62d19d0d233b - test::__rust_begin_short_backtrace::h8e82d8113d0da17f
[INFO] [stdout]                                at /rustc/df4ca44d3fbc9301ee17f30f4d474e6ae4b05252/library/test/src/lib.rs:621:18
[INFO] [stdout]   25:     0x62d19d0d1cb7 - test::run_test_in_process::{{closure}}::h33235f4f20b7b7c7
[INFO] [stdout]                                at /rustc/df4ca44d3fbc9301ee17f30f4d474e6ae4b05252/library/test/src/lib.rs:644:60
[INFO] [stdout]   26:     0x62d19d0d1cb7 - <core::panic::unwind_safe::AssertUnwindSafe<F> as core::ops::function::FnOnce<()>>::call_once::hb5043206310c586f
[INFO] [stdout]                                at /rustc/df4ca44d3fbc9301ee17f30f4d474e6ae4b05252/library/core/src/panic/unwind_safe.rs:272:9
[INFO] [stdout]   27:     0x62d19d0d1cb7 - std::panicking::try::do_call::h9ad4731a60ab23e2
[INFO] [stdout]                                at /rustc/df4ca44d3fbc9301ee17f30f4d474e6ae4b05252/library/std/src/panicking.rs:557:40
[INFO] [stdout]   28:     0x62d19d0d1cb7 - std::panicking::try::h3824d23db772a716
[INFO] [stdout]                                at /rustc/df4ca44d3fbc9301ee17f30f4d474e6ae4b05252/library/std/src/panicking.rs:520:19
[INFO] [stdout]   29:     0x62d19d0d1cb7 - std::panic::catch_unwind::h5afd514605fde46b
[INFO] [stdout]                                at /rustc/df4ca44d3fbc9301ee17f30f4d474e6ae4b05252/library/std/src/panic.rs:358:14
[INFO] [stdout]   30:     0x62d19d0d1cb7 - test::run_test_in_process::h0d5cbfa7067d1720
[INFO] [stdout]                                at /rustc/df4ca44d3fbc9301ee17f30f4d474e6ae4b05252/library/test/src/lib.rs:644:27
[INFO] [stdout]   31:     0x62d19d0d1cb7 - test::run_test::{{closure}}::h708eb8872708115d
[INFO] [stdout]                                at /rustc/df4ca44d3fbc9301ee17f30f4d474e6ae4b05252/library/test/src/lib.rs:565:43
[INFO] [stdout]   32:     0x62d19d0953d4 - test::run_test::{{closure}}::h392c51cee94713ab
[INFO] [stdout]                                at /rustc/df4ca44d3fbc9301ee17f30f4d474e6ae4b05252/library/test/src/lib.rs:595:41
[INFO] [stdout]   33:     0x62d19d0953d4 - std::sys::backtrace::__rust_begin_short_backtrace::h2f40290710935a8b
[INFO] [stdout]                                at /rustc/df4ca44d3fbc9301ee17f30f4d474e6ae4b05252/library/std/src/sys/backtrace.rs:154:18
[INFO] [stdout]   34:     0x62d19d098b7e - std::thread::Builder::spawn_unchecked_::{{closure}}::{{closure}}::h3fd968d89053a903
[INFO] [stdout]                                at /rustc/df4ca44d3fbc9301ee17f30f4d474e6ae4b05252/library/std/src/thread/mod.rs:541:17
[INFO] [stdout]   35:     0x62d19d098b7e - <core::panic::unwind_safe::AssertUnwindSafe<F> as core::ops::function::FnOnce<()>>::call_once::h743f637ba4229880
[INFO] [stdout]                                at /rustc/df4ca44d3fbc9301ee17f30f4d474e6ae4b05252/library/core/src/panic/unwind_safe.rs:272:9
[INFO] [stdout]   36:     0x62d19d098b7e - std::panicking::try::do_call::h07440897322525a6
[INFO] [stdout]                                at /rustc/df4ca44d3fbc9301ee17f30f4d474e6ae4b05252/library/std/src/panicking.rs:557:40
[INFO] [stdout]   37:     0x62d19d098b7e - std::panicking::try::he5a2e00188156637
[INFO] [stdout]                                at /rustc/df4ca44d3fbc9301ee17f30f4d474e6ae4b05252/library/std/src/panicking.rs:520:19
[INFO] [stdout]   38:     0x62d19d098b7e - std::panic::catch_unwind::hbaf3cae49b3c6433
[INFO] [stdout]                                at /rustc/df4ca44d3fbc9301ee17f30f4d474e6ae4b05252/library/std/src/panic.rs:358:14
[INFO] [stdout]   39:     0x62d19d098b7e - std::thread::Builder::spawn_unchecked_::{{closure}}::h8e141ea224820bce
[INFO] [stdout]                                at /rustc/df4ca44d3fbc9301ee17f30f4d474e6ae4b05252/library/std/src/thread/mod.rs:540:30
[INFO] [stdout]   40:     0x62d19d098b7e - core::ops::function::FnOnce::call_once{{vtable.shim}}::h90d312fedd7b8ea8
[INFO] [stdout]                                at /rustc/df4ca44d3fbc9301ee17f30f4d474e6ae4b05252/library/core/src/ops/function.rs:250:5
[INFO] [stdout]   41:     0x62d19d5078fb - <alloc::boxed::Box<F,A> as core::ops::function::FnOnce<Args>>::call_once::h69aa08ddb6adb8b6
[INFO] [stdout]                                at /rustc/df4ca44d3fbc9301ee17f30f4d474e6ae4b05252/library/alloc/src/boxed.rs:2454:9
[INFO] [stdout]   42:     0x62d19d5078fb - <alloc::boxed::Box<F,A> as core::ops::function::FnOnce<Args>>::call_once::h5aa36efdb79c806f
[INFO] [stdout]                                at /rustc/df4ca44d3fbc9301ee17f30f4d474e6ae4b05252/library/alloc/src/boxed.rs:2454:9
[INFO] [stdout]   43:     0x62d19d5078fb - std::sys::pal::unix::thread::Thread::new::thread_start::h6cd80a1b4be5158d
[INFO] [stdout]                                at /rustc/df4ca44d3fbc9301ee17f30f4d474e6ae4b05252/library/std/src/sys/pal/unix/thread.rs:105:17
[INFO] [stdout]   44:     0x7760ff66cac3 - <unknown>
[INFO] [stdout]   45:     0x7760ff6fda04 - clone
[INFO] [stdout]   46:                0x0 - <unknown>
[INFO] [stdout] 
[INFO] [stdout] 
[INFO] [stdout] failures:
[INFO] [stdout]     uri::test::test_read_py_packages
[INFO] [stdout] 
[INFO] [stdout] test result: FAILED. 15 passed; 1 failed; 0 ignored; 0 measured; 0 filtered out; finished in 0.05s
[INFO] [stdout] 
[INFO] [stderr] error: test failed, to rerun pass `--lib`
[INFO] running `Command { std: "docker" "inspect" "050f2dbc8cb17abdaae7d75a549b67b16fe86b1db985abaa2aa3c4fddc369866", kill_on_drop: false }`
[INFO] running `Command { std: "docker" "rm" "-f" "050f2dbc8cb17abdaae7d75a549b67b16fe86b1db985abaa2aa3c4fddc369866", kill_on_drop: false }`
[INFO] [stdout] 050f2dbc8cb17abdaae7d75a549b67b16fe86b1db985abaa2aa3c4fddc369866
