[INFO] fetching crate chatgpt_blocking_rs 0.1.2...
[INFO] testing chatgpt_blocking_rs-0.1.2 against nightly-2024-10-28 for randomize-layout
[INFO] extracting crate chatgpt_blocking_rs 0.1.2 into /workspace/builds/worker-5-tc1/source
[INFO] validating manifest of crates.io crate chatgpt_blocking_rs 0.1.2 on toolchain nightly-2024-10-28
[INFO] running `Command { std: CARGO_HOME="/workspace/cargo-home" RUSTUP_HOME="/workspace/rustup-home" "/workspace/cargo-home/bin/cargo" "+nightly-2024-10-28" "metadata" "--manifest-path" "Cargo.toml" "--no-deps", kill_on_drop: false }`
[INFO] started tweaking crates.io crate chatgpt_blocking_rs 0.1.2
[INFO] finished tweaking crates.io crate chatgpt_blocking_rs 0.1.2
[INFO] tweaked toml for crates.io crate chatgpt_blocking_rs 0.1.2 written to /workspace/builds/worker-5-tc1/source/Cargo.toml
[INFO] running `Command { std: CARGO_HOME="/workspace/cargo-home" RUSTUP_HOME="/workspace/rustup-home" "/workspace/cargo-home/bin/cargo" "+nightly-2024-10-28" "generate-lockfile" "--manifest-path" "Cargo.toml", kill_on_drop: false }`
[INFO] [stderr]     Blocking waiting for file lock on package cache
[INFO] [stderr]     Updating crates.io index
[INFO] [stderr]      Locking 190 packages to latest compatible versions
[INFO] [stderr]       Adding h2 v0.3.26 (available: v0.4.6)
[INFO] [stderr]       Adding reqwest v0.11.27 (available: v0.12.9)
[INFO] running `Command { std: CARGO_HOME="/workspace/cargo-home" RUSTUP_HOME="/workspace/rustup-home" "/workspace/cargo-home/bin/cargo" "+nightly-2024-10-28" "fetch" "--manifest-path" "Cargo.toml", kill_on_drop: false }`
[INFO] [stderr]  Downloading crates ...
[INFO] [stderr]   Downloaded postcard v1.0.10
[INFO] [stderr]   Downloaded embedded-io v0.4.0
[INFO] [stderr]   Downloaded cobs v0.2.3
[INFO] running `Command { std: "docker" "create" "-v" "/var/lib/crater-agent-workspace/builds/worker-5-tc1/target:/opt/rustwide/target:rw,Z" "-v" "/var/lib/crater-agent-workspace/builds/worker-5-tc1/source:/opt/rustwide/workdir:ro,Z" "-v" "/var/lib/crater-agent-workspace/cargo-home:/opt/rustwide/cargo-home:ro,Z" "-v" "/var/lib/crater-agent-workspace/rustup-home:/opt/rustwide/rustup-home:ro,Z" "-e" "SOURCE_DIR=/opt/rustwide/workdir" "-e" "CARGO_TARGET_DIR=/opt/rustwide/target" "-e" "CARGO_HOME=/opt/rustwide/cargo-home" "-e" "RUSTUP_HOME=/opt/rustwide/rustup-home" "-w" "/opt/rustwide/workdir" "-m" "1610612736" "--user" "0:0" "--network" "none" "ghcr.io/rust-lang/crates-build-env/linux@sha256:4a844ea9eb2546a2d2c7022eacef16ef2e8229c7fbb2c7d4d55a9ceca922f72d" "/opt/rustwide/cargo-home/bin/cargo" "+nightly-2024-10-28" "metadata" "--no-deps" "--format-version=1", kill_on_drop: false }`
[INFO] [stdout] 2bff632188859f96f762e206941b164e59f181125b9894026eb6d123bc996496
[INFO] running `Command { std: "docker" "start" "-a" "2bff632188859f96f762e206941b164e59f181125b9894026eb6d123bc996496", kill_on_drop: false }`
[INFO] running `Command { std: "docker" "inspect" "2bff632188859f96f762e206941b164e59f181125b9894026eb6d123bc996496", kill_on_drop: false }`
[INFO] running `Command { std: "docker" "rm" "-f" "2bff632188859f96f762e206941b164e59f181125b9894026eb6d123bc996496", kill_on_drop: false }`
[INFO] [stdout] 2bff632188859f96f762e206941b164e59f181125b9894026eb6d123bc996496
[INFO] running `Command { std: "docker" "create" "-v" "/var/lib/crater-agent-workspace/builds/worker-5-tc1/target:/opt/rustwide/target:rw,Z" "-v" "/var/lib/crater-agent-workspace/builds/worker-5-tc1/source:/opt/rustwide/workdir:ro,Z" "-v" "/var/lib/crater-agent-workspace/cargo-home:/opt/rustwide/cargo-home:ro,Z" "-v" "/var/lib/crater-agent-workspace/rustup-home:/opt/rustwide/rustup-home:ro,Z" "-e" "SOURCE_DIR=/opt/rustwide/workdir" "-e" "CARGO_TARGET_DIR=/opt/rustwide/target" "-e" "CARGO_INCREMENTAL=0" "-e" "RUST_BACKTRACE=full" "-e" "RUSTFLAGS=--cap-lints=forbid" "-e" "RUSTDOCFLAGS=--cap-lints=forbid" "-e" "CARGO_HOME=/opt/rustwide/cargo-home" "-e" "RUSTUP_HOME=/opt/rustwide/rustup-home" "-w" "/opt/rustwide/workdir" "-m" "1610612736" "--user" "0:0" "--network" "none" "ghcr.io/rust-lang/crates-build-env/linux@sha256:4a844ea9eb2546a2d2c7022eacef16ef2e8229c7fbb2c7d4d55a9ceca922f72d" "/opt/rustwide/cargo-home/bin/cargo" "+nightly-2024-10-28" "build" "--frozen" "--message-format=json", kill_on_drop: false }`
[INFO] [stdout] 94911f84ecf2902282bf83839654184fc67e4c32cfb7511f4460503783edf1fc
[INFO] running `Command { std: "docker" "start" "-a" "94911f84ecf2902282bf83839654184fc67e4c32cfb7511f4460503783edf1fc", kill_on_drop: false }`
[INFO] [stderr]    Compiling fs_extra v1.3.0
[INFO] [stderr]    Compiling bytes v1.8.0
[INFO] [stderr]    Compiling aws-lc-rs v1.10.0
[INFO] [stderr]    Compiling openssl v0.10.68
[INFO] [stderr]    Compiling socket2 v0.5.7
[INFO] [stderr]    Compiling mio v1.0.2
[INFO] [stderr]    Compiling bitflags v2.6.0
[INFO] [stderr]    Compiling openssl-sys v0.9.104
[INFO] [stderr]    Compiling cmake v0.1.51
[INFO] [stderr]    Compiling ring v0.17.8
[INFO] [stderr]    Compiling futures-util v0.3.31
[INFO] [stderr]    Compiling tracing v0.1.40
[INFO] [stderr]    Compiling serde_derive v1.0.214
[INFO] [stderr]    Compiling openssl-macros v0.1.1
[INFO] [stderr]    Compiling getrandom v0.2.15
[INFO] [stderr]    Compiling mirai-annotations v1.12.0
[INFO] [stderr]    Compiling futures-channel v0.3.31
[INFO] [stderr]    Compiling rustls v0.23.16
[INFO] [stderr]    Compiling miniz_oxide v0.8.0
[INFO] [stderr]    Compiling rustls-pemfile v1.0.4
[INFO] [stderr]    Compiling thiserror-impl v1.0.66
[INFO] [stderr]    Compiling encoding_rs v0.8.35
[INFO] [stderr]    Compiling ipnet v2.10.1
[INFO] [stderr]    Compiling sync_wrapper v0.1.2
[INFO] [stderr]    Compiling aws-lc-sys v0.22.0
[INFO] [stderr]    Compiling tokio v1.41.0
[INFO] [stderr]    Compiling http v0.2.12
[INFO] [stderr]    Compiling native-tls v0.2.12
[INFO] [stderr]    Compiling flate2 v1.0.34
[INFO] [stderr]    Compiling thiserror v1.0.66
[INFO] [stderr]    Compiling http-body v0.4.6
[INFO] [stderr]    Compiling serde v1.0.214
[INFO] [stderr]    Compiling tokio-util v0.7.12
[INFO] [stderr]    Compiling tokio-native-tls v0.3.1
[INFO] [stderr]    Compiling h2 v0.3.26
[INFO] [stderr]    Compiling serde_json v1.0.132
[INFO] [stderr]    Compiling serde_urlencoded v0.7.1
[INFO] [stderr]    Compiling hyper v0.14.31
[INFO] [stderr]    Compiling rustls-webpki v0.102.8
[INFO] [stderr]    Compiling hyper-tls v0.5.0
[INFO] [stderr]    Compiling reqwest v0.11.27
[INFO] [stderr]    Compiling ureq v2.10.1
[INFO] [stderr]    Compiling chatgpt_blocking_rs v0.1.2 (/opt/rustwide/workdir)
[INFO] [stdout] warning: unused import: `std::path::Path`
[INFO] [stdout]  --> src/client.rs:1:5
[INFO] [stdout]   |
[INFO] [stdout] 1 | use std::path::Path;
[INFO] [stdout]   |     ^^^^^^^^^^^^^^^
[INFO] [stdout]   |
[INFO] [stdout]   = note: `#[warn(unused_imports)]` on by default
[INFO] [stdout] 
[INFO] [stdout] 
[INFO] [stdout] warning: unused import: `Agent`
[INFO] [stdout]  --> src/client.rs:3:12
[INFO] [stdout]   |
[INFO] [stdout] 3 | use ureq::{Agent, AgentBuilder};
[INFO] [stdout]   |            ^^^^^
[INFO] [stdout] 
[INFO] [stdout] 
[INFO] [stdout] warning: unused import: `reqwest::header::AUTHORIZATION`
[INFO] [stdout]  --> src/client.rs:5:5
[INFO] [stdout]   |
[INFO] [stdout] 5 | use reqwest::header::AUTHORIZATION;
[INFO] [stdout]   |     ^^^^^^^^^^^^^^^^^^^^^^^^^^^^^^
[INFO] [stdout] 
[INFO] [stdout] 
[INFO] [stdout] warning: unused imports: `HeaderMap`, `HeaderValue`, and `Url`
[INFO] [stdout]  --> src/client.rs:7:14
[INFO] [stdout]   |
[INFO] [stdout] 7 |     header::{HeaderMap, HeaderValue},
[INFO] [stdout]   |              ^^^^^^^^^  ^^^^^^^^^^^
[INFO] [stdout] 8 |     Url,
[INFO] [stdout]   |     ^^^
[INFO] [stdout] 
[INFO] [stdout] 
[INFO] [stdout] warning: unused imports: `CompletionRequest` and `ServerResponse`
[INFO] [stdout]   --> src/client.rs:12:33
[INFO] [stdout]    |
[INFO] [stdout] 12 | use crate::types::{ChatMessage, CompletionRequest, CompletionResponse, Role, ServerResponse};
[INFO] [stdout]    |                                 ^^^^^^^^^^^^^^^^^                            ^^^^^^^^^^^^^^
[INFO] [stdout] 
[INFO] [stdout] 
[INFO] [stdout] warning: unused import: `std::path::Path`
[INFO] [stdout]  --> src/converse.rs:1:5
[INFO] [stdout]   |
[INFO] [stdout] 1 | use std::path::Path;
[INFO] [stdout]   |     ^^^^^^^^^^^^^^^
[INFO] [stdout] 
[INFO] [stdout] 
[INFO] [stdout] warning: unused import: `CompletionResponse`
[INFO] [stdout]  --> src/converse.rs:5:26
[INFO] [stdout]   |
[INFO] [stdout] 5 |     types::{ChatMessage, CompletionResponse, Role},
[INFO] [stdout]   |                          ^^^^^^^^^^^^^^^^^^
[INFO] [stdout] 
[INFO] [stdout] 
[INFO] [stdout] warning: unexpected `cfg` condition value: `json`
[INFO] [stdout]   --> src/err.rs:19:11
[INFO] [stdout]    |
[INFO] [stdout] 19 |     #[cfg(feature = "json")]
[INFO] [stdout]    |           ^^^^^^^^^^^^^^^^
[INFO] [stdout]    |
[INFO] [stdout]    = note: expected values for `feature` are: `postcard` and `serde_json`
[INFO] [stdout]    = help: consider adding `json` as a feature in `Cargo.toml`
[INFO] [stdout]    = note: see <https://doc.rust-lang.org/nightly/rustc/check-cfg/cargo-specifics.html> for more information about checking conditional configuration
[INFO] [stdout]    = note: `#[warn(unexpected_cfgs)]` on by default
[INFO] [stdout] 
[INFO] [stdout] 
[INFO] [stdout] warning: unused import: `std::str::FromStr`
[INFO] [stdout]  --> src/client.rs:2:5
[INFO] [stdout]   |
[INFO] [stdout] 2 | use std::str::FromStr;
[INFO] [stdout]   |     ^^^^^^^^^^^^^^^^^
[INFO] [stdout] 
[INFO] [stdout] 
[INFO] [stderr]     Finished `dev` profile [unoptimized + debuginfo] target(s) in 44.30s
[INFO] running `Command { std: "docker" "inspect" "94911f84ecf2902282bf83839654184fc67e4c32cfb7511f4460503783edf1fc", kill_on_drop: false }`
[INFO] running `Command { std: "docker" "rm" "-f" "94911f84ecf2902282bf83839654184fc67e4c32cfb7511f4460503783edf1fc", kill_on_drop: false }`
[INFO] [stdout] 94911f84ecf2902282bf83839654184fc67e4c32cfb7511f4460503783edf1fc
[INFO] running `Command { std: "docker" "create" "-v" "/var/lib/crater-agent-workspace/builds/worker-5-tc1/target:/opt/rustwide/target:rw,Z" "-v" "/var/lib/crater-agent-workspace/builds/worker-5-tc1/source:/opt/rustwide/workdir:ro,Z" "-v" "/var/lib/crater-agent-workspace/cargo-home:/opt/rustwide/cargo-home:ro,Z" "-v" "/var/lib/crater-agent-workspace/rustup-home:/opt/rustwide/rustup-home:ro,Z" "-e" "SOURCE_DIR=/opt/rustwide/workdir" "-e" "CARGO_TARGET_DIR=/opt/rustwide/target" "-e" "CARGO_INCREMENTAL=0" "-e" "RUST_BACKTRACE=full" "-e" "RUSTFLAGS=--cap-lints=forbid" "-e" "RUSTDOCFLAGS=--cap-lints=forbid" "-e" "CARGO_HOME=/opt/rustwide/cargo-home" "-e" "RUSTUP_HOME=/opt/rustwide/rustup-home" "-w" "/opt/rustwide/workdir" "-m" "1610612736" "--user" "0:0" "--network" "none" "ghcr.io/rust-lang/crates-build-env/linux@sha256:4a844ea9eb2546a2d2c7022eacef16ef2e8229c7fbb2c7d4d55a9ceca922f72d" "/opt/rustwide/cargo-home/bin/cargo" "+nightly-2024-10-28" "test" "--frozen" "--no-run" "--message-format=json", kill_on_drop: false }`
[INFO] [stdout] 6fdf2fda44ec6ad2b2c9756c09bf65b23437353313928e5d10f3866e95b23c48
[INFO] running `Command { std: "docker" "start" "-a" "6fdf2fda44ec6ad2b2c9756c09bf65b23437353313928e5d10f3866e95b23c48", kill_on_drop: false }`
[INFO] [stdout] warning: unused import: `std::path::Path`
[INFO] [stdout]  --> src/client.rs:1:5
[INFO] [stdout]   |
[INFO] [stdout] 1 | use std::path::Path;
[INFO] [stdout]   |     ^^^^^^^^^^^^^^^
[INFO] [stdout]   |
[INFO] [stdout]   = note: `#[warn(unused_imports)]` on by default
[INFO] [stdout] 
[INFO] [stdout] 
[INFO] [stdout] warning: unused import: `Agent`
[INFO] [stdout]  --> src/client.rs:3:12
[INFO] [stdout]   |
[INFO] [stdout] 3 | use ureq::{Agent, AgentBuilder};
[INFO] [stdout]   |            ^^^^^
[INFO] [stdout] 
[INFO] [stdout] 
[INFO] [stdout] warning: unused import: `reqwest::header::AUTHORIZATION`
[INFO] [stdout]  --> src/client.rs:5:5
[INFO] [stdout]   |
[INFO] [stdout] 5 | use reqwest::header::AUTHORIZATION;
[INFO] [stdout]   |     ^^^^^^^^^^^^^^^^^^^^^^^^^^^^^^
[INFO] [stdout] 
[INFO] [stdout] 
[INFO] [stdout] warning: unused imports: `HeaderMap`, `HeaderValue`, and `Url`
[INFO] [stdout]  --> src/client.rs:7:14
[INFO] [stdout]   |
[INFO] [stdout] 7 |     header::{HeaderMap, HeaderValue},
[INFO] [stdout]   |              ^^^^^^^^^  ^^^^^^^^^^^
[INFO] [stdout] 8 |     Url,
[INFO] [stdout]   |     ^^^
[INFO] [stdout] 
[INFO] [stdout] 
[INFO] [stdout] warning: unused imports: `CompletionRequest` and `ServerResponse`
[INFO] [stdout]   --> src/client.rs:12:33
[INFO] [stdout]    |
[INFO] [stdout] 12 | use crate::types::{ChatMessage, CompletionRequest, CompletionResponse, Role, ServerResponse};
[INFO] [stdout]    |                                 ^^^^^^^^^^^^^^^^^                            ^^^^^^^^^^^^^^
[INFO] [stdout] 
[INFO] [stdout] 
[INFO] [stdout] warning: unused import: `std::path::Path`
[INFO] [stdout]  --> src/converse.rs:1:5
[INFO] [stdout]   |
[INFO] [stdout] 1 | use std::path::Path;
[INFO] [stdout]   |     ^^^^^^^^^^^^^^^
[INFO] [stdout] 
[INFO] [stdout] 
[INFO] [stdout] warning: unused import: `CompletionResponse`
[INFO] [stdout]  --> src/converse.rs:5:26
[INFO] [stdout]   |
[INFO] [stdout] 5 |     types::{ChatMessage, CompletionResponse, Role},
[INFO] [stdout]   |                          ^^^^^^^^^^^^^^^^^^
[INFO] [stdout] 
[INFO] [stdout] 
[INFO] [stdout] warning: unexpected `cfg` condition value: `json`
[INFO] [stdout]   --> src/err.rs:19:11
[INFO] [stdout]    |
[INFO] [stdout] 19 |     #[cfg(feature = "json")]
[INFO] [stdout]    |           ^^^^^^^^^^^^^^^^
[INFO] [stdout]    |
[INFO] [stdout]    = note: expected values for `feature` are: `postcard` and `serde_json`
[INFO] [stdout]    = help: consider adding `json` as a feature in `Cargo.toml`
[INFO] [stdout]    = note: see <https://doc.rust-lang.org/nightly/rustc/check-cfg/cargo-specifics.html> for more information about checking conditional configuration
[INFO] [stdout]    = note: `#[warn(unexpected_cfgs)]` on by default
[INFO] [stdout] 
[INFO] [stdout] 
[INFO] [stdout] warning: unused import: `std::str::FromStr`
[INFO] [stdout]  --> src/client.rs:2:5
[INFO] [stdout]   |
[INFO] [stdout] 2 | use std::str::FromStr;
[INFO] [stdout]   |     ^^^^^^^^^^^^^^^^^
[INFO] [stdout] 
[INFO] [stdout] 
[INFO] [stderr]    Compiling chatgpt_blocking_rs v0.1.2 (/opt/rustwide/workdir)
[INFO] [stdout] warning: unused import: `std::path::Path`
[INFO] [stdout]  --> src/client.rs:1:5
[INFO] [stdout]   |
[INFO] [stdout] 1 | use std::path::Path;
[INFO] [stdout]   |     ^^^^^^^^^^^^^^^
[INFO] [stdout]   |
[INFO] [stdout]   = note: `#[warn(unused_imports)]` on by default
[INFO] [stdout] 
[INFO] [stdout] 
[INFO] [stdout] warning: unused import: `std::str::FromStr`
[INFO] [stdout]  --> src/client.rs:2:5
[INFO] [stdout]   |
[INFO] [stdout] 2 | use std::str::FromStr;
[INFO] [stdout]   |     ^^^^^^^^^^^^^^^^^
[INFO] [stdout] 
[INFO] [stdout] 
[INFO] [stdout] warning: unused import: `Agent`
[INFO] [stdout]  --> src/client.rs:3:12
[INFO] [stdout]   |
[INFO] [stdout] 3 | use ureq::{Agent, AgentBuilder};
[INFO] [stdout]   |            ^^^^^
[INFO] [stdout] 
[INFO] [stdout] 
[INFO] [stdout] warning: unused import: `reqwest::header::AUTHORIZATION`
[INFO] [stdout]  --> src/client.rs:5:5
[INFO] [stdout]   |
[INFO] [stdout] 5 | use reqwest::header::AUTHORIZATION;
[INFO] [stdout]   |     ^^^^^^^^^^^^^^^^^^^^^^^^^^^^^^
[INFO] [stdout] 
[INFO] [stdout] 
[INFO] [stdout] warning: unused imports: `HeaderMap`, `HeaderValue`, and `Url`
[INFO] [stdout]  --> src/client.rs:7:14
[INFO] [stdout]   |
[INFO] [stdout] 7 |     header::{HeaderMap, HeaderValue},
[INFO] [stdout]   |              ^^^^^^^^^  ^^^^^^^^^^^
[INFO] [stdout] 8 |     Url,
[INFO] [stdout]   |     ^^^
[INFO] [stdout] 
[INFO] [stdout] 
[INFO] [stdout] warning: unused imports: `CompletionRequest` and `ServerResponse`
[INFO] [stdout]   --> src/client.rs:12:33
[INFO] [stdout]    |
[INFO] [stdout] 12 | use crate::types::{ChatMessage, CompletionRequest, CompletionResponse, Role, ServerResponse};
[INFO] [stdout]    |                                 ^^^^^^^^^^^^^^^^^                            ^^^^^^^^^^^^^^
[INFO] [stdout] 
[INFO] [stdout] 
[INFO] [stdout] warning: unused import: `std::path::Path`
[INFO] [stdout]  --> src/converse.rs:1:5
[INFO] [stdout]   |
[INFO] [stdout] 1 | use std::path::Path;
[INFO] [stdout]   |     ^^^^^^^^^^^^^^^
[INFO] [stdout] 
[INFO] [stdout] 
[INFO] [stdout] warning: unused import: `CompletionResponse`
[INFO] [stdout]  --> src/converse.rs:5:26
[INFO] [stdout]   |
[INFO] [stdout] 5 |     types::{ChatMessage, CompletionResponse, Role},
[INFO] [stdout]   |                          ^^^^^^^^^^^^^^^^^^
[INFO] [stdout] 
[INFO] [stdout] 
[INFO] [stdout] warning: unexpected `cfg` condition value: `json`
[INFO] [stdout]   --> src/err.rs:19:11
[INFO] [stdout]    |
[INFO] [stdout] 19 |     #[cfg(feature = "json")]
[INFO] [stdout]    |           ^^^^^^^^^^^^^^^^
[INFO] [stdout]    |
[INFO] [stdout]    = note: expected values for `feature` are: `postcard` and `serde_json`
[INFO] [stdout]    = help: consider adding `json` as a feature in `Cargo.toml`
[INFO] [stdout]    = note: see <https://doc.rust-lang.org/nightly/rustc/check-cfg/cargo-specifics.html> for more information about checking conditional configuration
[INFO] [stdout]    = note: `#[warn(unexpected_cfgs)]` on by default
[INFO] [stdout] 
[INFO] [stdout] 
[INFO] [stderr]     Finished `test` profile [unoptimized + debuginfo] target(s) in 1.06s
[INFO] running `Command { std: "docker" "inspect" "6fdf2fda44ec6ad2b2c9756c09bf65b23437353313928e5d10f3866e95b23c48", kill_on_drop: false }`
[INFO] running `Command { std: "docker" "rm" "-f" "6fdf2fda44ec6ad2b2c9756c09bf65b23437353313928e5d10f3866e95b23c48", kill_on_drop: false }`
[INFO] [stdout] 6fdf2fda44ec6ad2b2c9756c09bf65b23437353313928e5d10f3866e95b23c48
[INFO] running `Command { std: "docker" "create" "-v" "/var/lib/crater-agent-workspace/builds/worker-5-tc1/target:/opt/rustwide/target:rw,Z" "-v" "/var/lib/crater-agent-workspace/builds/worker-5-tc1/source:/opt/rustwide/workdir:ro,Z" "-v" "/var/lib/crater-agent-workspace/cargo-home:/opt/rustwide/cargo-home:ro,Z" "-v" "/var/lib/crater-agent-workspace/rustup-home:/opt/rustwide/rustup-home:ro,Z" "-e" "SOURCE_DIR=/opt/rustwide/workdir" "-e" "CARGO_TARGET_DIR=/opt/rustwide/target" "-e" "CARGO_INCREMENTAL=0" "-e" "RUST_BACKTRACE=full" "-e" "RUSTFLAGS=--cap-lints=forbid" "-e" "RUSTDOCFLAGS=--cap-lints=forbid" "-e" "CARGO_HOME=/opt/rustwide/cargo-home" "-e" "RUSTUP_HOME=/opt/rustwide/rustup-home" "-w" "/opt/rustwide/workdir" "-m" "1610612736" "--user" "0:0" "--network" "none" "ghcr.io/rust-lang/crates-build-env/linux@sha256:4a844ea9eb2546a2d2c7022eacef16ef2e8229c7fbb2c7d4d55a9ceca922f72d" "/opt/rustwide/cargo-home/bin/cargo" "+nightly-2024-10-28" "test" "--frozen", kill_on_drop: false }`
[INFO] [stdout] 99903ff27a02fe23c21664f6b5ee3649d47b2a1660bf1d998283ff4ea740f2f3
[INFO] running `Command { std: "docker" "start" "-a" "99903ff27a02fe23c21664f6b5ee3649d47b2a1660bf1d998283ff4ea740f2f3", kill_on_drop: false }`
[INFO] [stderr] warning: unused import: `std::path::Path`
[INFO] [stderr]  --> src/client.rs:1:5
[INFO] [stderr]   |
[INFO] [stderr] 1 | use std::path::Path;
[INFO] [stderr]   |     ^^^^^^^^^^^^^^^
[INFO] [stderr]   |
[INFO] [stderr]   = note: `#[warn(unused_imports)]` on by default
[INFO] [stderr] 
[INFO] [stderr] warning: unused import: `Agent`
[INFO] [stderr]  --> src/client.rs:3:12
[INFO] [stderr]   |
[INFO] [stderr] 3 | use ureq::{Agent, AgentBuilder};
[INFO] [stderr]   |            ^^^^^
[INFO] [stderr] 
[INFO] [stderr] warning: unused import: `reqwest::header::AUTHORIZATION`
[INFO] [stderr]  --> src/client.rs:5:5
[INFO] [stderr]   |
[INFO] [stderr] 5 | use reqwest::header::AUTHORIZATION;
[INFO] [stderr]   |     ^^^^^^^^^^^^^^^^^^^^^^^^^^^^^^
[INFO] [stderr] 
[INFO] [stderr] warning: unused imports: `HeaderMap`, `HeaderValue`, and `Url`
[INFO] [stderr]  --> src/client.rs:7:14
[INFO] [stderr]   |
[INFO] [stderr] 7 |     header::{HeaderMap, HeaderValue},
[INFO] [stderr]   |              ^^^^^^^^^  ^^^^^^^^^^^
[INFO] [stderr] 8 |     Url,
[INFO] [stderr]   |     ^^^
[INFO] [stderr] 
[INFO] [stderr] warning: unused imports: `CompletionRequest` and `ServerResponse`
[INFO] [stderr]   --> src/client.rs:12:33
[INFO] [stderr]    |
[INFO] [stderr] 12 | use crate::types::{ChatMessage, CompletionRequest, CompletionResponse, Role, ServerResponse};
[INFO] [stderr]    |                                 ^^^^^^^^^^^^^^^^^                            ^^^^^^^^^^^^^^
[INFO] [stderr] 
[INFO] [stderr] warning: unused import: `std::path::Path`
[INFO] [stderr]  --> src/converse.rs:1:5
[INFO] [stderr]   |
[INFO] [stderr] 1 | use std::path::Path;
[INFO] [stderr]   |     ^^^^^^^^^^^^^^^
[INFO] [stderr] 
[INFO] [stderr] warning: unused import: `CompletionResponse`
[INFO] [stderr]  --> src/converse.rs:5:26
[INFO] [stderr]   |
[INFO] [stderr] 5 |     types::{ChatMessage, CompletionResponse, Role},
[INFO] [stderr]   |                          ^^^^^^^^^^^^^^^^^^
[INFO] [stderr] 
[INFO] [stderr] warning: unexpected `cfg` condition value: `json`
[INFO] [stderr]   --> src/err.rs:19:11
[INFO] [stderr]    |
[INFO] [stderr] 19 |     #[cfg(feature = "json")]
[INFO] [stderr]    |           ^^^^^^^^^^^^^^^^
[INFO] [stderr]    |
[INFO] [stderr]    = note: expected values for `feature` are: `postcard` and `serde_json`
[INFO] [stderr]    = help: consider adding `json` as a feature in `Cargo.toml`
[INFO] [stderr]    = note: see <https://doc.rust-lang.org/nightly/rustc/check-cfg/cargo-specifics.html> for more information about checking conditional configuration
[INFO] [stderr]    = note: `#[warn(unexpected_cfgs)]` on by default
[INFO] [stderr] 
[INFO] [stderr] warning: unused import: `std::str::FromStr`
[INFO] [stderr]  --> src/client.rs:2:5
[INFO] [stderr]   |
[INFO] [stderr] 2 | use std::str::FromStr;
[INFO] [stderr]   |     ^^^^^^^^^^^^^^^^^
[INFO] [stderr] 
[INFO] [stderr] warning: `chatgpt_blocking_rs` (lib) generated 9 warnings (run `cargo fix --lib -p chatgpt_blocking_rs` to apply 7 suggestions)
[INFO] [stderr] warning: `chatgpt_blocking_rs` (lib test) generated 9 warnings (9 duplicates)
[INFO] [stderr]     Finished `test` profile [unoptimized + debuginfo] target(s) in 0.16s
[INFO] [stderr]      Running unittests src/chatgpt.rs (/opt/rustwide/target/debug/deps/chatgpt-f382c373964a5f9b)
[INFO] [stdout] 
[INFO] [stdout] running 0 tests
[INFO] [stdout] 
[INFO] [stdout] test result: ok. 0 passed; 0 failed; 0 ignored; 0 measured; 0 filtered out; finished in 0.00s
[INFO] [stdout] 
[INFO] [stderr]    Doc-tests chatgpt
[INFO] [stdout] 
[INFO] [stdout] running 1 test
[INFO] [stdout] test src/../README.md - (line 12) ... FAILED
[INFO] [stdout] 
[INFO] [stdout] failures:
[INFO] [stdout] 
[INFO] [stdout] ---- src/../README.md - (line 12) stdout ----
[INFO] [stdout] error[E0425]: cannot find function `args` in this scope
[INFO] [stdout]  --> src/../README.md:18:15
[INFO] [stdout]   |
[INFO] [stdout] 8 |     let key = args().nth(1).unwrap();
[INFO] [stdout]   |               ^^^^ not found in this scope
[INFO] [stdout]   |
[INFO] [stdout] help: consider importing this function
[INFO] [stdout]   |
[INFO] [stdout] 4 + use std::env::args;
[INFO] [stdout]   |
[INFO] [stdout] 
[INFO] [stdout] error[E0412]: cannot find type `CompletionResponse` in this scope
[INFO] [stdout]   --> src/../README.md:26:19
[INFO] [stdout]    |
[INFO] [stdout] 16 |     let response: CompletionResponse = client
[INFO] [stdout]    |                   ^^^^^^^^^^^^^^^^^^ not found in this scope
[INFO] [stdout]    |
[INFO] [stdout] help: consider importing this struct
[INFO] [stdout]    |
[INFO] [stdout] 4  + use chatgpt::types::CompletionResponse;
[INFO] [stdout]    |
[INFO] [stdout] 
[INFO] [stdout] error[E0752]: `main` function is not allowed to be `async`
[INFO] [stdout]  --> src/../README.md:16:1
[INFO] [stdout]   |
[INFO] [stdout] 6 | async fn main() -> Result<()> {
[INFO] [stdout]   | ^^^^^^^^^^^^^^^^^^^^^^^^^^^^^ `main` function is not allowed to be `async`
[INFO] [stdout] 
[INFO] [stdout] error: aborting due to 3 previous errors
[INFO] [stdout] 
[INFO] [stdout] Some errors have detailed explanations: E0412, E0425, E0752.
[INFO] [stdout] For more information about an error, try `rustc --explain E0412`.
[INFO] [stdout] Couldn't compile the test.
[INFO] [stdout] 
[INFO] [stdout] failures:
[INFO] [stdout]     src/../README.md - (line 12)
[INFO] [stdout] 
[INFO] [stdout] test result: FAILED. 0 passed; 1 failed; 0 ignored; 0 measured; 0 filtered out; finished in 0.10s
[INFO] [stdout] 
[INFO] [stderr] error: doctest failed, to rerun pass `--doc`
[INFO] running `Command { std: "docker" "inspect" "99903ff27a02fe23c21664f6b5ee3649d47b2a1660bf1d998283ff4ea740f2f3", kill_on_drop: false }`
[INFO] running `Command { std: "docker" "rm" "-f" "99903ff27a02fe23c21664f6b5ee3649d47b2a1660bf1d998283ff4ea740f2f3", kill_on_drop: false }`
[INFO] [stdout] 99903ff27a02fe23c21664f6b5ee3649d47b2a1660bf1d998283ff4ea740f2f3
