[INFO] fetching crate charming-fork-zephyr 0.3.1...
[INFO] testing charming-fork-zephyr-0.3.1 against nightly-2024-10-28+rustflags=-Zrandomize-layout for randomize-layout
[INFO] extracting crate charming-fork-zephyr 0.3.1 into /workspace/builds/worker-4-tc2/source
[INFO] validating manifest of crates.io crate charming-fork-zephyr 0.3.1 on toolchain nightly-2024-10-28
[INFO] running `Command { std: CARGO_HOME="/workspace/cargo-home" RUSTUP_HOME="/workspace/rustup-home" "/workspace/cargo-home/bin/cargo" "+nightly-2024-10-28" "metadata" "--manifest-path" "Cargo.toml" "--no-deps", kill_on_drop: false }`
[INFO] started tweaking crates.io crate charming-fork-zephyr 0.3.1
[INFO] finished tweaking crates.io crate charming-fork-zephyr 0.3.1
[INFO] tweaked toml for crates.io crate charming-fork-zephyr 0.3.1 written to /workspace/builds/worker-4-tc2/source/Cargo.toml
[INFO] running `Command { std: CARGO_HOME="/workspace/cargo-home" RUSTUP_HOME="/workspace/rustup-home" "/workspace/cargo-home/bin/cargo" "+nightly-2024-10-28" "generate-lockfile" "--manifest-path" "Cargo.toml", kill_on_drop: false }`
[INFO] [stderr]     Updating crates.io index
[INFO] [stderr]      Locking 203 packages to latest compatible versions
[INFO] [stderr]       Adding deno_core v0.232.0 (available: v0.317.0)
[INFO] [stderr]       Adding handlebars v4.5.0 (available: v6.2.0)
[INFO] [stderr]       Adding image v0.24.9 (available: v0.25.4)
[INFO] [stderr]       Adding resvg v0.36.0 (available: v0.44.0)
[INFO] [stderr]       Adding serde_v8 v0.141.0 (available: v0.226.0)
[INFO] running `Command { std: CARGO_HOME="/workspace/cargo-home" RUSTUP_HOME="/workspace/rustup-home" "/workspace/cargo-home/bin/cargo" "+nightly-2024-10-28" "fetch" "--manifest-path" "Cargo.toml", kill_on_drop: false }`
[INFO] running `Command { std: "docker" "create" "-v" "/var/lib/crater-agent-workspace/builds/worker-4-tc2/target:/opt/rustwide/target:rw,Z" "-v" "/var/lib/crater-agent-workspace/builds/worker-4-tc2/source:/opt/rustwide/workdir:ro,Z" "-v" "/var/lib/crater-agent-workspace/cargo-home:/opt/rustwide/cargo-home:ro,Z" "-v" "/var/lib/crater-agent-workspace/rustup-home:/opt/rustwide/rustup-home:ro,Z" "-e" "SOURCE_DIR=/opt/rustwide/workdir" "-e" "CARGO_TARGET_DIR=/opt/rustwide/target" "-e" "CARGO_HOME=/opt/rustwide/cargo-home" "-e" "RUSTUP_HOME=/opt/rustwide/rustup-home" "-w" "/opt/rustwide/workdir" "-m" "1610612736" "--user" "0:0" "--network" "none" "ghcr.io/rust-lang/crates-build-env/linux@sha256:4a844ea9eb2546a2d2c7022eacef16ef2e8229c7fbb2c7d4d55a9ceca922f72d" "/opt/rustwide/cargo-home/bin/cargo" "+nightly-2024-10-28" "metadata" "--no-deps" "--format-version=1", kill_on_drop: false }`
[INFO] [stdout] 20a055ef9c9b8a72bcf677a195150da272777b7497baf15624a39ae6456d5eef
[INFO] running `Command { std: "docker" "start" "-a" "20a055ef9c9b8a72bcf677a195150da272777b7497baf15624a39ae6456d5eef", kill_on_drop: false }`
[INFO] running `Command { std: "docker" "inspect" "20a055ef9c9b8a72bcf677a195150da272777b7497baf15624a39ae6456d5eef", kill_on_drop: false }`
[INFO] running `Command { std: "docker" "rm" "-f" "20a055ef9c9b8a72bcf677a195150da272777b7497baf15624a39ae6456d5eef", kill_on_drop: false }`
[INFO] [stdout] 20a055ef9c9b8a72bcf677a195150da272777b7497baf15624a39ae6456d5eef
[INFO] running `Command { std: "docker" "create" "-v" "/var/lib/crater-agent-workspace/builds/worker-4-tc2/target:/opt/rustwide/target:rw,Z" "-v" "/var/lib/crater-agent-workspace/builds/worker-4-tc2/source:/opt/rustwide/workdir:ro,Z" "-v" "/var/lib/crater-agent-workspace/cargo-home:/opt/rustwide/cargo-home:ro,Z" "-v" "/var/lib/crater-agent-workspace/rustup-home:/opt/rustwide/rustup-home:ro,Z" "-e" "SOURCE_DIR=/opt/rustwide/workdir" "-e" "CARGO_TARGET_DIR=/opt/rustwide/target" "-e" "CARGO_INCREMENTAL=0" "-e" "RUST_BACKTRACE=full" "-e" "RUSTFLAGS=--cap-lints=forbid -Zrandomize-layout" "-e" "RUSTDOCFLAGS=--cap-lints=forbid" "-e" "CARGO_HOME=/opt/rustwide/cargo-home" "-e" "RUSTUP_HOME=/opt/rustwide/rustup-home" "-w" "/opt/rustwide/workdir" "-m" "1610612736" "--user" "0:0" "--network" "none" "ghcr.io/rust-lang/crates-build-env/linux@sha256:4a844ea9eb2546a2d2c7022eacef16ef2e8229c7fbb2c7d4d55a9ceca922f72d" "/opt/rustwide/cargo-home/bin/cargo" "+nightly-2024-10-28" "build" "--frozen" "--message-format=json", kill_on_drop: false }`
[INFO] [stdout] ee1a61f82a84365f2470eea9662f4b49fb4832e519ef2447beb2e48b1253bb29
[INFO] running `Command { std: "docker" "start" "-a" "ee1a61f82a84365f2470eea9662f4b49fb4832e519ef2447beb2e48b1253bb29", kill_on_drop: false }`
[INFO] [stderr]    Compiling thiserror v1.0.66
[INFO] [stderr]    Compiling memchr v2.7.4
[INFO] [stderr]    Compiling ucd-trie v0.1.7
[INFO] [stderr]    Compiling serde v1.0.214
[INFO] [stderr]    Compiling once_cell v1.20.2
[INFO] [stderr]    Compiling serde_json v1.0.132
[INFO] [stderr]    Compiling ryu v1.0.18
[INFO] [stderr]    Compiling itoa v1.0.11
[INFO] [stderr]    Compiling log v0.4.22
[INFO] [stderr]    Compiling thiserror-impl v1.0.66
[INFO] [stderr]    Compiling serde_derive v1.0.214
[INFO] [stderr]    Compiling pest v2.7.14
[INFO] [stderr]    Compiling pest_meta v2.7.14
[INFO] [stderr]    Compiling pest_generator v2.7.14
[INFO] [stderr]    Compiling pest_derive v2.7.14
[INFO] [stderr]    Compiling handlebars v4.5.0
[INFO] [stderr]    Compiling charming-fork-zephyr v0.3.1 (/opt/rustwide/workdir)
[INFO] [stdout] warning: unused import: `brush::*`
[INFO] [stdout]   --> src/component/mod.rs:29:9
[INFO] [stdout]    |
[INFO] [stdout] 29 | pub use brush::*;
[INFO] [stdout]    |         ^^^^^^^^
[INFO] [stdout]    |
[INFO] [stdout]    = note: `#[warn(unused_imports)]` on by default
[INFO] [stdout] 
[INFO] [stdout] 
[INFO] [stdout] warning: unused import: `calendar::*`
[INFO] [stdout]   --> src/component/mod.rs:30:9
[INFO] [stdout]    |
[INFO] [stdout] 30 | pub use calendar::*;
[INFO] [stdout]    |         ^^^^^^^^^^^
[INFO] [stdout] 
[INFO] [stdout] 
[INFO] [stdout] warning: unused import: `graphic::*`
[INFO] [stdout]   --> src/component/mod.rs:34:9
[INFO] [stdout]    |
[INFO] [stdout] 34 | pub use graphic::*;
[INFO] [stdout]    |         ^^^^^^^^^^
[INFO] [stdout] 
[INFO] [stdout] 
[INFO] [stdout] warning: unused import: `timeline::*`
[INFO] [stdout]   --> src/component/mod.rs:44:9
[INFO] [stdout]    |
[INFO] [stdout] 44 | pub use timeline::*;
[INFO] [stdout]    |         ^^^^^^^^^^^
[INFO] [stdout] 
[INFO] [stdout] 
[INFO] [stderr]     Finished `dev` profile [unoptimized + debuginfo] target(s) in 8.32s
[INFO] running `Command { std: "docker" "inspect" "ee1a61f82a84365f2470eea9662f4b49fb4832e519ef2447beb2e48b1253bb29", kill_on_drop: false }`
[INFO] running `Command { std: "docker" "rm" "-f" "ee1a61f82a84365f2470eea9662f4b49fb4832e519ef2447beb2e48b1253bb29", kill_on_drop: false }`
[INFO] [stdout] ee1a61f82a84365f2470eea9662f4b49fb4832e519ef2447beb2e48b1253bb29
[INFO] running `Command { std: "docker" "create" "-v" "/var/lib/crater-agent-workspace/builds/worker-4-tc2/target:/opt/rustwide/target:rw,Z" "-v" "/var/lib/crater-agent-workspace/builds/worker-4-tc2/source:/opt/rustwide/workdir:ro,Z" "-v" "/var/lib/crater-agent-workspace/cargo-home:/opt/rustwide/cargo-home:ro,Z" "-v" "/var/lib/crater-agent-workspace/rustup-home:/opt/rustwide/rustup-home:ro,Z" "-e" "SOURCE_DIR=/opt/rustwide/workdir" "-e" "CARGO_TARGET_DIR=/opt/rustwide/target" "-e" "CARGO_INCREMENTAL=0" "-e" "RUST_BACKTRACE=full" "-e" "RUSTFLAGS=--cap-lints=forbid -Zrandomize-layout" "-e" "RUSTDOCFLAGS=--cap-lints=forbid" "-e" "CARGO_HOME=/opt/rustwide/cargo-home" "-e" "RUSTUP_HOME=/opt/rustwide/rustup-home" "-w" "/opt/rustwide/workdir" "-m" "1610612736" "--user" "0:0" "--network" "none" "ghcr.io/rust-lang/crates-build-env/linux@sha256:4a844ea9eb2546a2d2c7022eacef16ef2e8229c7fbb2c7d4d55a9ceca922f72d" "/opt/rustwide/cargo-home/bin/cargo" "+nightly-2024-10-28" "test" "--frozen" "--no-run" "--message-format=json", kill_on_drop: false }`
[INFO] [stdout] 4f74ba4b1ff804bb3a1a9bdb70a057110e83c1581620200fdb805780309ea103
[INFO] running `Command { std: "docker" "start" "-a" "4f74ba4b1ff804bb3a1a9bdb70a057110e83c1581620200fdb805780309ea103", kill_on_drop: false }`
[INFO] [stdout] warning: unused import: `brush::*`
[INFO] [stdout]   --> src/component/mod.rs:29:9
[INFO] [stdout]    |
[INFO] [stdout] 29 | pub use brush::*;
[INFO] [stdout]    |         ^^^^^^^^
[INFO] [stdout]    |
[INFO] [stdout]    = note: `#[warn(unused_imports)]` on by default
[INFO] [stdout] 
[INFO] [stdout] 
[INFO] [stdout] warning: unused import: `calendar::*`
[INFO] [stdout]   --> src/component/mod.rs:30:9
[INFO] [stdout]    |
[INFO] [stdout] 30 | pub use calendar::*;
[INFO] [stdout]    |         ^^^^^^^^^^^
[INFO] [stdout] 
[INFO] [stdout] 
[INFO] [stdout] warning: unused import: `graphic::*`
[INFO] [stdout]   --> src/component/mod.rs:34:9
[INFO] [stdout]    |
[INFO] [stdout] 34 | pub use graphic::*;
[INFO] [stdout]    |         ^^^^^^^^^^
[INFO] [stdout] 
[INFO] [stdout] 
[INFO] [stderr]    Compiling charming-fork-zephyr v0.3.1 (/opt/rustwide/workdir)
[INFO] [stdout] warning: unused import: `timeline::*`
[INFO] [stdout]   --> src/component/mod.rs:44:9
[INFO] [stdout]    |
[INFO] [stdout] 44 | pub use timeline::*;
[INFO] [stdout]    |         ^^^^^^^^^^^
[INFO] [stdout] 
[INFO] [stdout] 
[INFO] [stdout] warning: unused import: `brush::*`
[INFO] [stdout]   --> src/component/mod.rs:29:9
[INFO] [stdout]    |
[INFO] [stdout] 29 | pub use brush::*;
[INFO] [stdout]    |         ^^^^^^^^
[INFO] [stdout]    |
[INFO] [stdout]    = note: `#[warn(unused_imports)]` on by default
[INFO] [stdout] 
[INFO] [stdout] 
[INFO] [stdout] warning: unused import: `calendar::*`
[INFO] [stdout]   --> src/component/mod.rs:30:9
[INFO] [stdout]    |
[INFO] [stdout] 30 | pub use calendar::*;
[INFO] [stdout]    |         ^^^^^^^^^^^
[INFO] [stdout] 
[INFO] [stdout] 
[INFO] [stdout] warning: unused import: `graphic::*`
[INFO] [stdout]   --> src/component/mod.rs:34:9
[INFO] [stdout]    |
[INFO] [stdout] 34 | pub use graphic::*;
[INFO] [stdout]    |         ^^^^^^^^^^
[INFO] [stdout] 
[INFO] [stdout] 
[INFO] [stdout] warning: unused import: `timeline::*`
[INFO] [stdout]   --> src/component/mod.rs:44:9
[INFO] [stdout]    |
[INFO] [stdout] 44 | pub use timeline::*;
[INFO] [stdout]    |         ^^^^^^^^^^^
[INFO] [stdout] 
[INFO] [stdout] 
[INFO] [stderr]     Finished `test` profile [unoptimized + debuginfo] target(s) in 2.05s
[INFO] running `Command { std: "docker" "inspect" "4f74ba4b1ff804bb3a1a9bdb70a057110e83c1581620200fdb805780309ea103", kill_on_drop: false }`
[INFO] running `Command { std: "docker" "rm" "-f" "4f74ba4b1ff804bb3a1a9bdb70a057110e83c1581620200fdb805780309ea103", kill_on_drop: false }`
[INFO] [stdout] 4f74ba4b1ff804bb3a1a9bdb70a057110e83c1581620200fdb805780309ea103
[INFO] running `Command { std: "docker" "create" "-v" "/var/lib/crater-agent-workspace/builds/worker-4-tc2/target:/opt/rustwide/target:rw,Z" "-v" "/var/lib/crater-agent-workspace/builds/worker-4-tc2/source:/opt/rustwide/workdir:ro,Z" "-v" "/var/lib/crater-agent-workspace/cargo-home:/opt/rustwide/cargo-home:ro,Z" "-v" "/var/lib/crater-agent-workspace/rustup-home:/opt/rustwide/rustup-home:ro,Z" "-e" "SOURCE_DIR=/opt/rustwide/workdir" "-e" "CARGO_TARGET_DIR=/opt/rustwide/target" "-e" "CARGO_INCREMENTAL=0" "-e" "RUST_BACKTRACE=full" "-e" "RUSTFLAGS=--cap-lints=forbid -Zrandomize-layout" "-e" "RUSTDOCFLAGS=--cap-lints=forbid" "-e" "CARGO_HOME=/opt/rustwide/cargo-home" "-e" "RUSTUP_HOME=/opt/rustwide/rustup-home" "-w" "/opt/rustwide/workdir" "-m" "1610612736" "--user" "0:0" "--network" "none" "ghcr.io/rust-lang/crates-build-env/linux@sha256:4a844ea9eb2546a2d2c7022eacef16ef2e8229c7fbb2c7d4d55a9ceca922f72d" "/opt/rustwide/cargo-home/bin/cargo" "+nightly-2024-10-28" "test" "--frozen", kill_on_drop: false }`
[INFO] [stdout] 84365a12d1a8532dd2bc9f1ef076387d28b7a684a0d0479b5a50cd022e596239
[INFO] running `Command { std: "docker" "start" "-a" "84365a12d1a8532dd2bc9f1ef076387d28b7a684a0d0479b5a50cd022e596239", kill_on_drop: false }`
[INFO] [stderr] warning: unused import: `brush::*`
[INFO] [stderr]   --> src/component/mod.rs:29:9
[INFO] [stderr]    |
[INFO] [stderr] 29 | pub use brush::*;
[INFO] [stderr]    |         ^^^^^^^^
[INFO] [stderr]    |
[INFO] [stderr]    = note: `#[warn(unused_imports)]` on by default
[INFO] [stderr] 
[INFO] [stderr] warning: unused import: `calendar::*`
[INFO] [stderr]   --> src/component/mod.rs:30:9
[INFO] [stderr]    |
[INFO] [stderr] 30 | pub use calendar::*;
[INFO] [stderr]    |         ^^^^^^^^^^^
[INFO] [stderr] 
[INFO] [stderr] warning: unused import: `graphic::*`
[INFO] [stderr]   --> src/component/mod.rs:34:9
[INFO] [stderr]    |
[INFO] [stderr] 34 | pub use graphic::*;
[INFO] [stderr]    |         ^^^^^^^^^^
[INFO] [stderr] 
[INFO] [stderr] warning: unused import: `timeline::*`
[INFO] [stderr]   --> src/component/mod.rs:44:9
[INFO] [stderr]    |
[INFO] [stderr] 44 | pub use timeline::*;
[INFO] [stderr]    |         ^^^^^^^^^^^
[INFO] [stderr] 
[INFO] [stderr] warning: `charming-fork-zephyr` (lib) generated 4 warnings (run `cargo fix --lib -p charming-fork-zephyr` to apply 4 suggestions)
[INFO] [stderr] warning: `charming-fork-zephyr` (lib test) generated 4 warnings (4 duplicates)
[INFO] [stderr]     Finished `test` profile [unoptimized + debuginfo] target(s) in 0.05s
[INFO] [stderr]      Running unittests src/lib.rs (/opt/rustwide/target/debug/deps/charming_fork_zephyr-6a0a0ae18e73d446)
[INFO] [stdout] 
[INFO] [stdout] running 3 tests
[INFO] [stdout] test datatype::datapoint::test::data_point_from_composite_value ... ok
[INFO] [stdout] test datatype::datapoint::test::data_point_from_tuple ... ok
[INFO] [stdout] test element::raw_string::test::raw_strings ... ok
[INFO] [stdout] 
[INFO] [stdout] test result: ok. 3 passed; 0 failed; 0 ignored; 0 measured; 0 filtered out; finished in 0.00s
[INFO] [stdout] 
[INFO] [stderr]    Doc-tests charming_fork_zephyr
[INFO] [stdout] 
[INFO] [stdout] running 10 tests
[INFO] [stdout] test src/datatype/dataframe.rs - datatype::dataframe::DataFrame (line 42) ... FAILED
[INFO] [stdout] test src/datatype/dataframe.rs - datatype::dataframe::DataFrame (line 21) ... FAILED
[INFO] [stdout] test src/lib.rs - Chart (line 157) ... FAILED
[INFO] [stdout] test src/lib.rs - Chart (line 170) ... FAILED
[INFO] [stdout] test src/lib.rs - (line 33) ... FAILED
[INFO] [stdout] test src/component/aria.rs - component::aria::Aria (line 171) ... FAILED
[INFO] [stdout] test src/lib.rs - Chart (line 195) ... FAILED
[INFO] [stdout] test src/lib.rs - (line 74) ... FAILED
[INFO] [stdout] test src/lib.rs - Chart (line 183) ... FAILED
[INFO] [stdout] test src/lib.rs - Chart (line 136) ... FAILED
[INFO] [stdout] 
[INFO] [stdout] failures:
[INFO] [stdout] 
[INFO] [stdout] ---- src/datatype/dataframe.rs - datatype::dataframe::DataFrame (line 42) stdout ----
[INFO] [stdout] error[E0433]: failed to resolve: use of undeclared crate or module `charming`
[INFO] [stdout]  --> src/datatype/dataframe.rs:43:5
[INFO] [stdout]   |
[INFO] [stdout] 3 | use charming::datatype::DataFrame;
[INFO] [stdout]   |     ^^^^^^^^ use of undeclared crate or module `charming`
[INFO] [stdout] 
[INFO] [stdout] error[E0432]: unresolved import `charming`
[INFO] [stdout]  --> src/datatype/dataframe.rs:44:5
[INFO] [stdout]   |
[INFO] [stdout] 4 | use charming::df;
[INFO] [stdout]   |     ^^^^^^^^ use of undeclared crate or module `charming`
[INFO] [stdout] 
[INFO] [stdout] error: aborting due to 2 previous errors
[INFO] [stdout] 
[INFO] [stdout] Some errors have detailed explanations: E0432, E0433.
[INFO] [stdout] For more information about an error, try `rustc --explain E0432`.
[INFO] [stdout] Couldn't compile the test.
[INFO] [stdout] ---- src/datatype/dataframe.rs - datatype::dataframe::DataFrame (line 21) stdout ----
[INFO] [stdout] error[E0433]: failed to resolve: use of undeclared crate or module `charming`
[INFO] [stdout]  --> src/datatype/dataframe.rs:22:5
[INFO] [stdout]   |
[INFO] [stdout] 3 | use charming::datatype::DataFrame;
[INFO] [stdout]   |     ^^^^^^^^ use of undeclared crate or module `charming`
[INFO] [stdout] 
[INFO] [stdout] error[E0432]: unresolved import `charming`
[INFO] [stdout]  --> src/datatype/dataframe.rs:23:5
[INFO] [stdout]   |
[INFO] [stdout] 4 | use charming::df;
[INFO] [stdout]   |     ^^^^^^^^ use of undeclared crate or module `charming`
[INFO] [stdout] 
[INFO] [stdout] error: aborting due to 2 previous errors
[INFO] [stdout] 
[INFO] [stdout] Some errors have detailed explanations: E0432, E0433.
[INFO] [stdout] For more information about an error, try `rustc --explain E0432`.
[INFO] [stdout] Couldn't compile the test.
[INFO] [stdout] ---- src/lib.rs - Chart (line 157) stdout ----
[INFO] [stdout] error[E0433]: failed to resolve: use of undeclared crate or module `charming`
[INFO] [stdout]  --> src/lib.rs:159:5
[INFO] [stdout]   |
[INFO] [stdout] 4 | use charming::component::Title;
[INFO] [stdout]   |     ^^^^^^^^ use of undeclared crate or module `charming`
[INFO] [stdout] 
[INFO] [stdout] error[E0432]: unresolved import `charming`
[INFO] [stdout]  --> src/lib.rs:158:5
[INFO] [stdout]   |
[INFO] [stdout] 3 | use charming::Chart;
[INFO] [stdout]   |     ^^^^^^^^ use of undeclared crate or module `charming`
[INFO] [stdout] 
[INFO] [stdout] error: aborting due to 2 previous errors
[INFO] [stdout] 
[INFO] [stdout] Some errors have detailed explanations: E0432, E0433.
[INFO] [stdout] For more information about an error, try `rustc --explain E0432`.
[INFO] [stdout] Couldn't compile the test.
[INFO] [stdout] ---- src/lib.rs - Chart (line 170) stdout ----
[INFO] [stdout] error[E0433]: failed to resolve: use of undeclared crate or module `charming`
[INFO] [stdout]  --> src/lib.rs:172:5
[INFO] [stdout]   |
[INFO] [stdout] 4 | use charming::component::Legend;
[INFO] [stdout]   |     ^^^^^^^^ use of undeclared crate or module `charming`
[INFO] [stdout] 
[INFO] [stdout] error[E0432]: unresolved import `charming`
[INFO] [stdout]  --> src/lib.rs:171:5
[INFO] [stdout]   |
[INFO] [stdout] 3 | use charming::Chart;
[INFO] [stdout]   |     ^^^^^^^^ use of undeclared crate or module `charming`
[INFO] [stdout] 
[INFO] [stdout] error: aborting due to 2 previous errors
[INFO] [stdout] 
[INFO] [stdout] Some errors have detailed explanations: E0432, E0433.
[INFO] [stdout] For more information about an error, try `rustc --explain E0432`.
[INFO] [stdout] Couldn't compile the test.
[INFO] [stdout] ---- src/lib.rs - (line 33) stdout ----
[INFO] [stdout] error[E0433]: failed to resolve: use of undeclared crate or module `charming`
[INFO] [stdout]  --> src/lib.rs:34:5
[INFO] [stdout]   |
[INFO] [stdout] 2 | use charming::{
[INFO] [stdout]   |     ^^^^^^^^ use of undeclared crate or module `charming`
[INFO] [stdout] 
[INFO] [stdout] error[E0432]: unresolved import `charming`
[INFO] [stdout]  --> src/lib.rs:34:5
[INFO] [stdout]   |
[INFO] [stdout] 2 | use charming::{
[INFO] [stdout]   |     ^^^^^^^^ use of undeclared crate or module `charming`
[INFO] [stdout] 
[INFO] [stdout] error: aborting due to 2 previous errors
[INFO] [stdout] 
[INFO] [stdout] Some errors have detailed explanations: E0432, E0433.
[INFO] [stdout] For more information about an error, try `rustc --explain E0432`.
[INFO] [stdout] Couldn't compile the test.
[INFO] [stdout] ---- src/component/aria.rs - component::aria::Aria (line 171) stdout ----
[INFO] [stdout] error[E0433]: failed to resolve: use of undeclared crate or module `charming`
[INFO] [stdout]  --> src/component/aria.rs:172:5
[INFO] [stdout]   |
[INFO] [stdout] 3 | use charming::{
[INFO] [stdout]   |     ^^^^^^^^ use of undeclared crate or module `charming`
[INFO] [stdout] 
[INFO] [stdout] error[E0432]: unresolved import `charming`
[INFO] [stdout]  --> src/component/aria.rs:172:5
[INFO] [stdout]   |
[INFO] [stdout] 3 | use charming::{
[INFO] [stdout]   |     ^^^^^^^^ use of undeclared crate or module `charming`
[INFO] [stdout] 
[INFO] [stdout] error: aborting due to 2 previous errors
[INFO] [stdout] 
[INFO] [stdout] Some errors have detailed explanations: E0432, E0433.
[INFO] [stdout] For more information about an error, try `rustc --explain E0432`.
[INFO] [stdout] Couldn't compile the test.
[INFO] [stdout] ---- src/lib.rs - Chart (line 195) stdout ----
[INFO] [stdout] error[E0433]: failed to resolve: use of undeclared crate or module `charming`
[INFO] [stdout]  --> src/lib.rs:197:5
[INFO] [stdout]   |
[INFO] [stdout] 4 | use charming::component::Axis;
[INFO] [stdout]   |     ^^^^^^^^ use of undeclared crate or module `charming`
[INFO] [stdout] 
[INFO] [stdout] error[E0432]: unresolved import `charming`
[INFO] [stdout]  --> src/lib.rs:196:5
[INFO] [stdout]   |
[INFO] [stdout] 3 | use charming::Chart;
[INFO] [stdout]   |     ^^^^^^^^ use of undeclared crate or module `charming`
[INFO] [stdout] 
[INFO] [stdout] error: aborting due to 2 previous errors
[INFO] [stdout] 
[INFO] [stdout] Some errors have detailed explanations: E0432, E0433.
[INFO] [stdout] For more information about an error, try `rustc --explain E0432`.
[INFO] [stdout] Couldn't compile the test.
[INFO] [stdout] ---- src/lib.rs - (line 74) stdout ----
[INFO] [stdout] error[E0433]: failed to resolve: use of undeclared crate or module `charming`
[INFO] [stdout]  --> src/lib.rs:76:5
[INFO] [stdout]   |
[INFO] [stdout] 4 | use charming::theme::Theme;
[INFO] [stdout]   |     ^^^^^^^^ use of undeclared crate or module `charming`
[INFO] [stdout] 
[INFO] [stdout] error[E0433]: failed to resolve: use of undeclared crate or module `charming`
[INFO] [stdout]  --> src/lib.rs:77:5
[INFO] [stdout]   |
[INFO] [stdout] 5 | use charming::component::Title;
[INFO] [stdout]   |     ^^^^^^^^ use of undeclared crate or module `charming`
[INFO] [stdout] 
[INFO] [stdout] error[E0432]: unresolved import `charming`
[INFO] [stdout]  --> src/lib.rs:75:5
[INFO] [stdout]   |
[INFO] [stdout] 3 | use charming::{Chart, ImageRenderer};
[INFO] [stdout]   |     ^^^^^^^^ use of undeclared crate or module `charming`
[INFO] [stdout] 
[INFO] [stdout] error: aborting due to 3 previous errors
[INFO] [stdout] 
[INFO] [stdout] Some errors have detailed explanations: E0432, E0433.
[INFO] [stdout] For more information about an error, try `rustc --explain E0432`.
[INFO] [stdout] Couldn't compile the test.
[INFO] [stdout] ---- src/lib.rs - Chart (line 183) stdout ----
[INFO] [stdout] error[E0433]: failed to resolve: use of undeclared crate or module `charming`
[INFO] [stdout]  --> src/lib.rs:185:5
[INFO] [stdout]   |
[INFO] [stdout] 4 | use charming::component::Grid;
[INFO] [stdout]   |     ^^^^^^^^ use of undeclared crate or module `charming`
[INFO] [stdout] 
[INFO] [stdout] error[E0432]: unresolved import `charming`
[INFO] [stdout]  --> src/lib.rs:184:5
[INFO] [stdout]   |
[INFO] [stdout] 3 | use charming::Chart;
[INFO] [stdout]   |     ^^^^^^^^ use of undeclared crate or module `charming`
[INFO] [stdout] 
[INFO] [stdout] error: aborting due to 2 previous errors
[INFO] [stdout] 
[INFO] [stdout] Some errors have detailed explanations: E0432, E0433.
[INFO] [stdout] For more information about an error, try `rustc --explain E0432`.
[INFO] [stdout] Couldn't compile the test.
[INFO] [stdout] ---- src/lib.rs - Chart (line 136) stdout ----
[INFO] [stdout] error[E0433]: failed to resolve: use of undeclared crate or module `charming`
[INFO] [stdout]  --> src/lib.rs:138:5
[INFO] [stdout]   |
[INFO] [stdout] 4 | use charming::component::{Axis, Legend, Title};
[INFO] [stdout]   |     ^^^^^^^^ use of undeclared crate or module `charming`
[INFO] [stdout] 
[INFO] [stdout] error[E0432]: unresolved import `charming`
[INFO] [stdout]  --> src/lib.rs:137:5
[INFO] [stdout]   |
[INFO] [stdout] 3 | use charming::Chart;
[INFO] [stdout]   |     ^^^^^^^^ use of undeclared crate or module `charming`
[INFO] [stdout] 
[INFO] [stdout] error: aborting due to 2 previous errors
[INFO] [stdout] 
[INFO] [stdout] Some errors have detailed explanations: E0432, E0433.
[INFO] [stdout] For more information about an error, try `rustc --explain E0432`.
[INFO] [stdout] Couldn't compile the test.
[INFO] [stdout] 
[INFO] [stdout] failures:
[INFO] [stdout]     src/component/aria.rs - component::aria::Aria (line 171)
[INFO] [stdout]     src/datatype/dataframe.rs - datatype::dataframe::DataFrame (line 21)
[INFO] [stdout]     src/datatype/dataframe.rs - datatype::dataframe::DataFrame (line 42)
[INFO] [stdout]     src/lib.rs - (line 33)
[INFO] [stdout]     src/lib.rs - (line 74)
[INFO] [stdout]     src/lib.rs - Chart (line 136)
[INFO] [stdout]     src/lib.rs - Chart (line 157)
[INFO] [stdout]     src/lib.rs - Chart (line 170)
[INFO] [stdout]     src/lib.rs - Chart (line 183)
[INFO] [stdout]     src/lib.rs - Chart (line 195)
[INFO] [stdout] 
[INFO] [stdout] test result: FAILED. 0 passed; 10 failed; 0 ignored; 0 measured; 0 filtered out; finished in 0.03s
[INFO] [stdout] 
[INFO] [stderr] error: doctest failed, to rerun pass `--doc`
[INFO] running `Command { std: "docker" "inspect" "84365a12d1a8532dd2bc9f1ef076387d28b7a684a0d0479b5a50cd022e596239", kill_on_drop: false }`
[INFO] running `Command { std: "docker" "rm" "-f" "84365a12d1a8532dd2bc9f1ef076387d28b7a684a0d0479b5a50cd022e596239", kill_on_drop: false }`
[INFO] [stdout] 84365a12d1a8532dd2bc9f1ef076387d28b7a684a0d0479b5a50cd022e596239
