[INFO] fetching crate chandeliers-lus 1.0.0...
[INFO] testing chandeliers-lus-1.0.0 against nightly-2024-10-28 for randomize-layout
[INFO] extracting crate chandeliers-lus 1.0.0 into /workspace/builds/worker-7-tc1/source
[INFO] validating manifest of crates.io crate chandeliers-lus 1.0.0 on toolchain nightly-2024-10-28
[INFO] running `Command { std: CARGO_HOME="/workspace/cargo-home" RUSTUP_HOME="/workspace/rustup-home" "/workspace/cargo-home/bin/cargo" "+nightly-2024-10-28" "metadata" "--manifest-path" "Cargo.toml" "--no-deps", kill_on_drop: false }`
[INFO] started tweaking crates.io crate chandeliers-lus 1.0.0
[INFO] finished tweaking crates.io crate chandeliers-lus 1.0.0
[INFO] tweaked toml for crates.io crate chandeliers-lus 1.0.0 written to /workspace/builds/worker-7-tc1/source/Cargo.toml
[INFO] running `Command { std: CARGO_HOME="/workspace/cargo-home" RUSTUP_HOME="/workspace/rustup-home" "/workspace/cargo-home/bin/cargo" "+nightly-2024-10-28" "generate-lockfile" "--manifest-path" "Cargo.toml", kill_on_drop: false }`
[INFO] [stderr]     Updating crates.io index
[INFO] [stderr]      Locking 54 packages to latest compatible versions
[INFO] running `Command { std: CARGO_HOME="/workspace/cargo-home" RUSTUP_HOME="/workspace/rustup-home" "/workspace/cargo-home/bin/cargo" "+nightly-2024-10-28" "fetch" "--manifest-path" "Cargo.toml", kill_on_drop: false }`
[INFO] [stderr]  Downloading crates ...
[INFO] [stderr]   Downloaded replace_with v0.1.7
[INFO] [stderr]   Downloaded chandeliers-std v1.0.0
[INFO] [stderr]   Downloaded chandeliers-sem v1.0.0
[INFO] [stderr]   Downloaded chandeliers-syn v1.0.0
[INFO] [stderr]   Downloaded chandeliers-err v1.0.0
[INFO] [stderr]   Downloaded chandeliers-san v1.0.0
[INFO] running `Command { std: "docker" "create" "-v" "/var/lib/crater-agent-workspace/builds/worker-7-tc1/target:/opt/rustwide/target:rw,Z" "-v" "/var/lib/crater-agent-workspace/builds/worker-7-tc1/source:/opt/rustwide/workdir:ro,Z" "-v" "/var/lib/crater-agent-workspace/cargo-home:/opt/rustwide/cargo-home:ro,Z" "-v" "/var/lib/crater-agent-workspace/rustup-home:/opt/rustwide/rustup-home:ro,Z" "-e" "SOURCE_DIR=/opt/rustwide/workdir" "-e" "CARGO_TARGET_DIR=/opt/rustwide/target" "-e" "CARGO_HOME=/opt/rustwide/cargo-home" "-e" "RUSTUP_HOME=/opt/rustwide/rustup-home" "-w" "/opt/rustwide/workdir" "-m" "1610612736" "--user" "0:0" "--network" "none" "ghcr.io/rust-lang/crates-build-env/linux@sha256:4a844ea9eb2546a2d2c7022eacef16ef2e8229c7fbb2c7d4d55a9ceca922f72d" "/opt/rustwide/cargo-home/bin/cargo" "+nightly-2024-10-28" "metadata" "--no-deps" "--format-version=1", kill_on_drop: false }`
[INFO] [stdout] 8730977dc88404971128e90ffcb8d2df9a0f6d09ad8bb5290ecb9a847cd072c2
[INFO] running `Command { std: "docker" "start" "-a" "8730977dc88404971128e90ffcb8d2df9a0f6d09ad8bb5290ecb9a847cd072c2", kill_on_drop: false }`
[INFO] running `Command { std: "docker" "inspect" "8730977dc88404971128e90ffcb8d2df9a0f6d09ad8bb5290ecb9a847cd072c2", kill_on_drop: false }`
[INFO] running `Command { std: "docker" "rm" "-f" "8730977dc88404971128e90ffcb8d2df9a0f6d09ad8bb5290ecb9a847cd072c2", kill_on_drop: false }`
[INFO] [stdout] 8730977dc88404971128e90ffcb8d2df9a0f6d09ad8bb5290ecb9a847cd072c2
[INFO] running `Command { std: "docker" "create" "-v" "/var/lib/crater-agent-workspace/builds/worker-7-tc1/target:/opt/rustwide/target:rw,Z" "-v" "/var/lib/crater-agent-workspace/builds/worker-7-tc1/source:/opt/rustwide/workdir:ro,Z" "-v" "/var/lib/crater-agent-workspace/cargo-home:/opt/rustwide/cargo-home:ro,Z" "-v" "/var/lib/crater-agent-workspace/rustup-home:/opt/rustwide/rustup-home:ro,Z" "-e" "SOURCE_DIR=/opt/rustwide/workdir" "-e" "CARGO_TARGET_DIR=/opt/rustwide/target" "-e" "CARGO_INCREMENTAL=0" "-e" "RUST_BACKTRACE=full" "-e" "RUSTFLAGS=--cap-lints=forbid" "-e" "RUSTDOCFLAGS=--cap-lints=forbid" "-e" "CARGO_HOME=/opt/rustwide/cargo-home" "-e" "RUSTUP_HOME=/opt/rustwide/rustup-home" "-w" "/opt/rustwide/workdir" "-m" "1610612736" "--user" "0:0" "--network" "none" "ghcr.io/rust-lang/crates-build-env/linux@sha256:4a844ea9eb2546a2d2c7022eacef16ef2e8229c7fbb2c7d4d55a9ceca922f72d" "/opt/rustwide/cargo-home/bin/cargo" "+nightly-2024-10-28" "build" "--frozen" "--message-format=json", kill_on_drop: false }`
[INFO] [stdout] 46e0e1329b6247b001ea6e2183b9ac756a5e760da352f5ce6964fb8af4fb8614
[INFO] running `Command { std: "docker" "start" "-a" "46e0e1329b6247b001ea6e2183b9ac756a5e760da352f5ce6964fb8af4fb8614", kill_on_drop: false }`
[INFO] [stderr]    Compiling proc-macro-error v1.0.4
[INFO] [stderr]    Compiling syn v2.0.86
[INFO] [stderr]    Compiling replace_with v0.1.7
[INFO] [stderr]    Compiling chandeliers-err v1.0.0
[INFO] [stderr]    Compiling chandeliers-sem v1.0.0
[INFO] [stderr]    Compiling chandeliers-san v1.0.0
[INFO] [stderr]    Compiling syn_derive v0.1.8
[INFO] [stderr]    Compiling chandeliers-syn v1.0.0
[INFO] [stderr]    Compiling chandeliers-lus v1.0.0 (/opt/rustwide/workdir)
[INFO] [stdout] warning: the feature `lint_reasons` has been stable since 1.81.0 and no longer requires an attribute to enable
[INFO] [stdout]  --> src/lib.rs:6:12
[INFO] [stdout]   |
[INFO] [stdout] 6 | #![feature(lint_reasons)]
[INFO] [stdout]   |            ^^^^^^^^^^^^
[INFO] [stdout]   |
[INFO] [stdout]   = note: `#[warn(stable_features)]` on by default
[INFO] [stdout] 
[INFO] [stdout] 
[INFO] [stderr]     Finished `dev` profile [unoptimized + debuginfo] target(s) in 8.02s
[INFO] running `Command { std: "docker" "inspect" "46e0e1329b6247b001ea6e2183b9ac756a5e760da352f5ce6964fb8af4fb8614", kill_on_drop: false }`
[INFO] running `Command { std: "docker" "rm" "-f" "46e0e1329b6247b001ea6e2183b9ac756a5e760da352f5ce6964fb8af4fb8614", kill_on_drop: false }`
[INFO] [stdout] 46e0e1329b6247b001ea6e2183b9ac756a5e760da352f5ce6964fb8af4fb8614
[INFO] running `Command { std: "docker" "create" "-v" "/var/lib/crater-agent-workspace/builds/worker-7-tc1/target:/opt/rustwide/target:rw,Z" "-v" "/var/lib/crater-agent-workspace/builds/worker-7-tc1/source:/opt/rustwide/workdir:ro,Z" "-v" "/var/lib/crater-agent-workspace/cargo-home:/opt/rustwide/cargo-home:ro,Z" "-v" "/var/lib/crater-agent-workspace/rustup-home:/opt/rustwide/rustup-home:ro,Z" "-e" "SOURCE_DIR=/opt/rustwide/workdir" "-e" "CARGO_TARGET_DIR=/opt/rustwide/target" "-e" "CARGO_INCREMENTAL=0" "-e" "RUST_BACKTRACE=full" "-e" "RUSTFLAGS=--cap-lints=forbid" "-e" "RUSTDOCFLAGS=--cap-lints=forbid" "-e" "CARGO_HOME=/opt/rustwide/cargo-home" "-e" "RUSTUP_HOME=/opt/rustwide/rustup-home" "-w" "/opt/rustwide/workdir" "-m" "1610612736" "--user" "0:0" "--network" "none" "ghcr.io/rust-lang/crates-build-env/linux@sha256:4a844ea9eb2546a2d2c7022eacef16ef2e8229c7fbb2c7d4d55a9ceca922f72d" "/opt/rustwide/cargo-home/bin/cargo" "+nightly-2024-10-28" "test" "--frozen" "--no-run" "--message-format=json", kill_on_drop: false }`
[INFO] [stdout] 8a783ebb67579e124c7f3db5f400b07ad8066fc9591df93ca0f261c50bfab909
[INFO] running `Command { std: "docker" "start" "-a" "8a783ebb67579e124c7f3db5f400b07ad8066fc9591df93ca0f261c50bfab909", kill_on_drop: false }`
[INFO] [stderr]    Compiling proc-macro2 v1.0.89
[INFO] [stderr]    Compiling libc v0.2.161
[INFO] [stderr]    Compiling byteorder v1.5.0
[INFO] [stderr]    Compiling replace_with v0.1.7
[INFO] [stderr]    Compiling serde_spanned v0.6.8
[INFO] [stderr]    Compiling toml_datetime v0.6.8
[INFO] [stderr]    Compiling target-triple v0.1.3
[INFO] [stderr]    Compiling serde_json v1.0.132
[INFO] [stderr]    Compiling chandeliers-sem v1.0.0
[INFO] [stderr]    Compiling toml_edit v0.22.22
[INFO] [stderr]    Compiling quote v1.0.37
[INFO] [stderr]    Compiling chandeliers-err v1.0.0
[INFO] [stderr]    Compiling syn v2.0.86
[INFO] [stderr]    Compiling proc-macro-error-attr v1.0.4
[INFO] [stderr]    Compiling proc-macro-error v1.0.4
[INFO] [stderr]    Compiling getrandom v0.2.15
[INFO] [stderr]    Compiling rand_core v0.6.4
[INFO] [stderr]    Compiling toml v0.8.19
[INFO] [stderr]    Compiling chandeliers-san v1.0.0
[INFO] [stderr]    Compiling zerocopy-derive v0.7.35
[INFO] [stderr]    Compiling syn_derive v0.1.8
[INFO] [stderr]    Compiling serde_derive v1.0.214
[INFO] [stderr]    Compiling chandeliers-syn v1.0.0
[INFO] [stderr]    Compiling zerocopy v0.7.35
[INFO] [stderr]    Compiling ppv-lite86 v0.2.20
[INFO] [stderr]    Compiling rand_chacha v0.3.1
[INFO] [stderr]    Compiling chandeliers-lus v1.0.0 (/opt/rustwide/workdir)
[INFO] [stdout] warning: the feature `lint_reasons` has been stable since 1.81.0 and no longer requires an attribute to enable
[INFO] [stdout]  --> src/lib.rs:6:12
[INFO] [stdout]   |
[INFO] [stdout] 6 | #![feature(lint_reasons)]
[INFO] [stdout]   |            ^^^^^^^^^^^^
[INFO] [stdout]   |
[INFO] [stdout]   = note: `#[warn(stable_features)]` on by default
[INFO] [stdout] 
[INFO] [stdout] 
[INFO] [stderr]    Compiling rand v0.8.5
[INFO] [stderr]    Compiling trybuild v1.0.101
[INFO] [stderr]    Compiling chandeliers-std v1.0.0
[INFO] [stdout] warning: the feature `lint_reasons` has been stable since 1.81.0 and no longer requires an attribute to enable
[INFO] [stdout]  --> src/lib.rs:6:12
[INFO] [stdout]   |
[INFO] [stdout] 6 | #![feature(lint_reasons)]
[INFO] [stdout]   |            ^^^^^^^^^^^^
[INFO] [stdout]   |
[INFO] [stdout]   = note: `#[warn(stable_features)]` on by default
[INFO] [stdout] 
[INFO] [stdout] 
[INFO] [stderr]     Finished `test` profile [unoptimized + debuginfo] target(s) in 22.94s
[INFO] running `Command { std: "docker" "inspect" "8a783ebb67579e124c7f3db5f400b07ad8066fc9591df93ca0f261c50bfab909", kill_on_drop: false }`
[INFO] running `Command { std: "docker" "rm" "-f" "8a783ebb67579e124c7f3db5f400b07ad8066fc9591df93ca0f261c50bfab909", kill_on_drop: false }`
[INFO] [stdout] 8a783ebb67579e124c7f3db5f400b07ad8066fc9591df93ca0f261c50bfab909
[INFO] running `Command { std: "docker" "create" "-v" "/var/lib/crater-agent-workspace/builds/worker-7-tc1/target:/opt/rustwide/target:rw,Z" "-v" "/var/lib/crater-agent-workspace/builds/worker-7-tc1/source:/opt/rustwide/workdir:ro,Z" "-v" "/var/lib/crater-agent-workspace/cargo-home:/opt/rustwide/cargo-home:ro,Z" "-v" "/var/lib/crater-agent-workspace/rustup-home:/opt/rustwide/rustup-home:ro,Z" "-e" "SOURCE_DIR=/opt/rustwide/workdir" "-e" "CARGO_TARGET_DIR=/opt/rustwide/target" "-e" "CARGO_INCREMENTAL=0" "-e" "RUST_BACKTRACE=full" "-e" "RUSTFLAGS=--cap-lints=forbid" "-e" "RUSTDOCFLAGS=--cap-lints=forbid" "-e" "CARGO_HOME=/opt/rustwide/cargo-home" "-e" "RUSTUP_HOME=/opt/rustwide/rustup-home" "-w" "/opt/rustwide/workdir" "-m" "1610612736" "--user" "0:0" "--network" "none" "ghcr.io/rust-lang/crates-build-env/linux@sha256:4a844ea9eb2546a2d2c7022eacef16ef2e8229c7fbb2c7d4d55a9ceca922f72d" "/opt/rustwide/cargo-home/bin/cargo" "+nightly-2024-10-28" "test" "--frozen", kill_on_drop: false }`
[INFO] [stdout] 6161b488d47635f6966460af14fd4b72db909b572451c151e3b73ab42563563c
[INFO] running `Command { std: "docker" "start" "-a" "6161b488d47635f6966460af14fd4b72db909b572451c151e3b73ab42563563c", kill_on_drop: false }`
[INFO] [stderr] warning: the feature `lint_reasons` has been stable since 1.81.0 and no longer requires an attribute to enable
[INFO] [stderr]  --> src/lib.rs:6:12
[INFO] [stderr]   |
[INFO] [stderr] 6 | #![feature(lint_reasons)]
[INFO] [stderr]   |            ^^^^^^^^^^^^
[INFO] [stderr]   |
[INFO] [stderr]   = note: `#[warn(stable_features)]` on by default
[INFO] [stderr] 
[INFO] [stderr] warning: `chandeliers-lus` (lib) generated 1 warning
[INFO] [stderr] warning: `chandeliers-lus` (lib test) generated 1 warning (1 duplicate)
[INFO] [stderr]     Finished `test` profile [unoptimized + debuginfo] target(s) in 0.08s
[INFO] [stderr]      Running unittests src/lib.rs (/opt/rustwide/target/debug/deps/chandeliers_lus-1ee62ed94d4ec76f)
[INFO] [stdout] 
[INFO] [stdout] running 16 tests
[INFO] [stderr]    Compiling proc-macro2 v1.0.89
[INFO] [stderr]    Compiling unicode-ident v1.0.13
[INFO] [stderr]    Compiling version_check v0.9.5
[INFO] [stderr]    Compiling libc v0.2.161
[INFO] [stderr]     Checking cfg-if v1.0.0
[INFO] [stderr]     Checking byteorder v1.5.0
[INFO] [stderr]     Checking replace_with v0.1.7
[INFO] [stderr]     Checking chandeliers-sem v1.0.0
[INFO] [stderr]    Compiling proc-macro-error-attr v1.0.4
[INFO] [stderr]    Compiling proc-macro-error v1.0.4
[INFO] [stderr]     Checking quote v1.0.37
[INFO] [stderr]     Checking chandeliers-err v1.0.0
[INFO] [stderr]     Checking syn v2.0.86
[INFO] [stderr]     Checking getrandom v0.2.15
[INFO] [stderr]     Checking rand_core v0.6.4
[INFO] [stderr]     Checking chandeliers-san v1.0.0
[INFO] [stderr]    Compiling zerocopy-derive v0.7.35
[INFO] [stderr]    Compiling syn_derive v0.1.8
[INFO] [stderr]     Checking chandeliers-syn v1.0.0
[INFO] [stderr]     Checking zerocopy v0.7.35
[INFO] [stderr]     Checking ppv-lite86 v0.2.20
[INFO] [stderr]     Checking rand_chacha v0.3.1
[INFO] [stderr]     Checking rand v0.8.5
[INFO] [stderr]    Compiling chandeliers-lus v1.0.0 (/opt/rustwide/workdir)
[INFO] [stderr] warning: the feature `lint_reasons` has been stable since 1.81.0 and no longer requires an attribute to enable
[INFO] [stderr]  --> /opt/rustwide/workdir/src/lib.rs:6:12
[INFO] [stderr]   |
[INFO] [stderr] 6 | #![feature(lint_reasons)]
[INFO] [stderr]   |            ^^^^^^^^^^^^
[INFO] [stderr]   |
[INFO] [stderr]   = note: `#[warn(stable_features)]` on by default
[INFO] [stderr] 
[INFO] [stderr] warning: `chandeliers-lus` (lib) generated 1 warning
[INFO] [stderr]     Checking chandeliers-std v1.0.0
[INFO] [stderr]     Checking chandeliers-lus-tests v0.0.0 (/opt/rustwide/target/tests/trybuild/chandeliers-lus)
[INFO] [stderr]     Finished `dev` profile [unoptimized + debuginfo] target(s) in 14.35s
[INFO] [stderr] 
[INFO] [stderr] 
[INFO] [stderr] There are no trybuild tests enabled yet.
[INFO] [stderr] 
[INFO] [stderr] 
[INFO] [stdout] test fail_std ... ok
[INFO] [stderr] warning: the feature `lint_reasons` has been stable since 1.81.0 and no longer requires an attribute to enable
[INFO] [stderr]  --> /opt/rustwide/workdir/src/lib.rs:6:12
[INFO] [stderr]   |
[INFO] [stderr] 6 | #![feature(lint_reasons)]
[INFO] [stderr]   |            ^^^^^^^^^^^^
[INFO] [stderr]   |
[INFO] [stderr]   = note: `#[warn(stable_features)]` on by default
[INFO] [stderr] 
[INFO] [stderr] warning: `chandeliers-lus` (lib) generated 1 warning
[INFO] [stderr]     Checking chandeliers-lus-tests v0.0.0 (/opt/rustwide/target/tests/trybuild/chandeliers-lus)
[INFO] [stderr]     Finished `dev` profile [unoptimized + debuginfo] target(s) in 0.48s
[INFO] [stderr] 
[INFO] [stderr] 
[INFO] [stderr] test tests/compile_fail/ui/tc/all-stmts.rs ... ok
[INFO] [stderr] test tests/compile_fail/ui/tc/all-tup.rs ... ok
[INFO] [stderr] test tests/compile_fail/ui/tc/both-sides.rs ... ok
[INFO] [stderr] test tests/compile_fail/ui/tc/builtin/float-in.rs ... ok
[INFO] [stderr] test tests/compile_fail/ui/tc/builtin/float-out.rs ... ok
[INFO] [stderr] test tests/compile_fail/ui/tc/const/call.rs ... ok
[INFO] [stderr] test tests/compile_fail/ui/tc/const/fby.rs ... ok
[INFO] [stderr] test tests/compile_fail/ui/tc/const/node.rs ... ok
[INFO] [stderr] test tests/compile_fail/ui/tc/const/then.rs ... ok
[INFO] [stderr] test tests/compile_fail/ui/tc/extern/dupdef.rs ... ok
[INFO] [stderr] test tests/compile_fail/ui/tc/extern/missing-const.rs ... ok
[INFO] [stderr] test tests/compile_fail/ui/tc/extern/missing-node.rs ... ok
[INFO] [stderr] test tests/compile_fail/ui/tc/extern/no-default-node.rs ... ok
[INFO] [stderr] test tests/compile_fail/ui/tc/extern/no-step-node.rs ... ok
[INFO] [stderr] test tests/compile_fail/ui/tc/extern/wrong-in-node.rs ... mismatch
[INFO] [stderr] 
[INFO] [stderr] EXPECTED:
[INFO] [stderr] ┈┈┈┈┈┈┈┈┈┈┈┈┈┈┈┈┈┈┈┈┈┈┈┈┈┈┈┈┈┈┈┈┈┈┈┈┈┈┈┈┈┈┈┈┈┈┈┈┈┈┈┈┈┈┈┈┈┈┈┈
[INFO] [stderr] error[E0308]: mismatched types
[INFO] [stderr]    --> tests/compile_fail/ui/tc/extern/wrong-in-node.rs:15:32
[INFO] [stderr]     |
[INFO] [stderr] 15  |     extern node wrong_step_sig() returns (f: float);
[INFO] [stderr]     |                 -------------- ^ expected `Nillable<i64>`, found `Nillable<()>`
[INFO] [stderr]     |                 |
[INFO] [stderr]     |                 arguments to this method are incorrect
[INFO] [stderr]     |
[INFO] [stderr]     = note: expected enum `Nillable<i64>`
[INFO] [stderr]                found enum `Nillable<()>`
[INFO] [stderr] note: method defined here
[INFO] [stderr]    --> /home/nash/School/Mpri/projects/chandeliers/chandeliers-sem/src/stepping.rs:152:8
[INFO] [stderr]     |
[INFO] [stderr] 152 |     fn step(&mut self, input: <Self::Input as Embed>::Target) -> <Self::Output as Embed>::Target;
[INFO] [stderr]     |        ^^^^
[INFO] [stderr] ┈┈┈┈┈┈┈┈┈┈┈┈┈┈┈┈┈┈┈┈┈┈┈┈┈┈┈┈┈┈┈┈┈┈┈┈┈┈┈┈┈┈┈┈┈┈┈┈┈┈┈┈┈┈┈┈┈┈┈┈
[INFO] [stderr] 
[INFO] [stderr] ACTUAL OUTPUT:
[INFO] [stderr] ┈┈┈┈┈┈┈┈┈┈┈┈┈┈┈┈┈┈┈┈┈┈┈┈┈┈┈┈┈┈┈┈┈┈┈┈┈┈┈┈┈┈┈┈┈┈┈┈┈┈┈┈┈┈┈┈┈┈┈┈
[INFO] [stderr] error[E0308]: mismatched types
[INFO] [stderr]   --> tests/compile_fail/ui/tc/extern/wrong-in-node.rs:15:32
[INFO] [stderr]    |
[INFO] [stderr] 15 |     extern node wrong_step_sig() returns (f: float);
[INFO] [stderr]    |                 -------------- ^ expected `Nillable<i64>`, found `Nillable<()>`
[INFO] [stderr]    |                 |
[INFO] [stderr]    |                 arguments to this method are incorrect
[INFO] [stderr]    |
[INFO] [stderr]    = note: expected enum `Nillable<i64>`
[INFO] [stderr]               found enum `Nillable<()>`
[INFO] [stderr] note: method defined here
[INFO] [stderr]   --> $CARGO/chandeliers-sem-1.0.0/src/stepping.rs
[INFO] [stderr]    |
[INFO] [stderr]    |     fn step(&mut self, input: <Self::Input as Embed>::Target) -> <Self::Output as Embed>::Target;
[INFO] [stderr]    |        ^^^^
[INFO] [stderr] ┈┈┈┈┈┈┈┈┈┈┈┈┈┈┈┈┈┈┈┈┈┈┈┈┈┈┈┈┈┈┈┈┈┈┈┈┈┈┈┈┈┈┈┈┈┈┈┈┈┈┈┈┈┈┈┈┈┈┈┈
[INFO] [stderr] note: If the actual output is the correct output you can bless it by rerunning
[INFO] [stderr]       your test with the environment variable TRYBUILD=overwrite
[INFO] [stderr] 
[INFO] [stderr] test tests/compile_fail/ui/tc/extern/wrong-out-node.rs ... ok
[INFO] [stderr] test tests/compile_fail/ui/tc/extern/wrong-ty-const.rs ... ok
[INFO] [stderr] test tests/compile_fail/ui/tc/floateq.rs ... ok
[INFO] [stderr] test tests/compile_fail/ui/tc/if-int.rs ... ok
[INFO] [stderr] test tests/compile_fail/ui/tc/main-sig.rs ... ok
[INFO] [stderr] test tests/compile_fail/ui/tc/not-found.rs ... ok
[INFO] [stderr] test tests/compile_fail/ui/tc/ops/binop-mismatch.rs ... ok
[INFO] [stderr] test tests/compile_fail/ui/tc/ops/binop-wrong.rs ... ok
[INFO] [stderr] test tests/compile_fail/ui/tc/ops/bool.rs ... ok
[INFO] [stderr] test tests/compile_fail/ui/tc/ops/unop-wrong.rs ... ok
[INFO] [stderr] test tests/compile_fail/ui/tc/poly/dup.rs ... ok
[INFO] [stderr] test tests/compile_fail/ui/tc/poly/equality.rs ... ok
[INFO] [stderr] test tests/compile_fail/ui/tc/poly/narrowing.rs ... ok
[INFO] [stderr] test tests/compile_fail/ui/tc/poly/rebind.rs ... ok
[INFO] [stderr] test tests/compile_fail/ui/tc/poly/shadow.rs ... ok
[INFO] [stderr] test tests/compile_fail/ui/tc/poly/undeclared-ext.rs ... ok
[INFO] [stderr] test tests/compile_fail/ui/tc/poly/undeclared.rs ... ok
[INFO] [stderr] test tests/compile_fail/ui/tc/poly/unused-ext.rs ... ok
[INFO] [stderr] test tests/compile_fail/ui/tc/poly/unused.rs ... ok
[INFO] [stderr] test tests/compile_fail/ui/tc/shadow.rs ... ok
[INFO] [stderr] test tests/compile_fail/ui/tc/strlit.rs ... ok
[INFO] [stderr] test tests/compile_fail/ui/tc/trailing.rs ... ok
[INFO] [stderr] test tests/compile_fail/ui/tc/tuples.rs ... ok
[INFO] [stderr] test tests/compile_fail/ui/tc/when-int.rs ... ok
[INFO] [stderr] test tests/compile_fail/ui/tc/when-missing.rs ... ok
[INFO] [stderr] test tests/compile_fail/ui/tc/when-on-const.rs ... ok
[INFO] [stderr] test tests/compile_fail/ui/tc/when-self.rs ... ok
[INFO] [stderr] 
[INFO] [stderr] 
[INFO] [stdout] test fail_ui_tc ... FAILED
[INFO] [stderr] warning: the feature `lint_reasons` has been stable since 1.81.0 and no longer requires an attribute to enable
[INFO] [stderr]  --> /opt/rustwide/workdir/src/lib.rs:6:12
[INFO] [stderr]   |
[INFO] [stderr] 6 | #![feature(lint_reasons)]
[INFO] [stderr]   |            ^^^^^^^^^^^^
[INFO] [stderr]   |
[INFO] [stderr]   = note: `#[warn(stable_features)]` on by default
[INFO] [stderr] 
[INFO] [stderr] warning: `chandeliers-lus` (lib) generated 1 warning
[INFO] [stderr]     Checking chandeliers-lus-tests v0.0.0 (/opt/rustwide/target/tests/trybuild/chandeliers-lus)
[INFO] [stderr]     Finished `dev` profile [unoptimized + debuginfo] target(s) in 0.09s
[INFO] [stderr] 
[INFO] [stderr] 
[INFO] [stderr] test tests/compile_fail/ui/clk/bad-binding.rs ... ok
[INFO] [stderr] test tests/compile_fail/ui/clk/bad-clock.rs ... ok
[INFO] [stderr] test tests/compile_fail/ui/clk/clock-cast.rs ... ok
[INFO] [stderr] test tests/compile_fail/ui/clk/inhomogeneous-tup.rs ... ok
[INFO] [stderr] test tests/compile_fail/ui/clk/merge.rs ... ok
[INFO] [stderr] test tests/compile_fail/ui/clk/pre-clocked.rs ... ok
[INFO] [stderr] test tests/compile_fail/ui/clk/reclock.rs ... ok
[INFO] [stderr] test tests/compile_fail/ui/clk/refine.rs ... ok
[INFO] [stderr] test tests/compile_fail/ui/clk/too-fast.rs ... ok
[INFO] [stderr] test tests/compile_fail/ui/clk/too-slow.rs ... ok
[INFO] [stderr] test tests/compile_fail/ui/clk/undeclared.rs ... ok
[INFO] [stderr] 
[INFO] [stderr] 
[INFO] [stdout] test fail_ui_clk ... ok
[INFO] [stderr] warning: the feature `lint_reasons` has been stable since 1.81.0 and no longer requires an attribute to enable
[INFO] [stderr]  --> /opt/rustwide/workdir/src/lib.rs:6:12
[INFO] [stderr]   |
[INFO] [stderr] 6 | #![feature(lint_reasons)]
[INFO] [stderr]   |            ^^^^^^^^^^^^
[INFO] [stderr]   |
[INFO] [stderr]   = note: `#[warn(stable_features)]` on by default
[INFO] [stderr] 
[INFO] [stderr] warning: `chandeliers-lus` (lib) generated 1 warning
[INFO] [stderr]     Checking chandeliers-lus-tests v0.0.0 (/opt/rustwide/target/tests/trybuild/chandeliers-lus)
[INFO] [stderr]     Finished `dev` profile [unoptimized + debuginfo] target(s) in 0.11s
[INFO] [stderr] 
[INFO] [stderr] 
[INFO] [stderr] There are no trybuild tests enabled yet.
[INFO] [stderr] 
[INFO] [stderr] 
[INFO] [stdout] test pass_fromslides ... ok
[INFO] [stderr]    Compiling unicode-ident v1.0.13
[INFO] [stderr]    Compiling cfg-if v1.0.0
[INFO] [stderr]    Compiling byteorder v1.5.0
[INFO] [stderr]    Compiling replace_with v0.1.7
[INFO] [stderr]    Compiling libc v0.2.161
[INFO] [stderr] warning: the feature `lint_reasons` has been stable since 1.81.0 and no longer requires an attribute to enable
[INFO] [stderr]  --> /opt/rustwide/workdir/src/lib.rs:6:12
[INFO] [stderr]   |
[INFO] [stderr] 6 | #![feature(lint_reasons)]
[INFO] [stderr]   |            ^^^^^^^^^^^^
[INFO] [stderr]   |
[INFO] [stderr]   = note: `#[warn(stable_features)]` on by default
[INFO] [stderr] 
[INFO] [stderr] warning: `chandeliers-lus` (lib) generated 1 warning
[INFO] [stderr]    Compiling proc-macro2 v1.0.89
[INFO] [stderr]    Compiling chandeliers-sem v1.0.0
[INFO] [stderr]    Compiling zerocopy v0.7.35
[INFO] [stderr]    Compiling quote v1.0.37
[INFO] [stderr]    Compiling chandeliers-err v1.0.0
[INFO] [stderr]    Compiling syn v2.0.86
[INFO] [stderr]    Compiling getrandom v0.2.15
[INFO] [stderr]    Compiling ppv-lite86 v0.2.20
[INFO] [stderr]    Compiling rand_core v0.6.4
[INFO] [stderr]    Compiling rand_chacha v0.3.1
[INFO] [stderr]    Compiling rand v0.8.5
[INFO] [stderr]    Compiling chandeliers-std v1.0.0
[INFO] [stderr]    Compiling chandeliers-san v1.0.0
[INFO] [stderr]    Compiling chandeliers-syn v1.0.0
[INFO] [stderr]    Compiling chandeliers-lus-tests v0.0.0 (/opt/rustwide/target/tests/trybuild/chandeliers-lus)
[INFO] [stderr]     Finished `dev` profile [unoptimized + debuginfo] target(s) in 13.11s
[INFO] [stderr] 
[INFO] [stderr] 
[INFO] [stderr] test tests/pass/given/ex001.rs ... ok
[INFO] [stderr] 
[INFO] [stderr] STDERR:
[INFO] [stderr] ┈┈┈┈┈┈┈┈┈┈┈┈┈┈┈┈┈┈┈┈┈┈┈┈┈┈┈┈┈┈┈┈┈┈┈┈┈┈┈┈┈┈┈┈┈┈┈┈┈┈┈┈┈┈┈┈┈┈┈┈
[INFO] [stderr] warning: the feature `lint_reasons` has been stable since 1.81.0 and no longer requires an attribute to enable
[INFO] [stderr]  --> /opt/rustwide/workdir/src/lib.rs:6:12
[INFO] [stderr]   |
[INFO] [stderr] 6 | #![feature(lint_reasons)]
[INFO] [stderr]   |            ^^^^^^^^^^^^
[INFO] [stderr]   |
[INFO] [stderr]   = note: `#[warn(stable_features)]` on by default
[INFO] [stderr] ┈┈┈┈┈┈┈┈┈┈┈┈┈┈┈┈┈┈┈┈┈┈┈┈┈┈┈┈┈┈┈┈┈┈┈┈┈┈┈┈┈┈┈┈┈┈┈┈┈┈┈┈┈┈┈┈┈┈┈┈
[INFO] [stderr] 
[INFO] [stderr] test tests/pass/given/ex002.rs ... ok
[INFO] [stderr] 
[INFO] [stderr] STDERR:
[INFO] [stderr] ┈┈┈┈┈┈┈┈┈┈┈┈┈┈┈┈┈┈┈┈┈┈┈┈┈┈┈┈┈┈┈┈┈┈┈┈┈┈┈┈┈┈┈┈┈┈┈┈┈┈┈┈┈┈┈┈┈┈┈┈
[INFO] [stderr] warning: the feature `lint_reasons` has been stable since 1.81.0 and no longer requires an attribute to enable
[INFO] [stderr]  --> /opt/rustwide/workdir/src/lib.rs:6:12
[INFO] [stderr]   |
[INFO] [stderr] 6 | #![feature(lint_reasons)]
[INFO] [stderr]   |            ^^^^^^^^^^^^
[INFO] [stderr]   |
[INFO] [stderr]   = note: `#[warn(stable_features)]` on by default
[INFO] [stderr] ┈┈┈┈┈┈┈┈┈┈┈┈┈┈┈┈┈┈┈┈┈┈┈┈┈┈┈┈┈┈┈┈┈┈┈┈┈┈┈┈┈┈┈┈┈┈┈┈┈┈┈┈┈┈┈┈┈┈┈┈
[INFO] [stderr] 
[INFO] [stderr] test tests/pass/given/ex003.rs ... ok
[INFO] [stderr] 
[INFO] [stderr] STDERR:
[INFO] [stderr] ┈┈┈┈┈┈┈┈┈┈┈┈┈┈┈┈┈┈┈┈┈┈┈┈┈┈┈┈┈┈┈┈┈┈┈┈┈┈┈┈┈┈┈┈┈┈┈┈┈┈┈┈┈┈┈┈┈┈┈┈
[INFO] [stderr] warning: the feature `lint_reasons` has been stable since 1.81.0 and no longer requires an attribute to enable
[INFO] [stderr]  --> /opt/rustwide/workdir/src/lib.rs:6:12
[INFO] [stderr]   |
[INFO] [stderr] 6 | #![feature(lint_reasons)]
[INFO] [stderr]   |            ^^^^^^^^^^^^
[INFO] [stderr]   |
[INFO] [stderr]   = note: `#[warn(stable_features)]` on by default
[INFO] [stderr] ┈┈┈┈┈┈┈┈┈┈┈┈┈┈┈┈┈┈┈┈┈┈┈┈┈┈┈┈┈┈┈┈┈┈┈┈┈┈┈┈┈┈┈┈┈┈┈┈┈┈┈┈┈┈┈┈┈┈┈┈
[INFO] [stderr] 
[INFO] [stdout] test pass_given ... ok
[INFO] [stderr] test tests/pass/given/ex004.rs ... ok
[INFO] [stderr] 
[INFO] [stderr] STDERR:
[INFO] [stderr] ┈┈┈┈┈┈┈┈┈┈┈┈┈┈┈┈┈┈┈┈┈┈┈┈┈┈┈┈┈┈┈┈┈┈┈┈┈┈┈┈┈┈┈┈┈┈┈┈┈┈┈┈┈┈┈┈┈┈┈┈
[INFO] [stderr] warning: the feature `lint_reasons` has been stable since 1.81.0 and no longer requires an attribute to enable
[INFO] [stderr]  --> /opt/rustwide/workdir/src/lib.rs:6:12
[INFO] [stderr]   |
[INFO] [stderr] 6 | #![feature(lint_reasons)]
[INFO] [stderr]   |            ^^^^^^^^^^^^
[INFO] [stderr]   |
[INFO] [stderr]   = note: `#[warn(stable_features)]` on by default
[INFO] [stderr] ┈┈┈┈┈┈┈┈┈┈┈┈┈┈┈┈┈┈┈┈┈┈┈┈┈┈┈┈┈┈┈┈┈┈┈┈┈┈┈┈┈┈┈┈┈┈┈┈┈┈┈┈┈┈┈┈┈┈┈┈
[INFO] [stderr] 
[INFO] [stderr] 
[INFO] [stderr] 
[INFO] [stderr] warning: the feature `lint_reasons` has been stable since 1.81.0 and no longer requires an attribute to enable
[INFO] [stderr]  --> /opt/rustwide/workdir/src/lib.rs:6:12
[INFO] [stderr]   |
[INFO] [stderr] 6 | #![feature(lint_reasons)]
[INFO] [stderr]   |            ^^^^^^^^^^^^
[INFO] [stderr]   |
[INFO] [stderr]   = note: `#[warn(stable_features)]` on by default
[INFO] [stderr] 
[INFO] [stderr] warning: `chandeliers-lus` (lib) generated 1 warning
[INFO] [stderr]     Checking chandeliers-lus-tests v0.0.0 (/opt/rustwide/target/tests/trybuild/chandeliers-lus)
[INFO] [stderr]     Finished `dev` profile [unoptimized + debuginfo] target(s) in 0.10s
[INFO] [stderr] 
[INFO] [stderr] 
[INFO] [stdout] test fail_ui_options ... ok
[INFO] [stderr] test tests/compile_fail/ui/options/malformed.rs ... ok
[INFO] [stderr] test tests/compile_fail/ui/options/not-applicable.rs ... ok
[INFO] [stderr] test tests/compile_fail/ui/options/pub.rs ... ok
[INFO] [stderr] 
[INFO] [stderr] 
[INFO] [stderr] warning: the feature `lint_reasons` has been stable since 1.81.0 and no longer requires an attribute to enable
[INFO] [stderr]  --> /opt/rustwide/workdir/src/lib.rs:6:12
[INFO] [stderr]   |
[INFO] [stderr] 6 | #![feature(lint_reasons)]
[INFO] [stderr]   |            ^^^^^^^^^^^^
[INFO] [stderr]   |
[INFO] [stderr]   = note: `#[warn(stable_features)]` on by default
[INFO] [stderr] 
[INFO] [stderr] warning: `chandeliers-lus` (lib) generated 1 warning
[INFO] [stderr]     Checking chandeliers-lus-tests v0.0.0 (/opt/rustwide/target/tests/trybuild/chandeliers-lus)
[INFO] [stderr]     Finished `dev` profile [unoptimized + debuginfo] target(s) in 0.10s
[INFO] [stderr] 
[INFO] [stderr] 
[INFO] [stderr] test tests/compile_fail/ui/causality/cycle-const.rs ... ok
[INFO] [stderr] test tests/compile_fail/ui/causality/cycle-node.rs ... ok
[INFO] [stderr] test tests/compile_fail/ui/causality/cycle-var.rs ... ok
[INFO] [stderr] test tests/compile_fail/ui/causality/loop.rs ... ok
[INFO] [stderr] test tests/compile_fail/ui/causality/positivity.rs ... ok
[INFO] [stderr] test tests/compile_fail/ui/causality/redef-const.rs ... ok
[INFO] [stderr] test tests/compile_fail/ui/causality/redef-node-extern.rs ... ok
[INFO] [stderr] test tests/compile_fail/ui/causality/redef-node.rs ... ok
[INFO] [stderr] test tests/compile_fail/ui/causality/redef-var-def.rs ... ok
[INFO] [stderr] test tests/compile_fail/ui/causality/redef-var-ii.rs ... ok
[INFO] [stderr] test tests/compile_fail/ui/causality/redef-var-io.rs ... ok
[INFO] [stderr] test tests/compile_fail/ui/causality/redef-var-iv.rs ... ok
[INFO] [stderr] test tests/compile_fail/ui/causality/redef-var-oo.rs ... ok
[INFO] [stderr] test tests/compile_fail/ui/causality/redef-var-ov.rs ... ok
[INFO] [stderr] test tests/compile_fail/ui/causality/redef-var-vv.rs ... ok
[INFO] [stderr] test tests/compile_fail/ui/causality/reg-positivity.rs ... ok
[INFO] [stderr] test tests/compile_fail/ui/causality/undeclared-const.rs ... ok
[INFO] [stderr] test tests/compile_fail/ui/causality/undeclared-node.rs ... ok
[INFO] [stderr] test tests/compile_fail/ui/causality/undeclared-var.rs ... ok
[INFO] [stderr] test tests/compile_fail/ui/causality/undef.rs ... ok
[INFO] [stderr] 
[INFO] [stderr] 
[INFO] [stdout] test fail_ui_causality ... ok
[INFO] [stderr] warning: the feature `lint_reasons` has been stable since 1.81.0 and no longer requires an attribute to enable
[INFO] [stderr]  --> /opt/rustwide/workdir/src/lib.rs:6:12
[INFO] [stderr]   |
[INFO] [stderr] 6 | #![feature(lint_reasons)]
[INFO] [stderr]   |            ^^^^^^^^^^^^
[INFO] [stderr]   |
[INFO] [stderr]   = note: `#[warn(stable_features)]` on by default
[INFO] [stderr] 
[INFO] [stderr] warning: `chandeliers-lus` (lib) generated 1 warning
[INFO] [stderr]     Checking chandeliers-lus-tests v0.0.0 (/opt/rustwide/target/tests/trybuild/chandeliers-lus)
[INFO] [stderr]     Finished `dev` profile [unoptimized + debuginfo] target(s) in 0.11s
[INFO] [stderr] 
[INFO] [stderr] 
[INFO] [stderr] test tests/compile_fail/ui/syn/kw.rs ... ok
[INFO] [stderr] test tests/compile_fail/ui/syn/noassoc.rs ... ok
[INFO] [stderr] test tests/compile_fail/ui/syn/unclosed.rs ... ok
[INFO] [stderr] 
[INFO] [stderr] 
[INFO] [stdout] test fail_ui_syn ... ok
[INFO] [stderr] warning: the feature `lint_reasons` has been stable since 1.81.0 and no longer requires an attribute to enable
[INFO] [stderr]  --> /opt/rustwide/workdir/src/lib.rs:6:12
[INFO] [stderr]   |
[INFO] [stderr] 6 | #![feature(lint_reasons)]
[INFO] [stderr]   |            ^^^^^^^^^^^^
[INFO] [stderr]   |
[INFO] [stderr]   = note: `#[warn(stable_features)]` on by default
[INFO] [stderr] 
[INFO] [stderr] warning: `chandeliers-lus` (lib) generated 1 warning
[INFO] [stderr]    Compiling chandeliers-lus-tests v0.0.0 (/opt/rustwide/target/tests/trybuild/chandeliers-lus)
[INFO] [stderr]     Finished `dev` profile [unoptimized + debuginfo] target(s) in 0.34s
[INFO] [stderr] 
[INFO] [stderr] 
[INFO] [stderr] test tests/pass/options/ext-main.rs ... ok
[INFO] [stderr] 
[INFO] [stderr] STDERR:
[INFO] [stderr] ┈┈┈┈┈┈┈┈┈┈┈┈┈┈┈┈┈┈┈┈┈┈┈┈┈┈┈┈┈┈┈┈┈┈┈┈┈┈┈┈┈┈┈┈┈┈┈┈┈┈┈┈┈┈┈┈┈┈┈┈
[INFO] [stderr] warning: the feature `lint_reasons` has been stable since 1.81.0 and no longer requires an attribute to enable
[INFO] [stderr]  --> /opt/rustwide/workdir/src/lib.rs:6:12
[INFO] [stderr]   |
[INFO] [stderr] 6 | #![feature(lint_reasons)]
[INFO] [stderr]   |            ^^^^^^^^^^^^
[INFO] [stderr]   |
[INFO] [stderr]   = note: `#[warn(stable_features)]` on by default
[INFO] [stderr] ┈┈┈┈┈┈┈┈┈┈┈┈┈┈┈┈┈┈┈┈┈┈┈┈┈┈┈┈┈┈┈┈┈┈┈┈┈┈┈┈┈┈┈┈┈┈┈┈┈┈┈┈┈┈┈┈┈┈┈┈
[INFO] [stderr] 
[INFO] [stderr] test tests/pass/options/ext-trace.rs ... ok
[INFO] [stderr] 
[INFO] [stderr] STDOUT:
[INFO] [stderr] ┈┈┈┈┈┈┈┈┈┈┈┈┈┈┈┈┈┈┈┈┈┈┈┈┈┈┈┈┈┈┈┈┈┈┈┈┈┈┈┈┈┈┈┈┈┈┈┈┈┈┈┈┈┈┈┈┈┈┈┈
[INFO] [stderr] [ext] cumul <- (i=1)
[INFO] [stderr] [ext] cumul -> (s=1)
[INFO] [stderr] [ext] cumul <- (i=1)
[INFO] [stderr] [ext] cumul -> (s=2)
[INFO] [stderr] [ext] cumul <- (i=2)
[INFO] [stderr] [ext] cumul -> (s=4)
[INFO] [stderr] [ext] cumul <- (i=4)
[INFO] [stderr] [ext] cumul -> (s=8)
[INFO] [stderr] [ext] cumul <- (i=8)
[INFO] [stderr] [ext] cumul -> (s=16)
[INFO] [stderr] [ext] cumul <- (i=16)
[INFO] [stderr] [ext] cumul -> (s=32)
[INFO] [stderr] [ext] cumul <- (i=32)
[INFO] [stderr] [ext] cumul -> (s=64)
[INFO] [stderr] [ext] cumul <- (i=64)
[INFO] [stderr] [ext] cumul -> (s=128)
[INFO] [stderr] [ext] cumul <- (i=128)
[INFO] [stderr] [ext] cumul -> (s=256)
[INFO] [stderr] [ext] cumul <- (i=256)
[INFO] [stderr] [ext] cumul -> (s=512)
[INFO] [stderr] ┈┈┈┈┈┈┈┈┈┈┈┈┈┈┈┈┈┈┈┈┈┈┈┈┈┈┈┈┈┈┈┈┈┈┈┈┈┈┈┈┈┈┈┈┈┈┈┈┈┈┈┈┈┈┈┈┈┈┈┈
[INFO] [stderr] 
[INFO] [stderr] STDERR:
[INFO] [stderr] ┈┈┈┈┈┈┈┈┈┈┈┈┈┈┈┈┈┈┈┈┈┈┈┈┈┈┈┈┈┈┈┈┈┈┈┈┈┈┈┈┈┈┈┈┈┈┈┈┈┈┈┈┈┈┈┈┈┈┈┈
[INFO] [stderr] warning: the feature `lint_reasons` has been stable since 1.81.0 and no longer requires an attribute to enable
[INFO] [stderr]  --> /opt/rustwide/workdir/src/lib.rs:6:12
[INFO] [stderr]   |
[INFO] [stderr] 6 | #![feature(lint_reasons)]
[INFO] [stderr]   |            ^^^^^^^^^^^^
[INFO] [stderr]   |
[INFO] [stderr]   = note: `#[warn(stable_features)]` on by default
[INFO] [stderr] 
[INFO] [stderr]       cumul <- (i=1)
[INFO] [stderr]       cumul -> (s=1)
[INFO] [stderr]       cumul <- (i=1)
[INFO] [stderr]       cumul -> (s=2)
[INFO] [stderr]       cumul <- (i=2)
[INFO] [stderr]       cumul -> (s=4)
[INFO] [stderr]       cumul <- (i=4)
[INFO] [stderr]       cumul -> (s=8)
[INFO] [stderr]       cumul <- (i=8)
[INFO] [stderr]       cumul -> (s=16)
[INFO] [stderr]       cumul <- (i=16)
[INFO] [stderr]       cumul -> (s=32)
[INFO] [stderr]       cumul <- (i=32)
[INFO] [stderr]       cumul -> (s=64)
[INFO] [stderr]       cumul <- (i=64)
[INFO] [stderr]       cumul -> (s=128)
[INFO] [stderr]       cumul <- (i=128)
[INFO] [stderr]       cumul -> (s=256)
[INFO] [stderr]       cumul <- (i=256)
[INFO] [stderr]       cumul -> (s=512)
[INFO] [stderr] ┈┈┈┈┈┈┈┈┈┈┈┈┈┈┈┈┈┈┈┈┈┈┈┈┈┈┈┈┈┈┈┈┈┈┈┈┈┈┈┈┈┈┈┈┈┈┈┈┈┈┈┈┈┈┈┈┈┈┈┈
[INFO] [stderr] 
[INFO] [stderr] test tests/pass/options/main.rs ... ok
[INFO] [stderr] 
[INFO] [stderr] STDERR:
[INFO] [stderr] ┈┈┈┈┈┈┈┈┈┈┈┈┈┈┈┈┈┈┈┈┈┈┈┈┈┈┈┈┈┈┈┈┈┈┈┈┈┈┈┈┈┈┈┈┈┈┈┈┈┈┈┈┈┈┈┈┈┈┈┈
[INFO] [stderr] warning: the feature `lint_reasons` has been stable since 1.81.0 and no longer requires an attribute to enable
[INFO] [stderr]  --> /opt/rustwide/workdir/src/lib.rs:6:12
[INFO] [stderr]   |
[INFO] [stderr] 6 | #![feature(lint_reasons)]
[INFO] [stderr]   |            ^^^^^^^^^^^^
[INFO] [stderr]   |
[INFO] [stderr]   = note: `#[warn(stable_features)]` on by default
[INFO] [stderr] ┈┈┈┈┈┈┈┈┈┈┈┈┈┈┈┈┈┈┈┈┈┈┈┈┈┈┈┈┈┈┈┈┈┈┈┈┈┈┈┈┈┈┈┈┈┈┈┈┈┈┈┈┈┈┈┈┈┈┈┈
[INFO] [stderr] 
[INFO] [stderr] test tests/pass/options/once.rs ... ok
[INFO] [stderr] 
[INFO] [stderr] STDERR:
[INFO] [stderr] ┈┈┈┈┈┈┈┈┈┈┈┈┈┈┈┈┈┈┈┈┈┈┈┈┈┈┈┈┈┈┈┈┈┈┈┈┈┈┈┈┈┈┈┈┈┈┈┈┈┈┈┈┈┈┈┈┈┈┈┈
[INFO] [stderr] warning: the feature `lint_reasons` has been stable since 1.81.0 and no longer requires an attribute to enable
[INFO] [stderr]  --> /opt/rustwide/workdir/src/lib.rs:6:12
[INFO] [stderr]   |
[INFO] [stderr] 6 | #![feature(lint_reasons)]
[INFO] [stderr]   |            ^^^^^^^^^^^^
[INFO] [stderr]   |
[INFO] [stderr]   = note: `#[warn(stable_features)]` on by default
[INFO] [stderr] ┈┈┈┈┈┈┈┈┈┈┈┈┈┈┈┈┈┈┈┈┈┈┈┈┈┈┈┈┈┈┈┈┈┈┈┈┈┈┈┈┈┈┈┈┈┈┈┈┈┈┈┈┈┈┈┈┈┈┈┈
[INFO] [stderr] 
[INFO] [stderr] test tests/pass/options/trace-fmt.rs ... ok
[INFO] [stderr] 
[INFO] [stderr] STDOUT:
[INFO] [stderr] ┈┈┈┈┈┈┈┈┈┈┈┈┈┈┈┈┈┈┈┈┈┈┈┈┈┈┈┈┈┈┈┈┈┈┈┈┈┈┈┈┈┈┈┈┈┈┈┈┈┈┈┈┈┈┈┈┈┈┈┈
[INFO] [stderr] 1
[INFO] [stderr] 2
[INFO] [stderr] Fizz
[INFO] [stderr] 4
[INFO] [stderr] Buzz
[INFO] [stderr] Fizz
[INFO] [stderr] 7
[INFO] [stderr] 8
[INFO] [stderr] Fizz
[INFO] [stderr] Buzz
[INFO] [stderr] 11
[INFO] [stderr] Fizz
[INFO] [stderr] 13
[INFO] [stderr] 14
[INFO] [stderr] FizzBuzz
[INFO] [stderr] 16
[INFO] [stderr] 17
[INFO] [stderr] Fizz
[INFO] [stderr] 19
[INFO] [stderr] Buzz
[INFO] [stderr] Fizz
[INFO] [stderr] 22
[INFO] [stderr] 23
[INFO] [stderr] Fizz
[INFO] [stderr] Buzz
[INFO] [stderr] 26
[INFO] [stderr] Fizz
[INFO] [stderr] 28
[INFO] [stderr] 29
[INFO] [stderr] FizzBuzz
[INFO] [stderr] ┈┈┈┈┈┈┈┈┈┈┈┈┈┈┈┈┈┈┈┈┈┈┈┈┈┈┈┈┈┈┈┈┈┈┈┈┈┈┈┈┈┈┈┈┈┈┈┈┈┈┈┈┈┈┈┈┈┈┈┈
[INFO] [stderr] 
[INFO] [stderr] STDERR:
[INFO] [stderr] ┈┈┈┈┈┈┈┈┈┈┈┈┈┈┈┈┈┈┈┈┈┈┈┈┈┈┈┈┈┈┈┈┈┈┈┈┈┈┈┈┈┈┈┈┈┈┈┈┈┈┈┈┈┈┈┈┈┈┈┈
[INFO] [stderr] warning: the feature `lint_reasons` has been stable since 1.81.0 and no longer requires an attribute to enable
[INFO] [stderr]  --> /opt/rustwide/workdir/src/lib.rs:6:12
[INFO] [stderr]   |
[INFO] [stderr] 6 | #![feature(lint_reasons)]
[INFO] [stderr]   |            ^^^^^^^^^^^^
[INFO] [stderr]   |
[INFO] [stderr]   = note: `#[warn(stable_features)]` on by default
[INFO] [stderr] ┈┈┈┈┈┈┈┈┈┈┈┈┈┈┈┈┈┈┈┈┈┈┈┈┈┈┈┈┈┈┈┈┈┈┈┈┈┈┈┈┈┈┈┈┈┈┈┈┈┈┈┈┈┈┈┈┈┈┈┈
[INFO] [stderr] 
[INFO] [stderr] 
[INFO] [stderr] 
[INFO] [stdout] test pass_options ... ok
[INFO] [stderr] warning: the feature `lint_reasons` has been stable since 1.81.0 and no longer requires an attribute to enable
[INFO] [stderr]  --> /opt/rustwide/workdir/src/lib.rs:6:12
[INFO] [stderr]   |
[INFO] [stderr] 6 | #![feature(lint_reasons)]
[INFO] [stderr]   |            ^^^^^^^^^^^^
[INFO] [stderr]   |
[INFO] [stderr]   = note: `#[warn(stable_features)]` on by default
[INFO] [stderr] 
[INFO] [stderr] warning: `chandeliers-lus` (lib) generated 1 warning
[INFO] [stderr]    Compiling chandeliers-lus-tests v0.0.0 (/opt/rustwide/target/tests/trybuild/chandeliers-lus)
[INFO] [stderr]     Finished `dev` profile [unoptimized + debuginfo] target(s) in 0.30s
[INFO] [stderr] 
[INFO] [stderr] 
[INFO] [stderr] test tests/pass/poly/clkpre.rs ... ok
[INFO] [stderr] 
[INFO] [stderr] STDOUT:
[INFO] [stderr] ┈┈┈┈┈┈┈┈┈┈┈┈┈┈┈┈┈┈┈┈┈┈┈┈┈┈┈┈┈┈┈┈┈┈┈┈┈┈┈┈┈┈┈┈┈┈┈┈┈┈┈┈┈┈┈┈┈┈┈┈
[INFO] [stderr] 1:0 2:1 nil:nil 4:2 5:4 nil:nil 7:5 8:7 nil:nil 10:8
[INFO] [stderr] ┈┈┈┈┈┈┈┈┈┈┈┈┈┈┈┈┈┈┈┈┈┈┈┈┈┈┈┈┈┈┈┈┈┈┈┈┈┈┈┈┈┈┈┈┈┈┈┈┈┈┈┈┈┈┈┈┈┈┈┈
[INFO] [stderr] 
[INFO] [stderr] STDERR:
[INFO] [stderr] ┈┈┈┈┈┈┈┈┈┈┈┈┈┈┈┈┈┈┈┈┈┈┈┈┈┈┈┈┈┈┈┈┈┈┈┈┈┈┈┈┈┈┈┈┈┈┈┈┈┈┈┈┈┈┈┈┈┈┈┈
[INFO] [stderr] warning: the feature `lint_reasons` has been stable since 1.81.0 and no longer requires an attribute to enable
[INFO] [stderr]  --> /opt/rustwide/workdir/src/lib.rs:6:12
[INFO] [stderr]   |
[INFO] [stderr] 6 | #![feature(lint_reasons)]
[INFO] [stderr]   |            ^^^^^^^^^^^^
[INFO] [stderr]   |
[INFO] [stderr]   = note: `#[warn(stable_features)]` on by default
[INFO] [stderr] ┈┈┈┈┈┈┈┈┈┈┈┈┈┈┈┈┈┈┈┈┈┈┈┈┈┈┈┈┈┈┈┈┈┈┈┈┈┈┈┈┈┈┈┈┈┈┈┈┈┈┈┈┈┈┈┈┈┈┈┈
[INFO] [stderr] 
[INFO] [stderr] test tests/pass/poly/extern.rs ... ok
[INFO] [stderr] 
[INFO] [stderr] STDOUT:
[INFO] [stderr] ┈┈┈┈┈┈┈┈┈┈┈┈┈┈┈┈┈┈┈┈┈┈┈┈┈┈┈┈┈┈┈┈┈┈┈┈┈┈┈┈┈┈┈┈┈┈┈┈┈┈┈┈┈┈┈┈┈┈┈┈
[INFO] [stderr] 42
[INFO] [stderr] true
[INFO] [stderr] 3.14
[INFO] [stderr] ┈┈┈┈┈┈┈┈┈┈┈┈┈┈┈┈┈┈┈┈┈┈┈┈┈┈┈┈┈┈┈┈┈┈┈┈┈┈┈┈┈┈┈┈┈┈┈┈┈┈┈┈┈┈┈┈┈┈┈┈
[INFO] [stderr] 
[INFO] [stderr] STDERR:
[INFO] [stderr] ┈┈┈┈┈┈┈┈┈┈┈┈┈┈┈┈┈┈┈┈┈┈┈┈┈┈┈┈┈┈┈┈┈┈┈┈┈┈┈┈┈┈┈┈┈┈┈┈┈┈┈┈┈┈┈┈┈┈┈┈
[INFO] [stderr] warning: the feature `lint_reasons` has been stable since 1.81.0 and no longer requires an attribute to enable
[INFO] [stderr]  --> /opt/rustwide/workdir/src/lib.rs:6:12
[INFO] [stderr]   |
[INFO] [stderr] 6 | #![feature(lint_reasons)]
[INFO] [stderr]   |            ^^^^^^^^^^^^
[INFO] [stderr]   |
[INFO] [stderr]   = note: `#[warn(stable_features)]` on by default
[INFO] [stderr] ┈┈┈┈┈┈┈┈┈┈┈┈┈┈┈┈┈┈┈┈┈┈┈┈┈┈┈┈┈┈┈┈┈┈┈┈┈┈┈┈┈┈┈┈┈┈┈┈┈┈┈┈┈┈┈┈┈┈┈┈
[INFO] [stderr] 
[INFO] [stderr] test tests/pass/poly/initpre.rs ... ok
[INFO] [stderr] 
[INFO] [stderr] STDERR:
[INFO] [stderr] ┈┈┈┈┈┈┈┈┈┈┈┈┈┈┈┈┈┈┈┈┈┈┈┈┈┈┈┈┈┈┈┈┈┈┈┈┈┈┈┈┈┈┈┈┈┈┈┈┈┈┈┈┈┈┈┈┈┈┈┈
[INFO] [stderr] warning: the feature `lint_reasons` has been stable since 1.81.0 and no longer requires an attribute to enable
[INFO] [stderr]  --> /opt/rustwide/workdir/src/lib.rs:6:12
[INFO] [stderr]   |
[INFO] [stderr] 6 | #![feature(lint_reasons)]
[INFO] [stderr]   |            ^^^^^^^^^^^^
[INFO] [stderr]   |
[INFO] [stderr]   = note: `#[warn(stable_features)]` on by default
[INFO] [stderr] ┈┈┈┈┈┈┈┈┈┈┈┈┈┈┈┈┈┈┈┈┈┈┈┈┈┈┈┈┈┈┈┈┈┈┈┈┈┈┈┈┈┈┈┈┈┈┈┈┈┈┈┈┈┈┈┈┈┈┈┈
[INFO] [stderr] 
[INFO] [stderr] test tests/pass/poly/pre.rs ... ok
[INFO] [stderr] 
[INFO] [stderr] STDERR:
[INFO] [stderr] ┈┈┈┈┈┈┈┈┈┈┈┈┈┈┈┈┈┈┈┈┈┈┈┈┈┈┈┈┈┈┈┈┈┈┈┈┈┈┈┈┈┈┈┈┈┈┈┈┈┈┈┈┈┈┈┈┈┈┈┈
[INFO] [stderr] warning: the feature `lint_reasons` has been stable since 1.81.0 and no longer requires an attribute to enable
[INFO] [stderr]  --> /opt/rustwide/workdir/src/lib.rs:6:12
[INFO] [stderr]   |
[INFO] [stderr] 6 | #![feature(lint_reasons)]
[INFO] [stderr]   |            ^^^^^^^^^^^^
[INFO] [stderr]   |
[INFO] [stderr]   = note: `#[warn(stable_features)]` on by default
[INFO] [stderr] ┈┈┈┈┈┈┈┈┈┈┈┈┈┈┈┈┈┈┈┈┈┈┈┈┈┈┈┈┈┈┈┈┈┈┈┈┈┈┈┈┈┈┈┈┈┈┈┈┈┈┈┈┈┈┈┈┈┈┈┈
[INFO] [stderr] 
[INFO] [stderr] test tests/pass/poly/swap.rs ... ok
[INFO] [stderr] 
[INFO] [stderr] STDOUT:
[INFO] [stderr] ┈┈┈┈┈┈┈┈┈┈┈┈┈┈┈┈┈┈┈┈┈┈┈┈┈┈┈┈┈┈┈┈┈┈┈┈┈┈┈┈┈┈┈┈┈┈┈┈┈┈┈┈┈┈┈┈┈┈┈┈
[INFO] [stderr] 1 <-> 0.5
[INFO] [stderr] 0.5 <-> 1
[INFO] [stderr] ┈┈┈┈┈┈┈┈┈┈┈┈┈┈┈┈┈┈┈┈┈┈┈┈┈┈┈┈┈┈┈┈┈┈┈┈┈┈┈┈┈┈┈┈┈┈┈┈┈┈┈┈┈┈┈┈┈┈┈┈
[INFO] [stderr] 
[INFO] [stderr] STDERR:
[INFO] [stderr] ┈┈┈┈┈┈┈┈┈┈┈┈┈┈┈┈┈┈┈┈┈┈┈┈┈┈┈┈┈┈┈┈┈┈┈┈┈┈┈┈┈┈┈┈┈┈┈┈┈┈┈┈┈┈┈┈┈┈┈┈
[INFO] [stderr] warning: the feature `lint_reasons` has been stable since 1.81.0 and no longer requires an attribute to enable
[INFO] [stderr]  --> /opt/rustwide/workdir/src/lib.rs:6:12
[INFO] [stderr]   |
[INFO] [stderr] 6 | #![feature(lint_reasons)]
[INFO] [stderr]   |            ^^^^^^^^^^^^
[INFO] [stderr]   |
[INFO] [stderr]   = note: `#[warn(stable_features)]` on by default
[INFO] [stderr] ┈┈┈┈┈┈┈┈┈┈┈┈┈┈┈┈┈┈┈┈┈┈┈┈┈┈┈┈┈┈┈┈┈┈┈┈┈┈┈┈┈┈┈┈┈┈┈┈┈┈┈┈┈┈┈┈┈┈┈┈
[INFO] [stderr] 
[INFO] [stderr] 
[INFO] [stderr] 
[INFO] [stdout] test pass_poly ... ok
[INFO] [stderr] warning: the feature `lint_reasons` has been stable since 1.81.0 and no longer requires an attribute to enable
[INFO] [stderr]  --> /opt/rustwide/workdir/src/lib.rs:6:12
[INFO] [stderr]   |
[INFO] [stderr] 6 | #![feature(lint_reasons)]
[INFO] [stderr]   |            ^^^^^^^^^^^^
[INFO] [stderr]   |
[INFO] [stderr]   = note: `#[warn(stable_features)]` on by default
[INFO] [stderr] 
[INFO] [stderr] warning: `chandeliers-lus` (lib) generated 1 warning
[INFO] [stderr]    Compiling chandeliers-lus-tests v0.0.0 (/opt/rustwide/target/tests/trybuild/chandeliers-lus)
[INFO] [stderr]     Finished `dev` profile [unoptimized + debuginfo] target(s) in 0.23s
[INFO] [stderr] 
[INFO] [stderr] 
[INFO] [stderr] test tests/pass/registers/chained-fby.rs ... ok
[INFO] [stderr] 
[INFO] [stderr] STDOUT:
[INFO] [stderr] ┈┈┈┈┈┈┈┈┈┈┈┈┈┈┈┈┈┈┈┈┈┈┈┈┈┈┈┈┈┈┈┈┈┈┈┈┈┈┈┈┈┈┈┈┈┈┈┈┈┈┈┈┈┈┈┈┈┈┈┈
[INFO] [stderr] testing true
[INFO] [stderr] witness true
[INFO] [stderr] testing false
[INFO] [stderr] witness false
[INFO] [stderr] testing false
[INFO] [stderr] witness false
[INFO] [stderr] testing true
[INFO] [stderr] witness true
[INFO] [stderr] testing false
[INFO] [stderr] witness false
[INFO] [stderr] testing false
[INFO] [stderr] witness false
[INFO] [stderr] testing true
[INFO] [stderr] witness true
[INFO] [stderr] testing false
[INFO] [stderr] witness false
[INFO] [stderr] testing false
[INFO] [stderr] witness false
[INFO] [stderr] testing true
[INFO] [stderr] witness true
[INFO] [stderr] testing false
[INFO] [stderr] witness false
[INFO] [stderr] testing false
[INFO] [stderr] witness false
[INFO] [stderr] testing true
[INFO] [stderr] witness true
[INFO] [stderr] testing false
[INFO] [stderr] witness false
[INFO] [stderr] testing false
[INFO] [stderr] witness false
[INFO] [stderr] testing true
[INFO] [stderr] witness true
[INFO] [stderr] testing false
[INFO] [stderr] witness false
[INFO] [stderr] testing false
[INFO] [stderr] witness false
[INFO] [stderr] testing true
[INFO] [stderr] witness true
[INFO] [stderr] testing false
[INFO] [stderr] witness false
[INFO] [stderr] ┈┈┈┈┈┈┈┈┈┈┈┈┈┈┈┈┈┈┈┈┈┈┈┈┈┈┈┈┈┈┈┈┈┈┈┈┈┈┈┈┈┈┈┈┈┈┈┈┈┈┈┈┈┈┈┈┈┈┈┈
[INFO] [stderr] 
[INFO] [stderr] STDERR:
[INFO] [stderr] ┈┈┈┈┈┈┈┈┈┈┈┈┈┈┈┈┈┈┈┈┈┈┈┈┈┈┈┈┈┈┈┈┈┈┈┈┈┈┈┈┈┈┈┈┈┈┈┈┈┈┈┈┈┈┈┈┈┈┈┈
[INFO] [stderr] warning: the feature `lint_reasons` has been stable since 1.81.0 and no longer requires an attribute to enable
[INFO] [stderr]  --> /opt/rustwide/workdir/src/lib.rs:6:12
[INFO] [stderr]   |
[INFO] [stderr] 6 | #![feature(lint_reasons)]
[INFO] [stderr]   |            ^^^^^^^^^^^^
[INFO] [stderr]   |
[INFO] [stderr]   = note: `#[warn(stable_features)]` on by default
[INFO] [stderr] ┈┈┈┈┈┈┈┈┈┈┈┈┈┈┈┈┈┈┈┈┈┈┈┈┈┈┈┈┈┈┈┈┈┈┈┈┈┈┈┈┈┈┈┈┈┈┈┈┈┈┈┈┈┈┈┈┈┈┈┈
[INFO] [stderr] 
[INFO] [stderr] test tests/pass/registers/clocked.rs ... ok
[INFO] [stderr] 
[INFO] [stderr] STDOUT:
[INFO] [stderr] ┈┈┈┈┈┈┈┈┈┈┈┈┈┈┈┈┈┈┈┈┈┈┈┈┈┈┈┈┈┈┈┈┈┈┈┈┈┈┈┈┈┈┈┈┈┈┈┈┈┈┈┈┈┈┈┈┈┈┈┈
[INFO] [stderr] true=> 0==0
[INFO] [stderr] false=> nil==nil
[INFO] [stderr] false=> nil==nil
[INFO] [stderr] true=> 1==1
[INFO] [stderr] false=> nil==nil
[INFO] [stderr] false=> nil==nil
[INFO] [stderr] true=> 2==2
[INFO] [stderr] false=> nil==nil
[INFO] [stderr] false=> nil==nil
[INFO] [stderr] true=> 3==3
[INFO] [stderr] false=> nil==nil
[INFO] [stderr] false=> nil==nil
[INFO] [stderr] true=> 4==4
[INFO] [stderr] false=> nil==nil
[INFO] [stderr] false=> nil==nil
[INFO] [stderr] true=> 5==5
[INFO] [stderr] false=> nil==nil
[INFO] [stderr] false=> nil==nil
[INFO] [stderr] true=> 6==6
[INFO] [stderr] false=> nil==nil
[INFO] [stderr] false=> nil==nil
[INFO] [stderr] true=> 7==7
[INFO] [stderr] false=> nil==nil
[INFO] [stderr] false=> nil==nil
[INFO] [stderr] true=> 8==8
[INFO] [stderr] false=> nil==nil
[INFO] [stderr] false=> nil==nil
[INFO] [stderr] true=> 9==9
[INFO] [stderr] false=> nil==nil
[INFO] [stderr] false=> nil==nil
[INFO] [stderr] true=> 10==10
[INFO] [stderr] false=> nil==nil
[INFO] [stderr] false=> nil==nil
[INFO] [stderr] true=> 11==11
[INFO] [stderr] false=> nil==nil
[INFO] [stderr] false=> nil==nil
[INFO] [stderr] true=> 12==12
[INFO] [stderr] false=> nil==nil
[INFO] [stderr] false=> nil==nil
[INFO] [stderr] true=> 13==13
[INFO] [stderr] false=> nil==nil
[INFO] [stderr] false=> nil==nil
[INFO] [stderr] true=> 14==14
[INFO] [stderr] false=> nil==nil
[INFO] [stderr] false=> nil==nil
[INFO] [stderr] true=> 15==15
[INFO] [stderr] false=> nil==nil
[INFO] [stderr] false=> nil==nil
[INFO] [stderr] true=> 16==16
[INFO] [stderr] false=> nil==nil
[INFO] [stderr] false=> nil==nil
[INFO] [stderr] true=> 17==17
[INFO] [stderr] false=> nil==nil
[INFO] [stderr] false=> nil==nil
[INFO] [stderr] true=> 18==18
[INFO] [stderr] false=> nil==nil
[INFO] [stderr] false=> nil==nil
[INFO] [stderr] true=> 19==19
[INFO] [stderr] false=> nil==nil
[INFO] [stderr] false=> nil==nil
[INFO] [stderr] true=> 20==20
[INFO] [stderr] false=> nil==nil
[INFO] [stderr] false=> nil==nil
[INFO] [stderr] true=> 21==21
[INFO] [stderr] false=> nil==nil
[INFO] [stderr] false=> nil==nil
[INFO] [stderr] true=> 22==22
[INFO] [stderr] false=> nil==nil
[INFO] [stderr] false=> nil==nil
[INFO] [stderr] true=> 23==23
[INFO] [stderr] false=> nil==nil
[INFO] [stderr] false=> nil==nil
[INFO] [stderr] true=> 24==24
[INFO] [stderr] false=> nil==nil
[INFO] [stderr] false=> nil==nil
[INFO] [stderr] true=> 25==25
[INFO] [stderr] false=> nil==nil
[INFO] [stderr] false=> nil==nil
[INFO] [stderr] true=> 26==26
[INFO] [stderr] false=> nil==nil
[INFO] [stderr] false=> nil==nil
[INFO] [stderr] true=> 27==27
[INFO] [stderr] false=> nil==nil
[INFO] [stderr] false=> nil==nil
[INFO] [stderr] true=> 28==28
[INFO] [stderr] false=> nil==nil
[INFO] [stderr] false=> nil==nil
[INFO] [stderr] true=> 29==29
[INFO] [stderr] false=> nil==nil
[INFO] [stderr] false=> nil==nil
[INFO] [stderr] true=> 30==30
[INFO] [stderr] false=> nil==nil
[INFO] [stderr] false=> nil==nil
[INFO] [stderr] true=> 31==31
[INFO] [stderr] false=> nil==nil
[INFO] [stderr] false=> nil==nil
[INFO] [stderr] true=> 32==32
[INFO] [stderr] false=> nil==nil
[INFO] [stderr] false=> nil==nil
[INFO] [stderr] true=> 33==33
[INFO] [stderr] ┈┈┈┈┈┈┈┈┈┈┈┈┈┈┈┈┈┈┈┈┈┈┈┈┈┈┈┈┈┈┈┈┈┈┈┈┈┈┈┈┈┈┈┈┈┈┈┈┈┈┈┈┈┈┈┈┈┈┈┈
[INFO] [stderr] 
[INFO] [stderr] STDERR:
[INFO] [stderr] ┈┈┈┈┈┈┈┈┈┈┈┈┈┈┈┈┈┈┈┈┈┈┈┈┈┈┈┈┈┈┈┈┈┈┈┈┈┈┈┈┈┈┈┈┈┈┈┈┈┈┈┈┈┈┈┈┈┈┈┈
[INFO] [stderr] warning: the feature `lint_reasons` has been stable since 1.81.0 and no longer requires an attribute to enable
[INFO] [stderr]  --> /opt/rustwide/workdir/src/lib.rs:6:12
[INFO] [stderr]   |
[INFO] [stderr] 6 | #![feature(lint_reasons)]
[INFO] [stderr]   |            ^^^^^^^^^^^^
[INFO] [stderr]   |
[INFO] [stderr]   = note: `#[warn(stable_features)]` on by default
[INFO] [stderr] ┈┈┈┈┈┈┈┈┈┈┈┈┈┈┈┈┈┈┈┈┈┈┈┈┈┈┈┈┈┈┈┈┈┈┈┈┈┈┈┈┈┈┈┈┈┈┈┈┈┈┈┈┈┈┈┈┈┈┈┈
[INFO] [stderr] 
[INFO] [stderr] test tests/pass/registers/fby.rs ... ok
[INFO] [stderr] 
[INFO] [stderr] STDOUT:
[INFO] [stderr] ┈┈┈┈┈┈┈┈┈┈┈┈┈┈┈┈┈┈┈┈┈┈┈┈┈┈┈┈┈┈┈┈┈┈┈┈┈┈┈┈┈┈┈┈┈┈┈┈┈┈┈┈┈┈┈┈┈┈┈┈
[INFO] [stderr] testing 0
[INFO] [stderr] witness 0
[INFO] [stderr] testing 5
[INFO] [stderr] witness 5
[INFO] [stderr] testing 4
[INFO] [stderr] witness 4
[INFO] [stderr] testing 3
[INFO] [stderr] witness 3
[INFO] [stderr] testing 23
[INFO] [stderr] witness 23
[INFO] [stderr] testing 35
[INFO] [stderr] witness 35
[INFO] [stderr] testing 4
[INFO] [stderr] witness 4
[INFO] [stderr] testing 9
[INFO] [stderr] witness 9
[INFO] [stderr] testing 49
[INFO] [stderr] witness 49
[INFO] [stderr] testing 85
[INFO] [stderr] witness 85
[INFO] [stderr] ┈┈┈┈┈┈┈┈┈┈┈┈┈┈┈┈┈┈┈┈┈┈┈┈┈┈┈┈┈┈┈┈┈┈┈┈┈┈┈┈┈┈┈┈┈┈┈┈┈┈┈┈┈┈┈┈┈┈┈┈
[INFO] [stderr] 
[INFO] [stderr] STDERR:
[INFO] [stderr] ┈┈┈┈┈┈┈┈┈┈┈┈┈┈┈┈┈┈┈┈┈┈┈┈┈┈┈┈┈┈┈┈┈┈┈┈┈┈┈┈┈┈┈┈┈┈┈┈┈┈┈┈┈┈┈┈┈┈┈┈
[INFO] [stderr] warning: the feature `lint_reasons` has been stable since 1.81.0 and no longer requires an attribute to enable
[INFO] [stderr]  --> /opt/rustwide/workdir/src/lib.rs:6:12
[INFO] [stderr]   |
[INFO] [stderr] 6 | #![feature(lint_reasons)]
[INFO] [stderr]   |            ^^^^^^^^^^^^
[INFO] [stderr]   |
[INFO] [stderr]   = note: `#[warn(stable_features)]` on by default
[INFO] [stderr] ┈┈┈┈┈┈┈┈┈┈┈┈┈┈┈┈┈┈┈┈┈┈┈┈┈┈┈┈┈┈┈┈┈┈┈┈┈┈┈┈┈┈┈┈┈┈┈┈┈┈┈┈┈┈┈┈┈┈┈┈
[INFO] [stderr] 
[INFO] [stderr] test tests/pass/registers/pre.rs ... ok
[INFO] [stderr] 
[INFO] [stderr] STDOUT:
[INFO] [stderr] ┈┈┈┈┈┈┈┈┈┈┈┈┈┈┈┈┈┈┈┈┈┈┈┈┈┈┈┈┈┈┈┈┈┈┈┈┈┈┈┈┈┈┈┈┈┈┈┈┈┈┈┈┈┈┈┈┈┈┈┈
[INFO] [stderr] testing 0
[INFO] [stderr] witness 0
[INFO] [stderr] testing 5
[INFO] [stderr] witness 5
[INFO] [stderr] testing 4
[INFO] [stderr] witness 4
[INFO] [stderr] testing 3
[INFO] [stderr] witness 3
[INFO] [stderr] testing 23
[INFO] [stderr] witness 23
[INFO] [stderr] testing 35
[INFO] [stderr] witness 35
[INFO] [stderr] testing 4
[INFO] [stderr] witness 4
[INFO] [stderr] testing 9
[INFO] [stderr] witness 9
[INFO] [stderr] testing 49
[INFO] [stderr] witness 49
[INFO] [stderr] testing 85
[INFO] [stderr] witness 85
[INFO] [stderr] ┈┈┈┈┈┈┈┈┈┈┈┈┈┈┈┈┈┈┈┈┈┈┈┈┈┈┈┈┈┈┈┈┈┈┈┈┈┈┈┈┈┈┈┈┈┈┈┈┈┈┈┈┈┈┈┈┈┈┈┈
[INFO] [stderr] 
[INFO] [stderr] STDERR:
[INFO] [stderr] ┈┈┈┈┈┈┈┈┈┈┈┈┈┈┈┈┈┈┈┈┈┈┈┈┈┈┈┈┈┈┈┈┈┈┈┈┈┈┈┈┈┈┈┈┈┈┈┈┈┈┈┈┈┈┈┈┈┈┈┈
[INFO] [stderr] warning: the feature `lint_reasons` has been stable since 1.81.0 and no longer requires an attribute to enable
[INFO] [stderr]  --> /opt/rustwide/workdir/src/lib.rs:6:12
[INFO] [stderr]   |
[INFO] [stderr] 6 | #![feature(lint_reasons)]
[INFO] [stderr]   |            ^^^^^^^^^^^^
[INFO] [stderr]   |
[INFO] [stderr]   = note: `#[warn(stable_features)]` on by default
[INFO] [stderr] ┈┈┈┈┈┈┈┈┈┈┈┈┈┈┈┈┈┈┈┈┈┈┈┈┈┈┈┈┈┈┈┈┈┈┈┈┈┈┈┈┈┈┈┈┈┈┈┈┈┈┈┈┈┈┈┈┈┈┈┈
[INFO] [stderr] 
[INFO] [stderr] 
[INFO] [stderr] 
[INFO] [stdout] test pass_registers ... ok
[INFO] [stderr] warning: the feature `lint_reasons` has been stable since 1.81.0 and no longer requires an attribute to enable
[INFO] [stderr]  --> /opt/rustwide/workdir/src/lib.rs:6:12
[INFO] [stderr]   |
[INFO] [stderr] 6 | #![feature(lint_reasons)]
[INFO] [stderr]   |            ^^^^^^^^^^^^
[INFO] [stderr]   |
[INFO] [stderr]   = note: `#[warn(stable_features)]` on by default
[INFO] [stderr] 
[INFO] [stderr] warning: `chandeliers-lus` (lib) generated 1 warning
[INFO] [stderr]    Compiling chandeliers-lus-tests v0.0.0 (/opt/rustwide/target/tests/trybuild/chandeliers-lus)
[INFO] [stderr]     Finished `dev` profile [unoptimized + debuginfo] target(s) in 0.21s
[INFO] [stderr] 
[INFO] [stderr] 
[INFO] [stderr] test tests/pass/std/counters.rs ... ok
[INFO] [stderr] 
[INFO] [stderr] STDERR:
[INFO] [stderr] ┈┈┈┈┈┈┈┈┈┈┈┈┈┈┈┈┈┈┈┈┈┈┈┈┈┈┈┈┈┈┈┈┈┈┈┈┈┈┈┈┈┈┈┈┈┈┈┈┈┈┈┈┈┈┈┈┈┈┈┈
[INFO] [stderr] warning: the feature `lint_reasons` has been stable since 1.81.0 and no longer requires an attribute to enable
[INFO] [stderr]  --> /opt/rustwide/workdir/src/lib.rs:6:12
[INFO] [stderr]   |
[INFO] [stderr] 6 | #![feature(lint_reasons)]
[INFO] [stderr]   |            ^^^^^^^^^^^^
[INFO] [stderr]   |
[INFO] [stderr]   = note: `#[warn(stable_features)]` on by default
[INFO] [stderr] ┈┈┈┈┈┈┈┈┈┈┈┈┈┈┈┈┈┈┈┈┈┈┈┈┈┈┈┈┈┈┈┈┈┈┈┈┈┈┈┈┈┈┈┈┈┈┈┈┈┈┈┈┈┈┈┈┈┈┈┈
[INFO] [stderr] 
[INFO] [stderr] test tests/pass/std/floateq.rs ... ok
[INFO] [stderr] 
[INFO] [stderr] STDERR:
[INFO] [stderr] ┈┈┈┈┈┈┈┈┈┈┈┈┈┈┈┈┈┈┈┈┈┈┈┈┈┈┈┈┈┈┈┈┈┈┈┈┈┈┈┈┈┈┈┈┈┈┈┈┈┈┈┈┈┈┈┈┈┈┈┈
[INFO] [stderr] warning: the feature `lint_reasons` has been stable since 1.81.0 and no longer requires an attribute to enable
[INFO] [stderr]  --> /opt/rustwide/workdir/src/lib.rs:6:12
[INFO] [stderr]   |
[INFO] [stderr] 6 | #![feature(lint_reasons)]
[INFO] [stderr]   |            ^^^^^^^^^^^^
[INFO] [stderr]   |
[INFO] [stderr]   = note: `#[warn(stable_features)]` on by default
[INFO] [stderr] ┈┈┈┈┈┈┈┈┈┈┈┈┈┈┈┈┈┈┈┈┈┈┈┈┈┈┈┈┈┈┈┈┈┈┈┈┈┈┈┈┈┈┈┈┈┈┈┈┈┈┈┈┈┈┈┈┈┈┈┈
[INFO] [stderr] 
[INFO] [stderr] test tests/pass/std/fulladder.rs ... ok
[INFO] [stderr] 
[INFO] [stderr] STDERR:
[INFO] [stderr] ┈┈┈┈┈┈┈┈┈┈┈┈┈┈┈┈┈┈┈┈┈┈┈┈┈┈┈┈┈┈┈┈┈┈┈┈┈┈┈┈┈┈┈┈┈┈┈┈┈┈┈┈┈┈┈┈┈┈┈┈
[INFO] [stderr] warning: the feature `lint_reasons` has been stable since 1.81.0 and no longer requires an attribute to enable
[INFO] [stderr]  --> /opt/rustwide/workdir/src/lib.rs:6:12
[INFO] [stderr]   |
[INFO] [stderr] 6 | #![feature(lint_reasons)]
[INFO] [stderr]   |            ^^^^^^^^^^^^
[INFO] [stderr]   |
[INFO] [stderr]   = note: `#[warn(stable_features)]` on by default
[INFO] [stderr] ┈┈┈┈┈┈┈┈┈┈┈┈┈┈┈┈┈┈┈┈┈┈┈┈┈┈┈┈┈┈┈┈┈┈┈┈┈┈┈┈┈┈┈┈┈┈┈┈┈┈┈┈┈┈┈┈┈┈┈┈
[INFO] [stderr] 
[INFO] [stderr] test tests/pass/std/merge.rs ... ok
[INFO] [stderr] 
[INFO] [stderr] STDERR:
[INFO] [stderr] ┈┈┈┈┈┈┈┈┈┈┈┈┈┈┈┈┈┈┈┈┈┈┈┈┈┈┈┈┈┈┈┈┈┈┈┈┈┈┈┈┈┈┈┈┈┈┈┈┈┈┈┈┈┈┈┈┈┈┈┈
[INFO] [stderr] warning: the feature `lint_reasons` has been stable since 1.81.0 and no longer requires an attribute to enable
[INFO] [stderr]  --> /opt/rustwide/workdir/src/lib.rs:6:12
[INFO] [stderr]   |
[INFO] [stderr] 6 | #![feature(lint_reasons)]
[INFO] [stderr]   |            ^^^^^^^^^^^^
[INFO] [stderr]   |
[INFO] [stderr]   = note: `#[warn(stable_features)]` on by default
[INFO] [stderr] ┈┈┈┈┈┈┈┈┈┈┈┈┈┈┈┈┈┈┈┈┈┈┈┈┈┈┈┈┈┈┈┈┈┈┈┈┈┈┈┈┈┈┈┈┈┈┈┈┈┈┈┈┈┈┈┈┈┈┈┈
[INFO] [stderr] 
[INFO] [stderr] test tests/pass/std/rand.rs ... ok
[INFO] [stderr] 
[INFO] [stderr] STDERR:
[INFO] [stderr] ┈┈┈┈┈┈┈┈┈┈┈┈┈┈┈┈┈┈┈┈┈┈┈┈┈┈┈┈┈┈┈┈┈┈┈┈┈┈┈┈┈┈┈┈┈┈┈┈┈┈┈┈┈┈┈┈┈┈┈┈
[INFO] [stderr] warning: the feature `lint_reasons` has been stable since 1.81.0 and no longer requires an attribute to enable
[INFO] [stderr]  --> /opt/rustwide/workdir/src/lib.rs:6:12
[INFO] [stderr]   |
[INFO] [stderr] 6 | #![feature(lint_reasons)]
[INFO] [stderr]   |            ^^^^^^^^^^^^
[INFO] [stderr]   |
[INFO] [stderr]   = note: `#[warn(stable_features)]` on by default
[INFO] [stderr] ┈┈┈┈┈┈┈┈┈┈┈┈┈┈┈┈┈┈┈┈┈┈┈┈┈┈┈┈┈┈┈┈┈┈┈┈┈┈┈┈┈┈┈┈┈┈┈┈┈┈┈┈┈┈┈┈┈┈┈┈
[INFO] [stderr] 
[INFO] [stderr] test tests/pass/std/slow.rs ... ok
[INFO] [stderr] 
[INFO] [stderr] STDERR:
[INFO] [stderr] ┈┈┈┈┈┈┈┈┈┈┈┈┈┈┈┈┈┈┈┈┈┈┈┈┈┈┈┈┈┈┈┈┈┈┈┈┈┈┈┈┈┈┈┈┈┈┈┈┈┈┈┈┈┈┈┈┈┈┈┈
[INFO] [stderr] warning: the feature `lint_reasons` has been stable since 1.81.0 and no longer requires an attribute to enable
[INFO] [stderr]  --> /opt/rustwide/workdir/src/lib.rs:6:12
[INFO] [stderr]   |
[INFO] [stderr] 6 | #![feature(lint_reasons)]
[INFO] [stderr]   |            ^^^^^^^^^^^^
[INFO] [stderr]   |
[INFO] [stderr]   = note: `#[warn(stable_features)]` on by default
[INFO] [stderr] 
[INFO] [stderr]       blink <- ()
[INFO] [stderr]       blink -> (b=true)
[INFO] [stderr]       counter <- ()
[INFO] [stderr]       counter -> (n=0)
[INFO] [stderr]       blink <- ()
[INFO] [stderr]       blink -> (b=false)
[INFO] [stderr]       counter <- ()
[INFO] [stderr]       counter -> (n=0)
[INFO] [stderr]       blink <- ()
[INFO] [stderr]       blink -> (b=true)
[INFO] [stderr]       counter <- ()
[INFO] [stderr]       counter -> (n=1)
[INFO] [stderr]       blink <- ()
[INFO] [stderr]       blink -> (b=false)
[INFO] [stderr]       counter <- ()
[INFO] [stderr]       counter -> (n=1)
[INFO] [stderr]       blink <- ()
[INFO] [stderr]       blink -> (b=true)
[INFO] [stderr]       counter <- ()
[INFO] [stderr]       counter -> (n=2)
[INFO] [stderr]       blink <- ()
[INFO] [stderr]       blink -> (b=false)
[INFO] [stderr]       counter <- ()
[INFO] [stderr]       counter -> (n=2)
[INFO] [stderr]       blink <- ()
[INFO] [stderr]       blink -> (b=true)
[INFO] [stderr]       counter <- ()
[INFO] [stderr]       counter -> (n=3)
[INFO] [stderr]       blink <- ()
[INFO] [stderr]       blink -> (b=false)
[INFO] [stderr]       counter <- ()
[INFO] [stderr]       counter -> (n=3)
[INFO] [stderr]       blink <- ()
[INFO] [stderr]       blink -> (b=true)
[INFO] [stderr]       counter <- ()
[INFO] [stderr]       counter -> (n=4)
[INFO] [stderr]       blink <- ()
[INFO] [stderr]       blink -> (b=false)
[INFO] [stderr]       counter <- ()
[INFO] [stderr]       counter -> (n=4)
[INFO] [stderr] ┈┈┈┈┈┈┈┈┈┈┈┈┈┈┈┈┈┈┈┈┈┈┈┈┈┈┈┈┈┈┈┈┈┈┈┈┈┈┈┈┈┈┈┈┈┈┈┈┈┈┈┈┈┈┈┈┈┈┈┈
[INFO] [stderr] 
[INFO] [stderr] 
[INFO] [stderr] 
[INFO] [stdout] test pass_std ... ok
[INFO] [stderr] warning: the feature `lint_reasons` has been stable since 1.81.0 and no longer requires an attribute to enable
[INFO] [stderr]  --> /opt/rustwide/workdir/src/lib.rs:6:12
[INFO] [stderr]   |
[INFO] [stderr] 6 | #![feature(lint_reasons)]
[INFO] [stderr]   |            ^^^^^^^^^^^^
[INFO] [stderr]   |
[INFO] [stderr]   = note: `#[warn(stable_features)]` on by default
[INFO] [stderr] 
[INFO] [stderr] warning: `chandeliers-lus` (lib) generated 1 warning
[INFO] [stderr]    Compiling chandeliers-lus-tests v0.0.0 (/opt/rustwide/target/tests/trybuild/chandeliers-lus)
[INFO] [stderr]     Finished `dev` profile [unoptimized + debuginfo] target(s) in 0.22s
[INFO] [stderr] 
[INFO] [stderr] 
[INFO] [stderr] test tests/pass/syn/args.rs ... ok
[INFO] [stderr] 
[INFO] [stderr] STDERR:
[INFO] [stderr] ┈┈┈┈┈┈┈┈┈┈┈┈┈┈┈┈┈┈┈┈┈┈┈┈┈┈┈┈┈┈┈┈┈┈┈┈┈┈┈┈┈┈┈┈┈┈┈┈┈┈┈┈┈┈┈┈┈┈┈┈
[INFO] [stderr] warning: the feature `lint_reasons` has been stable since 1.81.0 and no longer requires an attribute to enable
[INFO] [stderr]  --> /opt/rustwide/workdir/src/lib.rs:6:12
[INFO] [stderr]   |
[INFO] [stderr] 6 | #![feature(lint_reasons)]
[INFO] [stderr]   |            ^^^^^^^^^^^^
[INFO] [stderr]   |
[INFO] [stderr]   = note: `#[warn(stable_features)]` on by default
[INFO] [stderr] ┈┈┈┈┈┈┈┈┈┈┈┈┈┈┈┈┈┈┈┈┈┈┈┈┈┈┈┈┈┈┈┈┈┈┈┈┈┈┈┈┈┈┈┈┈┈┈┈┈┈┈┈┈┈┈┈┈┈┈┈
[INFO] [stderr] 
[INFO] [stderr] test tests/pass/syn/assoc.rs ... ok
[INFO] [stderr] 
[INFO] [stderr] STDERR:
[INFO] [stderr] ┈┈┈┈┈┈┈┈┈┈┈┈┈┈┈┈┈┈┈┈┈┈┈┈┈┈┈┈┈┈┈┈┈┈┈┈┈┈┈┈┈┈┈┈┈┈┈┈┈┈┈┈┈┈┈┈┈┈┈┈
[INFO] [stderr] warning: the feature `lint_reasons` has been stable since 1.81.0 and no longer requires an attribute to enable
[INFO] [stderr]  --> /opt/rustwide/workdir/src/lib.rs:6:12
[INFO] [stderr]   |
[INFO] [stderr] 6 | #![feature(lint_reasons)]
[INFO] [stderr]   |            ^^^^^^^^^^^^
[INFO] [stderr]   |
[INFO] [stderr]   = note: `#[warn(stable_features)]` on by default
[INFO] [stderr] ┈┈┈┈┈┈┈┈┈┈┈┈┈┈┈┈┈┈┈┈┈┈┈┈┈┈┈┈┈┈┈┈┈┈┈┈┈┈┈┈┈┈┈┈┈┈┈┈┈┈┈┈┈┈┈┈┈┈┈┈
[INFO] [stderr] 
[INFO] [stderr] test tests/pass/syn/fby-assoc.rs ... ok
[INFO] [stderr] 
[INFO] [stderr] STDERR:
[INFO] [stderr] ┈┈┈┈┈┈┈┈┈┈┈┈┈┈┈┈┈┈┈┈┈┈┈┈┈┈┈┈┈┈┈┈┈┈┈┈┈┈┈┈┈┈┈┈┈┈┈┈┈┈┈┈┈┈┈┈┈┈┈┈
[INFO] [stderr] warning: the feature `lint_reasons` has been stable since 1.81.0 and no longer requires an attribute to enable
[INFO] [stderr]  --> /opt/rustwide/workdir/src/lib.rs:6:12
[INFO] [stderr]   |
[INFO] [stderr] 6 | #![feature(lint_reasons)]
[INFO] [stderr]   |            ^^^^^^^^^^^^
[INFO] [stderr]   |
[INFO] [stderr]   = note: `#[warn(stable_features)]` on by default
[INFO] [stderr] 
[INFO] [stderr]       testing <- ()
[INFO] [stderr]       testing -> (i=0, j=0)
[INFO] [stderr]       testing <- ()
[INFO] [stderr]       testing -> (i=1, j=0)
[INFO] [stderr]       testing <- ()
[INFO] [stderr]       testing -> (i=2, j=0)
[INFO] [stderr]       testing <- ()
[INFO] [stderr]       testing -> (i=2, j=1)
[INFO] [stderr]       testing <- ()
[INFO] [stderr]       testing -> (i=2, j=2)
[INFO] [stderr]       testing <- ()
[INFO] [stderr]       testing -> (i=2, j=3)
[INFO] [stderr]       testing <- ()
[INFO] [stderr]       testing -> (i=2, j=4)
[INFO] [stderr] ┈┈┈┈┈┈┈┈┈┈┈┈┈┈┈┈┈┈┈┈┈┈┈┈┈┈┈┈┈┈┈┈┈┈┈┈┈┈┈┈┈┈┈┈┈┈┈┈┈┈┈┈┈┈┈┈┈┈┈┈
[INFO] [stderr] 
[INFO] [stderr] test tests/pass/syn/iftup.rs ... ok
[INFO] [stderr] 
[INFO] [stderr] STDERR:
[INFO] [stderr] ┈┈┈┈┈┈┈┈┈┈┈┈┈┈┈┈┈┈┈┈┈┈┈┈┈┈┈┈┈┈┈┈┈┈┈┈┈┈┈┈┈┈┈┈┈┈┈┈┈┈┈┈┈┈┈┈┈┈┈┈
[INFO] [stderr] warning: the feature `lint_reasons` has been stable since 1.81.0 and no longer requires an attribute to enable
[INFO] [stderr]  --> /opt/rustwide/workdir/src/lib.rs:6:12
[INFO] [stderr]   |
[INFO] [stderr] 6 | #![feature(lint_reasons)]
[INFO] [stderr]   |            ^^^^^^^^^^^^
[INFO] [stderr]   |
[INFO] [stderr]   = note: `#[warn(stable_features)]` on by default
[INFO] [stderr] ┈┈┈┈┈┈┈┈┈┈┈┈┈┈┈┈┈┈┈┈┈┈┈┈┈┈┈┈┈┈┈┈┈┈┈┈┈┈┈┈┈┈┈┈┈┈┈┈┈┈┈┈┈┈┈┈┈┈┈┈
[INFO] [stderr] 
[INFO] [stderr] test tests/pass/syn/node-ordering.rs ... ok
[INFO] [stderr] 
[INFO] [stderr] STDERR:
[INFO] [stderr] ┈┈┈┈┈┈┈┈┈┈┈┈┈┈┈┈┈┈┈┈┈┈┈┈┈┈┈┈┈┈┈┈┈┈┈┈┈┈┈┈┈┈┈┈┈┈┈┈┈┈┈┈┈┈┈┈┈┈┈┈
[INFO] [stderr] warning: the feature `lint_reasons` has been stable since 1.81.0 and no longer requires an attribute to enable
[INFO] [stderr]  --> /opt/rustwide/workdir/src/lib.rs:6:12
[INFO] [stderr]   |
[INFO] [stderr] 6 | #![feature(lint_reasons)]
[INFO] [stderr]   |            ^^^^^^^^^^^^
[INFO] [stderr]   |
[INFO] [stderr]   = note: `#[warn(stable_features)]` on by default
[INFO] [stderr] ┈┈┈┈┈┈┈┈┈┈┈┈┈┈┈┈┈┈┈┈┈┈┈┈┈┈┈┈┈┈┈┈┈┈┈┈┈┈┈┈┈┈┈┈┈┈┈┈┈┈┈┈┈┈┈┈┈┈┈┈
[INFO] [stderr] 
[INFO] [stderr] test tests/pass/syn/then-assoc.rs ... ok
[INFO] [stderr] 
[INFO] [stderr] STDERR:
[INFO] [stderr] ┈┈┈┈┈┈┈┈┈┈┈┈┈┈┈┈┈┈┈┈┈┈┈┈┈┈┈┈┈┈┈┈┈┈┈┈┈┈┈┈┈┈┈┈┈┈┈┈┈┈┈┈┈┈┈┈┈┈┈┈
[INFO] [stderr] warning: the feature `lint_reasons` has been stable since 1.81.0 and no longer requires an attribute to enable
[INFO] [stderr]  --> /opt/rustwide/workdir/src/lib.rs:6:12
[INFO] [stderr]   |
[INFO] [stderr] 6 | #![feature(lint_reasons)]
[INFO] [stderr]   |            ^^^^^^^^^^^^
[INFO] [stderr]   |
[INFO] [stderr]   = note: `#[warn(stable_features)]` on by default
[INFO] [stderr] 
[INFO] [stderr]       testing <- ()
[INFO] [stderr]       testing -> (i=0, j=0)
[INFO] [stderr]       testing <- ()
[INFO] [stderr]       testing -> (i=1, j=1)
[INFO] [stderr]       testing <- ()
[INFO] [stderr]       testing -> (i=2, j=2)
[INFO] [stderr]       testing <- ()
[INFO] [stderr]       testing -> (i=2, j=3)
[INFO] [stderr]       testing <- ()
[INFO] [stderr]       testing -> (i=2, j=4)
[INFO] [stderr]       testing <- ()
[INFO] [stderr]       testing -> (i=2, j=5)
[INFO] [stderr]       testing <- ()
[INFO] [stderr]       testing -> (i=2, j=6)
[INFO] [stderr] ┈┈┈┈┈┈┈┈┈┈┈┈┈┈┈┈┈┈┈┈┈┈┈┈┈┈┈┈┈┈┈┈┈┈┈┈┈┈┈┈┈┈┈┈┈┈┈┈┈┈┈┈┈┈┈┈┈┈┈┈
[INFO] [stderr] 
[INFO] [stderr] test tests/pass/syn/tup-feedback.rs ... ok
[INFO] [stderr] 
[INFO] [stderr] STDERR:
[INFO] [stderr] ┈┈┈┈┈┈┈┈┈┈┈┈┈┈┈┈┈┈┈┈┈┈┈┈┈┈┈┈┈┈┈┈┈┈┈┈┈┈┈┈┈┈┈┈┈┈┈┈┈┈┈┈┈┈┈┈┈┈┈┈
[INFO] [stderr] warning: the feature `lint_reasons` has been stable since 1.81.0 and no longer requires an attribute to enable
[INFO] [stderr]  --> /opt/rustwide/workdir/src/lib.rs:6:12
[INFO] [stderr]   |
[INFO] [stderr] 6 | #![feature(lint_reasons)]
[INFO] [stderr]   |            ^^^^^^^^^^^^
[INFO] [stderr]   |
[INFO] [stderr]   = note: `#[warn(stable_features)]` on by default
[INFO] [stderr] ┈┈┈┈┈┈┈┈┈┈┈┈┈┈┈┈┈┈┈┈┈┈┈┈┈┈┈┈┈┈┈┈┈┈┈┈┈┈┈┈┈┈┈┈┈┈┈┈┈┈┈┈┈┈┈┈┈┈┈┈
[INFO] [stderr] 
[INFO] [stderr] test tests/pass/syn/unit-arg.rs ... ok
[INFO] [stderr] 
[INFO] [stderr] STDERR:
[INFO] [stderr] ┈┈┈┈┈┈┈┈┈┈┈┈┈┈┈┈┈┈┈┈┈┈┈┈┈┈┈┈┈┈┈┈┈┈┈┈┈┈┈┈┈┈┈┈┈┈┈┈┈┈┈┈┈┈┈┈┈┈┈┈
[INFO] [stderr] warning: the feature `lint_reasons` has been stable since 1.81.0 and no longer requires an attribute to enable
[INFO] [stderr]  --> /opt/rustwide/workdir/src/lib.rs:6:12
[INFO] [stderr]   |
[INFO] [stderr] 6 | #![feature(lint_reasons)]
[INFO] [stderr]   |            ^^^^^^^^^^^^
[INFO] [stderr]   |
[INFO] [stderr]   = note: `#[warn(stable_features)]` on by default
[INFO] [stderr] ┈┈┈┈┈┈┈┈┈┈┈┈┈┈┈┈┈┈┈┈┈┈┈┈┈┈┈┈┈┈┈┈┈┈┈┈┈┈┈┈┈┈┈┈┈┈┈┈┈┈┈┈┈┈┈┈┈┈┈┈
[INFO] [stderr] 
[INFO] [stderr] 
[INFO] [stderr] 
[INFO] [stdout] test pass_syn ... ok
[INFO] [stderr] warning: the feature `lint_reasons` has been stable since 1.81.0 and no longer requires an attribute to enable
[INFO] [stderr]  --> /opt/rustwide/workdir/src/lib.rs:6:12
[INFO] [stderr]   |
[INFO] [stderr] 6 | #![feature(lint_reasons)]
[INFO] [stderr]   |            ^^^^^^^^^^^^
[INFO] [stderr]   |
[INFO] [stderr]   = note: `#[warn(stable_features)]` on by default
[INFO] [stderr] 
[INFO] [stderr] warning: `chandeliers-lus` (lib) generated 1 warning
[INFO] [stderr]    Compiling chandeliers-lus-tests v0.0.0 (/opt/rustwide/target/tests/trybuild/chandeliers-lus)
[INFO] [stderr]     Finished `dev` profile [unoptimized + debuginfo] target(s) in 0.23s
[INFO] [stderr] 
[INFO] [stderr] 
[INFO] [stderr] test tests/pass/ui/assign.rs ... ok
[INFO] [stderr] 
[INFO] [stderr] STDERR:
[INFO] [stderr] ┈┈┈┈┈┈┈┈┈┈┈┈┈┈┈┈┈┈┈┈┈┈┈┈┈┈┈┈┈┈┈┈┈┈┈┈┈┈┈┈┈┈┈┈┈┈┈┈┈┈┈┈┈┈┈┈┈┈┈┈
[INFO] [stderr] warning: the feature `lint_reasons` has been stable since 1.81.0 and no longer requires an attribute to enable
[INFO] [stderr]  --> /opt/rustwide/workdir/src/lib.rs:6:12
[INFO] [stderr]   |
[INFO] [stderr] 6 | #![feature(lint_reasons)]
[INFO] [stderr]   |            ^^^^^^^^^^^^
[INFO] [stderr]   |
[INFO] [stderr]   = note: `#[warn(stable_features)]` on by default
[INFO] [stderr] ┈┈┈┈┈┈┈┈┈┈┈┈┈┈┈┈┈┈┈┈┈┈┈┈┈┈┈┈┈┈┈┈┈┈┈┈┈┈┈┈┈┈┈┈┈┈┈┈┈┈┈┈┈┈┈┈┈┈┈┈
[INFO] [stderr] 
[INFO] [stderr] test tests/pass/ui/atomics.rs ... ok
[INFO] [stderr] 
[INFO] [stderr] STDERR:
[INFO] [stderr] ┈┈┈┈┈┈┈┈┈┈┈┈┈┈┈┈┈┈┈┈┈┈┈┈┈┈┈┈┈┈┈┈┈┈┈┈┈┈┈┈┈┈┈┈┈┈┈┈┈┈┈┈┈┈┈┈┈┈┈┈
[INFO] [stderr] warning: the feature `lint_reasons` has been stable since 1.81.0 and no longer requires an attribute to enable
[INFO] [stderr]  --> /opt/rustwide/workdir/src/lib.rs:6:12
[INFO] [stderr]   |
[INFO] [stderr] 6 | #![feature(lint_reasons)]
[INFO] [stderr]   |            ^^^^^^^^^^^^
[INFO] [stderr]   |
[INFO] [stderr]   = note: `#[warn(stable_features)]` on by default
[INFO] [stderr] ┈┈┈┈┈┈┈┈┈┈┈┈┈┈┈┈┈┈┈┈┈┈┈┈┈┈┈┈┈┈┈┈┈┈┈┈┈┈┈┈┈┈┈┈┈┈┈┈┈┈┈┈┈┈┈┈┈┈┈┈
[INFO] [stderr] 
[INFO] [stderr] test tests/pass/ui/collision.rs ... ok
[INFO] [stderr] 
[INFO] [stderr] STDERR:
[INFO] [stderr] ┈┈┈┈┈┈┈┈┈┈┈┈┈┈┈┈┈┈┈┈┈┈┈┈┈┈┈┈┈┈┈┈┈┈┈┈┈┈┈┈┈┈┈┈┈┈┈┈┈┈┈┈┈┈┈┈┈┈┈┈
[INFO] [stderr] warning: the feature `lint_reasons` has been stable since 1.81.0 and no longer requires an attribute to enable
[INFO] [stderr]  --> /opt/rustwide/workdir/src/lib.rs:6:12
[INFO] [stderr]   |
[INFO] [stderr] 6 | #![feature(lint_reasons)]
[INFO] [stderr]   |            ^^^^^^^^^^^^
[INFO] [stderr]   |
[INFO] [stderr]   = note: `#[warn(stable_features)]` on by default
[INFO] [stderr] ┈┈┈┈┈┈┈┈┈┈┈┈┈┈┈┈┈┈┈┈┈┈┈┈┈┈┈┈┈┈┈┈┈┈┈┈┈┈┈┈┈┈┈┈┈┈┈┈┈┈┈┈┈┈┈┈┈┈┈┈
[INFO] [stderr] 
[INFO] [stderr] test tests/pass/ui/constexpr.rs ... ok
[INFO] [stderr] 
[INFO] [stderr] STDERR:
[INFO] [stderr] ┈┈┈┈┈┈┈┈┈┈┈┈┈┈┈┈┈┈┈┈┈┈┈┈┈┈┈┈┈┈┈┈┈┈┈┈┈┈┈┈┈┈┈┈┈┈┈┈┈┈┈┈┈┈┈┈┈┈┈┈
[INFO] [stderr] warning: the feature `lint_reasons` has been stable since 1.81.0 and no longer requires an attribute to enable
[INFO] [stderr]  --> /opt/rustwide/workdir/src/lib.rs:6:12
[INFO] [stderr]   |
[INFO] [stderr] 6 | #![feature(lint_reasons)]
[INFO] [stderr]   |            ^^^^^^^^^^^^
[INFO] [stderr]   |
[INFO] [stderr]   = note: `#[warn(stable_features)]` on by default
[INFO] [stderr] ┈┈┈┈┈┈┈┈┈┈┈┈┈┈┈┈┈┈┈┈┈┈┈┈┈┈┈┈┈┈┈┈┈┈┈┈┈┈┈┈┈┈┈┈┈┈┈┈┈┈┈┈┈┈┈┈┈┈┈┈
[INFO] [stderr] 
[INFO] [stderr] test tests/pass/ui/empty.rs ... ok
[INFO] [stderr] 
[INFO] [stderr] STDERR:
[INFO] [stderr] ┈┈┈┈┈┈┈┈┈┈┈┈┈┈┈┈┈┈┈┈┈┈┈┈┈┈┈┈┈┈┈┈┈┈┈┈┈┈┈┈┈┈┈┈┈┈┈┈┈┈┈┈┈┈┈┈┈┈┈┈
[INFO] [stderr] warning: the feature `lint_reasons` has been stable since 1.81.0 and no longer requires an attribute to enable
[INFO] [stderr]  --> /opt/rustwide/workdir/src/lib.rs:6:12
[INFO] [stderr]   |
[INFO] [stderr] 6 | #![feature(lint_reasons)]
[INFO] [stderr]   |            ^^^^^^^^^^^^
[INFO] [stderr]   |
[INFO] [stderr]   = note: `#[warn(stable_features)]` on by default
[INFO] [stderr] ┈┈┈┈┈┈┈┈┈┈┈┈┈┈┈┈┈┈┈┈┈┈┈┈┈┈┈┈┈┈┈┈┈┈┈┈┈┈┈┈┈┈┈┈┈┈┈┈┈┈┈┈┈┈┈┈┈┈┈┈
[INFO] [stderr] 
[INFO] [stderr] test tests/pass/ui/kw.rs ... ok
[INFO] [stderr] 
[INFO] [stderr] STDERR:
[INFO] [stderr] ┈┈┈┈┈┈┈┈┈┈┈┈┈┈┈┈┈┈┈┈┈┈┈┈┈┈┈┈┈┈┈┈┈┈┈┈┈┈┈┈┈┈┈┈┈┈┈┈┈┈┈┈┈┈┈┈┈┈┈┈
[INFO] [stderr] warning: the feature `lint_reasons` has been stable since 1.81.0 and no longer requires an attribute to enable
[INFO] [stderr]  --> /opt/rustwide/workdir/src/lib.rs:6:12
[INFO] [stderr]   |
[INFO] [stderr] 6 | #![feature(lint_reasons)]
[INFO] [stderr]   |            ^^^^^^^^^^^^
[INFO] [stderr]   |
[INFO] [stderr]   = note: `#[warn(stable_features)]` on by default
[INFO] [stderr] ┈┈┈┈┈┈┈┈┈┈┈┈┈┈┈┈┈┈┈┈┈┈┈┈┈┈┈┈┈┈┈┈┈┈┈┈┈┈┈┈┈┈┈┈┈┈┈┈┈┈┈┈┈┈┈┈┈┈┈┈
[INFO] [stderr] 
[INFO] [stderr] test tests/pass/ui/repeated-extern.rs ... ok
[INFO] [stderr] 
[INFO] [stderr] STDERR:
[INFO] [stderr] ┈┈┈┈┈┈┈┈┈┈┈┈┈┈┈┈┈┈┈┈┈┈┈┈┈┈┈┈┈┈┈┈┈┈┈┈┈┈┈┈┈┈┈┈┈┈┈┈┈┈┈┈┈┈┈┈┈┈┈┈
[INFO] [stderr] warning: the feature `lint_reasons` has been stable since 1.81.0 and no longer requires an attribute to enable
[INFO] [stderr]  --> /opt/rustwide/workdir/src/lib.rs:6:12
[INFO] [stderr]   |
[INFO] [stderr] 6 | #![feature(lint_reasons)]
[INFO] [stderr]   |            ^^^^^^^^^^^^
[INFO] [stderr]   |
[INFO] [stderr]   = note: `#[warn(stable_features)]` on by default
[INFO] [stderr] ┈┈┈┈┈┈┈┈┈┈┈┈┈┈┈┈┈┈┈┈┈┈┈┈┈┈┈┈┈┈┈┈┈┈┈┈┈┈┈┈┈┈┈┈┈┈┈┈┈┈┈┈┈┈┈┈┈┈┈┈
[INFO] [stderr] 
[INFO] [stderr] test tests/pass/ui/same-name.rs ... ok
[INFO] [stderr] 
[INFO] [stderr] STDERR:
[INFO] [stderr] ┈┈┈┈┈┈┈┈┈┈┈┈┈┈┈┈┈┈┈┈┈┈┈┈┈┈┈┈┈┈┈┈┈┈┈┈┈┈┈┈┈┈┈┈┈┈┈┈┈┈┈┈┈┈┈┈┈┈┈┈
[INFO] [stderr] warning: the feature `lint_reasons` has been stable since 1.81.0 and no longer requires an attribute to enable
[INFO] [stderr]  --> /opt/rustwide/workdir/src/lib.rs:6:12
[INFO] [stderr]   |
[INFO] [stderr] 6 | #![feature(lint_reasons)]
[INFO] [stderr]   |            ^^^^^^^^^^^^
[INFO] [stderr]   |
[INFO] [stderr]   = note: `#[warn(stable_features)]` on by default
[INFO] [stderr] ┈┈┈┈┈┈┈┈┈┈┈┈┈┈┈┈┈┈┈┈┈┈┈┈┈┈┈┈┈┈┈┈┈┈┈┈┈┈┈┈┈┈┈┈┈┈┈┈┈┈┈┈┈┈┈┈┈┈┈┈
[INFO] [stderr] 
[INFO] [stderr] test tests/pass/ui/unit-tuple.rs ... ok
[INFO] [stderr] 
[INFO] [stderr] STDERR:
[INFO] [stderr] ┈┈┈┈┈┈┈┈┈┈┈┈┈┈┈┈┈┈┈┈┈┈┈┈┈┈┈┈┈┈┈┈┈┈┈┈┈┈┈┈┈┈┈┈┈┈┈┈┈┈┈┈┈┈┈┈┈┈┈┈
[INFO] [stderr] warning: the feature `lint_reasons` has been stable since 1.81.0 and no longer requires an attribute to enable
[INFO] [stderr]  --> /opt/rustwide/workdir/src/lib.rs:6:12
[INFO] [stderr]   |
[INFO] [stderr] 6 | #![feature(lint_reasons)]
[INFO] [stderr]   |            ^^^^^^^^^^^^
[INFO] [stderr]   |
[INFO] [stderr]   = note: `#[warn(stable_features)]` on by default
[INFO] [stderr] ┈┈┈┈┈┈┈┈┈┈┈┈┈┈┈┈┈┈┈┈┈┈┈┈┈┈┈┈┈┈┈┈┈┈┈┈┈┈┈┈┈┈┈┈┈┈┈┈┈┈┈┈┈┈┈┈┈┈┈┈
[INFO] [stderr] 
[INFO] [stderr] 
[INFO] [stderr] 
[INFO] [stdout] test pass_ui ... ok
[INFO] [stderr] warning: the feature `lint_reasons` has been stable since 1.81.0 and no longer requires an attribute to enable
[INFO] [stderr]  --> /opt/rustwide/workdir/src/lib.rs:6:12
[INFO] [stderr]   |
[INFO] [stderr] 6 | #![feature(lint_reasons)]
[INFO] [stderr]   |            ^^^^^^^^^^^^
[INFO] [stderr]   |
[INFO] [stderr]   = note: `#[warn(stable_features)]` on by default
[INFO] [stderr] 
[INFO] [stderr] warning: `chandeliers-lus` (lib) generated 1 warning
[INFO] [stderr]     Checking chandeliers-lus-tests v0.0.0 (/opt/rustwide/target/tests/trybuild/chandeliers-lus)
[INFO] [stderr]     Finished `dev` profile [unoptimized + debuginfo] target(s) in 0.09s
[INFO] [stderr] 
[INFO] [stderr] 
[INFO] [stderr] test tests/warn/dead_code/exported.rs ... ok
[INFO] [stderr] test tests/warn/dead_code/hidden-main.rs ... ok
[INFO] [stderr] test tests/warn/dead_code/never-read.rs ... ok
[INFO] [stderr] test tests/warn/dead_code/unused-import.rs ... ok
[INFO] [stderr] test tests/warn/dead_code/unused-toplevel.rs ... ok
[INFO] [stderr] test tests/warn/dead_code/unused.rs ... ok
[INFO] [stderr] 
[INFO] [stderr] 
[INFO] [stdout] test warn_dead_code ... ok
[INFO] [stderr] warning: the feature `lint_reasons` has been stable since 1.81.0 and no longer requires an attribute to enable
[INFO] [stderr]  --> /opt/rustwide/workdir/src/lib.rs:6:12
[INFO] [stderr]   |
[INFO] [stderr] 6 | #![feature(lint_reasons)]
[INFO] [stderr]   |            ^^^^^^^^^^^^
[INFO] [stderr]   |
[INFO] [stderr]   = note: `#[warn(stable_features)]` on by default
[INFO] [stderr] 
[INFO] [stderr] warning: `chandeliers-lus` (lib) generated 1 warning
[INFO] [stderr]     Checking chandeliers-lus-tests v0.0.0 (/opt/rustwide/target/tests/trybuild/chandeliers-lus)
[INFO] [stderr]     Finished `dev` profile [unoptimized + debuginfo] target(s) in 0.11s
[INFO] [stderr] 
[INFO] [stderr] 
[INFO] [stderr] test tests/warn/options/redundant.rs ... ok
[INFO] [stderr] 
[INFO] [stderr] 
[INFO] [stdout] test warn_options ... ok
[INFO] [stdout] 
[INFO] [stdout] failures:
[INFO] [stdout] 
[INFO] [stdout] ---- fail_ui_tc stdout ----
[INFO] [stdout] thread 'fail_ui_tc' panicked at /opt/rustwide/cargo-home/registry/src/index.crates.io-6f17d22bba15001f/trybuild-1.0.101/src/run.rs:101:13:
[INFO] [stdout] 1 of 42 tests failed
[INFO] [stdout] stack backtrace:
[INFO] [stdout]    0:     0x71a5d32ef60a - std::backtrace_rs::backtrace::libunwind::trace::h207520d6e9873551
[INFO] [stdout]                                at /rustc/df4ca44d3fbc9301ee17f30f4d474e6ae4b05252/library/std/src/../../backtrace/src/backtrace/libunwind.rs:116:5
[INFO] [stdout]    1:     0x71a5d32ef60a - std::backtrace_rs::backtrace::trace_unsynchronized::h2ed7433f370e3eca
[INFO] [stdout]                                at /rustc/df4ca44d3fbc9301ee17f30f4d474e6ae4b05252/library/std/src/../../backtrace/src/backtrace/mod.rs:66:5
[INFO] [stdout]    2:     0x71a5d32ef60a - std::sys::backtrace::_print_fmt::h916fac51166b18d7
[INFO] [stdout]                                at /rustc/df4ca44d3fbc9301ee17f30f4d474e6ae4b05252/library/std/src/sys/backtrace.rs:66:9
[INFO] [stdout]    3:     0x71a5d32ef60a - <std::sys::backtrace::BacktraceLock::print::DisplayBacktrace as core::fmt::Display>::fmt::ha0a4c9b8ce3802e6
[INFO] [stdout]                                at /rustc/df4ca44d3fbc9301ee17f30f4d474e6ae4b05252/library/std/src/sys/backtrace.rs:39:26
[INFO] [stdout]    4:     0x71a5d333fbb3 - core::fmt::rt::Argument::fmt::h4cfc8587d52b3eb5
[INFO] [stdout]                                at /rustc/df4ca44d3fbc9301ee17f30f4d474e6ae4b05252/library/core/src/fmt/rt.rs:177:76
[INFO] [stdout]    5:     0x71a5d333fbb3 - core::fmt::write::h522cc39e5b36ae9f
[INFO] [stdout]                                at /rustc/df4ca44d3fbc9301ee17f30f4d474e6ae4b05252/library/core/src/fmt/mod.rs:1190:21
[INFO] [stdout]    6:     0x71a5d32e2fa3 - std::io::Write::write_fmt::h7d3c26752da97734
[INFO] [stdout]                                at /rustc/df4ca44d3fbc9301ee17f30f4d474e6ae4b05252/library/std/src/io/mod.rs:1839:15
[INFO] [stdout]    7:     0x71a5d32ef452 - std::sys::backtrace::BacktraceLock::print::h4b9e00b29e9c0942
[INFO] [stdout]                                at /rustc/df4ca44d3fbc9301ee17f30f4d474e6ae4b05252/library/std/src/sys/backtrace.rs:42:9
[INFO] [stdout]    8:     0x71a5d32f1a8a - std::panicking::default_hook::{{closure}}::hb59b88280d0324d9
[INFO] [stdout]                                at /rustc/df4ca44d3fbc9301ee17f30f4d474e6ae4b05252/library/std/src/panicking.rs:268:22
[INFO] [stdout]    9:     0x71a5d32f1894 - std::panicking::default_hook::he1dd496665be4a29
[INFO] [stdout]                                at /rustc/df4ca44d3fbc9301ee17f30f4d474e6ae4b05252/library/std/src/panicking.rs:292:9
[INFO] [stdout]   10:     0x5ec27da31929 - <alloc::boxed::Box<F,A> as core::ops::function::Fn<Args>>::call::h4ff71de18744e1dc
[INFO] [stdout]                                at /rustc/df4ca44d3fbc9301ee17f30f4d474e6ae4b05252/library/alloc/src/boxed.rs:2468:9
[INFO] [stdout]   11:     0x5ec27da31929 - test::test_main::{{closure}}::hcf7c055ce117aa81
[INFO] [stdout]                                at /rustc/df4ca44d3fbc9301ee17f30f4d474e6ae4b05252/library/test/src/lib.rs:133:21
[INFO] [stdout]   12:     0x71a5d32f21f8 - <alloc::boxed::Box<F,A> as core::ops::function::Fn<Args>>::call::h1d66c6bbd60c9692
[INFO] [stdout]                                at /rustc/df4ca44d3fbc9301ee17f30f4d474e6ae4b05252/library/alloc/src/boxed.rs:2468:9
[INFO] [stdout]   13:     0x71a5d32f21f8 - std::panicking::rust_panic_with_hook::h2ff17fe8f26dfcf8
[INFO] [stdout]                                at /rustc/df4ca44d3fbc9301ee17f30f4d474e6ae4b05252/library/std/src/panicking.rs:809:13
[INFO] [stdout]   14:     0x71a5d32f1fba - std::panicking::begin_panic_handler::{{closure}}::h4fad77951c07e101
[INFO] [stdout]                                at /rustc/df4ca44d3fbc9301ee17f30f4d474e6ae4b05252/library/std/src/panicking.rs:674:13
[INFO] [stdout]   15:     0x71a5d32efae9 - std::sys::backtrace::__rust_end_short_backtrace::hb1a25b3da5d0ea08
[INFO] [stdout]                                at /rustc/df4ca44d3fbc9301ee17f30f4d474e6ae4b05252/library/std/src/sys/backtrace.rs:170:18
[INFO] [stdout]   16:     0x71a5d32f1c4c - rust_begin_unwind
[INFO] [stdout]                                at /rustc/df4ca44d3fbc9301ee17f30f4d474e6ae4b05252/library/std/src/panicking.rs:665:5
[INFO] [stdout]   17:     0x71a5d333bfc0 - core::panicking::panic_fmt::ha9db07b529f9b256
[INFO] [stdout]                                at /rustc/df4ca44d3fbc9301ee17f30f4d474e6ae4b05252/library/core/src/panicking.rs:75:14
[INFO] [stdout]   18:     0x5ec27d810aff - trybuild::run::<impl trybuild::Runner>::run::h30b605005af69abf
[INFO] [stdout]                                at /opt/rustwide/cargo-home/registry/src/index.crates.io-6f17d22bba15001f/trybuild-1.0.101/src/run.rs:101:13
[INFO] [stdout]   19:     0x5ec27d816018 - <trybuild::TestCases as core::ops::drop::Drop>::drop::h2f445c780581a192
[INFO] [stdout]                                at /opt/rustwide/cargo-home/registry/src/index.crates.io-6f17d22bba15001f/trybuild-1.0.101/src/lib.rs:340:13
[INFO] [stdout]   20:     0x5ec27d741a57 - core::ptr::drop_in_place<trybuild::TestCases>::h92728ad2503c9d18
[INFO] [stdout]                                at /rustc/df4ca44d3fbc9301ee17f30f4d474e6ae4b05252/library/core/src/ptr/mod.rs:521:1
[INFO] [stdout]   21:     0x5ec27d742423 - chandeliers_lus::fail_ui_tc::hd02f7f461ac0c58e
[INFO] [stdout]                                at /opt/rustwide/workdir/src/lib.rs:112:9
[INFO] [stdout]   22:     0x5ec27d7423b7 - chandeliers_lus::fail_ui_tc::{{closure}}::h4af23226ede08c38
[INFO] [stdout]                                at /opt/rustwide/workdir/src/lib.rs:109:18
[INFO] [stdout]   23:     0x5ec27d741746 - core::ops::function::FnOnce::call_once::h46f6a3cabf78a3a8
[INFO] [stdout]                                at /rustc/df4ca44d3fbc9301ee17f30f4d474e6ae4b05252/library/core/src/ops/function.rs:250:5
[INFO] [stdout]   24:     0x5ec27da361fb - core::ops::function::FnOnce::call_once::h22c3ba5715e93f05
[INFO] [stdout]                                at /rustc/df4ca44d3fbc9301ee17f30f4d474e6ae4b05252/library/core/src/ops/function.rs:250:5
[INFO] [stdout]   25:     0x5ec27da361fb - test::__rust_begin_short_backtrace::h8e82d8113d0da17f
[INFO] [stdout]                                at /rustc/df4ca44d3fbc9301ee17f30f4d474e6ae4b05252/library/test/src/lib.rs:621:18
[INFO] [stdout]   26:     0x5ec27da35b77 - test::run_test_in_process::{{closure}}::h33235f4f20b7b7c7
[INFO] [stdout]                                at /rustc/df4ca44d3fbc9301ee17f30f4d474e6ae4b05252/library/test/src/lib.rs:644:60
[INFO] [stdout]   27:     0x5ec27da35b77 - <core::panic::unwind_safe::AssertUnwindSafe<F> as core::ops::function::FnOnce<()>>::call_once::hb5043206310c586f
[INFO] [stdout]                                at /rustc/df4ca44d3fbc9301ee17f30f4d474e6ae4b05252/library/core/src/panic/unwind_safe.rs:272:9
[INFO] [stdout]   28:     0x5ec27da35b77 - std::panicking::try::do_call::h9ad4731a60ab23e2
[INFO] [stdout]                                at /rustc/df4ca44d3fbc9301ee17f30f4d474e6ae4b05252/library/std/src/panicking.rs:557:40
[INFO] [stdout]   29:     0x5ec27da35b77 - std::panicking::try::h3824d23db772a716
[INFO] [stdout]                                at /rustc/df4ca44d3fbc9301ee17f30f4d474e6ae4b05252/library/std/src/panicking.rs:520:19
[INFO] [stdout]   30:     0x5ec27da35b77 - std::panic::catch_unwind::h5afd514605fde46b
[INFO] [stdout]                                at /rustc/df4ca44d3fbc9301ee17f30f4d474e6ae4b05252/library/std/src/panic.rs:358:14
[INFO] [stdout]   31:     0x5ec27da35b77 - test::run_test_in_process::h0d5cbfa7067d1720
[INFO] [stdout]                                at /rustc/df4ca44d3fbc9301ee17f30f4d474e6ae4b05252/library/test/src/lib.rs:644:27
[INFO] [stdout]   32:     0x5ec27da35b77 - test::run_test::{{closure}}::h708eb8872708115d
[INFO] [stdout]                                at /rustc/df4ca44d3fbc9301ee17f30f4d474e6ae4b05252/library/test/src/lib.rs:565:43
[INFO] [stdout]   33:     0x5ec27d9f9294 - test::run_test::{{closure}}::h392c51cee94713ab
[INFO] [stdout]                                at /rustc/df4ca44d3fbc9301ee17f30f4d474e6ae4b05252/library/test/src/lib.rs:595:41
[INFO] [stdout]   34:     0x5ec27d9f9294 - std::sys::backtrace::__rust_begin_short_backtrace::h2f40290710935a8b
[INFO] [stdout]                                at /rustc/df4ca44d3fbc9301ee17f30f4d474e6ae4b05252/library/std/src/sys/backtrace.rs:154:18
[INFO] [stdout]   35:     0x5ec27d9fca3e - std::thread::Builder::spawn_unchecked_::{{closure}}::{{closure}}::h3fd968d89053a903
[INFO] [stdout]                                at /rustc/df4ca44d3fbc9301ee17f30f4d474e6ae4b05252/library/std/src/thread/mod.rs:541:17
[INFO] [stdout]   36:     0x5ec27d9fca3e - <core::panic::unwind_safe::AssertUnwindSafe<F> as core::ops::function::FnOnce<()>>::call_once::h743f637ba4229880
[INFO] [stdout]                                at /rustc/df4ca44d3fbc9301ee17f30f4d474e6ae4b05252/library/core/src/panic/unwind_safe.rs:272:9
[INFO] [stdout]   37:     0x5ec27d9fca3e - std::panicking::try::do_call::h07440897322525a6
[INFO] [stdout]                                at /rustc/df4ca44d3fbc9301ee17f30f4d474e6ae4b05252/library/std/src/panicking.rs:557:40
[INFO] [stdout]   38:     0x5ec27d9fca3e - std::panicking::try::he5a2e00188156637
[INFO] [stdout]                                at /rustc/df4ca44d3fbc9301ee17f30f4d474e6ae4b05252/library/std/src/panicking.rs:520:19
[INFO] [stdout]   39:     0x5ec27d9fca3e - std::panic::catch_unwind::hbaf3cae49b3c6433
[INFO] [stdout]                                at /rustc/df4ca44d3fbc9301ee17f30f4d474e6ae4b05252/library/std/src/panic.rs:358:14
[INFO] [stdout]   40:     0x5ec27d9fca3e - std::thread::Builder::spawn_unchecked_::{{closure}}::h8e141ea224820bce
[INFO] [stdout]                                at /rustc/df4ca44d3fbc9301ee17f30f4d474e6ae4b05252/library/std/src/thread/mod.rs:540:30
[INFO] [stdout]   41:     0x5ec27d9fca3e - core::ops::function::FnOnce::call_once{{vtable.shim}}::h90d312fedd7b8ea8
[INFO] [stdout]                                at /rustc/df4ca44d3fbc9301ee17f30f4d474e6ae4b05252/library/core/src/ops/function.rs:250:5
[INFO] [stdout]   42:     0x71a5d32fbd2b - <alloc::boxed::Box<F,A> as core::ops::function::FnOnce<Args>>::call_once::h69aa08ddb6adb8b6
[INFO] [stdout]                                at /rustc/df4ca44d3fbc9301ee17f30f4d474e6ae4b05252/library/alloc/src/boxed.rs:2454:9
[INFO] [stdout]   43:     0x71a5d32fbd2b - <alloc::boxed::Box<F,A> as core::ops::function::FnOnce<Args>>::call_once::h5aa36efdb79c806f
[INFO] [stdout]                                at /rustc/df4ca44d3fbc9301ee17f30f4d474e6ae4b05252/library/alloc/src/boxed.rs:2454:9
[INFO] [stdout]   44:     0x71a5d32fbd2b - std::sys::pal::unix::thread::Thread::new::thread_start::h6cd80a1b4be5158d
[INFO] [stdout]                                at /rustc/df4ca44d3fbc9301ee17f30f4d474e6ae4b05252/library/std/src/sys/pal/unix/thread.rs:105:17
[INFO] [stdout]   45:     0x71a5d3076ac3 - <unknown>
[INFO] [stdout]   46:     0x71a5d3107a04 - clone
[INFO] [stdout]   47:                0x0 - <unknown>
[INFO] [stdout] 
[INFO] [stdout] 
[INFO] [stdout] failures:
[INFO] [stdout]     fail_ui_tc
[INFO] [stdout] 
[INFO] [stdout] test result: FAILED. 15 passed; 1 failed; 0 ignored; 0 measured; 0 filtered out; finished in 52.90s
[INFO] [stdout] 
[INFO] [stderr] error: test failed, to rerun pass `--lib`
[INFO] running `Command { std: "docker" "inspect" "6161b488d47635f6966460af14fd4b72db909b572451c151e3b73ab42563563c", kill_on_drop: false }`
[INFO] running `Command { std: "docker" "rm" "-f" "6161b488d47635f6966460af14fd4b72db909b572451c151e3b73ab42563563c", kill_on_drop: false }`
[INFO] [stdout] 6161b488d47635f6966460af14fd4b72db909b572451c151e3b73ab42563563c
