[INFO] fetching crate cgroups 0.1.0...
[INFO] testing cgroups-0.1.0 against nightly-2024-10-28+rustflags=-Zrandomize-layout for randomize-layout
[INFO] extracting crate cgroups 0.1.0 into /workspace/builds/worker-1-tc2/source
[INFO] validating manifest of crates.io crate cgroups 0.1.0 on toolchain nightly-2024-10-28
[INFO] running `Command { std: CARGO_HOME="/workspace/cargo-home" RUSTUP_HOME="/workspace/rustup-home" "/workspace/cargo-home/bin/cargo" "+nightly-2024-10-28" "metadata" "--manifest-path" "Cargo.toml" "--no-deps", kill_on_drop: false }`
[INFO] removed /workspace/builds/worker-1-tc2/source/.cargo/config
[INFO] started tweaking crates.io crate cgroups 0.1.0
[INFO] finished tweaking crates.io crate cgroups 0.1.0
[INFO] tweaked toml for crates.io crate cgroups 0.1.0 written to /workspace/builds/worker-1-tc2/source/Cargo.toml
[INFO] running `Command { std: CARGO_HOME="/workspace/cargo-home" RUSTUP_HOME="/workspace/rustup-home" "/workspace/cargo-home/bin/cargo" "+nightly-2024-10-28" "generate-lockfile" "--manifest-path" "Cargo.toml", kill_on_drop: false }`
[INFO] [stderr]     Updating crates.io index
[INFO] [stderr]      Locking 8 packages to latest compatible versions
[INFO] [stderr]       Adding nix v0.11.1 (available: v0.29.0)
[INFO] running `Command { std: CARGO_HOME="/workspace/cargo-home" RUSTUP_HOME="/workspace/rustup-home" "/workspace/cargo-home/bin/cargo" "+nightly-2024-10-28" "fetch" "--manifest-path" "Cargo.toml", kill_on_drop: false }`
[INFO] [stderr] warning: no edition set: defaulting to the 2015 edition while the latest is 2021
[INFO] running `Command { std: "docker" "create" "-v" "/var/lib/crater-agent-workspace/builds/worker-1-tc2/target:/opt/rustwide/target:rw,Z" "-v" "/var/lib/crater-agent-workspace/builds/worker-1-tc2/source:/opt/rustwide/workdir:ro,Z" "-v" "/var/lib/crater-agent-workspace/cargo-home:/opt/rustwide/cargo-home:ro,Z" "-v" "/var/lib/crater-agent-workspace/rustup-home:/opt/rustwide/rustup-home:ro,Z" "-e" "SOURCE_DIR=/opt/rustwide/workdir" "-e" "CARGO_TARGET_DIR=/opt/rustwide/target" "-e" "CARGO_HOME=/opt/rustwide/cargo-home" "-e" "RUSTUP_HOME=/opt/rustwide/rustup-home" "-w" "/opt/rustwide/workdir" "-m" "1610612736" "--user" "0:0" "--network" "none" "ghcr.io/rust-lang/crates-build-env/linux@sha256:4a844ea9eb2546a2d2c7022eacef16ef2e8229c7fbb2c7d4d55a9ceca922f72d" "/opt/rustwide/cargo-home/bin/cargo" "+nightly-2024-10-28" "metadata" "--no-deps" "--format-version=1", kill_on_drop: false }`
[INFO] [stdout] 11edfdb99e0983893b20dd3c760a50c99556fa477ad4346827201fafb0e1b580
[INFO] running `Command { std: "docker" "start" "-a" "11edfdb99e0983893b20dd3c760a50c99556fa477ad4346827201fafb0e1b580", kill_on_drop: false }`
[INFO] running `Command { std: "docker" "inspect" "11edfdb99e0983893b20dd3c760a50c99556fa477ad4346827201fafb0e1b580", kill_on_drop: false }`
[INFO] running `Command { std: "docker" "rm" "-f" "11edfdb99e0983893b20dd3c760a50c99556fa477ad4346827201fafb0e1b580", kill_on_drop: false }`
[INFO] [stdout] 11edfdb99e0983893b20dd3c760a50c99556fa477ad4346827201fafb0e1b580
[INFO] running `Command { std: "docker" "create" "-v" "/var/lib/crater-agent-workspace/builds/worker-1-tc2/target:/opt/rustwide/target:rw,Z" "-v" "/var/lib/crater-agent-workspace/builds/worker-1-tc2/source:/opt/rustwide/workdir:ro,Z" "-v" "/var/lib/crater-agent-workspace/cargo-home:/opt/rustwide/cargo-home:ro,Z" "-v" "/var/lib/crater-agent-workspace/rustup-home:/opt/rustwide/rustup-home:ro,Z" "-e" "SOURCE_DIR=/opt/rustwide/workdir" "-e" "CARGO_TARGET_DIR=/opt/rustwide/target" "-e" "CARGO_INCREMENTAL=0" "-e" "RUST_BACKTRACE=full" "-e" "RUSTFLAGS=--cap-lints=forbid -Zrandomize-layout" "-e" "RUSTDOCFLAGS=--cap-lints=forbid" "-e" "CARGO_HOME=/opt/rustwide/cargo-home" "-e" "RUSTUP_HOME=/opt/rustwide/rustup-home" "-w" "/opt/rustwide/workdir" "-m" "1610612736" "--user" "0:0" "--network" "none" "ghcr.io/rust-lang/crates-build-env/linux@sha256:4a844ea9eb2546a2d2c7022eacef16ef2e8229c7fbb2c7d4d55a9ceca922f72d" "/opt/rustwide/cargo-home/bin/cargo" "+nightly-2024-10-28" "build" "--frozen" "--message-format=json", kill_on_drop: false }`
[INFO] [stdout] 95fd2ef7e37e0e5674667808a6341efbb74508e0c3ebc020d87008f51c247de5
[INFO] running `Command { std: "docker" "start" "-a" "95fd2ef7e37e0e5674667808a6341efbb74508e0c3ebc020d87008f51c247de5", kill_on_drop: false }`
[INFO] [stderr] warning: no edition set: defaulting to the 2015 edition while the latest is 2021
[INFO] [stderr]    Compiling log v0.4.22
[INFO] [stderr]    Compiling cgroups v0.1.0 (/opt/rustwide/workdir)
[INFO] [stdout] warning: unused import: `error::*`
[INFO] [stdout]   --> src/cgroup_builder.rs:56:5
[INFO] [stdout]    |
[INFO] [stdout] 56 | use error::*;
[INFO] [stdout]    |     ^^^^^^^^
[INFO] [stdout]    |
[INFO] [stdout]    = note: `#[warn(unused_imports)]` on by default
[INFO] [stdout] 
[INFO] [stdout] 
[INFO] [stdout] warning: use of deprecated function `std::mem::uninitialized`: use `mem::MaybeUninit` instead
[INFO] [stdout]    --> src/blkio.rs:319:33
[INFO] [stdout]     |
[INFO] [stdout] 319 |                     ::std::mem::uninitialized()
[INFO] [stdout]     |                                 ^^^^^^^^^^^^^
[INFO] [stdout]     |
[INFO] [stdout]     = note: `#[warn(deprecated)]` on by default
[INFO] [stdout] 
[INFO] [stdout] 
[INFO] [stdout] warning: use of deprecated function `std::mem::uninitialized`: use `mem::MaybeUninit` instead
[INFO] [stdout]   --> src/cpu.rs:95:33
[INFO] [stdout]    |
[INFO] [stdout] 95 |                     ::std::mem::uninitialized()
[INFO] [stdout]    |                                 ^^^^^^^^^^^^^
[INFO] [stdout] 
[INFO] [stdout] 
[INFO] [stdout] warning: use of deprecated function `std::mem::uninitialized`: use `mem::MaybeUninit` instead
[INFO] [stdout]   --> src/cpuacct.rs:87:33
[INFO] [stdout]    |
[INFO] [stdout] 87 |                     ::std::mem::uninitialized()
[INFO] [stdout]    |                                 ^^^^^^^^^^^^^
[INFO] [stdout] 
[INFO] [stdout] 
[INFO] [stdout] warning: use of deprecated function `std::mem::uninitialized`: use `mem::MaybeUninit` instead
[INFO] [stdout]    --> src/cpuset.rs:122:33
[INFO] [stdout]     |
[INFO] [stdout] 122 |                     ::std::mem::uninitialized()
[INFO] [stdout]     |                                 ^^^^^^^^^^^^^
[INFO] [stdout] 
[INFO] [stdout] 
[INFO] [stdout] warning: use of deprecated function `std::mem::uninitialized`: use `mem::MaybeUninit` instead
[INFO] [stdout]    --> src/devices.rs:179:33
[INFO] [stdout]     |
[INFO] [stdout] 179 |                     ::std::mem::uninitialized()
[INFO] [stdout]     |                                 ^^^^^^^^^^^^^
[INFO] [stdout] 
[INFO] [stdout] 
[INFO] [stdout] warning: use of deprecated function `std::mem::uninitialized`: use `mem::MaybeUninit` instead
[INFO] [stdout]   --> src/freezer.rs:69:33
[INFO] [stdout]    |
[INFO] [stdout] 69 |                     ::std::mem::uninitialized()
[INFO] [stdout]    |                                 ^^^^^^^^^^^^^
[INFO] [stdout] 
[INFO] [stdout] 
[INFO] [stdout] warning: use of deprecated function `std::mem::uninitialized`: use `mem::MaybeUninit` instead
[INFO] [stdout]   --> src/hugetlb.rs:70:33
[INFO] [stdout]    |
[INFO] [stdout] 70 |                     ::std::mem::uninitialized()
[INFO] [stdout]    |                                 ^^^^^^^^^^^^^
[INFO] [stdout] 
[INFO] [stdout] 
[INFO] [stdout] warning: use of deprecated function `std::mem::uninitialized`: use `mem::MaybeUninit` instead
[INFO] [stdout]    --> src/memory.rs:675:33
[INFO] [stdout]     |
[INFO] [stdout] 675 |                     ::std::mem::uninitialized()
[INFO] [stdout]     |                                 ^^^^^^^^^^^^^
[INFO] [stdout] 
[INFO] [stdout] 
[INFO] [stdout] warning: use of deprecated function `std::mem::uninitialized`: use `mem::MaybeUninit` instead
[INFO] [stdout]   --> src/net_cls.rs:69:33
[INFO] [stdout]    |
[INFO] [stdout] 69 |                     ::std::mem::uninitialized()
[INFO] [stdout]    |                                 ^^^^^^^^^^^^^
[INFO] [stdout] 
[INFO] [stdout] 
[INFO] [stdout] warning: use of deprecated function `std::mem::uninitialized`: use `mem::MaybeUninit` instead
[INFO] [stdout]   --> src/net_prio.rs:70:33
[INFO] [stdout]    |
[INFO] [stdout] 70 |                     ::std::mem::uninitialized()
[INFO] [stdout]    |                                 ^^^^^^^^^^^^^
[INFO] [stdout] 
[INFO] [stdout] 
[INFO] [stdout] warning: use of deprecated function `std::mem::uninitialized`: use `mem::MaybeUninit` instead
[INFO] [stdout]   --> src/perf_event.rs:53:33
[INFO] [stdout]    |
[INFO] [stdout] 53 |                     ::std::mem::uninitialized()
[INFO] [stdout]    |                                 ^^^^^^^^^^^^^
[INFO] [stdout] 
[INFO] [stdout] 
[INFO] [stdout] warning: use of deprecated function `std::mem::uninitialized`: use `mem::MaybeUninit` instead
[INFO] [stdout]   --> src/pid.rs:92:33
[INFO] [stdout]    |
[INFO] [stdout] 92 |                     ::std::mem::uninitialized()
[INFO] [stdout]    |                                 ^^^^^^^^^^^^^
[INFO] [stdout] 
[INFO] [stdout] 
[INFO] [stdout] warning: use of deprecated function `std::mem::uninitialized`: use `mem::MaybeUninit` instead
[INFO] [stdout]   --> src/rdma.rs:56:33
[INFO] [stdout]    |
[INFO] [stdout] 56 |                     ::std::mem::uninitialized()
[INFO] [stdout]    |                                 ^^^^^^^^^^^^^
[INFO] [stdout] 
[INFO] [stdout] 
[INFO] [stdout] warning: trait objects without an explicit `dyn` are deprecated
[INFO] [stdout]   --> src/cgroup.rs:27:15
[INFO] [stdout]    |
[INFO] [stdout] 27 |     hier: &'b Hierarchy,
[INFO] [stdout]    |               ^^^^^^^^^
[INFO] [stdout]    |
[INFO] [stdout]    = warning: this is accepted in the current edition (Rust 2015) but is a hard error in Rust 2021!
[INFO] [stdout]    = note: for more information, see <https://doc.rust-lang.org/nightly/edition-guide/rust-2021/warnings-promoted-to-error.html>
[INFO] [stdout]    = note: `#[warn(bare_trait_objects)]` on by default
[INFO] [stdout] help: if this is a dyn-compatible trait, use `dyn`
[INFO] [stdout]    |
[INFO] [stdout] 27 |     hier: &'b dyn Hierarchy,
[INFO] [stdout]    |               +++
[INFO] [stdout] 
[INFO] [stdout] 
[INFO] [stdout] warning: trait objects without an explicit `dyn` are deprecated
[INFO] [stdout]   --> src/error.rs:37:23
[INFO] [stdout]    |
[INFO] [stdout] 37 |     cause: Option<Box<StdError + Send>>,
[INFO] [stdout]    |                       ^^^^^^^^^^^^^^^
[INFO] [stdout]    |
[INFO] [stdout]    = warning: this is accepted in the current edition (Rust 2015) but is a hard error in Rust 2021!
[INFO] [stdout]    = note: for more information, see <https://doc.rust-lang.org/nightly/edition-guide/rust-2021/warnings-promoted-to-error.html>
[INFO] [stdout] help: if this is a dyn-compatible trait, use `dyn`
[INFO] [stdout]    |
[INFO] [stdout] 37 |     cause: Option<Box<dyn StdError + Send>>,
[INFO] [stdout]    |                       +++
[INFO] [stdout] 
[INFO] [stdout] 
[INFO] [stdout] warning: trait objects without an explicit `dyn` are deprecated
[INFO] [stdout]   --> src/cgroup_builder.rs:74:20
[INFO] [stdout]    |
[INFO] [stdout] 74 |     hierarchy: &'a Hierarchy,
[INFO] [stdout]    |                    ^^^^^^^^^
[INFO] [stdout]    |
[INFO] [stdout]    = warning: this is accepted in the current edition (Rust 2015) but is a hard error in Rust 2021!
[INFO] [stdout]    = note: for more information, see <https://doc.rust-lang.org/nightly/edition-guide/rust-2021/warnings-promoted-to-error.html>
[INFO] [stdout] help: if this is a dyn-compatible trait, use `dyn`
[INFO] [stdout]    |
[INFO] [stdout] 74 |     hierarchy: &'a dyn Hierarchy,
[INFO] [stdout]    |                    +++
[INFO] [stdout] 
[INFO] [stdout] 
[INFO] [stdout] warning: trait objects without an explicit `dyn` are deprecated
[INFO] [stdout]   --> src/cgroup.rs:44:39
[INFO] [stdout]    |
[INFO] [stdout] 44 |     pub fn new<P: AsRef<Path>>(hier: &Hierarchy, path: P) -> Cgroup {
[INFO] [stdout]    |                                       ^^^^^^^^^
[INFO] [stdout]    |
[INFO] [stdout]    = warning: this is accepted in the current edition (Rust 2015) but is a hard error in Rust 2021!
[INFO] [stdout]    = note: for more information, see <https://doc.rust-lang.org/nightly/edition-guide/rust-2021/warnings-promoted-to-error.html>
[INFO] [stdout] help: if this is a dyn-compatible trait, use `dyn`
[INFO] [stdout]    |
[INFO] [stdout] 44 |     pub fn new<P: AsRef<Path>>(hier: &dyn Hierarchy, path: P) -> Cgroup {
[INFO] [stdout]    |                                       +++
[INFO] [stdout] 
[INFO] [stdout] 
[INFO] [stdout] warning: trait objects without an explicit `dyn` are deprecated
[INFO] [stdout]   --> src/cgroup.rs:57:40
[INFO] [stdout]    |
[INFO] [stdout] 57 |     pub fn load<P: AsRef<Path>>(hier: &Hierarchy, path: P) -> Cgroup {
[INFO] [stdout]    |                                        ^^^^^^^^^
[INFO] [stdout]    |
[INFO] [stdout]    = warning: this is accepted in the current edition (Rust 2015) but is a hard error in Rust 2021!
[INFO] [stdout]    = note: for more information, see <https://doc.rust-lang.org/nightly/edition-guide/rust-2021/warnings-promoted-to-error.html>
[INFO] [stdout] help: if this is a dyn-compatible trait, use `dyn`
[INFO] [stdout]    |
[INFO] [stdout] 57 |     pub fn load<P: AsRef<Path>>(hier: &dyn Hierarchy, path: P) -> Cgroup {
[INFO] [stdout]    |                                        +++
[INFO] [stdout] 
[INFO] [stdout] 
[INFO] [stdout] warning: trait objects without an explicit `dyn` are deprecated
[INFO] [stdout]   --> src/cgroup_builder.rs:83:46
[INFO] [stdout]    |
[INFO] [stdout] 83 |     pub fn new(name: &'a str, hierarchy: &'a Hierarchy) -> CgroupBuilder<'a> {
[INFO] [stdout]    |                                              ^^^^^^^^^
[INFO] [stdout]    |
[INFO] [stdout]    = warning: this is accepted in the current edition (Rust 2015) but is a hard error in Rust 2021!
[INFO] [stdout]    = note: for more information, see <https://doc.rust-lang.org/nightly/edition-guide/rust-2021/warnings-promoted-to-error.html>
[INFO] [stdout] help: if this is a dyn-compatible trait, use `dyn`
[INFO] [stdout]    |
[INFO] [stdout] 83 |     pub fn new(name: &'a str, hierarchy: &'a dyn Hierarchy) -> CgroupBuilder<'a> {
[INFO] [stdout]    |                                              +++
[INFO] [stdout] 
[INFO] [stdout] 
[INFO] [stdout] warning: trait objects without an explicit `dyn` are deprecated
[INFO] [stdout]   --> src/error.rs:56:32
[INFO] [stdout]    |
[INFO] [stdout] 56 |     fn cause(&self) -> Option<&StdError> {
[INFO] [stdout]    |                                ^^^^^^^^
[INFO] [stdout]    |
[INFO] [stdout]    = warning: this is accepted in the current edition (Rust 2015) but is a hard error in Rust 2021!
[INFO] [stdout]    = note: for more information, see <https://doc.rust-lang.org/nightly/edition-guide/rust-2021/warnings-promoted-to-error.html>
[INFO] [stdout] help: if this is a dyn-compatible trait, use `dyn`
[INFO] [stdout]    |
[INFO] [stdout] 56 |     fn cause(&self) -> Option<&dyn StdError> {
[INFO] [stdout]    |                                +++
[INFO] [stdout] 
[INFO] [stdout] 
[INFO] [stdout] warning: variable does not need to be mutable
[INFO] [stdout]    --> src/hierarchies.rs:126:13
[INFO] [stdout]     |
[INFO] [stdout] 126 |         let mut more_fields = line[index + 3..].split_whitespace().collect::<Vec<_>>();
[INFO] [stdout]     |             ----^^^^^^^^^^^
[INFO] [stdout]     |             |
[INFO] [stdout]     |             help: remove this `mut`
[INFO] [stdout]     |
[INFO] [stdout]     = note: `#[warn(unused_mut)]` on by default
[INFO] [stdout] 
[INFO] [stdout] 
[INFO] [stdout] warning: unused variable: `nodes`
[INFO] [stdout]   --> src/memory.rs:88:9
[INFO] [stdout]    |
[INFO] [stdout] 88 |     let nodes = (s.split_whitespace().collect::<Vec<_>>().len() - 8) / 8;
[INFO] [stdout]    |         ^^^^^ help: if this is intentional, prefix it with an underscore: `_nodes`
[INFO] [stdout]    |
[INFO] [stdout]    = note: `#[warn(unused_variables)]` on by default
[INFO] [stdout] 
[INFO] [stdout] 
[INFO] [stdout] warning: the type `&BlkIoController` does not permit being left uninitialized
[INFO] [stdout]    --> src/blkio.rs:319:21
[INFO] [stdout]     |
[INFO] [stdout] 319 |                     ::std::mem::uninitialized()
[INFO] [stdout]     |                     ^^^^^^^^^^^^^^^^^^^^^^^^^^^
[INFO] [stdout]     |                     |
[INFO] [stdout]     |                     this code causes undefined behavior when executed
[INFO] [stdout]     |                     help: use `MaybeUninit<T>` instead, and only call `assume_init` after initialization is done
[INFO] [stdout]     |
[INFO] [stdout]     = note: references must be non-null
[INFO] [stdout]     = note: `#[warn(invalid_value)]` on by default
[INFO] [stdout] 
[INFO] [stdout] 
[INFO] [stdout] warning: the type `&CpuController` does not permit being left uninitialized
[INFO] [stdout]   --> src/cpu.rs:95:21
[INFO] [stdout]    |
[INFO] [stdout] 95 |                     ::std::mem::uninitialized()
[INFO] [stdout]    |                     ^^^^^^^^^^^^^^^^^^^^^^^^^^^
[INFO] [stdout]    |                     |
[INFO] [stdout]    |                     this code causes undefined behavior when executed
[INFO] [stdout]    |                     help: use `MaybeUninit<T>` instead, and only call `assume_init` after initialization is done
[INFO] [stdout]    |
[INFO] [stdout]    = note: references must be non-null
[INFO] [stdout] 
[INFO] [stdout] 
[INFO] [stdout] warning: the type `&CpuAcctController` does not permit being left uninitialized
[INFO] [stdout]   --> src/cpuacct.rs:87:21
[INFO] [stdout]    |
[INFO] [stdout] 87 |                     ::std::mem::uninitialized()
[INFO] [stdout]    |                     ^^^^^^^^^^^^^^^^^^^^^^^^^^^
[INFO] [stdout]    |                     |
[INFO] [stdout]    |                     this code causes undefined behavior when executed
[INFO] [stdout]    |                     help: use `MaybeUninit<T>` instead, and only call `assume_init` after initialization is done
[INFO] [stdout]    |
[INFO] [stdout]    = note: references must be non-null
[INFO] [stdout] 
[INFO] [stdout] 
[INFO] [stdout] warning: the type `&CpuSetController` does not permit being left uninitialized
[INFO] [stdout]    --> src/cpuset.rs:122:21
[INFO] [stdout]     |
[INFO] [stdout] 122 |                     ::std::mem::uninitialized()
[INFO] [stdout]     |                     ^^^^^^^^^^^^^^^^^^^^^^^^^^^
[INFO] [stdout]     |                     |
[INFO] [stdout]     |                     this code causes undefined behavior when executed
[INFO] [stdout]     |                     help: use `MaybeUninit<T>` instead, and only call `assume_init` after initialization is done
[INFO] [stdout]     |
[INFO] [stdout]     = note: references must be non-null
[INFO] [stdout] 
[INFO] [stdout] 
[INFO] [stdout] warning: the type `&DevicesController` does not permit being left uninitialized
[INFO] [stdout]    --> src/devices.rs:179:21
[INFO] [stdout]     |
[INFO] [stdout] 179 |                     ::std::mem::uninitialized()
[INFO] [stdout]     |                     ^^^^^^^^^^^^^^^^^^^^^^^^^^^
[INFO] [stdout]     |                     |
[INFO] [stdout]     |                     this code causes undefined behavior when executed
[INFO] [stdout]     |                     help: use `MaybeUninit<T>` instead, and only call `assume_init` after initialization is done
[INFO] [stdout]     |
[INFO] [stdout]     = note: references must be non-null
[INFO] [stdout] 
[INFO] [stdout] 
[INFO] [stdout] warning: the type `&FreezerController` does not permit being left uninitialized
[INFO] [stdout]   --> src/freezer.rs:69:21
[INFO] [stdout]    |
[INFO] [stdout] 69 |                     ::std::mem::uninitialized()
[INFO] [stdout]    |                     ^^^^^^^^^^^^^^^^^^^^^^^^^^^
[INFO] [stdout]    |                     |
[INFO] [stdout]    |                     this code causes undefined behavior when executed
[INFO] [stdout]    |                     help: use `MaybeUninit<T>` instead, and only call `assume_init` after initialization is done
[INFO] [stdout]    |
[INFO] [stdout]    = note: references must be non-null
[INFO] [stdout] 
[INFO] [stdout] 
[INFO] [stdout] warning: the type `&HugeTlbController` does not permit being left uninitialized
[INFO] [stdout]   --> src/hugetlb.rs:70:21
[INFO] [stdout]    |
[INFO] [stdout] 70 |                     ::std::mem::uninitialized()
[INFO] [stdout]    |                     ^^^^^^^^^^^^^^^^^^^^^^^^^^^
[INFO] [stdout]    |                     |
[INFO] [stdout]    |                     this code causes undefined behavior when executed
[INFO] [stdout]    |                     help: use `MaybeUninit<T>` instead, and only call `assume_init` after initialization is done
[INFO] [stdout]    |
[INFO] [stdout]    = note: references must be non-null
[INFO] [stdout] 
[INFO] [stdout] 
[INFO] [stdout] warning: the type `&MemController` does not permit being left uninitialized
[INFO] [stdout]    --> src/memory.rs:675:21
[INFO] [stdout]     |
[INFO] [stdout] 675 |                     ::std::mem::uninitialized()
[INFO] [stdout]     |                     ^^^^^^^^^^^^^^^^^^^^^^^^^^^
[INFO] [stdout]     |                     |
[INFO] [stdout]     |                     this code causes undefined behavior when executed
[INFO] [stdout]     |                     help: use `MaybeUninit<T>` instead, and only call `assume_init` after initialization is done
[INFO] [stdout]     |
[INFO] [stdout]     = note: references must be non-null
[INFO] [stdout] 
[INFO] [stdout] 
[INFO] [stdout] warning: the type `&NetClsController` does not permit being left uninitialized
[INFO] [stdout]   --> src/net_cls.rs:69:21
[INFO] [stdout]    |
[INFO] [stdout] 69 |                     ::std::mem::uninitialized()
[INFO] [stdout]    |                     ^^^^^^^^^^^^^^^^^^^^^^^^^^^
[INFO] [stdout]    |                     |
[INFO] [stdout]    |                     this code causes undefined behavior when executed
[INFO] [stdout]    |                     help: use `MaybeUninit<T>` instead, and only call `assume_init` after initialization is done
[INFO] [stdout]    |
[INFO] [stdout]    = note: references must be non-null
[INFO] [stdout] 
[INFO] [stdout] 
[INFO] [stdout] warning: the type `&NetPrioController` does not permit being left uninitialized
[INFO] [stdout]   --> src/net_prio.rs:70:21
[INFO] [stdout]    |
[INFO] [stdout] 70 |                     ::std::mem::uninitialized()
[INFO] [stdout]    |                     ^^^^^^^^^^^^^^^^^^^^^^^^^^^
[INFO] [stdout]    |                     |
[INFO] [stdout]    |                     this code causes undefined behavior when executed
[INFO] [stdout]    |                     help: use `MaybeUninit<T>` instead, and only call `assume_init` after initialization is done
[INFO] [stdout]    |
[INFO] [stdout]    = note: references must be non-null
[INFO] [stdout] 
[INFO] [stdout] 
[INFO] [stdout] warning: the type `&PerfEventController` does not permit being left uninitialized
[INFO] [stdout]   --> src/perf_event.rs:53:21
[INFO] [stdout]    |
[INFO] [stdout] 53 |                     ::std::mem::uninitialized()
[INFO] [stdout]    |                     ^^^^^^^^^^^^^^^^^^^^^^^^^^^
[INFO] [stdout]    |                     |
[INFO] [stdout]    |                     this code causes undefined behavior when executed
[INFO] [stdout]    |                     help: use `MaybeUninit<T>` instead, and only call `assume_init` after initialization is done
[INFO] [stdout]    |
[INFO] [stdout]    = note: references must be non-null
[INFO] [stdout] 
[INFO] [stdout] 
[INFO] [stdout] warning: the type `&PidController` does not permit being left uninitialized
[INFO] [stdout]   --> src/pid.rs:92:21
[INFO] [stdout]    |
[INFO] [stdout] 92 |                     ::std::mem::uninitialized()
[INFO] [stdout]    |                     ^^^^^^^^^^^^^^^^^^^^^^^^^^^
[INFO] [stdout]    |                     |
[INFO] [stdout]    |                     this code causes undefined behavior when executed
[INFO] [stdout]    |                     help: use `MaybeUninit<T>` instead, and only call `assume_init` after initialization is done
[INFO] [stdout]    |
[INFO] [stdout]    = note: references must be non-null
[INFO] [stdout] 
[INFO] [stdout] 
[INFO] [stdout] warning: the type `&RdmaController` does not permit being left uninitialized
[INFO] [stdout]   --> src/rdma.rs:56:21
[INFO] [stdout]    |
[INFO] [stdout] 56 |                     ::std::mem::uninitialized()
[INFO] [stdout]    |                     ^^^^^^^^^^^^^^^^^^^^^^^^^^^
[INFO] [stdout]    |                     |
[INFO] [stdout]    |                     this code causes undefined behavior when executed
[INFO] [stdout]    |                     help: use `MaybeUninit<T>` instead, and only call `assume_init` after initialization is done
[INFO] [stdout]    |
[INFO] [stdout]    = note: references must be non-null
[INFO] [stdout] 
[INFO] [stdout] 
[INFO] [stdout] warning: unused `std::result::Result` that must be used
[INFO] [stdout]    --> src/cgroup_builder.rs:146:9
[INFO] [stdout]     |
[INFO] [stdout] 146 |         cg.apply(&self.resources);
[INFO] [stdout]     |         ^^^^^^^^^^^^^^^^^^^^^^^^^
[INFO] [stdout]     |
[INFO] [stdout]     = note: this `Result` may be an `Err` variant, which should be handled
[INFO] [stdout]     = note: `#[warn(unused_must_use)]` on by default
[INFO] [stdout] help: use `let _ = ...` to ignore the resulting value
[INFO] [stdout]     |
[INFO] [stdout] 146 |         let _ = cg.apply(&self.resources);
[INFO] [stdout]     |         +++++++
[INFO] [stdout] 
[INFO] [stdout] 
[INFO] [stderr]     Finished `dev` profile [unoptimized + debuginfo] target(s) in 0.76s
[INFO] running `Command { std: "docker" "inspect" "95fd2ef7e37e0e5674667808a6341efbb74508e0c3ebc020d87008f51c247de5", kill_on_drop: false }`
[INFO] running `Command { std: "docker" "rm" "-f" "95fd2ef7e37e0e5674667808a6341efbb74508e0c3ebc020d87008f51c247de5", kill_on_drop: false }`
[INFO] [stdout] 95fd2ef7e37e0e5674667808a6341efbb74508e0c3ebc020d87008f51c247de5
[INFO] running `Command { std: "docker" "create" "-v" "/var/lib/crater-agent-workspace/builds/worker-1-tc2/target:/opt/rustwide/target:rw,Z" "-v" "/var/lib/crater-agent-workspace/builds/worker-1-tc2/source:/opt/rustwide/workdir:ro,Z" "-v" "/var/lib/crater-agent-workspace/cargo-home:/opt/rustwide/cargo-home:ro,Z" "-v" "/var/lib/crater-agent-workspace/rustup-home:/opt/rustwide/rustup-home:ro,Z" "-e" "SOURCE_DIR=/opt/rustwide/workdir" "-e" "CARGO_TARGET_DIR=/opt/rustwide/target" "-e" "CARGO_INCREMENTAL=0" "-e" "RUST_BACKTRACE=full" "-e" "RUSTFLAGS=--cap-lints=forbid -Zrandomize-layout" "-e" "RUSTDOCFLAGS=--cap-lints=forbid" "-e" "CARGO_HOME=/opt/rustwide/cargo-home" "-e" "RUSTUP_HOME=/opt/rustwide/rustup-home" "-w" "/opt/rustwide/workdir" "-m" "1610612736" "--user" "0:0" "--network" "none" "ghcr.io/rust-lang/crates-build-env/linux@sha256:4a844ea9eb2546a2d2c7022eacef16ef2e8229c7fbb2c7d4d55a9ceca922f72d" "/opt/rustwide/cargo-home/bin/cargo" "+nightly-2024-10-28" "test" "--frozen" "--no-run" "--message-format=json", kill_on_drop: false }`
[INFO] [stdout] c0d6ac2ed6d1fa7d42140acb6b9842eb4ca2b7e00721b0530905e2833aa674ba
[INFO] running `Command { std: "docker" "start" "-a" "c0d6ac2ed6d1fa7d42140acb6b9842eb4ca2b7e00721b0530905e2833aa674ba", kill_on_drop: false }`
[INFO] [stderr] warning: no edition set: defaulting to the 2015 edition while the latest is 2021
[INFO] [stderr]    Compiling libc v0.2.161
[INFO] [stderr]    Compiling nix v0.11.1
[INFO] [stderr]    Compiling void v1.0.2
[INFO] [stderr]    Compiling cfg-if v0.1.10
[INFO] [stdout] warning: unused import: `error::*`
[INFO] [stdout]   --> src/cgroup_builder.rs:56:5
[INFO] [stdout]    |
[INFO] [stdout] 56 | use error::*;
[INFO] [stdout]    |     ^^^^^^^^
[INFO] [stdout]    |
[INFO] [stdout]    = note: `#[warn(unused_imports)]` on by default
[INFO] [stdout] 
[INFO] [stdout] 
[INFO] [stdout] warning: use of deprecated function `std::mem::uninitialized`: use `mem::MaybeUninit` instead
[INFO] [stdout]    --> src/blkio.rs:319:33
[INFO] [stdout]     |
[INFO] [stdout] 319 |                     ::std::mem::uninitialized()
[INFO] [stdout]     |                                 ^^^^^^^^^^^^^
[INFO] [stdout]     |
[INFO] [stdout]     = note: `#[warn(deprecated)]` on by default
[INFO] [stdout] 
[INFO] [stdout] 
[INFO] [stdout] warning: use of deprecated function `std::mem::uninitialized`: use `mem::MaybeUninit` instead
[INFO] [stdout]   --> src/cpu.rs:95:33
[INFO] [stdout]    |
[INFO] [stdout] 95 |                     ::std::mem::uninitialized()
[INFO] [stdout]    |                                 ^^^^^^^^^^^^^
[INFO] [stdout] 
[INFO] [stdout] 
[INFO] [stdout] warning: use of deprecated function `std::mem::uninitialized`: use `mem::MaybeUninit` instead
[INFO] [stdout]   --> src/cpuacct.rs:87:33
[INFO] [stdout]    |
[INFO] [stdout] 87 |                     ::std::mem::uninitialized()
[INFO] [stdout]    |                                 ^^^^^^^^^^^^^
[INFO] [stdout] 
[INFO] [stdout] 
[INFO] [stdout] warning: use of deprecated function `std::mem::uninitialized`: use `mem::MaybeUninit` instead
[INFO] [stdout]    --> src/cpuset.rs:122:33
[INFO] [stdout]     |
[INFO] [stdout] 122 |                     ::std::mem::uninitialized()
[INFO] [stdout]     |                                 ^^^^^^^^^^^^^
[INFO] [stdout] 
[INFO] [stdout] 
[INFO] [stdout] warning: use of deprecated function `std::mem::uninitialized`: use `mem::MaybeUninit` instead
[INFO] [stdout]    --> src/devices.rs:179:33
[INFO] [stdout]     |
[INFO] [stdout] 179 |                     ::std::mem::uninitialized()
[INFO] [stdout]     |                                 ^^^^^^^^^^^^^
[INFO] [stdout] 
[INFO] [stdout] 
[INFO] [stdout] warning: use of deprecated function `std::mem::uninitialized`: use `mem::MaybeUninit` instead
[INFO] [stdout]   --> src/freezer.rs:69:33
[INFO] [stdout]    |
[INFO] [stdout] 69 |                     ::std::mem::uninitialized()
[INFO] [stdout]    |                                 ^^^^^^^^^^^^^
[INFO] [stdout] 
[INFO] [stdout] 
[INFO] [stdout] warning: use of deprecated function `std::mem::uninitialized`: use `mem::MaybeUninit` instead
[INFO] [stdout]   --> src/hugetlb.rs:70:33
[INFO] [stdout]    |
[INFO] [stdout] 70 |                     ::std::mem::uninitialized()
[INFO] [stdout]    |                                 ^^^^^^^^^^^^^
[INFO] [stdout] 
[INFO] [stdout] 
[INFO] [stdout] warning: use of deprecated function `std::mem::uninitialized`: use `mem::MaybeUninit` instead
[INFO] [stdout]    --> src/memory.rs:675:33
[INFO] [stdout]     |
[INFO] [stdout] 675 |                     ::std::mem::uninitialized()
[INFO] [stdout]     |                                 ^^^^^^^^^^^^^
[INFO] [stdout] 
[INFO] [stdout] 
[INFO] [stdout] warning: use of deprecated function `std::mem::uninitialized`: use `mem::MaybeUninit` instead
[INFO] [stdout]   --> src/net_cls.rs:69:33
[INFO] [stdout]    |
[INFO] [stdout] 69 |                     ::std::mem::uninitialized()
[INFO] [stdout]    |                                 ^^^^^^^^^^^^^
[INFO] [stdout] 
[INFO] [stdout] 
[INFO] [stdout] warning: use of deprecated function `std::mem::uninitialized`: use `mem::MaybeUninit` instead
[INFO] [stdout]   --> src/net_prio.rs:70:33
[INFO] [stdout]    |
[INFO] [stdout] 70 |                     ::std::mem::uninitialized()
[INFO] [stdout]    |                                 ^^^^^^^^^^^^^
[INFO] [stdout] 
[INFO] [stdout] 
[INFO] [stdout] warning: use of deprecated function `std::mem::uninitialized`: use `mem::MaybeUninit` instead
[INFO] [stdout]   --> src/perf_event.rs:53:33
[INFO] [stdout]    |
[INFO] [stdout] 53 |                     ::std::mem::uninitialized()
[INFO] [stdout]    |                                 ^^^^^^^^^^^^^
[INFO] [stdout] 
[INFO] [stdout] 
[INFO] [stdout] warning: use of deprecated function `std::mem::uninitialized`: use `mem::MaybeUninit` instead
[INFO] [stdout]   --> src/pid.rs:92:33
[INFO] [stdout]    |
[INFO] [stdout] 92 |                     ::std::mem::uninitialized()
[INFO] [stdout]    |                                 ^^^^^^^^^^^^^
[INFO] [stdout] 
[INFO] [stdout] 
[INFO] [stdout] warning: use of deprecated function `std::mem::uninitialized`: use `mem::MaybeUninit` instead
[INFO] [stdout]   --> src/rdma.rs:56:33
[INFO] [stdout]    |
[INFO] [stdout] 56 |                     ::std::mem::uninitialized()
[INFO] [stdout]    |                                 ^^^^^^^^^^^^^
[INFO] [stdout] 
[INFO] [stdout] 
[INFO] [stdout] warning: trait objects without an explicit `dyn` are deprecated
[INFO] [stdout]   --> src/cgroup.rs:27:15
[INFO] [stdout]    |
[INFO] [stdout] 27 |     hier: &'b Hierarchy,
[INFO] [stdout]    |               ^^^^^^^^^
[INFO] [stdout]    |
[INFO] [stdout]    = warning: this is accepted in the current edition (Rust 2015) but is a hard error in Rust 2021!
[INFO] [stdout]    = note: for more information, see <https://doc.rust-lang.org/nightly/edition-guide/rust-2021/warnings-promoted-to-error.html>
[INFO] [stdout]    = note: `#[warn(bare_trait_objects)]` on by default
[INFO] [stdout] help: if this is a dyn-compatible trait, use `dyn`
[INFO] [stdout]    |
[INFO] [stdout] 27 |     hier: &'b dyn Hierarchy,
[INFO] [stdout]    |               +++
[INFO] [stdout] 
[INFO] [stdout] 
[INFO] [stdout] warning: trait objects without an explicit `dyn` are deprecated
[INFO] [stdout]   --> src/error.rs:37:23
[INFO] [stdout]    |
[INFO] [stdout] 37 |     cause: Option<Box<StdError + Send>>,
[INFO] [stdout]    |                       ^^^^^^^^^^^^^^^
[INFO] [stdout]    |
[INFO] [stdout]    = warning: this is accepted in the current edition (Rust 2015) but is a hard error in Rust 2021!
[INFO] [stdout]    = note: for more information, see <https://doc.rust-lang.org/nightly/edition-guide/rust-2021/warnings-promoted-to-error.html>
[INFO] [stdout] help: if this is a dyn-compatible trait, use `dyn`
[INFO] [stdout]    |
[INFO] [stdout] 37 |     cause: Option<Box<dyn StdError + Send>>,
[INFO] [stdout]    |                       +++
[INFO] [stdout] 
[INFO] [stdout] 
[INFO] [stdout] warning: trait objects without an explicit `dyn` are deprecated
[INFO] [stdout]   --> src/cgroup_builder.rs:74:20
[INFO] [stdout]    |
[INFO] [stdout] 74 |     hierarchy: &'a Hierarchy,
[INFO] [stdout]    |                    ^^^^^^^^^
[INFO] [stdout]    |
[INFO] [stdout]    = warning: this is accepted in the current edition (Rust 2015) but is a hard error in Rust 2021!
[INFO] [stdout]    = note: for more information, see <https://doc.rust-lang.org/nightly/edition-guide/rust-2021/warnings-promoted-to-error.html>
[INFO] [stdout] help: if this is a dyn-compatible trait, use `dyn`
[INFO] [stdout]    |
[INFO] [stdout] 74 |     hierarchy: &'a dyn Hierarchy,
[INFO] [stdout]    |                    +++
[INFO] [stdout] 
[INFO] [stdout] 
[INFO] [stdout] warning: trait objects without an explicit `dyn` are deprecated
[INFO] [stdout]   --> src/cgroup.rs:44:39
[INFO] [stdout]    |
[INFO] [stdout] 44 |     pub fn new<P: AsRef<Path>>(hier: &Hierarchy, path: P) -> Cgroup {
[INFO] [stdout]    |                                       ^^^^^^^^^
[INFO] [stdout]    |
[INFO] [stdout]    = warning: this is accepted in the current edition (Rust 2015) but is a hard error in Rust 2021!
[INFO] [stdout]    = note: for more information, see <https://doc.rust-lang.org/nightly/edition-guide/rust-2021/warnings-promoted-to-error.html>
[INFO] [stdout] help: if this is a dyn-compatible trait, use `dyn`
[INFO] [stdout]    |
[INFO] [stdout] 44 |     pub fn new<P: AsRef<Path>>(hier: &dyn Hierarchy, path: P) -> Cgroup {
[INFO] [stdout]    |                                       +++
[INFO] [stdout] 
[INFO] [stdout] 
[INFO] [stdout] warning: trait objects without an explicit `dyn` are deprecated
[INFO] [stdout]   --> src/cgroup.rs:57:40
[INFO] [stdout]    |
[INFO] [stdout] 57 |     pub fn load<P: AsRef<Path>>(hier: &Hierarchy, path: P) -> Cgroup {
[INFO] [stdout]    |                                        ^^^^^^^^^
[INFO] [stdout]    |
[INFO] [stdout]    = warning: this is accepted in the current edition (Rust 2015) but is a hard error in Rust 2021!
[INFO] [stdout]    = note: for more information, see <https://doc.rust-lang.org/nightly/edition-guide/rust-2021/warnings-promoted-to-error.html>
[INFO] [stdout] help: if this is a dyn-compatible trait, use `dyn`
[INFO] [stdout]    |
[INFO] [stdout] 57 |     pub fn load<P: AsRef<Path>>(hier: &dyn Hierarchy, path: P) -> Cgroup {
[INFO] [stdout]    |                                        +++
[INFO] [stdout] 
[INFO] [stdout] 
[INFO] [stdout] warning: trait objects without an explicit `dyn` are deprecated
[INFO] [stdout]   --> src/cgroup_builder.rs:83:46
[INFO] [stdout]    |
[INFO] [stdout] 83 |     pub fn new(name: &'a str, hierarchy: &'a Hierarchy) -> CgroupBuilder<'a> {
[INFO] [stdout]    |                                              ^^^^^^^^^
[INFO] [stdout]    |
[INFO] [stdout]    = warning: this is accepted in the current edition (Rust 2015) but is a hard error in Rust 2021!
[INFO] [stdout]    = note: for more information, see <https://doc.rust-lang.org/nightly/edition-guide/rust-2021/warnings-promoted-to-error.html>
[INFO] [stdout] help: if this is a dyn-compatible trait, use `dyn`
[INFO] [stdout]    |
[INFO] [stdout] 83 |     pub fn new(name: &'a str, hierarchy: &'a dyn Hierarchy) -> CgroupBuilder<'a> {
[INFO] [stdout]    |                                              +++
[INFO] [stdout] 
[INFO] [stdout] 
[INFO] [stdout] warning: trait objects without an explicit `dyn` are deprecated
[INFO] [stdout]   --> src/error.rs:56:32
[INFO] [stdout]    |
[INFO] [stdout] 56 |     fn cause(&self) -> Option<&StdError> {
[INFO] [stdout]    |                                ^^^^^^^^
[INFO] [stdout]    |
[INFO] [stdout]    = warning: this is accepted in the current edition (Rust 2015) but is a hard error in Rust 2021!
[INFO] [stdout]    = note: for more information, see <https://doc.rust-lang.org/nightly/edition-guide/rust-2021/warnings-promoted-to-error.html>
[INFO] [stdout] help: if this is a dyn-compatible trait, use `dyn`
[INFO] [stdout]    |
[INFO] [stdout] 56 |     fn cause(&self) -> Option<&dyn StdError> {
[INFO] [stdout]    |                                +++
[INFO] [stdout] 
[INFO] [stdout] 
[INFO] [stdout] warning: variable does not need to be mutable
[INFO] [stdout]    --> src/hierarchies.rs:126:13
[INFO] [stdout]     |
[INFO] [stdout] 126 |         let mut more_fields = line[index + 3..].split_whitespace().collect::<Vec<_>>();
[INFO] [stdout]     |             ----^^^^^^^^^^^
[INFO] [stdout]     |             |
[INFO] [stdout]     |             help: remove this `mut`
[INFO] [stdout]     |
[INFO] [stdout]     = note: `#[warn(unused_mut)]` on by default
[INFO] [stdout] 
[INFO] [stdout] 
[INFO] [stdout] warning: unused variable: `nodes`
[INFO] [stdout]   --> src/memory.rs:88:9
[INFO] [stdout]    |
[INFO] [stdout] 88 |     let nodes = (s.split_whitespace().collect::<Vec<_>>().len() - 8) / 8;
[INFO] [stdout]    |         ^^^^^ help: if this is intentional, prefix it with an underscore: `_nodes`
[INFO] [stdout]    |
[INFO] [stdout]    = note: `#[warn(unused_variables)]` on by default
[INFO] [stdout] 
[INFO] [stdout] 
[INFO] [stdout] warning: the type `&BlkIoController` does not permit being left uninitialized
[INFO] [stdout]    --> src/blkio.rs:319:21
[INFO] [stdout]     |
[INFO] [stdout] 319 |                     ::std::mem::uninitialized()
[INFO] [stdout]     |                     ^^^^^^^^^^^^^^^^^^^^^^^^^^^
[INFO] [stdout]     |                     |
[INFO] [stdout]     |                     this code causes undefined behavior when executed
[INFO] [stdout]     |                     help: use `MaybeUninit<T>` instead, and only call `assume_init` after initialization is done
[INFO] [stdout]     |
[INFO] [stdout]     = note: references must be non-null
[INFO] [stdout]     = note: `#[warn(invalid_value)]` on by default
[INFO] [stdout] 
[INFO] [stdout] 
[INFO] [stdout] warning: the type `&CpuController` does not permit being left uninitialized
[INFO] [stdout]   --> src/cpu.rs:95:21
[INFO] [stdout]    |
[INFO] [stdout] 95 |                     ::std::mem::uninitialized()
[INFO] [stdout]    |                     ^^^^^^^^^^^^^^^^^^^^^^^^^^^
[INFO] [stdout]    |                     |
[INFO] [stdout]    |                     this code causes undefined behavior when executed
[INFO] [stdout]    |                     help: use `MaybeUninit<T>` instead, and only call `assume_init` after initialization is done
[INFO] [stdout]    |
[INFO] [stdout]    = note: references must be non-null
[INFO] [stdout] 
[INFO] [stdout] 
[INFO] [stdout] warning: the type `&CpuAcctController` does not permit being left uninitialized
[INFO] [stdout]   --> src/cpuacct.rs:87:21
[INFO] [stdout]    |
[INFO] [stdout] 87 |                     ::std::mem::uninitialized()
[INFO] [stdout]    |                     ^^^^^^^^^^^^^^^^^^^^^^^^^^^
[INFO] [stdout]    |                     |
[INFO] [stdout]    |                     this code causes undefined behavior when executed
[INFO] [stdout]    |                     help: use `MaybeUninit<T>` instead, and only call `assume_init` after initialization is done
[INFO] [stdout]    |
[INFO] [stdout]    = note: references must be non-null
[INFO] [stdout] 
[INFO] [stdout] 
[INFO] [stdout] warning: the type `&CpuSetController` does not permit being left uninitialized
[INFO] [stdout]    --> src/cpuset.rs:122:21
[INFO] [stdout]     |
[INFO] [stdout] 122 |                     ::std::mem::uninitialized()
[INFO] [stdout]     |                     ^^^^^^^^^^^^^^^^^^^^^^^^^^^
[INFO] [stdout]     |                     |
[INFO] [stdout]     |                     this code causes undefined behavior when executed
[INFO] [stdout]     |                     help: use `MaybeUninit<T>` instead, and only call `assume_init` after initialization is done
[INFO] [stdout]     |
[INFO] [stdout]     = note: references must be non-null
[INFO] [stdout] 
[INFO] [stdout] 
[INFO] [stdout] warning: the type `&DevicesController` does not permit being left uninitialized
[INFO] [stdout]    --> src/devices.rs:179:21
[INFO] [stdout]     |
[INFO] [stdout] 179 |                     ::std::mem::uninitialized()
[INFO] [stdout]     |                     ^^^^^^^^^^^^^^^^^^^^^^^^^^^
[INFO] [stdout]     |                     |
[INFO] [stdout]     |                     this code causes undefined behavior when executed
[INFO] [stdout]     |                     help: use `MaybeUninit<T>` instead, and only call `assume_init` after initialization is done
[INFO] [stdout]     |
[INFO] [stdout]     = note: references must be non-null
[INFO] [stdout] 
[INFO] [stdout] 
[INFO] [stdout] warning: the type `&FreezerController` does not permit being left uninitialized
[INFO] [stdout]   --> src/freezer.rs:69:21
[INFO] [stdout]    |
[INFO] [stdout] 69 |                     ::std::mem::uninitialized()
[INFO] [stdout]    |                     ^^^^^^^^^^^^^^^^^^^^^^^^^^^
[INFO] [stdout]    |                     |
[INFO] [stdout]    |                     this code causes undefined behavior when executed
[INFO] [stdout]    |                     help: use `MaybeUninit<T>` instead, and only call `assume_init` after initialization is done
[INFO] [stdout]    |
[INFO] [stdout]    = note: references must be non-null
[INFO] [stdout] 
[INFO] [stdout] 
[INFO] [stdout] warning: the type `&HugeTlbController` does not permit being left uninitialized
[INFO] [stdout]   --> src/hugetlb.rs:70:21
[INFO] [stdout]    |
[INFO] [stdout] 70 |                     ::std::mem::uninitialized()
[INFO] [stdout]    |                     ^^^^^^^^^^^^^^^^^^^^^^^^^^^
[INFO] [stdout]    |                     |
[INFO] [stdout]    |                     this code causes undefined behavior when executed
[INFO] [stdout]    |                     help: use `MaybeUninit<T>` instead, and only call `assume_init` after initialization is done
[INFO] [stdout]    |
[INFO] [stdout]    = note: references must be non-null
[INFO] [stdout] 
[INFO] [stdout] 
[INFO] [stdout] warning: the type `&MemController` does not permit being left uninitialized
[INFO] [stdout]    --> src/memory.rs:675:21
[INFO] [stdout]     |
[INFO] [stdout] 675 |                     ::std::mem::uninitialized()
[INFO] [stdout]     |                     ^^^^^^^^^^^^^^^^^^^^^^^^^^^
[INFO] [stdout]     |                     |
[INFO] [stdout]     |                     this code causes undefined behavior when executed
[INFO] [stdout]     |                     help: use `MaybeUninit<T>` instead, and only call `assume_init` after initialization is done
[INFO] [stdout]     |
[INFO] [stdout]     = note: references must be non-null
[INFO] [stdout] 
[INFO] [stdout] 
[INFO] [stdout] warning: the type `&NetClsController` does not permit being left uninitialized
[INFO] [stdout]   --> src/net_cls.rs:69:21
[INFO] [stdout]    |
[INFO] [stdout] 69 |                     ::std::mem::uninitialized()
[INFO] [stdout]    |                     ^^^^^^^^^^^^^^^^^^^^^^^^^^^
[INFO] [stdout]    |                     |
[INFO] [stdout]    |                     this code causes undefined behavior when executed
[INFO] [stdout]    |                     help: use `MaybeUninit<T>` instead, and only call `assume_init` after initialization is done
[INFO] [stdout]    |
[INFO] [stdout]    = note: references must be non-null
[INFO] [stdout] 
[INFO] [stdout] 
[INFO] [stdout] warning: the type `&NetPrioController` does not permit being left uninitialized
[INFO] [stdout]   --> src/net_prio.rs:70:21
[INFO] [stdout]    |
[INFO] [stdout] 70 |                     ::std::mem::uninitialized()
[INFO] [stdout]    |                     ^^^^^^^^^^^^^^^^^^^^^^^^^^^
[INFO] [stdout]    |                     |
[INFO] [stdout]    |                     this code causes undefined behavior when executed
[INFO] [stdout]    |                     help: use `MaybeUninit<T>` instead, and only call `assume_init` after initialization is done
[INFO] [stdout]    |
[INFO] [stdout]    = note: references must be non-null
[INFO] [stdout] 
[INFO] [stdout] 
[INFO] [stdout] warning: the type `&PerfEventController` does not permit being left uninitialized
[INFO] [stdout]   --> src/perf_event.rs:53:21
[INFO] [stdout]    |
[INFO] [stdout] 53 |                     ::std::mem::uninitialized()
[INFO] [stdout]    |                     ^^^^^^^^^^^^^^^^^^^^^^^^^^^
[INFO] [stdout]    |                     |
[INFO] [stdout]    |                     this code causes undefined behavior when executed
[INFO] [stdout]    |                     help: use `MaybeUninit<T>` instead, and only call `assume_init` after initialization is done
[INFO] [stdout]    |
[INFO] [stdout]    = note: references must be non-null
[INFO] [stdout] 
[INFO] [stdout] 
[INFO] [stdout] warning: the type `&PidController` does not permit being left uninitialized
[INFO] [stdout]   --> src/pid.rs:92:21
[INFO] [stdout]    |
[INFO] [stdout] 92 |                     ::std::mem::uninitialized()
[INFO] [stdout]    |                     ^^^^^^^^^^^^^^^^^^^^^^^^^^^
[INFO] [stdout]    |                     |
[INFO] [stdout]    |                     this code causes undefined behavior when executed
[INFO] [stdout]    |                     help: use `MaybeUninit<T>` instead, and only call `assume_init` after initialization is done
[INFO] [stdout]    |
[INFO] [stdout]    = note: references must be non-null
[INFO] [stdout] 
[INFO] [stdout] 
[INFO] [stdout] warning: the type `&RdmaController` does not permit being left uninitialized
[INFO] [stdout]   --> src/rdma.rs:56:21
[INFO] [stdout]    |
[INFO] [stdout] 56 |                     ::std::mem::uninitialized()
[INFO] [stdout]    |                     ^^^^^^^^^^^^^^^^^^^^^^^^^^^
[INFO] [stdout]    |                     |
[INFO] [stdout]    |                     this code causes undefined behavior when executed
[INFO] [stdout]    |                     help: use `MaybeUninit<T>` instead, and only call `assume_init` after initialization is done
[INFO] [stdout]    |
[INFO] [stdout]    = note: references must be non-null
[INFO] [stdout] 
[INFO] [stdout] 
[INFO] [stdout] warning: unused `std::result::Result` that must be used
[INFO] [stdout]    --> src/cgroup_builder.rs:146:9
[INFO] [stdout]     |
[INFO] [stdout] 146 |         cg.apply(&self.resources);
[INFO] [stdout]     |         ^^^^^^^^^^^^^^^^^^^^^^^^^
[INFO] [stdout]     |
[INFO] [stdout]     = note: this `Result` may be an `Err` variant, which should be handled
[INFO] [stdout]     = note: `#[warn(unused_must_use)]` on by default
[INFO] [stdout] help: use `let _ = ...` to ignore the resulting value
[INFO] [stdout]     |
[INFO] [stdout] 146 |         let _ = cg.apply(&self.resources);
[INFO] [stdout]     |         +++++++
[INFO] [stdout] 
[INFO] [stdout] 
[INFO] [stderr]    Compiling cgroups v0.1.0 (/opt/rustwide/workdir)
[INFO] [stdout] warning: unused imports: `CgroupPid`, `PidResources`, and `Resources`
[INFO] [stdout]  --> tests/pids.rs:5:23
[INFO] [stdout]   |
[INFO] [stdout] 5 | use cgroups::{Cgroup, CgroupPid, PidResources, Resources};
[INFO] [stdout]   |                       ^^^^^^^^^  ^^^^^^^^^^^^  ^^^^^^^^^
[INFO] [stdout]   |
[INFO] [stdout]   = note: `#[warn(unused_imports)]` on by default
[INFO] [stdout] 
[INFO] [stdout] 
[INFO] [stdout] warning: unused import: `Pid`
[INFO] [stdout]  --> tests/pids.rs:9:37
[INFO] [stdout]   |
[INFO] [stdout] 9 | use nix::unistd::{fork, ForkResult, Pid};
[INFO] [stdout]   |                                     ^^^
[INFO] [stdout] 
[INFO] [stdout] 
[INFO] [stdout] warning: unused import: `std::thread`
[INFO] [stdout]   --> tests/pids.rs:14:5
[INFO] [stdout]    |
[INFO] [stdout] 14 | use std::thread;
[INFO] [stdout]    |     ^^^^^^^^^^^
[INFO] [stdout] 
[INFO] [stdout] 
[INFO] [stdout] warning: unused `Result` that must be used
[INFO] [stdout]   --> tests/resources.rs:19:9
[INFO] [stdout]    |
[INFO] [stdout] 19 |         cg.apply(&res);
[INFO] [stdout]    |         ^^^^^^^^^^^^^^
[INFO] [stdout]    |
[INFO] [stdout]    = note: this `Result` may be an `Err` variant, which should be handled
[INFO] [stdout]    = note: `#[warn(unused_must_use)]` on by default
[INFO] [stdout] help: use `let _ = ...` to ignore the resulting value
[INFO] [stdout]    |
[INFO] [stdout] 19 |         let _ = cg.apply(&res);
[INFO] [stdout]    |         +++++++
[INFO] [stdout] 
[INFO] [stdout] 
[INFO] [stdout] warning: unused `Result` that must be used
[INFO] [stdout]   --> tests/devices.rs:15:9
[INFO] [stdout]    |
[INFO] [stdout] 15 | /         devices.deny_device(
[INFO] [stdout] 16 | |             DeviceType::All,
[INFO] [stdout] 17 | |             -1,
[INFO] [stdout] 18 | |             -1,
[INFO] [stdout] ...  |
[INFO] [stdout] 23 | |             ],
[INFO] [stdout] 24 | |         );
[INFO] [stdout]    | |_________^
[INFO] [stdout]    |
[INFO] [stdout]    = note: this `Result` may be an `Err` variant, which should be handled
[INFO] [stdout]    = note: `#[warn(unused_must_use)]` on by default
[INFO] [stdout] help: use `let _ = ...` to ignore the resulting value
[INFO] [stdout]    |
[INFO] [stdout] 15 |         let _ = devices.deny_device(
[INFO] [stdout]    |         +++++++
[INFO] [stdout] 
[INFO] [stdout] 
[INFO] [stdout] warning: unused `Result` that must be used
[INFO] [stdout]   --> tests/devices.rs:32:9
[INFO] [stdout]    |
[INFO] [stdout] 32 |         devices.allow_device(DeviceType::Char, 1, 3, &vec![DevicePermissions::MkNod]);
[INFO] [stdout]    |         ^^^^^^^^^^^^^^^^^^^^^^^^^^^^^^^^^^^^^^^^^^^^^^^^^^^^^^^^^^^^^^^^^^^^^^^^^^^^^
[INFO] [stdout]    |
[INFO] [stdout]    = note: this `Result` may be an `Err` variant, which should be handled
[INFO] [stdout] help: use `let _ = ...` to ignore the resulting value
[INFO] [stdout]    |
[INFO] [stdout] 32 |         let _ = devices.allow_device(DeviceType::Char, 1, 3, &vec![DevicePermissions::MkNod]);
[INFO] [stdout]    |         +++++++
[INFO] [stdout] 
[INFO] [stdout] 
[INFO] [stdout] warning: unused `Result` that must be used
[INFO] [stdout]   --> tests/devices.rs:49:9
[INFO] [stdout]    |
[INFO] [stdout] 49 |         devices.deny_device(DeviceType::Char, 1, 3, &DevicePermissions::all());
[INFO] [stdout]    |         ^^^^^^^^^^^^^^^^^^^^^^^^^^^^^^^^^^^^^^^^^^^^^^^^^^^^^^^^^^^^^^^^^^^^^^
[INFO] [stdout]    |
[INFO] [stdout]    = note: this `Result` may be an `Err` variant, which should be handled
[INFO] [stdout] help: use `let _ = ...` to ignore the resulting value
[INFO] [stdout]    |
[INFO] [stdout] 49 |         let _ = devices.deny_device(DeviceType::Char, 1, 3, &DevicePermissions::all());
[INFO] [stdout]    |         +++++++
[INFO] [stdout] 
[INFO] [stdout] 
[INFO] [stdout] warning: unused `Result` that must be used
[INFO] [stdout]   --> tests/cgroup.rs:15:9
[INFO] [stdout]    |
[INFO] [stdout] 15 |         cg.add_task(CgroupPid::from(pid));
[INFO] [stdout]    |         ^^^^^^^^^^^^^^^^^^^^^^^^^^^^^^^^^
[INFO] [stdout]    |
[INFO] [stdout]    = note: this `Result` may be an `Err` variant, which should be handled
[INFO] [stdout]    = note: `#[warn(unused_must_use)]` on by default
[INFO] [stdout] help: use `let _ = ...` to ignore the resulting value
[INFO] [stdout]    |
[INFO] [stdout] 15 |         let _ = cg.add_task(CgroupPid::from(pid));
[INFO] [stdout]    |         +++++++
[INFO] [stdout] 
[INFO] [stdout] 
[INFO] [stdout] warning: unused `Result` that must be used
[INFO] [stdout]   --> tests/pids.rs:22:9
[INFO] [stdout]    |
[INFO] [stdout] 22 |         pidcontroller.set_pid_max(PidMax::Value(1337));
[INFO] [stdout]    |         ^^^^^^^^^^^^^^^^^^^^^^^^^^^^^^^^^^^^^^^^^^^^^^
[INFO] [stdout]    |
[INFO] [stdout]    = note: this `Result` may be an `Err` variant, which should be handled
[INFO] [stdout]    = note: `#[warn(unused_must_use)]` on by default
[INFO] [stdout] help: use `let _ = ...` to ignore the resulting value
[INFO] [stdout]    |
[INFO] [stdout] 22 |         let _ = pidcontroller.set_pid_max(PidMax::Value(1337));
[INFO] [stdout]    |         +++++++
[INFO] [stdout] 
[INFO] [stdout] 
[INFO] [stdout] warning: unused `Result` that must be used
[INFO] [stdout]   --> tests/pids.rs:67:17
[INFO] [stdout]    |
[INFO] [stdout] 67 |                 pids.add_task(&(pid_t::from(child) as u64).into());
[INFO] [stdout]    |                 ^^^^^^^^^^^^^^^^^^^^^^^^^^^^^^^^^^^^^^^^^^^^^^^^^^
[INFO] [stdout]    |
[INFO] [stdout]    = note: this `Result` may be an `Err` variant, which should be handled
[INFO] [stdout] help: use `let _ = ...` to ignore the resulting value
[INFO] [stdout]    |
[INFO] [stdout] 67 |                 let _ = pids.add_task(&(pid_t::from(child) as u64).into());
[INFO] [stdout]    |                 +++++++
[INFO] [stdout] 
[INFO] [stdout] 
[INFO] [stdout] warning: unused `Result` that must be used
[INFO] [stdout]   --> tests/pids.rs:72:17
[INFO] [stdout]    |
[INFO] [stdout] 72 |                 pids.set_pid_max(PidMax::Value(1));
[INFO] [stdout]    |                 ^^^^^^^^^^^^^^^^^^^^^^^^^^^^^^^^^^
[INFO] [stdout]    |
[INFO] [stdout]    = note: this `Result` may be an `Err` variant, which should be handled
[INFO] [stdout] help: use `let _ = ...` to ignore the resulting value
[INFO] [stdout]    |
[INFO] [stdout] 72 |                 let _ = pids.set_pid_max(PidMax::Value(1));
[INFO] [stdout]    |                 +++++++
[INFO] [stdout] 
[INFO] [stdout] 
[INFO] [stdout] warning: unused import: `error::*`
[INFO] [stdout]   --> src/cgroup_builder.rs:56:5
[INFO] [stdout]    |
[INFO] [stdout] 56 | use error::*;
[INFO] [stdout]    |     ^^^^^^^^
[INFO] [stdout]    |
[INFO] [stdout]    = note: `#[warn(unused_imports)]` on by default
[INFO] [stdout] 
[INFO] [stdout] 
[INFO] [stdout] warning: use of deprecated function `std::mem::uninitialized`: use `mem::MaybeUninit` instead
[INFO] [stdout]    --> src/blkio.rs:319:33
[INFO] [stdout]     |
[INFO] [stdout] 319 |                     ::std::mem::uninitialized()
[INFO] [stdout]     |                                 ^^^^^^^^^^^^^
[INFO] [stdout]     |
[INFO] [stdout]     = note: `#[warn(deprecated)]` on by default
[INFO] [stdout] 
[INFO] [stdout] 
[INFO] [stdout] warning: use of deprecated function `std::mem::uninitialized`: use `mem::MaybeUninit` instead
[INFO] [stdout]   --> src/cpu.rs:95:33
[INFO] [stdout]    |
[INFO] [stdout] 95 |                     ::std::mem::uninitialized()
[INFO] [stdout]    |                                 ^^^^^^^^^^^^^
[INFO] [stdout] 
[INFO] [stdout] 
[INFO] [stdout] warning: use of deprecated function `std::mem::uninitialized`: use `mem::MaybeUninit` instead
[INFO] [stdout]   --> src/cpuacct.rs:87:33
[INFO] [stdout]    |
[INFO] [stdout] 87 |                     ::std::mem::uninitialized()
[INFO] [stdout]    |                                 ^^^^^^^^^^^^^
[INFO] [stdout] 
[INFO] [stdout] 
[INFO] [stdout] warning: use of deprecated function `std::mem::uninitialized`: use `mem::MaybeUninit` instead
[INFO] [stdout]    --> src/cpuset.rs:122:33
[INFO] [stdout]     |
[INFO] [stdout] 122 |                     ::std::mem::uninitialized()
[INFO] [stdout]     |                                 ^^^^^^^^^^^^^
[INFO] [stdout] 
[INFO] [stdout] 
[INFO] [stdout] warning: use of deprecated function `std::mem::uninitialized`: use `mem::MaybeUninit` instead
[INFO] [stdout]    --> src/devices.rs:179:33
[INFO] [stdout]     |
[INFO] [stdout] 179 |                     ::std::mem::uninitialized()
[INFO] [stdout]     |                                 ^^^^^^^^^^^^^
[INFO] [stdout] 
[INFO] [stdout] 
[INFO] [stdout] warning: use of deprecated function `std::mem::uninitialized`: use `mem::MaybeUninit` instead
[INFO] [stdout]   --> src/freezer.rs:69:33
[INFO] [stdout]    |
[INFO] [stdout] 69 |                     ::std::mem::uninitialized()
[INFO] [stdout]    |                                 ^^^^^^^^^^^^^
[INFO] [stdout] 
[INFO] [stdout] 
[INFO] [stdout] warning: use of deprecated function `std::mem::uninitialized`: use `mem::MaybeUninit` instead
[INFO] [stdout]   --> src/hugetlb.rs:70:33
[INFO] [stdout]    |
[INFO] [stdout] 70 |                     ::std::mem::uninitialized()
[INFO] [stdout]    |                                 ^^^^^^^^^^^^^
[INFO] [stdout] 
[INFO] [stdout] 
[INFO] [stdout] warning: use of deprecated function `std::mem::uninitialized`: use `mem::MaybeUninit` instead
[INFO] [stdout]    --> src/memory.rs:675:33
[INFO] [stdout]     |
[INFO] [stdout] 675 |                     ::std::mem::uninitialized()
[INFO] [stdout]     |                                 ^^^^^^^^^^^^^
[INFO] [stdout] 
[INFO] [stdout] 
[INFO] [stdout] warning: use of deprecated function `std::mem::uninitialized`: use `mem::MaybeUninit` instead
[INFO] [stdout]   --> src/net_cls.rs:69:33
[INFO] [stdout]    |
[INFO] [stdout] 69 |                     ::std::mem::uninitialized()
[INFO] [stdout]    |                                 ^^^^^^^^^^^^^
[INFO] [stdout] 
[INFO] [stdout] 
[INFO] [stdout] warning: use of deprecated function `std::mem::uninitialized`: use `mem::MaybeUninit` instead
[INFO] [stdout]   --> src/net_prio.rs:70:33
[INFO] [stdout]    |
[INFO] [stdout] 70 |                     ::std::mem::uninitialized()
[INFO] [stdout]    |                                 ^^^^^^^^^^^^^
[INFO] [stdout] 
[INFO] [stdout] 
[INFO] [stdout] warning: use of deprecated function `std::mem::uninitialized`: use `mem::MaybeUninit` instead
[INFO] [stdout]   --> src/perf_event.rs:53:33
[INFO] [stdout]    |
[INFO] [stdout] 53 |                     ::std::mem::uninitialized()
[INFO] [stdout]    |                                 ^^^^^^^^^^^^^
[INFO] [stdout] 
[INFO] [stdout] 
[INFO] [stdout] warning: use of deprecated function `std::mem::uninitialized`: use `mem::MaybeUninit` instead
[INFO] [stdout]   --> src/pid.rs:92:33
[INFO] [stdout]    |
[INFO] [stdout] 92 |                     ::std::mem::uninitialized()
[INFO] [stdout]    |                                 ^^^^^^^^^^^^^
[INFO] [stdout] 
[INFO] [stdout] 
[INFO] [stdout] warning: use of deprecated function `std::mem::uninitialized`: use `mem::MaybeUninit` instead
[INFO] [stdout]   --> src/rdma.rs:56:33
[INFO] [stdout]    |
[INFO] [stdout] 56 |                     ::std::mem::uninitialized()
[INFO] [stdout]    |                                 ^^^^^^^^^^^^^
[INFO] [stdout] 
[INFO] [stdout] 
[INFO] [stdout] warning: trait objects without an explicit `dyn` are deprecated
[INFO] [stdout]   --> src/cgroup.rs:27:15
[INFO] [stdout]    |
[INFO] [stdout] 27 |     hier: &'b Hierarchy,
[INFO] [stdout]    |               ^^^^^^^^^
[INFO] [stdout]    |
[INFO] [stdout]    = warning: this is accepted in the current edition (Rust 2015) but is a hard error in Rust 2021!
[INFO] [stdout]    = note: for more information, see <https://doc.rust-lang.org/nightly/edition-guide/rust-2021/warnings-promoted-to-error.html>
[INFO] [stdout]    = note: `#[warn(bare_trait_objects)]` on by default
[INFO] [stdout] help: if this is a dyn-compatible trait, use `dyn`
[INFO] [stdout]    |
[INFO] [stdout] 27 |     hier: &'b dyn Hierarchy,
[INFO] [stdout]    |               +++
[INFO] [stdout] 
[INFO] [stdout] 
[INFO] [stdout] warning: trait objects without an explicit `dyn` are deprecated
[INFO] [stdout]   --> src/error.rs:37:23
[INFO] [stdout]    |
[INFO] [stdout] 37 |     cause: Option<Box<StdError + Send>>,
[INFO] [stdout]    |                       ^^^^^^^^^^^^^^^
[INFO] [stdout]    |
[INFO] [stdout]    = warning: this is accepted in the current edition (Rust 2015) but is a hard error in Rust 2021!
[INFO] [stdout]    = note: for more information, see <https://doc.rust-lang.org/nightly/edition-guide/rust-2021/warnings-promoted-to-error.html>
[INFO] [stdout] help: if this is a dyn-compatible trait, use `dyn`
[INFO] [stdout]    |
[INFO] [stdout] 37 |     cause: Option<Box<dyn StdError + Send>>,
[INFO] [stdout]    |                       +++
[INFO] [stdout] 
[INFO] [stdout] 
[INFO] [stdout] warning: trait objects without an explicit `dyn` are deprecated
[INFO] [stdout]   --> src/cgroup_builder.rs:74:20
[INFO] [stdout]    |
[INFO] [stdout] 74 |     hierarchy: &'a Hierarchy,
[INFO] [stdout]    |                    ^^^^^^^^^
[INFO] [stdout]    |
[INFO] [stdout]    = warning: this is accepted in the current edition (Rust 2015) but is a hard error in Rust 2021!
[INFO] [stdout]    = note: for more information, see <https://doc.rust-lang.org/nightly/edition-guide/rust-2021/warnings-promoted-to-error.html>
[INFO] [stdout] help: if this is a dyn-compatible trait, use `dyn`
[INFO] [stdout]    |
[INFO] [stdout] 74 |     hierarchy: &'a dyn Hierarchy,
[INFO] [stdout]    |                    +++
[INFO] [stdout] 
[INFO] [stdout] 
[INFO] [stdout] warning: trait objects without an explicit `dyn` are deprecated
[INFO] [stdout]   --> src/cgroup.rs:44:39
[INFO] [stdout]    |
[INFO] [stdout] 44 |     pub fn new<P: AsRef<Path>>(hier: &Hierarchy, path: P) -> Cgroup {
[INFO] [stdout]    |                                       ^^^^^^^^^
[INFO] [stdout]    |
[INFO] [stdout]    = warning: this is accepted in the current edition (Rust 2015) but is a hard error in Rust 2021!
[INFO] [stdout]    = note: for more information, see <https://doc.rust-lang.org/nightly/edition-guide/rust-2021/warnings-promoted-to-error.html>
[INFO] [stdout] help: if this is a dyn-compatible trait, use `dyn`
[INFO] [stdout]    |
[INFO] [stdout] 44 |     pub fn new<P: AsRef<Path>>(hier: &dyn Hierarchy, path: P) -> Cgroup {
[INFO] [stdout]    |                                       +++
[INFO] [stdout] 
[INFO] [stdout] 
[INFO] [stdout] warning: trait objects without an explicit `dyn` are deprecated
[INFO] [stdout]   --> src/cgroup.rs:57:40
[INFO] [stdout]    |
[INFO] [stdout] 57 |     pub fn load<P: AsRef<Path>>(hier: &Hierarchy, path: P) -> Cgroup {
[INFO] [stdout]    |                                        ^^^^^^^^^
[INFO] [stdout]    |
[INFO] [stdout]    = warning: this is accepted in the current edition (Rust 2015) but is a hard error in Rust 2021!
[INFO] [stdout]    = note: for more information, see <https://doc.rust-lang.org/nightly/edition-guide/rust-2021/warnings-promoted-to-error.html>
[INFO] [stdout] help: if this is a dyn-compatible trait, use `dyn`
[INFO] [stdout]    |
[INFO] [stdout] 57 |     pub fn load<P: AsRef<Path>>(hier: &dyn Hierarchy, path: P) -> Cgroup {
[INFO] [stdout]    |                                        +++
[INFO] [stdout] 
[INFO] [stdout] 
[INFO] [stdout] warning: trait objects without an explicit `dyn` are deprecated
[INFO] [stdout]   --> src/cgroup_builder.rs:83:46
[INFO] [stdout]    |
[INFO] [stdout] 83 |     pub fn new(name: &'a str, hierarchy: &'a Hierarchy) -> CgroupBuilder<'a> {
[INFO] [stdout]    |                                              ^^^^^^^^^
[INFO] [stdout]    |
[INFO] [stdout]    = warning: this is accepted in the current edition (Rust 2015) but is a hard error in Rust 2021!
[INFO] [stdout]    = note: for more information, see <https://doc.rust-lang.org/nightly/edition-guide/rust-2021/warnings-promoted-to-error.html>
[INFO] [stdout] help: if this is a dyn-compatible trait, use `dyn`
[INFO] [stdout]    |
[INFO] [stdout] 83 |     pub fn new(name: &'a str, hierarchy: &'a dyn Hierarchy) -> CgroupBuilder<'a> {
[INFO] [stdout]    |                                              +++
[INFO] [stdout] 
[INFO] [stdout] 
[INFO] [stdout] warning: trait objects without an explicit `dyn` are deprecated
[INFO] [stdout]   --> src/error.rs:56:32
[INFO] [stdout]    |
[INFO] [stdout] 56 |     fn cause(&self) -> Option<&StdError> {
[INFO] [stdout]    |                                ^^^^^^^^
[INFO] [stdout]    |
[INFO] [stdout]    = warning: this is accepted in the current edition (Rust 2015) but is a hard error in Rust 2021!
[INFO] [stdout]    = note: for more information, see <https://doc.rust-lang.org/nightly/edition-guide/rust-2021/warnings-promoted-to-error.html>
[INFO] [stdout] help: if this is a dyn-compatible trait, use `dyn`
[INFO] [stdout]    |
[INFO] [stdout] 56 |     fn cause(&self) -> Option<&dyn StdError> {
[INFO] [stdout]    |                                +++
[INFO] [stdout] 
[INFO] [stdout] 
[INFO] [stdout] warning: variable does not need to be mutable
[INFO] [stdout]    --> src/hierarchies.rs:126:13
[INFO] [stdout]     |
[INFO] [stdout] 126 |         let mut more_fields = line[index + 3..].split_whitespace().collect::<Vec<_>>();
[INFO] [stdout]     |             ----^^^^^^^^^^^
[INFO] [stdout]     |             |
[INFO] [stdout]     |             help: remove this `mut`
[INFO] [stdout]     |
[INFO] [stdout]     = note: `#[warn(unused_mut)]` on by default
[INFO] [stdout] 
[INFO] [stdout] 
[INFO] [stdout] warning: unused variable: `nodes`
[INFO] [stdout]   --> src/memory.rs:88:9
[INFO] [stdout]    |
[INFO] [stdout] 88 |     let nodes = (s.split_whitespace().collect::<Vec<_>>().len() - 8) / 8;
[INFO] [stdout]    |         ^^^^^ help: if this is intentional, prefix it with an underscore: `_nodes`
[INFO] [stdout]    |
[INFO] [stdout]    = note: `#[warn(unused_variables)]` on by default
[INFO] [stdout] 
[INFO] [stdout] 
[INFO] [stdout] warning: the type `&BlkIoController` does not permit being left uninitialized
[INFO] [stdout]    --> src/blkio.rs:319:21
[INFO] [stdout]     |
[INFO] [stdout] 319 |                     ::std::mem::uninitialized()
[INFO] [stdout]     |                     ^^^^^^^^^^^^^^^^^^^^^^^^^^^
[INFO] [stdout]     |                     |
[INFO] [stdout]     |                     this code causes undefined behavior when executed
[INFO] [stdout]     |                     help: use `MaybeUninit<T>` instead, and only call `assume_init` after initialization is done
[INFO] [stdout]     |
[INFO] [stdout]     = note: references must be non-null
[INFO] [stdout]     = note: `#[warn(invalid_value)]` on by default
[INFO] [stdout] 
[INFO] [stdout] 
[INFO] [stdout] warning: the type `&CpuController` does not permit being left uninitialized
[INFO] [stdout]   --> src/cpu.rs:95:21
[INFO] [stdout]    |
[INFO] [stdout] 95 |                     ::std::mem::uninitialized()
[INFO] [stdout]    |                     ^^^^^^^^^^^^^^^^^^^^^^^^^^^
[INFO] [stdout]    |                     |
[INFO] [stdout]    |                     this code causes undefined behavior when executed
[INFO] [stdout]    |                     help: use `MaybeUninit<T>` instead, and only call `assume_init` after initialization is done
[INFO] [stdout]    |
[INFO] [stdout]    = note: references must be non-null
[INFO] [stdout] 
[INFO] [stdout] 
[INFO] [stdout] warning: the type `&CpuAcctController` does not permit being left uninitialized
[INFO] [stdout]   --> src/cpuacct.rs:87:21
[INFO] [stdout]    |
[INFO] [stdout] 87 |                     ::std::mem::uninitialized()
[INFO] [stdout]    |                     ^^^^^^^^^^^^^^^^^^^^^^^^^^^
[INFO] [stdout]    |                     |
[INFO] [stdout]    |                     this code causes undefined behavior when executed
[INFO] [stdout]    |                     help: use `MaybeUninit<T>` instead, and only call `assume_init` after initialization is done
[INFO] [stdout]    |
[INFO] [stdout]    = note: references must be non-null
[INFO] [stdout] 
[INFO] [stdout] 
[INFO] [stdout] warning: the type `&CpuSetController` does not permit being left uninitialized
[INFO] [stdout]    --> src/cpuset.rs:122:21
[INFO] [stdout]     |
[INFO] [stdout] 122 |                     ::std::mem::uninitialized()
[INFO] [stdout]     |                     ^^^^^^^^^^^^^^^^^^^^^^^^^^^
[INFO] [stdout]     |                     |
[INFO] [stdout]     |                     this code causes undefined behavior when executed
[INFO] [stdout]     |                     help: use `MaybeUninit<T>` instead, and only call `assume_init` after initialization is done
[INFO] [stdout]     |
[INFO] [stdout]     = note: references must be non-null
[INFO] [stdout] 
[INFO] [stdout] 
[INFO] [stdout] warning: the type `&DevicesController` does not permit being left uninitialized
[INFO] [stdout]    --> src/devices.rs:179:21
[INFO] [stdout]     |
[INFO] [stdout] 179 |                     ::std::mem::uninitialized()
[INFO] [stdout]     |                     ^^^^^^^^^^^^^^^^^^^^^^^^^^^
[INFO] [stdout]     |                     |
[INFO] [stdout]     |                     this code causes undefined behavior when executed
[INFO] [stdout]     |                     help: use `MaybeUninit<T>` instead, and only call `assume_init` after initialization is done
[INFO] [stdout]     |
[INFO] [stdout]     = note: references must be non-null
[INFO] [stdout] 
[INFO] [stdout] 
[INFO] [stdout] warning: the type `&FreezerController` does not permit being left uninitialized
[INFO] [stdout]   --> src/freezer.rs:69:21
[INFO] [stdout]    |
[INFO] [stdout] 69 |                     ::std::mem::uninitialized()
[INFO] [stdout]    |                     ^^^^^^^^^^^^^^^^^^^^^^^^^^^
[INFO] [stdout]    |                     |
[INFO] [stdout]    |                     this code causes undefined behavior when executed
[INFO] [stdout]    |                     help: use `MaybeUninit<T>` instead, and only call `assume_init` after initialization is done
[INFO] [stdout]    |
[INFO] [stdout]    = note: references must be non-null
[INFO] [stdout] 
[INFO] [stdout] 
[INFO] [stdout] warning: the type `&HugeTlbController` does not permit being left uninitialized
[INFO] [stdout]   --> src/hugetlb.rs:70:21
[INFO] [stdout]    |
[INFO] [stdout] 70 |                     ::std::mem::uninitialized()
[INFO] [stdout]    |                     ^^^^^^^^^^^^^^^^^^^^^^^^^^^
[INFO] [stdout]    |                     |
[INFO] [stdout]    |                     this code causes undefined behavior when executed
[INFO] [stdout]    |                     help: use `MaybeUninit<T>` instead, and only call `assume_init` after initialization is done
[INFO] [stdout]    |
[INFO] [stdout]    = note: references must be non-null
[INFO] [stdout] 
[INFO] [stdout] 
[INFO] [stdout] warning: the type `&MemController` does not permit being left uninitialized
[INFO] [stdout]    --> src/memory.rs:675:21
[INFO] [stdout]     |
[INFO] [stdout] 675 |                     ::std::mem::uninitialized()
[INFO] [stdout]     |                     ^^^^^^^^^^^^^^^^^^^^^^^^^^^
[INFO] [stdout]     |                     |
[INFO] [stdout]     |                     this code causes undefined behavior when executed
[INFO] [stdout]     |                     help: use `MaybeUninit<T>` instead, and only call `assume_init` after initialization is done
[INFO] [stdout]     |
[INFO] [stdout]     = note: references must be non-null
[INFO] [stdout] 
[INFO] [stdout] 
[INFO] [stdout] warning: the type `&NetClsController` does not permit being left uninitialized
[INFO] [stdout]   --> src/net_cls.rs:69:21
[INFO] [stdout]    |
[INFO] [stdout] 69 |                     ::std::mem::uninitialized()
[INFO] [stdout]    |                     ^^^^^^^^^^^^^^^^^^^^^^^^^^^
[INFO] [stdout]    |                     |
[INFO] [stdout]    |                     this code causes undefined behavior when executed
[INFO] [stdout]    |                     help: use `MaybeUninit<T>` instead, and only call `assume_init` after initialization is done
[INFO] [stdout]    |
[INFO] [stdout]    = note: references must be non-null
[INFO] [stdout] 
[INFO] [stdout] 
[INFO] [stdout] warning: the type `&NetPrioController` does not permit being left uninitialized
[INFO] [stdout]   --> src/net_prio.rs:70:21
[INFO] [stdout]    |
[INFO] [stdout] 70 |                     ::std::mem::uninitialized()
[INFO] [stdout]    |                     ^^^^^^^^^^^^^^^^^^^^^^^^^^^
[INFO] [stdout]    |                     |
[INFO] [stdout]    |                     this code causes undefined behavior when executed
[INFO] [stdout]    |                     help: use `MaybeUninit<T>` instead, and only call `assume_init` after initialization is done
[INFO] [stdout]    |
[INFO] [stdout]    = note: references must be non-null
[INFO] [stdout] 
[INFO] [stdout] 
[INFO] [stdout] warning: the type `&PerfEventController` does not permit being left uninitialized
[INFO] [stdout]   --> src/perf_event.rs:53:21
[INFO] [stdout]    |
[INFO] [stdout] 53 |                     ::std::mem::uninitialized()
[INFO] [stdout]    |                     ^^^^^^^^^^^^^^^^^^^^^^^^^^^
[INFO] [stdout]    |                     |
[INFO] [stdout]    |                     this code causes undefined behavior when executed
[INFO] [stdout]    |                     help: use `MaybeUninit<T>` instead, and only call `assume_init` after initialization is done
[INFO] [stdout]    |
[INFO] [stdout]    = note: references must be non-null
[INFO] [stdout] 
[INFO] [stdout] 
[INFO] [stdout] warning: the type `&PidController` does not permit being left uninitialized
[INFO] [stdout]   --> src/pid.rs:92:21
[INFO] [stdout]    |
[INFO] [stdout] 92 |                     ::std::mem::uninitialized()
[INFO] [stdout]    |                     ^^^^^^^^^^^^^^^^^^^^^^^^^^^
[INFO] [stdout]    |                     |
[INFO] [stdout]    |                     this code causes undefined behavior when executed
[INFO] [stdout]    |                     help: use `MaybeUninit<T>` instead, and only call `assume_init` after initialization is done
[INFO] [stdout]    |
[INFO] [stdout]    = note: references must be non-null
[INFO] [stdout] 
[INFO] [stdout] 
[INFO] [stdout] warning: the type `&RdmaController` does not permit being left uninitialized
[INFO] [stdout]   --> src/rdma.rs:56:21
[INFO] [stdout]    |
[INFO] [stdout] 56 |                     ::std::mem::uninitialized()
[INFO] [stdout]    |                     ^^^^^^^^^^^^^^^^^^^^^^^^^^^
[INFO] [stdout]    |                     |
[INFO] [stdout]    |                     this code causes undefined behavior when executed
[INFO] [stdout]    |                     help: use `MaybeUninit<T>` instead, and only call `assume_init` after initialization is done
[INFO] [stdout]    |
[INFO] [stdout]    = note: references must be non-null
[INFO] [stdout] 
[INFO] [stdout] 
[INFO] [stdout] warning: unused `std::result::Result` that must be used
[INFO] [stdout]    --> src/cgroup_builder.rs:146:9
[INFO] [stdout]     |
[INFO] [stdout] 146 |         cg.apply(&self.resources);
[INFO] [stdout]     |         ^^^^^^^^^^^^^^^^^^^^^^^^^
[INFO] [stdout]     |
[INFO] [stdout]     = note: this `Result` may be an `Err` variant, which should be handled
[INFO] [stdout]     = note: `#[warn(unused_must_use)]` on by default
[INFO] [stdout] help: use `let _ = ...` to ignore the resulting value
[INFO] [stdout]     |
[INFO] [stdout] 146 |         let _ = cg.apply(&self.resources);
[INFO] [stdout]     |         +++++++
[INFO] [stdout] 
[INFO] [stdout] 
[INFO] [stderr]     Finished `test` profile [unoptimized + debuginfo] target(s) in 2.62s
[INFO] running `Command { std: "docker" "inspect" "c0d6ac2ed6d1fa7d42140acb6b9842eb4ca2b7e00721b0530905e2833aa674ba", kill_on_drop: false }`
[INFO] running `Command { std: "docker" "rm" "-f" "c0d6ac2ed6d1fa7d42140acb6b9842eb4ca2b7e00721b0530905e2833aa674ba", kill_on_drop: false }`
[INFO] [stdout] c0d6ac2ed6d1fa7d42140acb6b9842eb4ca2b7e00721b0530905e2833aa674ba
[INFO] running `Command { std: "docker" "create" "-v" "/var/lib/crater-agent-workspace/builds/worker-1-tc2/target:/opt/rustwide/target:rw,Z" "-v" "/var/lib/crater-agent-workspace/builds/worker-1-tc2/source:/opt/rustwide/workdir:ro,Z" "-v" "/var/lib/crater-agent-workspace/cargo-home:/opt/rustwide/cargo-home:ro,Z" "-v" "/var/lib/crater-agent-workspace/rustup-home:/opt/rustwide/rustup-home:ro,Z" "-e" "SOURCE_DIR=/opt/rustwide/workdir" "-e" "CARGO_TARGET_DIR=/opt/rustwide/target" "-e" "CARGO_INCREMENTAL=0" "-e" "RUST_BACKTRACE=full" "-e" "RUSTFLAGS=--cap-lints=forbid -Zrandomize-layout" "-e" "RUSTDOCFLAGS=--cap-lints=forbid" "-e" "CARGO_HOME=/opt/rustwide/cargo-home" "-e" "RUSTUP_HOME=/opt/rustwide/rustup-home" "-w" "/opt/rustwide/workdir" "-m" "1610612736" "--user" "0:0" "--network" "none" "ghcr.io/rust-lang/crates-build-env/linux@sha256:4a844ea9eb2546a2d2c7022eacef16ef2e8229c7fbb2c7d4d55a9ceca922f72d" "/opt/rustwide/cargo-home/bin/cargo" "+nightly-2024-10-28" "test" "--frozen", kill_on_drop: false }`
[INFO] [stdout] 46daba5be5c6b282681a4402d722be404f34ce3fc26ce8e4896c7c7da535499e
[INFO] running `Command { std: "docker" "start" "-a" "46daba5be5c6b282681a4402d722be404f34ce3fc26ce8e4896c7c7da535499e", kill_on_drop: false }`
[INFO] [stderr] warning: no edition set: defaulting to the 2015 edition while the latest is 2021
[INFO] [stderr] warning: unused import: `error::*`
[INFO] [stderr]   --> src/cgroup_builder.rs:56:5
[INFO] [stderr]    |
[INFO] [stderr] 56 | use error::*;
[INFO] [stderr]    |     ^^^^^^^^
[INFO] [stderr]    |
[INFO] [stderr]    = note: `#[warn(unused_imports)]` on by default
[INFO] [stderr] 
[INFO] [stderr] warning: use of deprecated function `std::mem::uninitialized`: use `mem::MaybeUninit` instead
[INFO] [stderr]    --> src/blkio.rs:319:33
[INFO] [stderr]     |
[INFO] [stderr] 319 |                     ::std::mem::uninitialized()
[INFO] [stderr]     |                                 ^^^^^^^^^^^^^
[INFO] [stderr]     |
[INFO] [stderr]     = note: `#[warn(deprecated)]` on by default
[INFO] [stderr] 
[INFO] [stderr] warning: use of deprecated function `std::mem::uninitialized`: use `mem::MaybeUninit` instead
[INFO] [stderr]   --> src/cpu.rs:95:33
[INFO] [stderr]    |
[INFO] [stderr] 95 |                     ::std::mem::uninitialized()
[INFO] [stderr]    |                                 ^^^^^^^^^^^^^
[INFO] [stderr] 
[INFO] [stderr] warning: use of deprecated function `std::mem::uninitialized`: use `mem::MaybeUninit` instead
[INFO] [stderr]   --> src/cpuacct.rs:87:33
[INFO] [stderr]    |
[INFO] [stderr] 87 |                     ::std::mem::uninitialized()
[INFO] [stderr]    |                                 ^^^^^^^^^^^^^
[INFO] [stderr] 
[INFO] [stderr] warning: use of deprecated function `std::mem::uninitialized`: use `mem::MaybeUninit` instead
[INFO] [stderr]    --> src/cpuset.rs:122:33
[INFO] [stderr]     |
[INFO] [stderr] 122 |                     ::std::mem::uninitialized()
[INFO] [stderr]     |                                 ^^^^^^^^^^^^^
[INFO] [stderr] 
[INFO] [stderr] warning: use of deprecated function `std::mem::uninitialized`: use `mem::MaybeUninit` instead
[INFO] [stderr]    --> src/devices.rs:179:33
[INFO] [stderr]     |
[INFO] [stderr] 179 |                     ::std::mem::uninitialized()
[INFO] [stderr]     |                                 ^^^^^^^^^^^^^
[INFO] [stderr] 
[INFO] [stderr] warning: use of deprecated function `std::mem::uninitialized`: use `mem::MaybeUninit` instead
[INFO] [stderr]   --> src/freezer.rs:69:33
[INFO] [stderr]    |
[INFO] [stderr] 69 |                     ::std::mem::uninitialized()
[INFO] [stderr]    |                                 ^^^^^^^^^^^^^
[INFO] [stderr] 
[INFO] [stderr] warning: use of deprecated function `std::mem::uninitialized`: use `mem::MaybeUninit` instead
[INFO] [stderr]   --> src/hugetlb.rs:70:33
[INFO] [stderr]    |
[INFO] [stderr] 70 |                     ::std::mem::uninitialized()
[INFO] [stderr]    |                                 ^^^^^^^^^^^^^
[INFO] [stderr] 
[INFO] [stderr] warning: use of deprecated function `std::mem::uninitialized`: use `mem::MaybeUninit` instead
[INFO] [stderr]    --> src/memory.rs:675:33
[INFO] [stderr]     |
[INFO] [stderr] 675 |                     ::std::mem::uninitialized()
[INFO] [stderr]     |                                 ^^^^^^^^^^^^^
[INFO] [stderr] 
[INFO] [stderr] warning: use of deprecated function `std::mem::uninitialized`: use `mem::MaybeUninit` instead
[INFO] [stderr]   --> src/net_cls.rs:69:33
[INFO] [stderr]    |
[INFO] [stderr] 69 |                     ::std::mem::uninitialized()
[INFO] [stderr]    |                                 ^^^^^^^^^^^^^
[INFO] [stderr] 
[INFO] [stderr] warning: use of deprecated function `std::mem::uninitialized`: use `mem::MaybeUninit` instead
[INFO] [stderr]   --> src/net_prio.rs:70:33
[INFO] [stderr]    |
[INFO] [stderr] 70 |                     ::std::mem::uninitialized()
[INFO] [stderr]    |                                 ^^^^^^^^^^^^^
[INFO] [stderr] 
[INFO] [stderr] warning: use of deprecated function `std::mem::uninitialized`: use `mem::MaybeUninit` instead
[INFO] [stderr]   --> src/perf_event.rs:53:33
[INFO] [stderr]    |
[INFO] [stderr] 53 |                     ::std::mem::uninitialized()
[INFO] [stderr]    |                                 ^^^^^^^^^^^^^
[INFO] [stderr] 
[INFO] [stderr] warning: use of deprecated function `std::mem::uninitialized`: use `mem::MaybeUninit` instead
[INFO] [stderr]   --> src/pid.rs:92:33
[INFO] [stderr]    |
[INFO] [stderr] 92 |                     ::std::mem::uninitialized()
[INFO] [stderr]    |                                 ^^^^^^^^^^^^^
[INFO] [stderr] 
[INFO] [stderr] warning: use of deprecated function `std::mem::uninitialized`: use `mem::MaybeUninit` instead
[INFO] [stderr]   --> src/rdma.rs:56:33
[INFO] [stderr]    |
[INFO] [stderr] 56 |                     ::std::mem::uninitialized()
[INFO] [stderr]    |                                 ^^^^^^^^^^^^^
[INFO] [stderr] 
[INFO] [stderr] warning: trait objects without an explicit `dyn` are deprecated
[INFO] [stderr]   --> src/cgroup.rs:27:15
[INFO] [stderr]    |
[INFO] [stderr] 27 |     hier: &'b Hierarchy,
[INFO] [stderr]    |               ^^^^^^^^^
[INFO] [stderr]    |
[INFO] [stderr]    = warning: this is accepted in the current edition (Rust 2015) but is a hard error in Rust 2021!
[INFO] [stderr]    = note: for more information, see <https://doc.rust-lang.org/nightly/edition-guide/rust-2021/warnings-promoted-to-error.html>
[INFO] [stderr]    = note: `#[warn(bare_trait_objects)]` on by default
[INFO] [stderr] help: if this is a dyn-compatible trait, use `dyn`
[INFO] [stderr]    |
[INFO] [stderr] 27 |     hier: &'b dyn Hierarchy,
[INFO] [stderr]    |               +++
[INFO] [stderr] 
[INFO] [stderr] warning: trait objects without an explicit `dyn` are deprecated
[INFO] [stderr]   --> src/error.rs:37:23
[INFO] [stderr]    |
[INFO] [stderr] 37 |     cause: Option<Box<StdError + Send>>,
[INFO] [stderr]    |                       ^^^^^^^^^^^^^^^
[INFO] [stderr]    |
[INFO] [stderr]    = warning: this is accepted in the current edition (Rust 2015) but is a hard error in Rust 2021!
[INFO] [stderr]    = note: for more information, see <https://doc.rust-lang.org/nightly/edition-guide/rust-2021/warnings-promoted-to-error.html>
[INFO] [stderr] help: if this is a dyn-compatible trait, use `dyn`
[INFO] [stderr]    |
[INFO] [stderr] 37 |     cause: Option<Box<dyn StdError + Send>>,
[INFO] [stderr]    |                       +++
[INFO] [stderr] 
[INFO] [stderr] warning: trait objects without an explicit `dyn` are deprecated
[INFO] [stderr]   --> src/cgroup_builder.rs:74:20
[INFO] [stderr]    |
[INFO] [stderr] 74 |     hierarchy: &'a Hierarchy,
[INFO] [stderr]    |                    ^^^^^^^^^
[INFO] [stderr]    |
[INFO] [stderr]    = warning: this is accepted in the current edition (Rust 2015) but is a hard error in Rust 2021!
[INFO] [stderr]    = note: for more information, see <https://doc.rust-lang.org/nightly/edition-guide/rust-2021/warnings-promoted-to-error.html>
[INFO] [stderr] help: if this is a dyn-compatible trait, use `dyn`
[INFO] [stderr]    |
[INFO] [stderr] 74 |     hierarchy: &'a dyn Hierarchy,
[INFO] [stderr]    |                    +++
[INFO] [stderr] 
[INFO] [stderr] warning: trait objects without an explicit `dyn` are deprecated
[INFO] [stderr]   --> src/cgroup.rs:44:39
[INFO] [stderr]    |
[INFO] [stderr] 44 |     pub fn new<P: AsRef<Path>>(hier: &Hierarchy, path: P) -> Cgroup {
[INFO] [stderr]    |                                       ^^^^^^^^^
[INFO] [stderr]    |
[INFO] [stderr]    = warning: this is accepted in the current edition (Rust 2015) but is a hard error in Rust 2021!
[INFO] [stderr]    = note: for more information, see <https://doc.rust-lang.org/nightly/edition-guide/rust-2021/warnings-promoted-to-error.html>
[INFO] [stderr] help: if this is a dyn-compatible trait, use `dyn`
[INFO] [stderr]    |
[INFO] [stderr] 44 |     pub fn new<P: AsRef<Path>>(hier: &dyn Hierarchy, path: P) -> Cgroup {
[INFO] [stderr]    |                                       +++
[INFO] [stderr] 
[INFO] [stderr] warning: trait objects without an explicit `dyn` are deprecated
[INFO] [stderr]   --> src/cgroup.rs:57:40
[INFO] [stderr]    |
[INFO] [stderr] 57 |     pub fn load<P: AsRef<Path>>(hier: &Hierarchy, path: P) -> Cgroup {
[INFO] [stderr]    |                                        ^^^^^^^^^
[INFO] [stderr]    |
[INFO] [stderr]    = warning: this is accepted in the current edition (Rust 2015) but is a hard error in Rust 2021!
[INFO] [stderr]    = note: for more information, see <https://doc.rust-lang.org/nightly/edition-guide/rust-2021/warnings-promoted-to-error.html>
[INFO] [stderr] help: if this is a dyn-compatible trait, use `dyn`
[INFO] [stderr]    |
[INFO] [stderr] 57 |     pub fn load<P: AsRef<Path>>(hier: &dyn Hierarchy, path: P) -> Cgroup {
[INFO] [stderr]    |                                        +++
[INFO] [stderr] 
[INFO] [stderr] warning: trait objects without an explicit `dyn` are deprecated
[INFO] [stderr]   --> src/cgroup_builder.rs:83:46
[INFO] [stderr]    |
[INFO] [stderr] 83 |     pub fn new(name: &'a str, hierarchy: &'a Hierarchy) -> CgroupBuilder<'a> {
[INFO] [stderr]    |                                              ^^^^^^^^^
[INFO] [stderr]    |
[INFO] [stderr]    = warning: this is accepted in the current edition (Rust 2015) but is a hard error in Rust 2021!
[INFO] [stderr]    = note: for more information, see <https://doc.rust-lang.org/nightly/edition-guide/rust-2021/warnings-promoted-to-error.html>
[INFO] [stderr] help: if this is a dyn-compatible trait, use `dyn`
[INFO] [stderr]    |
[INFO] [stderr] 83 |     pub fn new(name: &'a str, hierarchy: &'a dyn Hierarchy) -> CgroupBuilder<'a> {
[INFO] [stderr]    |                                              +++
[INFO] [stderr] 
[INFO] [stderr] warning: trait objects without an explicit `dyn` are deprecated
[INFO] [stderr]   --> src/error.rs:56:32
[INFO] [stderr]    |
[INFO] [stderr] 56 |     fn cause(&self) -> Option<&StdError> {
[INFO] [stderr]    |                                ^^^^^^^^
[INFO] [stderr]    |
[INFO] [stderr]    = warning: this is accepted in the current edition (Rust 2015) but is a hard error in Rust 2021!
[INFO] [stderr]    = note: for more information, see <https://doc.rust-lang.org/nightly/edition-guide/rust-2021/warnings-promoted-to-error.html>
[INFO] [stderr] help: if this is a dyn-compatible trait, use `dyn`
[INFO] [stderr]    |
[INFO] [stderr] 56 |     fn cause(&self) -> Option<&dyn StdError> {
[INFO] [stderr]    |                                +++
[INFO] [stderr] 
[INFO] [stderr] warning: variable does not need to be mutable
[INFO] [stderr]    --> src/hierarchies.rs:126:13
[INFO] [stderr]     |
[INFO] [stderr] 126 |         let mut more_fields = line[index + 3..].split_whitespace().collect::<Vec<_>>();
[INFO] [stderr]     |             ----^^^^^^^^^^^
[INFO] [stderr]     |             |
[INFO] [stderr]     |             help: remove this `mut`
[INFO] [stderr]     |
[INFO] [stderr]     = note: `#[warn(unused_mut)]` on by default
[INFO] [stderr] 
[INFO] [stderr] warning: unused variable: `nodes`
[INFO] [stderr]   --> src/memory.rs:88:9
[INFO] [stderr]    |
[INFO] [stderr] 88 |     let nodes = (s.split_whitespace().collect::<Vec<_>>().len() - 8) / 8;
[INFO] [stderr]    |         ^^^^^ help: if this is intentional, prefix it with an underscore: `_nodes`
[INFO] [stderr]    |
[INFO] [stderr]    = note: `#[warn(unused_variables)]` on by default
[INFO] [stderr] 
[INFO] [stderr] warning: the type `&BlkIoController` does not permit being left uninitialized
[INFO] [stderr]    --> src/blkio.rs:319:21
[INFO] [stderr]     |
[INFO] [stderr] 319 |                     ::std::mem::uninitialized()
[INFO] [stderr]     |                     ^^^^^^^^^^^^^^^^^^^^^^^^^^^
[INFO] [stderr]     |                     |
[INFO] [stderr]     |                     this code causes undefined behavior when executed
[INFO] [stderr]     |                     help: use `MaybeUninit<T>` instead, and only call `assume_init` after initialization is done
[INFO] [stderr]     |
[INFO] [stderr]     = note: references must be non-null
[INFO] [stderr]     = note: `#[warn(invalid_value)]` on by default
[INFO] [stderr] 
[INFO] [stderr] warning: the type `&CpuController` does not permit being left uninitialized
[INFO] [stderr]   --> src/cpu.rs:95:21
[INFO] [stderr]    |
[INFO] [stderr] 95 |                     ::std::mem::uninitialized()
[INFO] [stderr]    |                     ^^^^^^^^^^^^^^^^^^^^^^^^^^^
[INFO] [stderr]    |                     |
[INFO] [stderr]    |                     this code causes undefined behavior when executed
[INFO] [stderr]    |                     help: use `MaybeUninit<T>` instead, and only call `assume_init` after initialization is done
[INFO] [stderr]    |
[INFO] [stderr]    = note: references must be non-null
[INFO] [stderr] 
[INFO] [stderr] warning: the type `&CpuAcctController` does not permit being left uninitialized
[INFO] [stderr]   --> src/cpuacct.rs:87:21
[INFO] [stderr]    |
[INFO] [stderr] 87 |                     ::std::mem::uninitialized()
[INFO] [stderr]    |                     ^^^^^^^^^^^^^^^^^^^^^^^^^^^
[INFO] [stderr]    |                     |
[INFO] [stderr]    |                     this code causes undefined behavior when executed
[INFO] [stderr]    |                     help: use `MaybeUninit<T>` instead, and only call `assume_init` after initialization is done
[INFO] [stderr]    |
[INFO] [stderr]    = note: references must be non-null
[INFO] [stderr] 
[INFO] [stderr] warning: the type `&CpuSetController` does not permit being left uninitialized
[INFO] [stderr]    --> src/cpuset.rs:122:21
[INFO] [stderr]     |
[INFO] [stderr] 122 |                     ::std::mem::uninitialized()
[INFO] [stderr]     |                     ^^^^^^^^^^^^^^^^^^^^^^^^^^^
[INFO] [stderr]     |                     |
[INFO] [stderr]     |                     this code causes undefined behavior when executed
[INFO] [stderr]     |                     help: use `MaybeUninit<T>` instead, and only call `assume_init` after initialization is done
[INFO] [stderr]     |
[INFO] [stderr]     = note: references must be non-null
[INFO] [stderr] 
[INFO] [stderr] warning: the type `&DevicesController` does not permit being left uninitialized
[INFO] [stderr]    --> src/devices.rs:179:21
[INFO] [stderr]     |
[INFO] [stderr] 179 |                     ::std::mem::uninitialized()
[INFO] [stderr]     |                     ^^^^^^^^^^^^^^^^^^^^^^^^^^^
[INFO] [stderr]     |                     |
[INFO] [stderr]     |                     this code causes undefined behavior when executed
[INFO] [stderr]     |                     help: use `MaybeUninit<T>` instead, and only call `assume_init` after initialization is done
[INFO] [stderr]     |
[INFO] [stderr]     = note: references must be non-null
[INFO] [stderr] 
[INFO] [stderr] warning: the type `&FreezerController` does not permit being left uninitialized
[INFO] [stderr]   --> src/freezer.rs:69:21
[INFO] [stderr]    |
[INFO] [stderr] 69 |                     ::std::mem::uninitialized()
[INFO] [stderr]    |                     ^^^^^^^^^^^^^^^^^^^^^^^^^^^
[INFO] [stderr]    |                     |
[INFO] [stderr]    |                     this code causes undefined behavior when executed
[INFO] [stderr]    |                     help: use `MaybeUninit<T>` instead, and only call `assume_init` after initialization is done
[INFO] [stderr]    |
[INFO] [stderr]    = note: references must be non-null
[INFO] [stderr] 
[INFO] [stderr] warning: the type `&HugeTlbController` does not permit being left uninitialized
[INFO] [stderr]   --> src/hugetlb.rs:70:21
[INFO] [stderr]    |
[INFO] [stderr] 70 |                     ::std::mem::uninitialized()
[INFO] [stderr]    |                     ^^^^^^^^^^^^^^^^^^^^^^^^^^^
[INFO] [stderr]    |                     |
[INFO] [stderr]    |                     this code causes undefined behavior when executed
[INFO] [stderr]    |                     help: use `MaybeUninit<T>` instead, and only call `assume_init` after initialization is done
[INFO] [stderr]    |
[INFO] [stderr]    = note: references must be non-null
[INFO] [stderr] 
[INFO] [stderr] warning: the type `&MemController` does not permit being left uninitialized
[INFO] [stderr]    --> src/memory.rs:675:21
[INFO] [stderr]     |
[INFO] [stderr] 675 |                     ::std::mem::uninitialized()
[INFO] [stderr]     |                     ^^^^^^^^^^^^^^^^^^^^^^^^^^^
[INFO] [stderr]     |                     |
[INFO] [stderr]     |                     this code causes undefined behavior when executed
[INFO] [stderr]     |                     help: use `MaybeUninit<T>` instead, and only call `assume_init` after initialization is done
[INFO] [stderr]     |
[INFO] [stderr]     = note: references must be non-null
[INFO] [stderr] 
[INFO] [stderr] warning: the type `&NetClsController` does not permit being left uninitialized
[INFO] [stderr]   --> src/net_cls.rs:69:21
[INFO] [stderr]    |
[INFO] [stderr] 69 |                     ::std::mem::uninitialized()
[INFO] [stderr]    |                     ^^^^^^^^^^^^^^^^^^^^^^^^^^^
[INFO] [stderr]    |                     |
[INFO] [stderr]    |                     this code causes undefined behavior when executed
[INFO] [stderr]    |                     help: use `MaybeUninit<T>` instead, and only call `assume_init` after initialization is done
[INFO] [stderr]    |
[INFO] [stderr]    = note: references must be non-null
[INFO] [stderr] 
[INFO] [stderr] warning: the type `&NetPrioController` does not permit being left uninitialized
[INFO] [stderr]   --> src/net_prio.rs:70:21
[INFO] [stderr]    |
[INFO] [stderr] 70 |                     ::std::mem::uninitialized()
[INFO] [stderr]    |                     ^^^^^^^^^^^^^^^^^^^^^^^^^^^
[INFO] [stderr]    |                     |
[INFO] [stderr]    |                     this code causes undefined behavior when executed
[INFO] [stderr]    |                     help: use `MaybeUninit<T>` instead, and only call `assume_init` after initialization is done
[INFO] [stderr]    |
[INFO] [stderr]    = note: references must be non-null
[INFO] [stderr] 
[INFO] [stderr] warning: the type `&PerfEventController` does not permit being left uninitialized
[INFO] [stderr]   --> src/perf_event.rs:53:21
[INFO] [stderr]    |
[INFO] [stderr] 53 |                     ::std::mem::uninitialized()
[INFO] [stderr]    |                     ^^^^^^^^^^^^^^^^^^^^^^^^^^^
[INFO] [stderr]    |                     |
[INFO] [stderr]    |                     this code causes undefined behavior when executed
[INFO] [stderr]    |                     help: use `MaybeUninit<T>` instead, and only call `assume_init` after initialization is done
[INFO] [stderr]    |
[INFO] [stderr]    = note: references must be non-null
[INFO] [stderr] 
[INFO] [stderr] warning: the type `&PidController` does not permit being left uninitialized
[INFO] [stderr]   --> src/pid.rs:92:21
[INFO] [stderr]    |
[INFO] [stderr] 92 |                     ::std::mem::uninitialized()
[INFO] [stderr]    |                     ^^^^^^^^^^^^^^^^^^^^^^^^^^^
[INFO] [stderr]    |                     |
[INFO] [stderr]    |                     this code causes undefined behavior when executed
[INFO] [stderr]    |                     help: use `MaybeUninit<T>` instead, and only call `assume_init` after initialization is done
[INFO] [stderr]    |
[INFO] [stderr]    = note: references must be non-null
[INFO] [stderr] 
[INFO] [stderr] warning: the type `&RdmaController` does not permit being left uninitialized
[INFO] [stderr]   --> src/rdma.rs:56:21
[INFO] [stderr]    |
[INFO] [stderr] 56 |                     ::std::mem::uninitialized()
[INFO] [stderr]    |                     ^^^^^^^^^^^^^^^^^^^^^^^^^^^
[INFO] [stderr]    |                     |
[INFO] [stderr]    |                     this code causes undefined behavior when executed
[INFO] [stderr]    |                     help: use `MaybeUninit<T>` instead, and only call `assume_init` after initialization is done
[INFO] [stderr]    |
[INFO] [stderr]    = note: references must be non-null
[INFO] [stderr] 
[INFO] [stderr] warning: unused `std::result::Result` that must be used
[INFO] [stderr]    --> src/cgroup_builder.rs:146:9
[INFO] [stderr]     |
[INFO] [stderr] 146 |         cg.apply(&self.resources);
[INFO] [stderr]     |         ^^^^^^^^^^^^^^^^^^^^^^^^^
[INFO] [stderr]     |
[INFO] [stderr]     = note: this `Result` may be an `Err` variant, which should be handled
[INFO] [stderr]     = note: `#[warn(unused_must_use)]` on by default
[INFO] [stderr] help: use `let _ = ...` to ignore the resulting value
[INFO] [stderr]     |
[INFO] [stderr] 146 |         let _ = cg.apply(&self.resources);
[INFO] [stderr]     |         +++++++
[INFO] [stderr] 
[INFO] [stderr] warning: `cgroups` (lib) generated 37 warnings (run `cargo fix --lib -p cgroups` to apply 9 suggestions)
[INFO] [stderr] warning: unused `Result` that must be used
[INFO] [stderr]   --> tests/resources.rs:19:9
[INFO] [stderr]    |
[INFO] [stderr] 19 |         cg.apply(&res);
[INFO] [stderr]    |         ^^^^^^^^^^^^^^
[INFO] [stderr]    |
[INFO] [stderr]    = note: this `Result` may be an `Err` variant, which should be handled
[INFO] [stderr]    = note: `#[warn(unused_must_use)]` on by default
[INFO] [stderr] help: use `let _ = ...` to ignore the resulting value
[INFO] [stderr]    |
[INFO] [stderr] 19 |         let _ = cg.apply(&res);
[INFO] [stderr]    |         +++++++
[INFO] [stderr] 
[INFO] [stderr] warning: unused `Result` that must be used
[INFO] [stderr]   --> tests/cgroup.rs:15:9
[INFO] [stderr]    |
[INFO] [stderr] 15 |         cg.add_task(CgroupPid::from(pid));
[INFO] [stderr]    |         ^^^^^^^^^^^^^^^^^^^^^^^^^^^^^^^^^
[INFO] [stderr]    |
[INFO] [stderr]    = note: this `Result` may be an `Err` variant, which should be handled
[INFO] [stderr]    = note: `#[warn(unused_must_use)]` on by default
[INFO] [stderr] help: use `let _ = ...` to ignore the resulting value
[INFO] [stderr]    |
[INFO] [stderr] 15 |         let _ = cg.add_task(CgroupPid::from(pid));
[INFO] [stderr]    |         +++++++
[INFO] [stderr] 
[INFO] [stderr] warning: unused `Result` that must be used
[INFO] [stderr]   --> tests/devices.rs:15:9
[INFO] [stderr]    |
[INFO] [stderr] 15 | /         devices.deny_device(
[INFO] [stderr] 16 | |             DeviceType::All,
[INFO] [stderr] 17 | |             -1,
[INFO] [stderr] 18 | |             -1,
[INFO] [stderr] ...  |
[INFO] [stderr] 23 | |             ],
[INFO] [stderr] 24 | |         );
[INFO] [stderr]    | |_________^
[INFO] [stderr]    |
[INFO] [stderr]    = note: this `Result` may be an `Err` variant, which should be handled
[INFO] [stderr]    = note: `#[warn(unused_must_use)]` on by default
[INFO] [stderr] help: use `let _ = ...` to ignore the resulting value
[INFO] [stderr]    |
[INFO] [stderr] 15 |         let _ = devices.deny_device(
[INFO] [stderr]    |         +++++++
[INFO] [stderr] 
[INFO] [stderr] warning: unused `Result` that must be used
[INFO] [stderr]   --> tests/devices.rs:32:9
[INFO] [stderr]    |
[INFO] [stderr] 32 |         devices.allow_device(DeviceType::Char, 1, 3, &vec![DevicePermissions::MkNod]);
[INFO] [stderr]    |         ^^^^^^^^^^^^^^^^^^^^^^^^^^^^^^^^^^^^^^^^^^^^^^^^^^^^^^^^^^^^^^^^^^^^^^^^^^^^^
[INFO] [stderr]    |
[INFO] [stderr]    = note: this `Result` may be an `Err` variant, which should be handled
[INFO] [stderr] help: use `let _ = ...` to ignore the resulting value
[INFO] [stderr]    |
[INFO] [stderr] 32 |         let _ = devices.allow_device(DeviceType::Char, 1, 3, &vec![DevicePermissions::MkNod]);
[INFO] [stderr]    |         +++++++
[INFO] [stderr] 
[INFO] [stderr] warning: unused `Result` that must be used
[INFO] [stderr]   --> tests/devices.rs:49:9
[INFO] [stderr]    |
[INFO] [stderr] 49 |         devices.deny_device(DeviceType::Char, 1, 3, &DevicePermissions::all());
[INFO] [stderr]    |         ^^^^^^^^^^^^^^^^^^^^^^^^^^^^^^^^^^^^^^^^^^^^^^^^^^^^^^^^^^^^^^^^^^^^^^
[INFO] [stderr]    |
[INFO] [stderr]    = note: this `Result` may be an `Err` variant, which should be handled
[INFO] [stderr] help: use `let _ = ...` to ignore the resulting value
[INFO] [stderr]    |
[INFO] [stderr] 49 |         let _ = devices.deny_device(DeviceType::Char, 1, 3, &DevicePermissions::all());
[INFO] [stderr]    |         +++++++
[INFO] [stderr] 
[INFO] [stderr] warning: unused imports: `CgroupPid`, `PidResources`, and `Resources`
[INFO] [stderr]  --> tests/pids.rs:5:23
[INFO] [stderr]   |
[INFO] [stderr] 5 | use cgroups::{Cgroup, CgroupPid, PidResources, Resources};
[INFO] [stderr]   |                       ^^^^^^^^^  ^^^^^^^^^^^^  ^^^^^^^^^
[INFO] [stderr]   |
[INFO] [stderr]   = note: `#[warn(unused_imports)]` on by default
[INFO] [stderr] 
[INFO] [stderr] warning: unused import: `Pid`
[INFO] [stderr]  --> tests/pids.rs:9:37
[INFO] [stderr]   |
[INFO] [stderr] 9 | use nix::unistd::{fork, ForkResult, Pid};
[INFO] [stderr]   |                                     ^^^
[INFO] [stderr] 
[INFO] [stderr] warning: unused import: `std::thread`
[INFO] [stderr]   --> tests/pids.rs:14:5
[INFO] [stderr]    |
[INFO] [stderr] 14 | use std::thread;
[INFO] [stderr]    |     ^^^^^^^^^^^
[INFO] [stderr] 
[INFO] [stderr] warning: unused `Result` that must be used
[INFO] [stderr]   --> tests/pids.rs:22:9
[INFO] [stderr]    |
[INFO] [stderr] 22 |         pidcontroller.set_pid_max(PidMax::Value(1337));
[INFO] [stderr]    |         ^^^^^^^^^^^^^^^^^^^^^^^^^^^^^^^^^^^^^^^^^^^^^^
[INFO] [stderr]    |
[INFO] [stderr]    = note: this `Result` may be an `Err` variant, which should be handled
[INFO] [stderr]    = note: `#[warn(unused_must_use)]` on by default
[INFO] [stderr] help: use `let _ = ...` to ignore the resulting value
[INFO] [stderr]    |
[INFO] [stderr] 22 |         let _ = pidcontroller.set_pid_max(PidMax::Value(1337));
[INFO] [stderr]    |         +++++++
[INFO] [stderr] 
[INFO] [stderr] warning: unused `Result` that must be used
[INFO] [stderr]   --> tests/pids.rs:67:17
[INFO] [stderr]    |
[INFO] [stderr] 67 |                 pids.add_task(&(pid_t::from(child) as u64).into());
[INFO] [stderr]    |                 ^^^^^^^^^^^^^^^^^^^^^^^^^^^^^^^^^^^^^^^^^^^^^^^^^^
[INFO] [stderr]    |
[INFO] [stderr]    = note: this `Result` may be an `Err` variant, which should be handled
[INFO] [stderr] help: use `let _ = ...` to ignore the resulting value
[INFO] [stderr]    |
[INFO] [stderr] 67 |                 let _ = pids.add_task(&(pid_t::from(child) as u64).into());
[INFO] [stderr]    |                 +++++++
[INFO] [stderr] 
[INFO] [stderr] warning: unused `Result` that must be used
[INFO] [stderr]   --> tests/pids.rs:72:17
[INFO] [stderr]    |
[INFO] [stderr] 72 |                 pids.set_pid_max(PidMax::Value(1));
[INFO] [stderr]    |                 ^^^^^^^^^^^^^^^^^^^^^^^^^^^^^^^^^^
[INFO] [stderr]    |
[INFO] [stderr]    = note: this `Result` may be an `Err` variant, which should be handled
[INFO] [stderr] help: use `let _ = ...` to ignore the resulting value
[INFO] [stderr]    |
[INFO] [stderr] 72 |                 let _ = pids.set_pid_max(PidMax::Value(1));
[INFO] [stderr]    |                 +++++++
[INFO] [stderr] 
[INFO] [stderr] warning: `cgroups` (test "resources") generated 1 warning
[INFO] [stderr] warning: `cgroups` (test "cgroup") generated 1 warning
[INFO] [stderr] warning: `cgroups` (lib test) generated 37 warnings (37 duplicates)
[INFO] [stderr] warning: `cgroups` (test "devices") generated 3 warnings
[INFO] [stderr] warning: `cgroups` (test "pids") generated 6 warnings (run `cargo fix --test "pids"` to apply 3 suggestions)
[INFO] [stderr]     Finished `test` profile [unoptimized + debuginfo] target(s) in 0.01s
[INFO] [stderr]      Running unittests src/lib.rs (/opt/rustwide/target/debug/deps/cgroups-337579eb07d72dc3)
[INFO] [stdout] 
[INFO] [stdout] running 7 tests
[INFO] [stdout] test blkio::test::test_parse_blkio_data ... ok
[INFO] [stdout] test blkio::test::test_parse_io_service_total ... ok
[INFO] [stdout] test blkio::test::test_parse_io_service ... ok
[INFO] [stdout] test cpuset::tests::test_parse_range ... ok
[INFO] [stdout] test memory::tests::test_parse_memory_stat ... ok
[INFO] [stdout] test memory::tests::test_parse_oom_control ... ok
[INFO] [stdout] test memory::tests::test_parse_numa_stat ... ok
[INFO] [stdout] 
[INFO] [stdout] test result: ok. 7 passed; 0 failed; 0 ignored; 0 measured; 0 filtered out; finished in 0.00s
[INFO] [stdout] 
[INFO] [stderr]      Running tests/builder.rs (/opt/rustwide/target/debug/deps/builder-a2b422ff2447de35)
[INFO] [stdout] 
[INFO] [stdout] running 7 tests
[INFO] [stdout] test test_devices_res_build ... ignored
[INFO] [stdout] test test_blkio_res_build ... FAILED
[INFO] [stdout] test test_cpu_res_build ... FAILED
[INFO] [stdout] test test_hugepages_res_build ... FAILED
[INFO] [stdout] test test_memory_res_build ... FAILED
[INFO] [stdout] test test_network_res_build ... FAILED
[INFO] [stdout] test test_pid_res_build ... FAILED
[INFO] [stdout] 
[INFO] [stdout] failures:
[INFO] [stdout] 
[INFO] [stdout] ---- test_blkio_res_build stdout ----
[INFO] [stdout] thread 'test_blkio_res_build' panicked at tests/builder.rs:141:54:
[INFO] [stdout] called `Option::unwrap()` on a `None` value
[INFO] [stdout] stack backtrace:
[INFO] [stdout]    0:     0x620f6227923a - std::backtrace_rs::backtrace::libunwind::trace::h207520d6e9873551
[INFO] [stdout]                                at /rustc/df4ca44d3fbc9301ee17f30f4d474e6ae4b05252/library/std/src/../../backtrace/src/backtrace/libunwind.rs:116:5
[INFO] [stdout]    1:     0x620f6227923a - std::backtrace_rs::backtrace::trace_unsynchronized::h2ed7433f370e3eca
[INFO] [stdout]                                at /rustc/df4ca44d3fbc9301ee17f30f4d474e6ae4b05252/library/std/src/../../backtrace/src/backtrace/mod.rs:66:5
[INFO] [stdout]    2:     0x620f6227923a - std::sys::backtrace::_print_fmt::h916fac51166b18d7
[INFO] [stdout]                                at /rustc/df4ca44d3fbc9301ee17f30f4d474e6ae4b05252/library/std/src/sys/backtrace.rs:66:9
[INFO] [stdout]    3:     0x620f6227923a - <std::sys::backtrace::BacktraceLock::print::DisplayBacktrace as core::fmt::Display>::fmt::ha0a4c9b8ce3802e6
[INFO] [stdout]                                at /rustc/df4ca44d3fbc9301ee17f30f4d474e6ae4b05252/library/std/src/sys/backtrace.rs:39:26
[INFO] [stdout]    4:     0x620f6229ff23 - core::fmt::rt::Argument::fmt::h4cfc8587d52b3eb5
[INFO] [stdout]                                at /rustc/df4ca44d3fbc9301ee17f30f4d474e6ae4b05252/library/core/src/fmt/rt.rs:177:76
[INFO] [stdout]    5:     0x620f6229ff23 - core::fmt::write::h522cc39e5b36ae9f
[INFO] [stdout]                                at /rustc/df4ca44d3fbc9301ee17f30f4d474e6ae4b05252/library/core/src/fmt/mod.rs:1190:21
[INFO] [stdout]    6:     0x620f62275d63 - std::io::Write::write_fmt::h7d3c26752da97734
[INFO] [stdout]                                at /rustc/df4ca44d3fbc9301ee17f30f4d474e6ae4b05252/library/std/src/io/mod.rs:1839:15
[INFO] [stdout]    7:     0x620f62279082 - std::sys::backtrace::BacktraceLock::print::h4b9e00b29e9c0942
[INFO] [stdout]                                at /rustc/df4ca44d3fbc9301ee17f30f4d474e6ae4b05252/library/std/src/sys/backtrace.rs:42:9
[INFO] [stdout]    8:     0x620f6227a6ca - std::panicking::default_hook::{{closure}}::hb59b88280d0324d9
[INFO] [stdout]                                at /rustc/df4ca44d3fbc9301ee17f30f4d474e6ae4b05252/library/std/src/panicking.rs:268:22
[INFO] [stdout]    9:     0x620f6227a4d4 - std::panicking::default_hook::he1dd496665be4a29
[INFO] [stdout]                                at /rustc/df4ca44d3fbc9301ee17f30f4d474e6ae4b05252/library/std/src/panicking.rs:292:9
[INFO] [stdout]   10:     0x620f621ec989 - <alloc::boxed::Box<F,A> as core::ops::function::Fn<Args>>::call::h4ff71de18744e1dc
[INFO] [stdout]                                at /rustc/df4ca44d3fbc9301ee17f30f4d474e6ae4b05252/library/alloc/src/boxed.rs:2468:9
[INFO] [stdout]   11:     0x620f621ec989 - test::test_main::{{closure}}::hcf7c055ce117aa81
[INFO] [stdout]                                at /rustc/df4ca44d3fbc9301ee17f30f4d474e6ae4b05252/library/test/src/lib.rs:133:21
[INFO] [stdout]   12:     0x620f6227adc8 - <alloc::boxed::Box<F,A> as core::ops::function::Fn<Args>>::call::h1d66c6bbd60c9692
[INFO] [stdout]                                at /rustc/df4ca44d3fbc9301ee17f30f4d474e6ae4b05252/library/alloc/src/boxed.rs:2468:9
[INFO] [stdout]   13:     0x620f6227adc8 - std::panicking::rust_panic_with_hook::h2ff17fe8f26dfcf8
[INFO] [stdout]                                at /rustc/df4ca44d3fbc9301ee17f30f4d474e6ae4b05252/library/std/src/panicking.rs:809:13
[INFO] [stdout]   14:     0x620f6227ab56 - std::panicking::begin_panic_handler::{{closure}}::h4fad77951c07e101
[INFO] [stdout]                                at /rustc/df4ca44d3fbc9301ee17f30f4d474e6ae4b05252/library/std/src/panicking.rs:667:13
[INFO] [stdout]   15:     0x620f62279719 - std::sys::backtrace::__rust_end_short_backtrace::hb1a25b3da5d0ea08
[INFO] [stdout]                                at /rustc/df4ca44d3fbc9301ee17f30f4d474e6ae4b05252/library/std/src/sys/backtrace.rs:170:18
[INFO] [stdout]   16:     0x620f6227a81c - rust_begin_unwind
[INFO] [stdout]                                at /rustc/df4ca44d3fbc9301ee17f30f4d474e6ae4b05252/library/std/src/panicking.rs:665:5
[INFO] [stdout]   17:     0x620f6229e920 - core::panicking::panic_fmt::ha9db07b529f9b256
[INFO] [stdout]                                at /rustc/df4ca44d3fbc9301ee17f30f4d474e6ae4b05252/library/core/src/panicking.rs:75:14
[INFO] [stdout]   18:     0x620f6229e9ac - core::panicking::panic::h993086813d94accc
[INFO] [stdout]                                at /rustc/df4ca44d3fbc9301ee17f30f4d474e6ae4b05252/library/core/src/panicking.rs:152:5
[INFO] [stdout]   19:     0x620f6229e899 - core::option::unwrap_failed::h7d84639b8a1a5da9
[INFO] [stdout]                                at /rustc/df4ca44d3fbc9301ee17f30f4d474e6ae4b05252/library/core/src/option.rs:2008:5
[INFO] [stdout]   20:     0x620f621b28b2 - core::option::Option<T>::unwrap::h0a790c6a4073c917
[INFO] [stdout]                                at /rustc/df4ca44d3fbc9301ee17f30f4d474e6ae4b05252/library/core/src/option.rs:971:21
[INFO] [stdout]   21:     0x620f621b28b2 - builder::test_blkio_res_build::h6a23bf3fd98fb51d
[INFO] [stdout]                                at /opt/rustwide/workdir/tests/builder.rs:141:35
[INFO] [stdout]   22:     0x620f621b2747 - builder::test_blkio_res_build::{{closure}}::h4489efa7d7fa8445
[INFO] [stdout]                                at /opt/rustwide/workdir/tests/builder.rs:132:30
[INFO] [stdout]   23:     0x620f621ae356 - core::ops::function::FnOnce::call_once::hf41052a1c730d429
[INFO] [stdout]                                at /rustc/df4ca44d3fbc9301ee17f30f4d474e6ae4b05252/library/core/src/ops/function.rs:250:5
[INFO] [stdout]   24:     0x620f621f125b - core::ops::function::FnOnce::call_once::h22c3ba5715e93f05
[INFO] [stdout]                                at /rustc/df4ca44d3fbc9301ee17f30f4d474e6ae4b05252/library/core/src/ops/function.rs:250:5
[INFO] [stdout]   25:     0x620f621f125b - test::__rust_begin_short_backtrace::h8e82d8113d0da17f
[INFO] [stdout]                                at /rustc/df4ca44d3fbc9301ee17f30f4d474e6ae4b05252/library/test/src/lib.rs:621:18
[INFO] [stdout]   26:     0x620f621f0bd7 - test::run_test_in_process::{{closure}}::h33235f4f20b7b7c7
[INFO] [stdout]                                at /rustc/df4ca44d3fbc9301ee17f30f4d474e6ae4b05252/library/test/src/lib.rs:644:60
[INFO] [stdout]   27:     0x620f621f0bd7 - <core::panic::unwind_safe::AssertUnwindSafe<F> as core::ops::function::FnOnce<()>>::call_once::hb5043206310c586f
[INFO] [stdout]                                at /rustc/df4ca44d3fbc9301ee17f30f4d474e6ae4b05252/library/core/src/panic/unwind_safe.rs:272:9
[INFO] [stdout]   28:     0x620f621f0bd7 - std::panicking::try::do_call::h9ad4731a60ab23e2
[INFO] [stdout]                                at /rustc/df4ca44d3fbc9301ee17f30f4d474e6ae4b05252/library/std/src/panicking.rs:557:40
[INFO] [stdout]   29:     0x620f621f0bd7 - std::panicking::try::h3824d23db772a716
[INFO] [stdout]                                at /rustc/df4ca44d3fbc9301ee17f30f4d474e6ae4b05252/library/std/src/panicking.rs:520:19
[INFO] [stdout]   30:     0x620f621f0bd7 - std::panic::catch_unwind::h5afd514605fde46b
[INFO] [stdout]                                at /rustc/df4ca44d3fbc9301ee17f30f4d474e6ae4b05252/library/std/src/panic.rs:358:14
[INFO] [stdout]   31:     0x620f621f0bd7 - test::run_test_in_process::h0d5cbfa7067d1720
[INFO] [stdout]                                at /rustc/df4ca44d3fbc9301ee17f30f4d474e6ae4b05252/library/test/src/lib.rs:644:27
[INFO] [stdout]   32:     0x620f621f0bd7 - test::run_test::{{closure}}::h708eb8872708115d
[INFO] [stdout]                                at /rustc/df4ca44d3fbc9301ee17f30f4d474e6ae4b05252/library/test/src/lib.rs:565:43
[INFO] [stdout]   33:     0x620f621b42f4 - test::run_test::{{closure}}::h392c51cee94713ab
[INFO] [stdout]                                at /rustc/df4ca44d3fbc9301ee17f30f4d474e6ae4b05252/library/test/src/lib.rs:595:41
[INFO] [stdout]   34:     0x620f621b42f4 - std::sys::backtrace::__rust_begin_short_backtrace::h2f40290710935a8b
[INFO] [stdout]                                at /rustc/df4ca44d3fbc9301ee17f30f4d474e6ae4b05252/library/std/src/sys/backtrace.rs:154:18
[INFO] [stdout]   35:     0x620f621b7a9e - std::thread::Builder::spawn_unchecked_::{{closure}}::{{closure}}::h3fd968d89053a903
[INFO] [stdout]                                at /rustc/df4ca44d3fbc9301ee17f30f4d474e6ae4b05252/library/std/src/thread/mod.rs:541:17
[INFO] [stdout]   36:     0x620f621b7a9e - <core::panic::unwind_safe::AssertUnwindSafe<F> as core::ops::function::FnOnce<()>>::call_once::h743f637ba4229880
[INFO] [stdout]                                at /rustc/df4ca44d3fbc9301ee17f30f4d474e6ae4b05252/library/core/src/panic/unwind_safe.rs:272:9
[INFO] [stdout]   37:     0x620f621b7a9e - std::panicking::try::do_call::h07440897322525a6
[INFO] [stdout]                                at /rustc/df4ca44d3fbc9301ee17f30f4d474e6ae4b05252/library/std/src/panicking.rs:557:40
[INFO] [stdout]   38:     0x620f621b7a9e - std::panicking::try::he5a2e00188156637
[INFO] [stdout]                                at /rustc/df4ca44d3fbc9301ee17f30f4d474e6ae4b05252/library/std/src/panicking.rs:520:19
[INFO] [stdout]   39:     0x620f621b7a9e - std::panic::catch_unwind::hbaf3cae49b3c6433
[INFO] [stdout]                                at /rustc/df4ca44d3fbc9301ee17f30f4d474e6ae4b05252/library/std/src/panic.rs:358:14
[INFO] [stdout]   40:     0x620f621b7a9e - std::thread::Builder::spawn_unchecked_::{{closure}}::h8e141ea224820bce
[INFO] [stdout]                                at /rustc/df4ca44d3fbc9301ee17f30f4d474e6ae4b05252/library/std/src/thread/mod.rs:540:30
[INFO] [stdout]   41:     0x620f621b7a9e - core::ops::function::FnOnce::call_once{{vtable.shim}}::h90d312fedd7b8ea8
[INFO] [stdout]                                at /rustc/df4ca44d3fbc9301ee17f30f4d474e6ae4b05252/library/core/src/ops/function.rs:250:5
[INFO] [stdout]   42:     0x620f6227f19b - <alloc::boxed::Box<F,A> as core::ops::function::FnOnce<Args>>::call_once::h69aa08ddb6adb8b6
[INFO] [stdout]                                at /rustc/df4ca44d3fbc9301ee17f30f4d474e6ae4b05252/library/alloc/src/boxed.rs:2454:9
[INFO] [stdout]   43:     0x620f6227f19b - <alloc::boxed::Box<F,A> as core::ops::function::FnOnce<Args>>::call_once::h5aa36efdb79c806f
[INFO] [stdout]                                at /rustc/df4ca44d3fbc9301ee17f30f4d474e6ae4b05252/library/alloc/src/boxed.rs:2454:9
[INFO] [stdout]   44:     0x620f6227f19b - std::sys::pal::unix::thread::Thread::new::thread_start::h6cd80a1b4be5158d
[INFO] [stdout]                                at /rustc/df4ca44d3fbc9301ee17f30f4d474e6ae4b05252/library/std/src/sys/pal/unix/thread.rs:105:17
[INFO] [stdout]   45:     0x7b48a0fc2ac3 - <unknown>
[INFO] [stdout]   46:     0x7b48a1053a04 - clone
[INFO] [stdout]   47:                0x0 - <unknown>
[INFO] [stdout] 
[INFO] [stdout] ---- test_cpu_res_build stdout ----
[INFO] [stdout] thread 'test_cpu_res_build' panicked at tests/builder.rs:23:54:
[INFO] [stdout] called `Option::unwrap()` on a `None` value
[INFO] [stdout] stack backtrace:
[INFO] [stdout]    0:     0x620f6227923a - std::backtrace_rs::backtrace::libunwind::trace::h207520d6e9873551
[INFO] [stdout]                                at /rustc/df4ca44d3fbc9301ee17f30f4d474e6ae4b05252/library/std/src/../../backtrace/src/backtrace/libunwind.rs:116:5
[INFO] [stdout]    1:     0x620f6227923a - std::backtrace_rs::backtrace::trace_unsynchronized::h2ed7433f370e3eca
[INFO] [stdout]                                at /rustc/df4ca44d3fbc9301ee17f30f4d474e6ae4b05252/library/std/src/../../backtrace/src/backtrace/mod.rs:66:5
[INFO] [stdout]    2:     0x620f6227923a - std::sys::backtrace::_print_fmt::h916fac51166b18d7
[INFO] [stdout]                                at /rustc/df4ca44d3fbc9301ee17f30f4d474e6ae4b05252/library/std/src/sys/backtrace.rs:66:9
[INFO] [stdout]    3:     0x620f6227923a - <std::sys::backtrace::BacktraceLock::print::DisplayBacktrace as core::fmt::Display>::fmt::ha0a4c9b8ce3802e6
[INFO] [stdout]                                at /rustc/df4ca44d3fbc9301ee17f30f4d474e6ae4b05252/library/std/src/sys/backtrace.rs:39:26
[INFO] [stdout]    4:     0x620f6229ff23 - core::fmt::rt::Argument::fmt::h4cfc8587d52b3eb5
[INFO] [stdout]                                at /rustc/df4ca44d3fbc9301ee17f30f4d474e6ae4b05252/library/core/src/fmt/rt.rs:177:76
[INFO] [stdout]    5:     0x620f6229ff23 - core::fmt::write::h522cc39e5b36ae9f
[INFO] [stdout]                                at /rustc/df4ca44d3fbc9301ee17f30f4d474e6ae4b05252/library/core/src/fmt/mod.rs:1190:21
[INFO] [stdout]    6:     0x620f62275d63 - std::io::Write::write_fmt::h7d3c26752da97734
[INFO] [stdout]                                at /rustc/df4ca44d3fbc9301ee17f30f4d474e6ae4b05252/library/std/src/io/mod.rs:1839:15
[INFO] [stdout]    7:     0x620f62279082 - std::sys::backtrace::BacktraceLock::print::h4b9e00b29e9c0942
[INFO] [stdout]                                at /rustc/df4ca44d3fbc9301ee17f30f4d474e6ae4b05252/library/std/src/sys/backtrace.rs:42:9
[INFO] [stdout]    8:     0x620f6227a6ca - std::panicking::default_hook::{{closure}}::hb59b88280d0324d9
[INFO] [stdout]                                at /rustc/df4ca44d3fbc9301ee17f30f4d474e6ae4b05252/library/std/src/panicking.rs:268:22
[INFO] [stdout]    9:     0x620f6227a4d4 - std::panicking::default_hook::he1dd496665be4a29
[INFO] [stdout]                                at /rustc/df4ca44d3fbc9301ee17f30f4d474e6ae4b05252/library/std/src/panicking.rs:292:9
[INFO] [stdout]   10:     0x620f621ec989 - <alloc::boxed::Box<F,A> as core::ops::function::Fn<Args>>::call::h4ff71de18744e1dc
[INFO] [stdout]                                at /rustc/df4ca44d3fbc9301ee17f30f4d474e6ae4b05252/library/alloc/src/boxed.rs:2468:9
[INFO] [stdout]   11:     0x620f621ec989 - test::test_main::{{closure}}::hcf7c055ce117aa81
[INFO] [stdout]                                at /rustc/df4ca44d3fbc9301ee17f30f4d474e6ae4b05252/library/test/src/lib.rs:133:21
[INFO] [stdout]   12:     0x620f6227adc8 - <alloc::boxed::Box<F,A> as core::ops::function::Fn<Args>>::call::h1d66c6bbd60c9692
[INFO] [stdout]                                at /rustc/df4ca44d3fbc9301ee17f30f4d474e6ae4b05252/library/alloc/src/boxed.rs:2468:9
[INFO] [stdout]   13:     0x620f6227adc8 - std::panicking::rust_panic_with_hook::h2ff17fe8f26dfcf8
[INFO] [stdout]                                at /rustc/df4ca44d3fbc9301ee17f30f4d474e6ae4b05252/library/std/src/panicking.rs:809:13
[INFO] [stdout]   14:     0x620f6227ab56 - std::panicking::begin_panic_handler::{{closure}}::h4fad77951c07e101
[INFO] [stdout]                                at /rustc/df4ca44d3fbc9301ee17f30f4d474e6ae4b05252/library/std/src/panicking.rs:667:13
[INFO] [stdout]   15:     0x620f62279719 - std::sys::backtrace::__rust_end_short_backtrace::hb1a25b3da5d0ea08
[INFO] [stdout]                                at /rustc/df4ca44d3fbc9301ee17f30f4d474e6ae4b05252/library/std/src/sys/backtrace.rs:170:18
[INFO] [stdout]   16:     0x620f6227a81c - rust_begin_unwind
[INFO] [stdout]                                at /rustc/df4ca44d3fbc9301ee17f30f4d474e6ae4b05252/library/std/src/panicking.rs:665:5
[INFO] [stdout]   17:     0x620f6229e920 - core::panicking::panic_fmt::ha9db07b529f9b256
[INFO] [stdout]                                at /rustc/df4ca44d3fbc9301ee17f30f4d474e6ae4b05252/library/core/src/panicking.rs:75:14
[INFO] [stdout]   18:     0x620f6229e9ac - core::panicking::panic::h993086813d94accc
[INFO] [stdout]                                at /rustc/df4ca44d3fbc9301ee17f30f4d474e6ae4b05252/library/core/src/panicking.rs:152:5
[INFO] [stdout]   19:     0x620f6229e899 - core::option::unwrap_failed::h7d84639b8a1a5da9
[INFO] [stdout]                                at /rustc/df4ca44d3fbc9301ee17f30f4d474e6ae4b05252/library/core/src/option.rs:2008:5
[INFO] [stdout]   20:     0x620f621b05cc - core::option::Option<T>::unwrap::h037cab21c542eeeb
[INFO] [stdout]                                at /rustc/df4ca44d3fbc9301ee17f30f4d474e6ae4b05252/library/core/src/option.rs:971:21
[INFO] [stdout]   21:     0x620f621b05cc - builder::test_cpu_res_build::h5172dab5e4cbb7ad
[INFO] [stdout]                                at /opt/rustwide/workdir/tests/builder.rs:23:35
[INFO] [stdout]   22:     0x620f621b0447 - builder::test_cpu_res_build::{{closure}}::h9a58a47bd2625ef2
[INFO] [stdout]                                at /opt/rustwide/workdir/tests/builder.rs:14:28
[INFO] [stdout]   23:     0x620f621ae206 - core::ops::function::FnOnce::call_once::h2b9f85922f8ec194
[INFO] [stdout]                                at /rustc/df4ca44d3fbc9301ee17f30f4d474e6ae4b05252/library/core/src/ops/function.rs:250:5
[INFO] [stdout]   24:     0x620f621f125b - core::ops::function::FnOnce::call_once::h22c3ba5715e93f05
[INFO] [stdout]                                at /rustc/df4ca44d3fbc9301ee17f30f4d474e6ae4b05252/library/core/src/ops/function.rs:250:5
[INFO] [stdout]   25:     0x620f621f125b - test::__rust_begin_short_backtrace::h8e82d8113d0da17f
[INFO] [stdout]                                at /rustc/df4ca44d3fbc9301ee17f30f4d474e6ae4b05252/library/test/src/lib.rs:621:18
[INFO] [stdout]   26:     0x620f621f0bd7 - test::run_test_in_process::{{closure}}::h33235f4f20b7b7c7
[INFO] [stdout]                                at /rustc/df4ca44d3fbc9301ee17f30f4d474e6ae4b05252/library/test/src/lib.rs:644:60
[INFO] [stdout]   27:     0x620f621f0bd7 - <core::panic::unwind_safe::AssertUnwindSafe<F> as core::ops::function::FnOnce<()>>::call_once::hb5043206310c586f
[INFO] [stdout]                                at /rustc/df4ca44d3fbc9301ee17f30f4d474e6ae4b05252/library/core/src/panic/unwind_safe.rs:272:9
[INFO] [stdout]   28:     0x620f621f0bd7 - std::panicking::try::do_call::h9ad4731a60ab23e2
[INFO] [stdout]                                at /rustc/df4ca44d3fbc9301ee17f30f4d474e6ae4b05252/library/std/src/panicking.rs:557:40
[INFO] [stdout]   29:     0x620f621f0bd7 - std::panicking::try::h3824d23db772a716
[INFO] [stdout]                                at /rustc/df4ca44d3fbc9301ee17f30f4d474e6ae4b05252/library/std/src/panicking.rs:520:19
[INFO] [stdout]   30:     0x620f621f0bd7 - std::panic::catch_unwind::h5afd514605fde46b
[INFO] [stdout]                                at /rustc/df4ca44d3fbc9301ee17f30f4d474e6ae4b05252/library/std/src/panic.rs:358:14
[INFO] [stdout]   31:     0x620f621f0bd7 - test::run_test_in_process::h0d5cbfa7067d1720
[INFO] [stdout]                                at /rustc/df4ca44d3fbc9301ee17f30f4d474e6ae4b05252/library/test/src/lib.rs:644:27
[INFO] [stdout]   32:     0x620f621f0bd7 - test::run_test::{{closure}}::h708eb8872708115d
[INFO] [stdout]                                at /rustc/df4ca44d3fbc9301ee17f30f4d474e6ae4b05252/library/test/src/lib.rs:565:43
[INFO] [stdout]   33:     0x620f621b42f4 - test::run_test::{{closure}}::h392c51cee94713ab
[INFO] [stdout]                                at /rustc/df4ca44d3fbc9301ee17f30f4d474e6ae4b05252/library/test/src/lib.rs:595:41
[INFO] [stdout]   34:     0x620f621b42f4 - std::sys::backtrace::__rust_begin_short_backtrace::h2f40290710935a8b
[INFO] [stdout]                                at /rustc/df4ca44d3fbc9301ee17f30f4d474e6ae4b05252/library/std/src/sys/backtrace.rs:154:18
[INFO] [stdout]   35:     0x620f621b7a9e - std::thread::Builder::spawn_unchecked_::{{closure}}::{{closure}}::h3fd968d89053a903
[INFO] [stdout]                                at /rustc/df4ca44d3fbc9301ee17f30f4d474e6ae4b05252/library/std/src/thread/mod.rs:541:17
[INFO] [stdout]   36:     0x620f621b7a9e - <core::panic::unwind_safe::AssertUnwindSafe<F> as core::ops::function::FnOnce<()>>::call_once::h743f637ba4229880
[INFO] [stdout]                                at /rustc/df4ca44d3fbc9301ee17f30f4d474e6ae4b05252/library/core/src/panic/unwind_safe.rs:272:9
[INFO] [stdout]   37:     0x620f621b7a9e - std::panicking::try::do_call::h07440897322525a6
[INFO] [stdout]                                at /rustc/df4ca44d3fbc9301ee17f30f4d474e6ae4b05252/library/std/src/panicking.rs:557:40
[INFO] [stdout]   38:     0x620f621b7a9e - std::panicking::try::he5a2e00188156637
[INFO] [stdout]                                at /rustc/df4ca44d3fbc9301ee17f30f4d474e6ae4b05252/library/std/src/panicking.rs:520:19
[INFO] [stdout]   39:     0x620f621b7a9e - std::panic::catch_unwind::hbaf3cae49b3c6433
[INFO] [stdout]                                at /rustc/df4ca44d3fbc9301ee17f30f4d474e6ae4b05252/library/std/src/panic.rs:358:14
[INFO] [stdout]   40:     0x620f621b7a9e - std::thread::Builder::spawn_unchecked_::{{closure}}::h8e141ea224820bce
[INFO] [stdout]                                at /rustc/df4ca44d3fbc9301ee17f30f4d474e6ae4b05252/library/std/src/thread/mod.rs:540:30
[INFO] [stdout]   41:     0x620f621b7a9e - core::ops::function::FnOnce::call_once{{vtable.shim}}::h90d312fedd7b8ea8
[INFO] [stdout]                                at /rustc/df4ca44d3fbc9301ee17f30f4d474e6ae4b05252/library/core/src/ops/function.rs:250:5
[INFO] [stdout]   42:     0x620f6227f19b - <alloc::boxed::Box<F,A> as core::ops::function::FnOnce<Args>>::call_once::h69aa08ddb6adb8b6
[INFO] [stdout]                                at /rustc/df4ca44d3fbc9301ee17f30f4d474e6ae4b05252/library/alloc/src/boxed.rs:2454:9
[INFO] [stdout]   43:     0x620f6227f19b - <alloc::boxed::Box<F,A> as core::ops::function::FnOnce<Args>>::call_once::h5aa36efdb79c806f
[INFO] [stdout]                                at /rustc/df4ca44d3fbc9301ee17f30f4d474e6ae4b05252/library/alloc/src/boxed.rs:2454:9
[INFO] [stdout]   44:     0x620f6227f19b - std::sys::pal::unix::thread::Thread::new::thread_start::h6cd80a1b4be5158d
[INFO] [stdout]                                at /rustc/df4ca44d3fbc9301ee17f30f4d474e6ae4b05252/library/std/src/sys/pal/unix/thread.rs:105:17
[INFO] [stdout]   45:     0x7b48a0fc2ac3 - <unknown>
[INFO] [stdout]   46:     0x7b48a1053a04 - clone
[INFO] [stdout]   47:                0x0 - <unknown>
[INFO] [stdout] 
[INFO] [stdout] ---- test_hugepages_res_build stdout ----
[INFO] [stdout] thread 'test_hugepages_res_build' panicked at tests/builder.rs:124:56:
[INFO] [stdout] called `Option::unwrap()` on a `None` value
[INFO] [stdout] stack backtrace:
[INFO] [stdout]    0:     0x620f6227923a - std::backtrace_rs::backtrace::libunwind::trace::h207520d6e9873551
[INFO] [stdout]                                at /rustc/df4ca44d3fbc9301ee17f30f4d474e6ae4b05252/library/std/src/../../backtrace/src/backtrace/libunwind.rs:116:5
[INFO] [stdout]    1:     0x620f6227923a - std::backtrace_rs::backtrace::trace_unsynchronized::h2ed7433f370e3eca
[INFO] [stdout]                                at /rustc/df4ca44d3fbc9301ee17f30f4d474e6ae4b05252/library/std/src/../../backtrace/src/backtrace/mod.rs:66:5
[INFO] [stdout]    2:     0x620f6227923a - std::sys::backtrace::_print_fmt::h916fac51166b18d7
[INFO] [stdout]                                at /rustc/df4ca44d3fbc9301ee17f30f4d474e6ae4b05252/library/std/src/sys/backtrace.rs:66:9
[INFO] [stdout]    3:     0x620f6227923a - <std::sys::backtrace::BacktraceLock::print::DisplayBacktrace as core::fmt::Display>::fmt::ha0a4c9b8ce3802e6
[INFO] [stdout]                                at /rustc/df4ca44d3fbc9301ee17f30f4d474e6ae4b05252/library/std/src/sys/backtrace.rs:39:26
[INFO] [stdout]    4:     0x620f6229ff23 - core::fmt::rt::Argument::fmt::h4cfc8587d52b3eb5
[INFO] [stdout]                                at /rustc/df4ca44d3fbc9301ee17f30f4d474e6ae4b05252/library/core/src/fmt/rt.rs:177:76
[INFO] [stdout]    5:     0x620f6229ff23 - core::fmt::write::h522cc39e5b36ae9f
[INFO] [stdout]                                at /rustc/df4ca44d3fbc9301ee17f30f4d474e6ae4b05252/library/core/src/fmt/mod.rs:1190:21
[INFO] [stdout]    6:     0x620f62275d63 - std::io::Write::write_fmt::h7d3c26752da97734
[INFO] [stdout]                                at /rustc/df4ca44d3fbc9301ee17f30f4d474e6ae4b05252/library/std/src/io/mod.rs:1839:15
[INFO] [stdout]    7:     0x620f62279082 - std::sys::backtrace::BacktraceLock::print::h4b9e00b29e9c0942
[INFO] [stdout]                                at /rustc/df4ca44d3fbc9301ee17f30f4d474e6ae4b05252/library/std/src/sys/backtrace.rs:42:9
[INFO] [stdout]    8:     0x620f6227a6ca - std::panicking::default_hook::{{closure}}::hb59b88280d0324d9
[INFO] [stdout]                                at /rustc/df4ca44d3fbc9301ee17f30f4d474e6ae4b05252/library/std/src/panicking.rs:268:22
[INFO] [stdout]    9:     0x620f6227a4d4 - std::panicking::default_hook::he1dd496665be4a29
[INFO] [stdout]                                at /rustc/df4ca44d3fbc9301ee17f30f4d474e6ae4b05252/library/std/src/panicking.rs:292:9
[INFO] [stdout]   10:     0x620f621ec989 - <alloc::boxed::Box<F,A> as core::ops::function::Fn<Args>>::call::h4ff71de18744e1dc
[INFO] [stdout]                                at /rustc/df4ca44d3fbc9301ee17f30f4d474e6ae4b05252/library/alloc/src/boxed.rs:2468:9
[INFO] [stdout]   11:     0x620f621ec989 - test::test_main::{{closure}}::hcf7c055ce117aa81
[INFO] [stdout]                                at /rustc/df4ca44d3fbc9301ee17f30f4d474e6ae4b05252/library/test/src/lib.rs:133:21
[INFO] [stdout]   12:     0x620f6227adc8 - <alloc::boxed::Box<F,A> as core::ops::function::Fn<Args>>::call::h1d66c6bbd60c9692
[INFO] [stdout]                                at /rustc/df4ca44d3fbc9301ee17f30f4d474e6ae4b05252/library/alloc/src/boxed.rs:2468:9
[INFO] [stdout]   13:     0x620f6227adc8 - std::panicking::rust_panic_with_hook::h2ff17fe8f26dfcf8
[INFO] [stdout]                                at /rustc/df4ca44d3fbc9301ee17f30f4d474e6ae4b05252/library/std/src/panicking.rs:809:13
[INFO] [stdout]   14:     0x620f6227ab56 - std::panicking::begin_panic_handler::{{closure}}::h4fad77951c07e101
[INFO] [stdout]                                at /rustc/df4ca44d3fbc9301ee17f30f4d474e6ae4b05252/library/std/src/panicking.rs:667:13
[INFO] [stdout]   15:     0x620f62279719 - std::sys::backtrace::__rust_end_short_backtrace::hb1a25b3da5d0ea08
[INFO] [stdout]                                at /rustc/df4ca44d3fbc9301ee17f30f4d474e6ae4b05252/library/std/src/sys/backtrace.rs:170:18
[INFO] [stdout]   16:     0x620f6227a81c - rust_begin_unwind
[INFO] [stdout]                                at /rustc/df4ca44d3fbc9301ee17f30f4d474e6ae4b05252/library/std/src/panicking.rs:665:5
[INFO] [stdout]   17:     0x620f6229e920 - core::panicking::panic_fmt::ha9db07b529f9b256
[INFO] [stdout]                                at /rustc/df4ca44d3fbc9301ee17f30f4d474e6ae4b05252/library/core/src/panicking.rs:75:14
[INFO] [stdout]   18:     0x620f6229e9ac - core::panicking::panic::h993086813d94accc
[INFO] [stdout]                                at /rustc/df4ca44d3fbc9301ee17f30f4d474e6ae4b05252/library/core/src/panicking.rs:152:5
[INFO] [stdout]   19:     0x620f6229e899 - core::option::unwrap_failed::h7d84639b8a1a5da9
[INFO] [stdout]                                at /rustc/df4ca44d3fbc9301ee17f30f4d474e6ae4b05252/library/core/src/option.rs:2008:5
[INFO] [stdout]   20:     0x620f621b229a - core::option::Option<T>::unwrap::h08dce0e887cd564d
[INFO] [stdout]                                at /rustc/df4ca44d3fbc9301ee17f30f4d474e6ae4b05252/library/core/src/option.rs:971:21
[INFO] [stdout]   21:     0x620f621b229a - builder::test_hugepages_res_build::hbaaba22da431b9d5
[INFO] [stdout]                                at /opt/rustwide/workdir/tests/builder.rs:124:37
[INFO] [stdout]   22:     0x620f621b1fe7 - builder::test_hugepages_res_build::{{closure}}::hc44b0408923c49ca
[INFO] [stdout]                                at /opt/rustwide/workdir/tests/builder.rs:115:34
[INFO] [stdout]   23:     0x620f621ae1c6 - core::ops::function::FnOnce::call_once::h1f2d37f86581f2e6
[INFO] [stdout]                                at /rustc/df4ca44d3fbc9301ee17f30f4d474e6ae4b05252/library/core/src/ops/function.rs:250:5
[INFO] [stdout]   24:     0x620f621f125b - core::ops::function::FnOnce::call_once::h22c3ba5715e93f05
[INFO] [stdout]                                at /rustc/df4ca44d3fbc9301ee17f30f4d474e6ae4b05252/library/core/src/ops/function.rs:250:5
[INFO] [stdout]   25:     0x620f621f125b - test::__rust_begin_short_backtrace::h8e82d8113d0da17f
[INFO] [stdout]                                at /rustc/df4ca44d3fbc9301ee17f30f4d474e6ae4b05252/library/test/src/lib.rs:621:18
[INFO] [stdout]   26:     0x620f621f0bd7 - test::run_test_in_process::{{closure}}::h33235f4f20b7b7c7
[INFO] [stdout]                                at /rustc/df4ca44d3fbc9301ee17f30f4d474e6ae4b05252/library/test/src/lib.rs:644:60
[INFO] [stdout]   27:     0x620f621f0bd7 - <core::panic::unwind_safe::AssertUnwindSafe<F> as core::ops::function::FnOnce<()>>::call_once::hb5043206310c586f
[INFO] [stdout]                                at /rustc/df4ca44d3fbc9301ee17f30f4d474e6ae4b05252/library/core/src/panic/unwind_safe.rs:272:9
[INFO] [stdout]   28:     0x620f621f0bd7 - std::panicking::try::do_call::h9ad4731a60ab23e2
[INFO] [stdout]                                at /rustc/df4ca44d3fbc9301ee17f30f4d474e6ae4b05252/library/std/src/panicking.rs:557:40
[INFO] [stdout]   29:     0x620f621f0bd7 - std::panicking::try::h3824d23db772a716
[INFO] [stdout]                                at /rustc/df4ca44d3fbc9301ee17f30f4d474e6ae4b05252/library/std/src/panicking.rs:520:19
[INFO] [stdout]   30:     0x620f621f0bd7 - std::panic::catch_unwind::h5afd514605fde46b
[INFO] [stdout]                                at /rustc/df4ca44d3fbc9301ee17f30f4d474e6ae4b05252/library/std/src/panic.rs:358:14
[INFO] [stdout]   31:     0x620f621f0bd7 - test::run_test_in_process::h0d5cbfa7067d1720
[INFO] [stdout]                                at /rustc/df4ca44d3fbc9301ee17f30f4d474e6ae4b05252/library/test/src/lib.rs:644:27
[INFO] [stdout]   32:     0x620f621f0bd7 - test::run_test::{{closure}}::h708eb8872708115d
[INFO] [stdout]                                at /rustc/df4ca44d3fbc9301ee17f30f4d474e6ae4b05252/library/test/src/lib.rs:565:43
[INFO] [stdout]   33:     0x620f621b42f4 - test::run_test::{{closure}}::h392c51cee94713ab
[INFO] [stdout]                                at /rustc/df4ca44d3fbc9301ee17f30f4d474e6ae4b05252/library/test/src/lib.rs:595:41
[INFO] [stdout]   34:     0x620f621b42f4 - std::sys::backtrace::__rust_begin_short_backtrace::h2f40290710935a8b
[INFO] [stdout]                                at /rustc/df4ca44d3fbc9301ee17f30f4d474e6ae4b05252/library/std/src/sys/backtrace.rs:154:18
[INFO] [stdout]   35:     0x620f621b7a9e - std::thread::Builder::spawn_unchecked_::{{closure}}::{{closure}}::h3fd968d89053a903
[INFO] [stdout]                                at /rustc/df4ca44d3fbc9301ee17f30f4d474e6ae4b05252/library/std/src/thread/mod.rs:541:17
[INFO] [stdout]   36:     0x620f621b7a9e - <core::panic::unwind_safe::AssertUnwindSafe<F> as core::ops::function::FnOnce<()>>::call_once::h743f637ba4229880
[INFO] [stdout]                                at /rustc/df4ca44d3fbc9301ee17f30f4d474e6ae4b05252/library/core/src/panic/unwind_safe.rs:272:9
[INFO] [stdout]   37:     0x620f621b7a9e - std::panicking::try::do_call::h07440897322525a6
[INFO] [stdout]                                at /rustc/df4ca44d3fbc9301ee17f30f4d474e6ae4b05252/library/std/src/panicking.rs:557:40
[INFO] [stdout]   38:     0x620f621b7a9e - std::panicking::try::he5a2e00188156637
[INFO] [stdout]                                at /rustc/df4ca44d3fbc9301ee17f30f4d474e6ae4b05252/library/std/src/panicking.rs:520:19
[INFO] [stdout]   39:     0x620f621b7a9e - std::panic::catch_unwind::hbaf3cae49b3c6433
[INFO] [stdout]                                at /rustc/df4ca44d3fbc9301ee17f30f4d474e6ae4b05252/library/std/src/panic.rs:358:14
[INFO] [stdout]   40:     0x620f621b7a9e - std::thread::Builder::spawn_unchecked_::{{closure}}::h8e141ea224820bce
[INFO] [stdout]                                at /rustc/df4ca44d3fbc9301ee17f30f4d474e6ae4b05252/library/std/src/thread/mod.rs:540:30
[INFO] [stdout]   41:     0x620f621b7a9e - core::ops::function::FnOnce::call_once{{vtable.shim}}::h90d312fedd7b8ea8
[INFO] [stdout]                                at /rustc/df4ca44d3fbc9301ee17f30f4d474e6ae4b05252/library/core/src/ops/function.rs:250:5
[INFO] [stdout]   42:     0x620f6227f19b - <alloc::boxed::Box<F,A> as core::ops::function::FnOnce<Args>>::call_once::h69aa08ddb6adb8b6
[INFO] [stdout]                                at /rustc/df4ca44d3fbc9301ee17f30f4d474e6ae4b05252/library/alloc/src/boxed.rs:2454:9
[INFO] [stdout]   43:     0x620f6227f19b - <alloc::boxed::Box<F,A> as core::ops::function::FnOnce<Args>>::call_once::h5aa36efdb79c806f
[INFO] [stdout]                                at /rustc/df4ca44d3fbc9301ee17f30f4d474e6ae4b05252/library/alloc/src/boxed.rs:2454:9
[INFO] [stdout]   44:     0x620f6227f19b - std::sys::pal::unix::thread::Thread::new::thread_start::h6cd80a1b4be5158d
[INFO] [stdout]                                at /rustc/df4ca44d3fbc9301ee17f30f4d474e6ae4b05252/library/std/src/sys/pal/unix/thread.rs:105:17
[INFO] [stdout]   45:     0x7b48a0fc2ac3 - <unknown>
[INFO] [stdout]   46:     0x7b48a1053a04 - clone
[INFO] [stdout]   47:                0x0 - <unknown>
[INFO] [stdout] 
[INFO] [stdout] ---- test_memory_res_build stdout ----
[INFO] [stdout] thread 'test_memory_res_build' panicked at tests/builder.rs:43:52:
[INFO] [stdout] called `Option::unwrap()` on a `None` value
[INFO] [stdout] stack backtrace:
[INFO] [stdout]    0:     0x620f6227923a - std::backtrace_rs::backtrace::libunwind::trace::h207520d6e9873551
[INFO] [stdout]                                at /rustc/df4ca44d3fbc9301ee17f30f4d474e6ae4b05252/library/std/src/../../backtrace/src/backtrace/libunwind.rs:116:5
[INFO] [stdout]    1:     0x620f6227923a - std::backtrace_rs::backtrace::trace_unsynchronized::h2ed7433f370e3eca
[INFO] [stdout]                                at /rustc/df4ca44d3fbc9301ee17f30f4d474e6ae4b05252/library/std/src/../../backtrace/src/backtrace/mod.rs:66:5
[INFO] [stdout]    2:     0x620f6227923a - std::sys::backtrace::_print_fmt::h916fac51166b18d7
[INFO] [stdout]                                at /rustc/df4ca44d3fbc9301ee17f30f4d474e6ae4b05252/library/std/src/sys/backtrace.rs:66:9
[INFO] [stdout]    3:     0x620f6227923a - <std::sys::backtrace::BacktraceLock::print::DisplayBacktrace as core::fmt::Display>::fmt::ha0a4c9b8ce3802e6
[INFO] [stdout]                                at /rustc/df4ca44d3fbc9301ee17f30f4d474e6ae4b05252/library/std/src/sys/backtrace.rs:39:26
[INFO] [stdout]    4:     0x620f6229ff23 - core::fmt::rt::Argument::fmt::h4cfc8587d52b3eb5
[INFO] [stdout]                                at /rustc/df4ca44d3fbc9301ee17f30f4d474e6ae4b05252/library/core/src/fmt/rt.rs:177:76
[INFO] [stdout]    5:     0x620f6229ff23 - core::fmt::write::h522cc39e5b36ae9f
[INFO] [stdout]                                at /rustc/df4ca44d3fbc9301ee17f30f4d474e6ae4b05252/library/core/src/fmt/mod.rs:1190:21
[INFO] [stdout]    6:     0x620f62275d63 - std::io::Write::write_fmt::h7d3c26752da97734
[INFO] [stdout]                                at /rustc/df4ca44d3fbc9301ee17f30f4d474e6ae4b05252/library/std/src/io/mod.rs:1839:15
[INFO] [stdout]    7:     0x620f62279082 - std::sys::backtrace::BacktraceLock::print::h4b9e00b29e9c0942
[INFO] [stdout]                                at /rustc/df4ca44d3fbc9301ee17f30f4d474e6ae4b05252/library/std/src/sys/backtrace.rs:42:9
[INFO] [stdout]    8:     0x620f6227a6ca - std::panicking::default_hook::{{closure}}::hb59b88280d0324d9
[INFO] [stdout]                                at /rustc/df4ca44d3fbc9301ee17f30f4d474e6ae4b05252/library/std/src/panicking.rs:268:22
[INFO] [stdout]    9:     0x620f6227a4d4 - std::panicking::default_hook::he1dd496665be4a29
[INFO] [stdout]                                at /rustc/df4ca44d3fbc9301ee17f30f4d474e6ae4b05252/library/std/src/panicking.rs:292:9
[INFO] [stdout]   10:     0x620f621ec989 - <alloc::boxed::Box<F,A> as core::ops::function::Fn<Args>>::call::h4ff71de18744e1dc
[INFO] [stdout]                                at /rustc/df4ca44d3fbc9301ee17f30f4d474e6ae4b05252/library/alloc/src/boxed.rs:2468:9
[INFO] [stdout]   11:     0x620f621ec989 - test::test_main::{{closure}}::hcf7c055ce117aa81
[INFO] [stdout]                                at /rustc/df4ca44d3fbc9301ee17f30f4d474e6ae4b05252/library/test/src/lib.rs:133:21
[INFO] [stdout]   12:     0x620f6227adc8 - <alloc::boxed::Box<F,A> as core::ops::function::Fn<Args>>::call::h1d66c6bbd60c9692
[INFO] [stdout]                                at /rustc/df4ca44d3fbc9301ee17f30f4d474e6ae4b05252/library/alloc/src/boxed.rs:2468:9
[INFO] [stdout]   13:     0x620f6227adc8 - std::panicking::rust_panic_with_hook::h2ff17fe8f26dfcf8
[INFO] [stdout]                                at /rustc/df4ca44d3fbc9301ee17f30f4d474e6ae4b05252/library/std/src/panicking.rs:809:13
[INFO] [stdout]   14:     0x620f6227ab56 - std::panicking::begin_panic_handler::{{closure}}::h4fad77951c07e101
[INFO] [stdout]                                at /rustc/df4ca44d3fbc9301ee17f30f4d474e6ae4b05252/library/std/src/panicking.rs:667:13
[INFO] [stdout]   15:     0x620f62279719 - std::sys::backtrace::__rust_end_short_backtrace::hb1a25b3da5d0ea08
[INFO] [stdout]                                at /rustc/df4ca44d3fbc9301ee17f30f4d474e6ae4b05252/library/std/src/sys/backtrace.rs:170:18
[INFO] [stdout]   16:     0x620f6227a81c - rust_begin_unwind
[INFO] [stdout]                                at /rustc/df4ca44d3fbc9301ee17f30f4d474e6ae4b05252/library/std/src/panicking.rs:665:5
[INFO] [stdout]   17:     0x620f6229e920 - core::panicking::panic_fmt::ha9db07b529f9b256
[INFO] [stdout]                                at /rustc/df4ca44d3fbc9301ee17f30f4d474e6ae4b05252/library/core/src/panicking.rs:75:14
[INFO] [stdout]   18:     0x620f6229e9ac - core::panicking::panic::h993086813d94accc
[INFO] [stdout]                                at /rustc/df4ca44d3fbc9301ee17f30f4d474e6ae4b05252/library/core/src/panicking.rs:152:5
[INFO] [stdout]   19:     0x620f6229e899 - core::option::unwrap_failed::h7d84639b8a1a5da9
[INFO] [stdout]                                at /rustc/df4ca44d3fbc9301ee17f30f4d474e6ae4b05252/library/core/src/option.rs:2008:5
[INFO] [stdout]   20:     0x620f621b0b97 - core::option::Option<T>::unwrap::hda4b722c6e0c00c5
[INFO] [stdout]                                at /rustc/df4ca44d3fbc9301ee17f30f4d474e6ae4b05252/library/core/src/option.rs:971:21
[INFO] [stdout]   21:     0x620f621b0b97 - builder::test_memory_res_build::h9b3dbc2d8abed087
[INFO] [stdout]                                at /opt/rustwide/workdir/tests/builder.rs:43:33
[INFO] [stdout]   22:     0x620f621b0897 - builder::test_memory_res_build::{{closure}}::hd0b3b1ae17e8079e
[INFO] [stdout]                                at /opt/rustwide/workdir/tests/builder.rs:32:31
[INFO] [stdout]   23:     0x620f621ae296 - core::ops::function::FnOnce::call_once::h836359f843416c13
[INFO] [stdout]                                at /rustc/df4ca44d3fbc9301ee17f30f4d474e6ae4b05252/library/core/src/ops/function.rs:250:5
[INFO] [stdout]   24:     0x620f621f125b - core::ops::function::FnOnce::call_once::h22c3ba5715e93f05
[INFO] [stdout]                                at /rustc/df4ca44d3fbc9301ee17f30f4d474e6ae4b05252/library/core/src/ops/function.rs:250:5
[INFO] [stdout]   25:     0x620f621f125b - test::__rust_begin_short_backtrace::h8e82d8113d0da17f
[INFO] [stdout]                                at /rustc/df4ca44d3fbc9301ee17f30f4d474e6ae4b05252/library/test/src/lib.rs:621:18
[INFO] [stdout]   26:     0x620f621f0bd7 - test::run_test_in_process::{{closure}}::h33235f4f20b7b7c7
[INFO] [stdout]                                at /rustc/df4ca44d3fbc9301ee17f30f4d474e6ae4b05252/library/test/src/lib.rs:644:60
[INFO] [stdout]   27:     0x620f621f0bd7 - <core::panic::unwind_safe::AssertUnwindSafe<F> as core::ops::function::FnOnce<()>>::call_once::hb5043206310c586f
[INFO] [stdout]                                at /rustc/df4ca44d3fbc9301ee17f30f4d474e6ae4b05252/library/core/src/panic/unwind_safe.rs:272:9
[INFO] [stdout]   28:     0x620f621f0bd7 - std::panicking::try::do_call::h9ad4731a60ab23e2
[INFO] [stdout]                                at /rustc/df4ca44d3fbc9301ee17f30f4d474e6ae4b05252/library/std/src/panicking.rs:557:40
[INFO] [stdout]   29:     0x620f621f0bd7 - std::panicking::try::h3824d23db772a716
[INFO] [stdout]                                at /rustc/df4ca44d3fbc9301ee17f30f4d474e6ae4b05252/library/std/src/panicking.rs:520:19
[INFO] [stdout]   30:     0x620f621f0bd7 - std::panic::catch_unwind::h5afd514605fde46b
[INFO] [stdout]                                at /rustc/df4ca44d3fbc9301ee17f30f4d474e6ae4b05252/library/std/src/panic.rs:358:14
[INFO] [stdout]   31:     0x620f621f0bd7 - test::run_test_in_process::h0d5cbfa7067d1720
[INFO] [stdout]                                at /rustc/df4ca44d3fbc9301ee17f30f4d474e6ae4b05252/library/test/src/lib.rs:644:27
[INFO] [stdout]   32:     0x620f621f0bd7 - test::run_test::{{closure}}::h708eb8872708115d
[INFO] [stdout]                                at /rustc/df4ca44d3fbc9301ee17f30f4d474e6ae4b05252/library/test/src/lib.rs:565:43
[INFO] [stdout]   33:     0x620f621b42f4 - test::run_test::{{closure}}::h392c51cee94713ab
[INFO] [stdout]                                at /rustc/df4ca44d3fbc9301ee17f30f4d474e6ae4b05252/library/test/src/lib.rs:595:41
[INFO] [stdout]   34:     0x620f621b42f4 - std::sys::backtrace::__rust_begin_short_backtrace::h2f40290710935a8b
[INFO] [stdout]                                at /rustc/df4ca44d3fbc9301ee17f30f4d474e6ae4b05252/library/std/src/sys/backtrace.rs:154:18
[INFO] [stdout]   35:     0x620f621b7a9e - std::thread::Builder::spawn_unchecked_::{{closure}}::{{closure}}::h3fd968d89053a903
[INFO] [stdout]                                at /rustc/df4ca44d3fbc9301ee17f30f4d474e6ae4b05252/library/std/src/thread/mod.rs:541:17
[INFO] [stdout]   36:     0x620f621b7a9e - <core::panic::unwind_safe::AssertUnwindSafe<F> as core::ops::function::FnOnce<()>>::call_once::h743f637ba4229880
[INFO] [stdout]                                at /rustc/df4ca44d3fbc9301ee17f30f4d474e6ae4b05252/library/core/src/panic/unwind_safe.rs:272:9
[INFO] [stdout]   37:     0x620f621b7a9e - std::panicking::try::do_call::h07440897322525a6
[INFO] [stdout]                                at /rustc/df4ca44d3fbc9301ee17f30f4d474e6ae4b05252/library/std/src/panicking.rs:557:40
[INFO] [stdout]   38:     0x620f621b7a9e - std::panicking::try::he5a2e00188156637
[INFO] [stdout]                                at /rustc/df4ca44d3fbc9301ee17f30f4d474e6ae4b05252/library/std/src/panicking.rs:520:19
[INFO] [stdout]   39:     0x620f621b7a9e - std::panic::catch_unwind::hbaf3cae49b3c6433
[INFO] [stdout]                                at /rustc/df4ca44d3fbc9301ee17f30f4d474e6ae4b05252/library/std/src/panic.rs:358:14
[INFO] [stdout]   40:     0x620f621b7a9e - std::thread::Builder::spawn_unchecked_::{{closure}}::h8e141ea224820bce
[INFO] [stdout]                                at /rustc/df4ca44d3fbc9301ee17f30f4d474e6ae4b05252/library/std/src/thread/mod.rs:540:30
[INFO] [stdout]   41:     0x620f621b7a9e - core::ops::function::FnOnce::call_once{{vtable.shim}}::h90d312fedd7b8ea8
[INFO] [stdout]                                at /rustc/df4ca44d3fbc9301ee17f30f4d474e6ae4b05252/library/core/src/ops/function.rs:250:5
[INFO] [stdout]   42:     0x620f6227f19b - <alloc::boxed::Box<F,A> as core::ops::function::FnOnce<Args>>::call_once::h69aa08ddb6adb8b6
[INFO] [stdout]                                at /rustc/df4ca44d3fbc9301ee17f30f4d474e6ae4b05252/library/alloc/src/boxed.rs:2454:9
[INFO] [stdout]   43:     0x620f6227f19b - <alloc::boxed::Box<F,A> as core::ops::function::FnOnce<Args>>::call_once::h5aa36efdb79c806f
[INFO] [stdout]                                at /rustc/df4ca44d3fbc9301ee17f30f4d474e6ae4b05252/library/alloc/src/boxed.rs:2454:9
[INFO] [stdout]   44:     0x620f6227f19b - std::sys::pal::unix::thread::Thread::new::thread_start::h6cd80a1b4be5158d
[INFO] [stdout]                                at /rustc/df4ca44d3fbc9301ee17f30f4d474e6ae4b05252/library/std/src/sys/pal/unix/thread.rs:105:17
[INFO] [stdout]   45:     0x7b48a0fc2ac3 - <unknown>
[INFO] [stdout]   46:     0x7b48a1053a04 - clone
[INFO] [stdout]   47:                0x0 - <unknown>
[INFO] [stdout] 
[INFO] [stdout] ---- test_network_res_build stdout ----
[INFO] [stdout] thread 'test_network_res_build' panicked at tests/builder.rs:107:55:
[INFO] [stdout] called `Option::unwrap()` on a `None` value
[INFO] [stdout] stack backtrace:
[INFO] [stdout]    0:     0x620f6227923a - std::backtrace_rs::backtrace::libunwind::trace::h207520d6e9873551
[INFO] [stdout]                                at /rustc/df4ca44d3fbc9301ee17f30f4d474e6ae4b05252/library/std/src/../../backtrace/src/backtrace/libunwind.rs:116:5
[INFO] [stdout]    1:     0x620f6227923a - std::backtrace_rs::backtrace::trace_unsynchronized::h2ed7433f370e3eca
[INFO] [stdout]                                at /rustc/df4ca44d3fbc9301ee17f30f4d474e6ae4b05252/library/std/src/../../backtrace/src/backtrace/mod.rs:66:5
[INFO] [stdout]    2:     0x620f6227923a - std::sys::backtrace::_print_fmt::h916fac51166b18d7
[INFO] [stdout]                                at /rustc/df4ca44d3fbc9301ee17f30f4d474e6ae4b05252/library/std/src/sys/backtrace.rs:66:9
[INFO] [stdout]    3:     0x620f6227923a - <std::sys::backtrace::BacktraceLock::print::DisplayBacktrace as core::fmt::Display>::fmt::ha0a4c9b8ce3802e6
[INFO] [stdout]                                at /rustc/df4ca44d3fbc9301ee17f30f4d474e6ae4b05252/library/std/src/sys/backtrace.rs:39:26
[INFO] [stdout]    4:     0x620f6229ff23 - core::fmt::rt::Argument::fmt::h4cfc8587d52b3eb5
[INFO] [stdout]                                at /rustc/df4ca44d3fbc9301ee17f30f4d474e6ae4b05252/library/core/src/fmt/rt.rs:177:76
[INFO] [stdout]    5:     0x620f6229ff23 - core::fmt::write::h522cc39e5b36ae9f
[INFO] [stdout]                                at /rustc/df4ca44d3fbc9301ee17f30f4d474e6ae4b05252/library/core/src/fmt/mod.rs:1190:21
[INFO] [stdout]    6:     0x620f62275d63 - std::io::Write::write_fmt::h7d3c26752da97734
[INFO] [stdout]                                at /rustc/df4ca44d3fbc9301ee17f30f4d474e6ae4b05252/library/std/src/io/mod.rs:1839:15
[INFO] [stdout]    7:     0x620f62279082 - std::sys::backtrace::BacktraceLock::print::h4b9e00b29e9c0942
[INFO] [stdout]                                at /rustc/df4ca44d3fbc9301ee17f30f4d474e6ae4b05252/library/std/src/sys/backtrace.rs:42:9
[INFO] [stdout]    8:     0x620f6227a6ca - std::panicking::default_hook::{{closure}}::hb59b88280d0324d9
[INFO] [stdout]                                at /rustc/df4ca44d3fbc9301ee17f30f4d474e6ae4b05252/library/std/src/panicking.rs:268:22
[INFO] [stdout]    9:     0x620f6227a4d4 - std::panicking::default_hook::he1dd496665be4a29
[INFO] [stdout]                                at /rustc/df4ca44d3fbc9301ee17f30f4d474e6ae4b05252/library/std/src/panicking.rs:292:9
[INFO] [stdout]   10:     0x620f621ec989 - <alloc::boxed::Box<F,A> as core::ops::function::Fn<Args>>::call::h4ff71de18744e1dc
[INFO] [stdout]                                at /rustc/df4ca44d3fbc9301ee17f30f4d474e6ae4b05252/library/alloc/src/boxed.rs:2468:9
[INFO] [stdout]   11:     0x620f621ec989 - test::test_main::{{closure}}::hcf7c055ce117aa81
[INFO] [stdout]                                at /rustc/df4ca44d3fbc9301ee17f30f4d474e6ae4b05252/library/test/src/lib.rs:133:21
[INFO] [stdout]   12:     0x620f6227adc8 - <alloc::boxed::Box<F,A> as core::ops::function::Fn<Args>>::call::h1d66c6bbd60c9692
[INFO] [stdout]                                at /rustc/df4ca44d3fbc9301ee17f30f4d474e6ae4b05252/library/alloc/src/boxed.rs:2468:9
[INFO] [stdout]   13:     0x620f6227adc8 - std::panicking::rust_panic_with_hook::h2ff17fe8f26dfcf8
[INFO] [stdout]                                at /rustc/df4ca44d3fbc9301ee17f30f4d474e6ae4b05252/library/std/src/panicking.rs:809:13
[INFO] [stdout]   14:     0x620f6227ab56 - std::panicking::begin_panic_handler::{{closure}}::h4fad77951c07e101
[INFO] [stdout]                                at /rustc/df4ca44d3fbc9301ee17f30f4d474e6ae4b05252/library/std/src/panicking.rs:667:13
[INFO] [stdout]   15:     0x620f62279719 - std::sys::backtrace::__rust_end_short_backtrace::hb1a25b3da5d0ea08
[INFO] [stdout]                                at /rustc/df4ca44d3fbc9301ee17f30f4d474e6ae4b05252/library/std/src/sys/backtrace.rs:170:18
[INFO] [stdout]   16:     0x620f6227a81c - rust_begin_unwind
[INFO] [stdout]                                at /rustc/df4ca44d3fbc9301ee17f30f4d474e6ae4b05252/library/std/src/panicking.rs:665:5
[INFO] [stdout]   17:     0x620f6229e920 - core::panicking::panic_fmt::ha9db07b529f9b256
[INFO] [stdout]                                at /rustc/df4ca44d3fbc9301ee17f30f4d474e6ae4b05252/library/core/src/panicking.rs:75:14
[INFO] [stdout]   18:     0x620f6229e9ac - core::panicking::panic::h993086813d94accc
[INFO] [stdout]                                at /rustc/df4ca44d3fbc9301ee17f30f4d474e6ae4b05252/library/core/src/panicking.rs:152:5
[INFO] [stdout]   19:     0x620f6229e899 - core::option::unwrap_failed::h7d84639b8a1a5da9
[INFO] [stdout]                                at /rustc/df4ca44d3fbc9301ee17f30f4d474e6ae4b05252/library/core/src/option.rs:2008:5
[INFO] [stdout]   20:     0x620f621b1d1c - core::option::Option<T>::unwrap::h2da9dcea7df8d8e4
[INFO] [stdout]                                at /rustc/df4ca44d3fbc9301ee17f30f4d474e6ae4b05252/library/core/src/option.rs:971:21
[INFO] [stdout]   21:     0x620f621b1d1c - builder::test_network_res_build::h7436b395d7a09677
[INFO] [stdout]                                at /opt/rustwide/workdir/tests/builder.rs:107:36
[INFO] [stdout]   22:     0x620f621b1b97 - builder::test_network_res_build::{{closure}}::hf41225875367b6b5
[INFO] [stdout]                                at /opt/rustwide/workdir/tests/builder.rs:98:32
[INFO] [stdout]   23:     0x620f621ae316 - core::ops::function::FnOnce::call_once::hc67168df81a2bd7e
[INFO] [stdout]                                at /rustc/df4ca44d3fbc9301ee17f30f4d474e6ae4b05252/library/core/src/ops/function.rs:250:5
[INFO] [stdout]   24:     0x620f621f125b - core::ops::function::FnOnce::call_once::h22c3ba5715e93f05
[INFO] [stdout]                                at /rustc/df4ca44d3fbc9301ee17f30f4d474e6ae4b05252/library/core/src/ops/function.rs:250:5
[INFO] [stdout]   25:     0x620f621f125b - test::__rust_begin_short_backtrace::h8e82d8113d0da17f
[INFO] [stdout]                                at /rustc/df4ca44d3fbc9301ee17f30f4d474e6ae4b05252/library/test/src/lib.rs:621:18
[INFO] [stdout]   26:     0x620f621f0bd7 - test::run_test_in_process::{{closure}}::h33235f4f20b7b7c7
[INFO] [stdout]                                at /rustc/df4ca44d3fbc9301ee17f30f4d474e6ae4b05252/library/test/src/lib.rs:644:60
[INFO] [stdout]   27:     0x620f621f0bd7 - <core::panic::unwind_safe::AssertUnwindSafe<F> as core::ops::function::FnOnce<()>>::call_once::hb5043206310c586f
[INFO] [stdout]                                at /rustc/df4ca44d3fbc9301ee17f30f4d474e6ae4b05252/library/core/src/panic/unwind_safe.rs:272:9
[INFO] [stdout]   28:     0x620f621f0bd7 - std::panicking::try::do_call::h9ad4731a60ab23e2
[INFO] [stdout]                                at /rustc/df4ca44d3fbc9301ee17f30f4d474e6ae4b05252/library/std/src/panicking.rs:557:40
[INFO] [stdout]   29:     0x620f621f0bd7 - std::panicking::try::h3824d23db772a716
[INFO] [stdout]                                at /rustc/df4ca44d3fbc9301ee17f30f4d474e6ae4b05252/library/std/src/panicking.rs:520:19
[INFO] [stdout]   30:     0x620f621f0bd7 - std::panic::catch_unwind::h5afd514605fde46b
[INFO] [stdout]                                at /rustc/df4ca44d3fbc9301ee17f30f4d474e6ae4b05252/library/std/src/panic.rs:358:14
[INFO] [stdout]   31:     0x620f621f0bd7 - test::run_test_in_process::h0d5cbfa7067d1720
[INFO] [stdout]                                at /rustc/df4ca44d3fbc9301ee17f30f4d474e6ae4b05252/library/test/src/lib.rs:644:27
[INFO] [stdout]   32:     0x620f621f0bd7 - test::run_test::{{closure}}::h708eb8872708115d
[INFO] [stdout]                                at /rustc/df4ca44d3fbc9301ee17f30f4d474e6ae4b05252/library/test/src/lib.rs:565:43
[INFO] [stdout]   33:     0x620f621b42f4 - test::run_test::{{closure}}::h392c51cee94713ab
[INFO] [stdout]                                at /rustc/df4ca44d3fbc9301ee17f30f4d474e6ae4b05252/library/test/src/lib.rs:595:41
[INFO] [stdout]   34:     0x620f621b42f4 - std::sys::backtrace::__rust_begin_short_backtrace::h2f40290710935a8b
[INFO] [stdout]                                at /rustc/df4ca44d3fbc9301ee17f30f4d474e6ae4b05252/library/std/src/sys/backtrace.rs:154:18
[INFO] [stdout]   35:     0x620f621b7a9e - std::thread::Builder::spawn_unchecked_::{{closure}}::{{closure}}::h3fd968d89053a903
[INFO] [stdout]                                at /rustc/df4ca44d3fbc9301ee17f30f4d474e6ae4b05252/library/std/src/thread/mod.rs:541:17
[INFO] [stdout]   36:     0x620f621b7a9e - <core::panic::unwind_safe::AssertUnwindSafe<F> as core::ops::function::FnOnce<()>>::call_once::h743f637ba4229880
[INFO] [stdout]                                at /rustc/df4ca44d3fbc9301ee17f30f4d474e6ae4b05252/library/core/src/panic/unwind_safe.rs:272:9
[INFO] [stdout]   37:     0x620f621b7a9e - std::panicking::try::do_call::h07440897322525a6
[INFO] [stdout]                                at /rustc/df4ca44d3fbc9301ee17f30f4d474e6ae4b05252/library/std/src/panicking.rs:557:40
[INFO] [stdout]   38:     0x620f621b7a9e - std::panicking::try::he5a2e00188156637
[INFO] [stdout]                                at /rustc/df4ca44d3fbc9301ee17f30f4d474e6ae4b05252/library/std/src/panicking.rs:520:19
[INFO] [stderr] error: test failed, to rerun pass `--test builder`
[INFO] [stdout]   39:     0x620f621b7a9e - std::panic::catch_unwind::hbaf3cae49b3c6433
[INFO] [stdout]                                at /rustc/df4ca44d3fbc9301ee17f30f4d474e6ae4b05252/library/std/src/panic.rs:358:14
[INFO] [stdout]   40:     0x620f621b7a9e - std::thread::Builder::spawn_unchecked_::{{closure}}::h8e141ea224820bce
[INFO] [stdout]                                at /rustc/df4ca44d3fbc9301ee17f30f4d474e6ae4b05252/library/std/src/thread/mod.rs:540:30
[INFO] [stdout]   41:     0x620f621b7a9e - core::ops::function::FnOnce::call_once{{vtable.shim}}::h90d312fedd7b8ea8
[INFO] [stdout]                                at /rustc/df4ca44d3fbc9301ee17f30f4d474e6ae4b05252/library/core/src/ops/function.rs:250:5
[INFO] [stdout]   42:     0x620f6227f19b - <alloc::boxed::Box<F,A> as core::ops::function::FnOnce<Args>>::call_once::h69aa08ddb6adb8b6
[INFO] [stdout]                                at /rustc/df4ca44d3fbc9301ee17f30f4d474e6ae4b05252/library/alloc/src/boxed.rs:2454:9
[INFO] [stdout]   43:     0x620f6227f19b - <alloc::boxed::Box<F,A> as core::ops::function::FnOnce<Args>>::call_once::h5aa36efdb79c806f
[INFO] [stdout]                                at /rustc/df4ca44d3fbc9301ee17f30f4d474e6ae4b05252/library/alloc/src/boxed.rs:2454:9
[INFO] [stdout]   44:     0x620f6227f19b - std::sys::pal::unix::thread::Thread::new::thread_start::h6cd80a1b4be5158d
[INFO] [stdout]                                at /rustc/df4ca44d3fbc9301ee17f30f4d474e6ae4b05252/library/std/src/sys/pal/unix/thread.rs:105:17
[INFO] [stdout]   45:     0x7b48a0fc2ac3 - <unknown>
[INFO] [stdout]   46:     0x7b48a1053a04 - clone
[INFO] [stdout]   47:                0x0 - <unknown>
[INFO] [stdout] 
[INFO] [stdout] ---- test_pid_res_build stdout ----
[INFO] [stdout] thread 'test_pid_res_build' panicked at tests/builder.rs:62:52:
[INFO] [stdout] called `Option::unwrap()` on a `None` value
[INFO] [stdout] stack backtrace:
[INFO] [stdout]    0:     0x620f6227923a - std::backtrace_rs::backtrace::libunwind::trace::h207520d6e9873551
[INFO] [stdout]                                at /rustc/df4ca44d3fbc9301ee17f30f4d474e6ae4b05252/library/std/src/../../backtrace/src/backtrace/libunwind.rs:116:5
[INFO] [stdout]    1:     0x620f6227923a - std::backtrace_rs::backtrace::trace_unsynchronized::h2ed7433f370e3eca
[INFO] [stdout]                                at /rustc/df4ca44d3fbc9301ee17f30f4d474e6ae4b05252/library/std/src/../../backtrace/src/backtrace/mod.rs:66:5
[INFO] [stdout]    2:     0x620f6227923a - std::sys::backtrace::_print_fmt::h916fac51166b18d7
[INFO] [stdout]                                at /rustc/df4ca44d3fbc9301ee17f30f4d474e6ae4b05252/library/std/src/sys/backtrace.rs:66:9
[INFO] [stdout]    3:     0x620f6227923a - <std::sys::backtrace::BacktraceLock::print::DisplayBacktrace as core::fmt::Display>::fmt::ha0a4c9b8ce3802e6
[INFO] [stdout]                                at /rustc/df4ca44d3fbc9301ee17f30f4d474e6ae4b05252/library/std/src/sys/backtrace.rs:39:26
[INFO] [stdout]    4:     0x620f6229ff23 - core::fmt::rt::Argument::fmt::h4cfc8587d52b3eb5
[INFO] [stdout]                                at /rustc/df4ca44d3fbc9301ee17f30f4d474e6ae4b05252/library/core/src/fmt/rt.rs:177:76
[INFO] [stdout]    5:     0x620f6229ff23 - core::fmt::write::h522cc39e5b36ae9f
[INFO] [stdout]                                at /rustc/df4ca44d3fbc9301ee17f30f4d474e6ae4b05252/library/core/src/fmt/mod.rs:1190:21
[INFO] [stdout]    6:     0x620f62275d63 - std::io::Write::write_fmt::h7d3c26752da97734
[INFO] [stdout]                                at /rustc/df4ca44d3fbc9301ee17f30f4d474e6ae4b05252/library/std/src/io/mod.rs:1839:15
[INFO] [stdout]    7:     0x620f62279082 - std::sys::backtrace::BacktraceLock::print::h4b9e00b29e9c0942
[INFO] [stdout]                                at /rustc/df4ca44d3fbc9301ee17f30f4d474e6ae4b05252/library/std/src/sys/backtrace.rs:42:9
[INFO] [stdout]    8:     0x620f6227a6ca - std::panicking::default_hook::{{closure}}::hb59b88280d0324d9
[INFO] [stdout]                                at /rustc/df4ca44d3fbc9301ee17f30f4d474e6ae4b05252/library/std/src/panicking.rs:268:22
[INFO] [stdout]    9:     0x620f6227a4d4 - std::panicking::default_hook::he1dd496665be4a29
[INFO] [stdout]                                at /rustc/df4ca44d3fbc9301ee17f30f4d474e6ae4b05252/library/std/src/panicking.rs:292:9
[INFO] [stdout]   10:     0x620f621ec989 - <alloc::boxed::Box<F,A> as core::ops::function::Fn<Args>>::call::h4ff71de18744e1dc
[INFO] [stdout]                                at /rustc/df4ca44d3fbc9301ee17f30f4d474e6ae4b05252/library/alloc/src/boxed.rs:2468:9
[INFO] [stdout]   11:     0x620f621ec989 - test::test_main::{{closure}}::hcf7c055ce117aa81
[INFO] [stdout]                                at /rustc/df4ca44d3fbc9301ee17f30f4d474e6ae4b05252/library/test/src/lib.rs:133:21
[INFO] [stdout]   12:     0x620f6227adc8 - <alloc::boxed::Box<F,A> as core::ops::function::Fn<Args>>::call::h1d66c6bbd60c9692
[INFO] [stdout]                                at /rustc/df4ca44d3fbc9301ee17f30f4d474e6ae4b05252/library/alloc/src/boxed.rs:2468:9
[INFO] [stdout]   13:     0x620f6227adc8 - std::panicking::rust_panic_with_hook::h2ff17fe8f26dfcf8
[INFO] [stdout]                                at /rustc/df4ca44d3fbc9301ee17f30f4d474e6ae4b05252/library/std/src/panicking.rs:809:13
[INFO] [stdout]   14:     0x620f6227ab56 - std::panicking::begin_panic_handler::{{closure}}::h4fad77951c07e101
[INFO] [stdout]                                at /rustc/df4ca44d3fbc9301ee17f30f4d474e6ae4b05252/library/std/src/panicking.rs:667:13
[INFO] [stdout]   15:     0x620f62279719 - std::sys::backtrace::__rust_end_short_backtrace::hb1a25b3da5d0ea08
[INFO] [stdout]                                at /rustc/df4ca44d3fbc9301ee17f30f4d474e6ae4b05252/library/std/src/sys/backtrace.rs:170:18
[INFO] [stdout]   16:     0x620f6227a81c - rust_begin_unwind
[INFO] [stdout]                                at /rustc/df4ca44d3fbc9301ee17f30f4d474e6ae4b05252/library/std/src/panicking.rs:665:5
[INFO] [stdout]   17:     0x620f6229e920 - core::panicking::panic_fmt::ha9db07b529f9b256
[INFO] [stdout]                                at /rustc/df4ca44d3fbc9301ee17f30f4d474e6ae4b05252/library/core/src/panicking.rs:75:14
[INFO] [stdout]   18:     0x620f6229e9ac - core::panicking::panic::h993086813d94accc
[INFO] [stdout]                                at /rustc/df4ca44d3fbc9301ee17f30f4d474e6ae4b05252/library/core/src/panicking.rs:152:5
[INFO] [stdout]   19:     0x620f6229e899 - core::option::unwrap_failed::h7d84639b8a1a5da9
[INFO] [stdout]                                at /rustc/df4ca44d3fbc9301ee17f30f4d474e6ae4b05252/library/core/src/option.rs:2008:5
[INFO] [stdout]   20:     0x620f621b113f - core::option::Option<T>::unwrap::hefb399e561b8c907
[INFO] [stdout]                                at /rustc/df4ca44d3fbc9301ee17f30f4d474e6ae4b05252/library/core/src/option.rs:971:21
[INFO] [stdout]   21:     0x620f621b113f - builder::test_pid_res_build::he1310fa82fe26970
[INFO] [stdout]                                at /opt/rustwide/workdir/tests/builder.rs:62:33
[INFO] [stdout]   22:     0x620f621b0f97 - builder::test_pid_res_build::{{closure}}::h60f8edce8d7cdd4e
[INFO] [stdout]                                at /opt/rustwide/workdir/tests/builder.rs:53:28
[INFO] [stdout]   23:     0x620f621ae256 - core::ops::function::FnOnce::call_once::h4d3993f3d2876fbd
[INFO] [stdout]                                at /rustc/df4ca44d3fbc9301ee17f30f4d474e6ae4b05252/library/core/src/ops/function.rs:250:5
[INFO] [stdout]   24:     0x620f621f125b - core::ops::function::FnOnce::call_once::h22c3ba5715e93f05
[INFO] [stdout]                                at /rustc/df4ca44d3fbc9301ee17f30f4d474e6ae4b05252/library/core/src/ops/function.rs:250:5
[INFO] [stdout]   25:     0x620f621f125b - test::__rust_begin_short_backtrace::h8e82d8113d0da17f
[INFO] [stdout]                                at /rustc/df4ca44d3fbc9301ee17f30f4d474e6ae4b05252/library/test/src/lib.rs:621:18
[INFO] [stdout]   26:     0x620f621f0bd7 - test::run_test_in_process::{{closure}}::h33235f4f20b7b7c7
[INFO] [stdout]                                at /rustc/df4ca44d3fbc9301ee17f30f4d474e6ae4b05252/library/test/src/lib.rs:644:60
[INFO] [stdout]   27:     0x620f621f0bd7 - <core::panic::unwind_safe::AssertUnwindSafe<F> as core::ops::function::FnOnce<()>>::call_once::hb5043206310c586f
[INFO] [stdout]                                at /rustc/df4ca44d3fbc9301ee17f30f4d474e6ae4b05252/library/core/src/panic/unwind_safe.rs:272:9
[INFO] [stdout]   28:     0x620f621f0bd7 - std::panicking::try::do_call::h9ad4731a60ab23e2
[INFO] [stdout]                                at /rustc/df4ca44d3fbc9301ee17f30f4d474e6ae4b05252/library/std/src/panicking.rs:557:40
[INFO] [stdout]   29:     0x620f621f0bd7 - std::panicking::try::h3824d23db772a716
[INFO] [stdout]                                at /rustc/df4ca44d3fbc9301ee17f30f4d474e6ae4b05252/library/std/src/panicking.rs:520:19
[INFO] [stdout]   30:     0x620f621f0bd7 - std::panic::catch_unwind::h5afd514605fde46b
[INFO] [stdout]                                at /rustc/df4ca44d3fbc9301ee17f30f4d474e6ae4b05252/library/std/src/panic.rs:358:14
[INFO] [stdout]   31:     0x620f621f0bd7 - test::run_test_in_process::h0d5cbfa7067d1720
[INFO] [stdout]                                at /rustc/df4ca44d3fbc9301ee17f30f4d474e6ae4b05252/library/test/src/lib.rs:644:27
[INFO] [stdout]   32:     0x620f621f0bd7 - test::run_test::{{closure}}::h708eb8872708115d
[INFO] [stdout]                                at /rustc/df4ca44d3fbc9301ee17f30f4d474e6ae4b05252/library/test/src/lib.rs:565:43
[INFO] [stdout]   33:     0x620f621b42f4 - test::run_test::{{closure}}::h392c51cee94713ab
[INFO] [stdout]                                at /rustc/df4ca44d3fbc9301ee17f30f4d474e6ae4b05252/library/test/src/lib.rs:595:41
[INFO] [stdout]   34:     0x620f621b42f4 - std::sys::backtrace::__rust_begin_short_backtrace::h2f40290710935a8b
[INFO] [stdout]                                at /rustc/df4ca44d3fbc9301ee17f30f4d474e6ae4b05252/library/std/src/sys/backtrace.rs:154:18
[INFO] [stdout]   35:     0x620f621b7a9e - std::thread::Builder::spawn_unchecked_::{{closure}}::{{closure}}::h3fd968d89053a903
[INFO] [stdout]                                at /rustc/df4ca44d3fbc9301ee17f30f4d474e6ae4b05252/library/std/src/thread/mod.rs:541:17
[INFO] [stdout]   36:     0x620f621b7a9e - <core::panic::unwind_safe::AssertUnwindSafe<F> as core::ops::function::FnOnce<()>>::call_once::h743f637ba4229880
[INFO] [stdout]                                at /rustc/df4ca44d3fbc9301ee17f30f4d474e6ae4b05252/library/core/src/panic/unwind_safe.rs:272:9
[INFO] [stdout]   37:     0x620f621b7a9e - std::panicking::try::do_call::h07440897322525a6
[INFO] [stdout]                                at /rustc/df4ca44d3fbc9301ee17f30f4d474e6ae4b05252/library/std/src/panicking.rs:557:40
[INFO] [stdout]   38:     0x620f621b7a9e - std::panicking::try::he5a2e00188156637
[INFO] [stdout]                                at /rustc/df4ca44d3fbc9301ee17f30f4d474e6ae4b05252/library/std/src/panicking.rs:520:19
[INFO] [stdout]   39:     0x620f621b7a9e - std::panic::catch_unwind::hbaf3cae49b3c6433
[INFO] [stdout]                                at /rustc/df4ca44d3fbc9301ee17f30f4d474e6ae4b05252/library/std/src/panic.rs:358:14
[INFO] [stdout]   40:     0x620f621b7a9e - std::thread::Builder::spawn_unchecked_::{{closure}}::h8e141ea224820bce
[INFO] [stdout]                                at /rustc/df4ca44d3fbc9301ee17f30f4d474e6ae4b05252/library/std/src/thread/mod.rs:540:30
[INFO] [stdout]   41:     0x620f621b7a9e - core::ops::function::FnOnce::call_once{{vtable.shim}}::h90d312fedd7b8ea8
[INFO] [stdout]                                at /rustc/df4ca44d3fbc9301ee17f30f4d474e6ae4b05252/library/core/src/ops/function.rs:250:5
[INFO] [stdout]   42:     0x620f6227f19b - <alloc::boxed::Box<F,A> as core::ops::function::FnOnce<Args>>::call_once::h69aa08ddb6adb8b6
[INFO] [stdout]                                at /rustc/df4ca44d3fbc9301ee17f30f4d474e6ae4b05252/library/alloc/src/boxed.rs:2454:9
[INFO] [stdout]   43:     0x620f6227f19b - <alloc::boxed::Box<F,A> as core::ops::function::FnOnce<Args>>::call_once::h5aa36efdb79c806f
[INFO] [stdout]                                at /rustc/df4ca44d3fbc9301ee17f30f4d474e6ae4b05252/library/alloc/src/boxed.rs:2454:9
[INFO] [stdout]   44:     0x620f6227f19b - std::sys::pal::unix::thread::Thread::new::thread_start::h6cd80a1b4be5158d
[INFO] [stdout]                                at /rustc/df4ca44d3fbc9301ee17f30f4d474e6ae4b05252/library/std/src/sys/pal/unix/thread.rs:105:17
[INFO] [stdout]   45:     0x7b48a0fc2ac3 - <unknown>
[INFO] [stdout]   46:     0x7b48a1053a04 - clone
[INFO] [stdout]   47:                0x0 - <unknown>
[INFO] [stdout] 
[INFO] [stdout] 
[INFO] [stdout] failures:
[INFO] [stdout]     test_blkio_res_build
[INFO] [stdout]     test_cpu_res_build
[INFO] [stdout]     test_hugepages_res_build
[INFO] [stdout]     test_memory_res_build
[INFO] [stdout]     test_network_res_build
[INFO] [stdout]     test_pid_res_build
[INFO] [stdout] 
[INFO] [stdout] test result: FAILED. 0 passed; 6 failed; 1 ignored; 0 measured; 0 filtered out; finished in 0.01s
[INFO] [stdout] 
[INFO] running `Command { std: "docker" "inspect" "46daba5be5c6b282681a4402d722be404f34ce3fc26ce8e4896c7c7da535499e", kill_on_drop: false }`
[INFO] running `Command { std: "docker" "rm" "-f" "46daba5be5c6b282681a4402d722be404f34ce3fc26ce8e4896c7c7da535499e", kill_on_drop: false }`
[INFO] [stdout] 46daba5be5c6b282681a4402d722be404f34ce3fc26ce8e4896c7c7da535499e
