[INFO] fetching crate cgroup-memory 0.1.0...
[INFO] testing cgroup-memory-0.1.0 against nightly-2024-10-28 for randomize-layout
[INFO] extracting crate cgroup-memory 0.1.0 into /workspace/builds/worker-7-tc1/source
[INFO] validating manifest of crates.io crate cgroup-memory 0.1.0 on toolchain nightly-2024-10-28
[INFO] running `Command { std: CARGO_HOME="/workspace/cargo-home" RUSTUP_HOME="/workspace/rustup-home" "/workspace/cargo-home/bin/cargo" "+nightly-2024-10-28" "metadata" "--manifest-path" "Cargo.toml" "--no-deps", kill_on_drop: false }`
[INFO] started tweaking crates.io crate cgroup-memory 0.1.0
[INFO] removed 0 missing tests
[INFO] finished tweaking crates.io crate cgroup-memory 0.1.0
[INFO] tweaked toml for crates.io crate cgroup-memory 0.1.0 written to /workspace/builds/worker-7-tc1/source/Cargo.toml
[INFO] running `Command { std: CARGO_HOME="/workspace/cargo-home" RUSTUP_HOME="/workspace/rustup-home" "/workspace/cargo-home/bin/cargo" "+nightly-2024-10-28" "generate-lockfile" "--manifest-path" "Cargo.toml", kill_on_drop: false }`
[INFO] [stderr]     Updating crates.io index
[INFO] [stderr]      Locking 72 packages to latest compatible versions
[INFO] running `Command { std: CARGO_HOME="/workspace/cargo-home" RUSTUP_HOME="/workspace/rustup-home" "/workspace/cargo-home/bin/cargo" "+nightly-2024-10-28" "fetch" "--manifest-path" "Cargo.toml", kill_on_drop: false }`
[INFO] [stderr]  Downloading crates ...
[INFO] [stderr]   Downloaded sysfs_lib v0.0.1
[INFO] running `Command { std: "docker" "create" "-v" "/var/lib/crater-agent-workspace/builds/worker-7-tc1/target:/opt/rustwide/target:rw,Z" "-v" "/var/lib/crater-agent-workspace/builds/worker-7-tc1/source:/opt/rustwide/workdir:ro,Z" "-v" "/var/lib/crater-agent-workspace/cargo-home:/opt/rustwide/cargo-home:ro,Z" "-v" "/var/lib/crater-agent-workspace/rustup-home:/opt/rustwide/rustup-home:ro,Z" "-e" "SOURCE_DIR=/opt/rustwide/workdir" "-e" "CARGO_TARGET_DIR=/opt/rustwide/target" "-e" "CARGO_HOME=/opt/rustwide/cargo-home" "-e" "RUSTUP_HOME=/opt/rustwide/rustup-home" "-w" "/opt/rustwide/workdir" "-m" "1610612736" "--user" "0:0" "--network" "none" "ghcr.io/rust-lang/crates-build-env/linux@sha256:4a844ea9eb2546a2d2c7022eacef16ef2e8229c7fbb2c7d4d55a9ceca922f72d" "/opt/rustwide/cargo-home/bin/cargo" "+nightly-2024-10-28" "metadata" "--no-deps" "--format-version=1", kill_on_drop: false }`
[INFO] [stdout] 795a4a0bbb3bd02ad17c7d0bc31ba9d3dd74c16cb8aa76e13dc7a8b9702b5b91
[INFO] running `Command { std: "docker" "start" "-a" "795a4a0bbb3bd02ad17c7d0bc31ba9d3dd74c16cb8aa76e13dc7a8b9702b5b91", kill_on_drop: false }`
[INFO] running `Command { std: "docker" "inspect" "795a4a0bbb3bd02ad17c7d0bc31ba9d3dd74c16cb8aa76e13dc7a8b9702b5b91", kill_on_drop: false }`
[INFO] running `Command { std: "docker" "rm" "-f" "795a4a0bbb3bd02ad17c7d0bc31ba9d3dd74c16cb8aa76e13dc7a8b9702b5b91", kill_on_drop: false }`
[INFO] [stdout] 795a4a0bbb3bd02ad17c7d0bc31ba9d3dd74c16cb8aa76e13dc7a8b9702b5b91
[INFO] running `Command { std: "docker" "create" "-v" "/var/lib/crater-agent-workspace/builds/worker-7-tc1/target:/opt/rustwide/target:rw,Z" "-v" "/var/lib/crater-agent-workspace/builds/worker-7-tc1/source:/opt/rustwide/workdir:ro,Z" "-v" "/var/lib/crater-agent-workspace/cargo-home:/opt/rustwide/cargo-home:ro,Z" "-v" "/var/lib/crater-agent-workspace/rustup-home:/opt/rustwide/rustup-home:ro,Z" "-e" "SOURCE_DIR=/opt/rustwide/workdir" "-e" "CARGO_TARGET_DIR=/opt/rustwide/target" "-e" "CARGO_INCREMENTAL=0" "-e" "RUST_BACKTRACE=full" "-e" "RUSTFLAGS=--cap-lints=forbid" "-e" "RUSTDOCFLAGS=--cap-lints=forbid" "-e" "CARGO_HOME=/opt/rustwide/cargo-home" "-e" "RUSTUP_HOME=/opt/rustwide/rustup-home" "-w" "/opt/rustwide/workdir" "-m" "1610612736" "--user" "0:0" "--network" "none" "ghcr.io/rust-lang/crates-build-env/linux@sha256:4a844ea9eb2546a2d2c7022eacef16ef2e8229c7fbb2c7d4d55a9ceca922f72d" "/opt/rustwide/cargo-home/bin/cargo" "+nightly-2024-10-28" "build" "--frozen" "--message-format=json", kill_on_drop: false }`
[INFO] [stdout] bcd78404eca556c4275986d34abc8c1598cd23bed6d8c38c70ea8ab6973441ca
[INFO] running `Command { std: "docker" "start" "-a" "bcd78404eca556c4275986d34abc8c1598cd23bed6d8c38c70ea8ab6973441ca", kill_on_drop: false }`
[INFO] [stderr]    Compiling cgroup-memory v0.1.0 (/opt/rustwide/workdir)
[INFO] [stderr]     Finished `dev` profile [unoptimized + debuginfo] target(s) in 0.31s
[INFO] running `Command { std: "docker" "inspect" "bcd78404eca556c4275986d34abc8c1598cd23bed6d8c38c70ea8ab6973441ca", kill_on_drop: false }`
[INFO] running `Command { std: "docker" "rm" "-f" "bcd78404eca556c4275986d34abc8c1598cd23bed6d8c38c70ea8ab6973441ca", kill_on_drop: false }`
[INFO] [stdout] bcd78404eca556c4275986d34abc8c1598cd23bed6d8c38c70ea8ab6973441ca
[INFO] running `Command { std: "docker" "create" "-v" "/var/lib/crater-agent-workspace/builds/worker-7-tc1/target:/opt/rustwide/target:rw,Z" "-v" "/var/lib/crater-agent-workspace/builds/worker-7-tc1/source:/opt/rustwide/workdir:ro,Z" "-v" "/var/lib/crater-agent-workspace/cargo-home:/opt/rustwide/cargo-home:ro,Z" "-v" "/var/lib/crater-agent-workspace/rustup-home:/opt/rustwide/rustup-home:ro,Z" "-e" "SOURCE_DIR=/opt/rustwide/workdir" "-e" "CARGO_TARGET_DIR=/opt/rustwide/target" "-e" "CARGO_INCREMENTAL=0" "-e" "RUST_BACKTRACE=full" "-e" "RUSTFLAGS=--cap-lints=forbid" "-e" "RUSTDOCFLAGS=--cap-lints=forbid" "-e" "CARGO_HOME=/opt/rustwide/cargo-home" "-e" "RUSTUP_HOME=/opt/rustwide/rustup-home" "-w" "/opt/rustwide/workdir" "-m" "1610612736" "--user" "0:0" "--network" "none" "ghcr.io/rust-lang/crates-build-env/linux@sha256:4a844ea9eb2546a2d2c7022eacef16ef2e8229c7fbb2c7d4d55a9ceca922f72d" "/opt/rustwide/cargo-home/bin/cargo" "+nightly-2024-10-28" "test" "--frozen" "--no-run" "--message-format=json", kill_on_drop: false }`
[INFO] [stdout] b652e8f68e2be4c865aa583782580a7fddcd25f888cfcac4d2a924dfe9d17d86
[INFO] running `Command { std: "docker" "start" "-a" "b652e8f68e2be4c865aa583782580a7fddcd25f888cfcac4d2a924dfe9d17d86", kill_on_drop: false }`
[INFO] [stderr]    Compiling syn v2.0.86
[INFO] [stderr]    Compiling serde v1.0.214
[INFO] [stderr]    Compiling num-traits v0.2.19
[INFO] [stderr]    Compiling half v2.4.1
[INFO] [stderr]    Compiling ciborium-io v0.2.2
[INFO] [stderr]    Compiling regex-syntax v0.8.5
[INFO] [stderr]    Compiling clap_lex v0.7.2
[INFO] [stderr]    Compiling plotters-backend v0.3.7
[INFO] [stderr]    Compiling memchr v2.7.4
[INFO] [stderr]    Compiling plotters-svg v0.3.7
[INFO] [stderr]    Compiling clap_builder v4.5.20
[INFO] [stderr]    Compiling ciborium-ll v0.2.2
[INFO] [stderr]    Compiling itertools v0.10.5
[INFO] [stderr]    Compiling cast v0.3.0
[INFO] [stderr]    Compiling same-file v1.0.6
[INFO] [stderr]    Compiling walkdir v2.5.0
[INFO] [stderr]    Compiling is-terminal v0.4.13
[INFO] [stderr]    Compiling anes v0.1.6
[INFO] [stderr]    Compiling oorandom v11.1.4
[INFO] [stderr]    Compiling plotters v0.3.7
[INFO] [stderr]    Compiling criterion-plot v0.5.0
[INFO] [stderr]    Compiling regex-automata v0.4.8
[INFO] [stderr]    Compiling clap v4.5.20
[INFO] [stderr]    Compiling serde_derive v1.0.214
[INFO] [stderr]    Compiling thiserror-impl v1.0.66
[INFO] [stderr]    Compiling thiserror v1.0.66
[INFO] [stderr]    Compiling regex v1.11.1
[INFO] [stderr]    Compiling sysfs_lib v0.0.1
[INFO] [stderr]    Compiling serde_json v1.0.132
[INFO] [stderr]    Compiling ciborium v0.2.2
[INFO] [stderr]    Compiling tinytemplate v1.2.1
[INFO] [stderr]    Compiling criterion v0.5.1
[INFO] [stderr]    Compiling cgroup-memory v0.1.0 (/opt/rustwide/workdir)
[INFO] [stderr]     Finished `test` profile [unoptimized + debuginfo] target(s) in 24.44s
[INFO] running `Command { std: "docker" "inspect" "b652e8f68e2be4c865aa583782580a7fddcd25f888cfcac4d2a924dfe9d17d86", kill_on_drop: false }`
[INFO] running `Command { std: "docker" "rm" "-f" "b652e8f68e2be4c865aa583782580a7fddcd25f888cfcac4d2a924dfe9d17d86", kill_on_drop: false }`
[INFO] [stdout] b652e8f68e2be4c865aa583782580a7fddcd25f888cfcac4d2a924dfe9d17d86
[INFO] running `Command { std: "docker" "create" "-v" "/var/lib/crater-agent-workspace/builds/worker-7-tc1/target:/opt/rustwide/target:rw,Z" "-v" "/var/lib/crater-agent-workspace/builds/worker-7-tc1/source:/opt/rustwide/workdir:ro,Z" "-v" "/var/lib/crater-agent-workspace/cargo-home:/opt/rustwide/cargo-home:ro,Z" "-v" "/var/lib/crater-agent-workspace/rustup-home:/opt/rustwide/rustup-home:ro,Z" "-e" "SOURCE_DIR=/opt/rustwide/workdir" "-e" "CARGO_TARGET_DIR=/opt/rustwide/target" "-e" "CARGO_INCREMENTAL=0" "-e" "RUST_BACKTRACE=full" "-e" "RUSTFLAGS=--cap-lints=forbid" "-e" "RUSTDOCFLAGS=--cap-lints=forbid" "-e" "CARGO_HOME=/opt/rustwide/cargo-home" "-e" "RUSTUP_HOME=/opt/rustwide/rustup-home" "-w" "/opt/rustwide/workdir" "-m" "1610612736" "--user" "0:0" "--network" "none" "ghcr.io/rust-lang/crates-build-env/linux@sha256:4a844ea9eb2546a2d2c7022eacef16ef2e8229c7fbb2c7d4d55a9ceca922f72d" "/opt/rustwide/cargo-home/bin/cargo" "+nightly-2024-10-28" "test" "--frozen", kill_on_drop: false }`
[INFO] [stdout] 94347b88a76ce660755cb85859683c92f6cf6003c318eefbdce597b66e8c150d
[INFO] running `Command { std: "docker" "start" "-a" "94347b88a76ce660755cb85859683c92f6cf6003c318eefbdce597b66e8c150d", kill_on_drop: false }`
[INFO] [stderr]     Finished `test` profile [unoptimized + debuginfo] target(s) in 0.09s
[INFO] [stderr]      Running unittests src/lib.rs (/opt/rustwide/target/debug/deps/cgroup_memory-57360011268cf70d)
[INFO] [stdout] 
[INFO] [stdout] running 0 tests
[INFO] [stdout] 
[INFO] [stdout] test result: ok. 0 passed; 0 failed; 0 ignored; 0 measured; 0 filtered out; finished in 0.00s
[INFO] [stdout] 
[INFO] [stderr]      Running tests/docker.rs (/opt/rustwide/target/debug/deps/docker-2092290972b7ca65)
[INFO] [stdout] 
[INFO] [stdout] running 3 tests
[INFO] [stderr]    Doc-tests cgroup_memory
[INFO] [stdout] test test_memory_available ... ignored
[INFO] [stdout] test test_memory_max_100m ... ignored
[INFO] [stdout] test test_memory_max_max ... ignored
[INFO] [stdout] 
[INFO] [stdout] test result: ok. 0 passed; 0 failed; 3 ignored; 0 measured; 0 filtered out; finished in 0.00s
[INFO] [stdout] 
[INFO] [stdout] 
[INFO] [stdout] running 5 tests
[INFO] [stdout] test src/lib.rs - memory_max_unsafe (line 306) ... FAILED
[INFO] [stdout] test src/lib.rs - memory_available (line 337) ... FAILED
[INFO] [stdout] test src/../README.md - (line 13) ... FAILED
[INFO] [stdout] test src/lib.rs - memory_max (line 277) ... FAILED
[INFO] [stdout] test src/../README.md - (line 22) ... FAILED
[INFO] [stdout] 
[INFO] [stdout] failures:
[INFO] [stdout] 
[INFO] [stdout] ---- src/lib.rs - memory_max_unsafe (line 306) stdout ----
[INFO] [stdout] error[E0425]: cannot find function `memory_max_unsafe` in this scope
[INFO] [stdout]  --> src/lib.rs:307:7
[INFO] [stdout]   |
[INFO] [stdout] 3 | match memory_max_unsafe() {
[INFO] [stdout]   |       ^^^^^^^^^^^^^^^^^ not found in this scope
[INFO] [stdout]   |
[INFO] [stdout] help: consider importing this function
[INFO] [stdout]   |
[INFO] [stdout] 2 + use cgroup_memory::memory_max_unsafe;
[INFO] [stdout]   |
[INFO] [stdout] 
[INFO] [stdout] error: aborting due to 1 previous error
[INFO] [stdout] 
[INFO] [stdout] For more information about this error, try `rustc --explain E0425`.
[INFO] [stdout] Couldn't compile the test.
[INFO] [stdout] ---- src/lib.rs - memory_available (line 337) stdout ----
[INFO] [stdout] error[E0425]: cannot find function `memory_available` in this scope
[INFO] [stdout]  --> src/lib.rs:338:7
[INFO] [stdout]   |
[INFO] [stdout] 3 | match memory_available() {
[INFO] [stdout]   |       ^^^^^^^^^^^^^^^^ not found in this scope
[INFO] [stdout]   |
[INFO] [stdout] help: consider importing this function
[INFO] [stdout]   |
[INFO] [stdout] 2 + use cgroup_memory::memory_available;
[INFO] [stdout]   |
[INFO] [stdout] 
[INFO] [stdout] error: aborting due to 1 previous error
[INFO] [stdout] 
[INFO] [stdout] For more information about this error, try `rustc --explain E0425`.
[INFO] [stdout] Couldn't compile the test.
[INFO] [stdout] ---- src/../README.md - (line 13) stdout ----
[INFO] [stdout] error[E0425]: cannot find function `memory_max` in this scope
[INFO] [stdout]  --> src/../README.md:14:7
[INFO] [stdout]   |
[INFO] [stdout] 3 | match memory_max() {
[INFO] [stdout]   |       ^^^^^^^^^^ not found in this scope
[INFO] [stdout]   |
[INFO] [stdout] help: consider importing this function
[INFO] [stdout]   |
[INFO] [stdout] 2 + use cgroup_memory::memory_max;
[INFO] [stdout]   |
[INFO] [stdout] 
[INFO] [stdout] error: aborting due to 1 previous error
[INFO] [stdout] 
[INFO] [stdout] For more information about this error, try `rustc --explain E0425`.
[INFO] [stdout] Couldn't compile the test.
[INFO] [stdout] ---- src/lib.rs - memory_max (line 277) stdout ----
[INFO] [stdout] error[E0425]: cannot find function `memory_max` in this scope
[INFO] [stdout]  --> src/lib.rs:278:7
[INFO] [stdout]   |
[INFO] [stdout] 3 | match memory_max() {
[INFO] [stdout]   |       ^^^^^^^^^^ not found in this scope
[INFO] [stdout]   |
[INFO] [stdout] help: consider importing this function
[INFO] [stdout]   |
[INFO] [stdout] 2 + use cgroup_memory::memory_max;
[INFO] [stdout]   |
[INFO] [stdout] 
[INFO] [stdout] error: aborting due to 1 previous error
[INFO] [stdout] 
[INFO] [stdout] For more information about this error, try `rustc --explain E0425`.
[INFO] [stdout] Couldn't compile the test.
[INFO] [stdout] ---- src/../README.md - (line 22) stdout ----
[INFO] [stdout] error[E0425]: cannot find function `memory_available` in this scope
[INFO] [stdout]  --> src/../README.md:23:7
[INFO] [stdout]   |
[INFO] [stdout] 3 | match memory_available() {
[INFO] [stdout]   |       ^^^^^^^^^^^^^^^^ not found in this scope
[INFO] [stdout]   |
[INFO] [stdout] help: consider importing this function
[INFO] [stdout]   |
[INFO] [stdout] 2 + use cgroup_memory::memory_available;
[INFO] [stdout]   |
[INFO] [stdout] 
[INFO] [stdout] error: aborting due to 1 previous error
[INFO] [stdout] 
[INFO] [stdout] For more information about this error, try `rustc --explain E0425`.
[INFO] [stdout] Couldn't compile the test.
[INFO] [stdout] 
[INFO] [stdout] failures:
[INFO] [stdout]     src/../README.md - (line 13)
[INFO] [stdout]     src/../README.md - (line 22)
[INFO] [stdout]     src/lib.rs - memory_available (line 337)
[INFO] [stdout]     src/lib.rs - memory_max (line 277)
[INFO] [stdout]     src/lib.rs - memory_max_unsafe (line 306)
[INFO] [stdout] 
[INFO] [stdout] test result: FAILED. 0 passed; 5 failed; 0 ignored; 0 measured; 0 filtered out; finished in 0.20s
[INFO] [stdout] 
[INFO] [stderr] error: doctest failed, to rerun pass `--doc`
[INFO] running `Command { std: "docker" "inspect" "94347b88a76ce660755cb85859683c92f6cf6003c318eefbdce597b66e8c150d", kill_on_drop: false }`
[INFO] running `Command { std: "docker" "rm" "-f" "94347b88a76ce660755cb85859683c92f6cf6003c318eefbdce597b66e8c150d", kill_on_drop: false }`
[INFO] [stdout] 94347b88a76ce660755cb85859683c92f6cf6003c318eefbdce597b66e8c150d
