[INFO] fetching crate cerebral 0.0.1...
[INFO] testing cerebral-0.0.1 against nightly-2024-10-28+rustflags=-Zrandomize-layout for randomize-layout
[INFO] extracting crate cerebral 0.0.1 into /workspace/builds/worker-2-tc2/source
[INFO] validating manifest of crates.io crate cerebral 0.0.1 on toolchain nightly-2024-10-28
[INFO] running `Command { std: CARGO_HOME="/workspace/cargo-home" RUSTUP_HOME="/workspace/rustup-home" "/workspace/cargo-home/bin/cargo" "+nightly-2024-10-28" "metadata" "--manifest-path" "Cargo.toml" "--no-deps", kill_on_drop: false }`
[INFO] started tweaking crates.io crate cerebral 0.0.1
[INFO] finished tweaking crates.io crate cerebral 0.0.1
[INFO] tweaked toml for crates.io crate cerebral 0.0.1 written to /workspace/builds/worker-2-tc2/source/Cargo.toml
[INFO] crate crates.io crate cerebral 0.0.1 already has a lockfile, it will not be regenerated
[INFO] running `Command { std: CARGO_HOME="/workspace/cargo-home" RUSTUP_HOME="/workspace/rustup-home" "/workspace/cargo-home/bin/cargo" "+nightly-2024-10-28" "fetch" "--manifest-path" "Cargo.toml", kill_on_drop: false }`
[INFO] running `Command { std: "docker" "create" "-v" "/var/lib/crater-agent-workspace/builds/worker-2-tc2/target:/opt/rustwide/target:rw,Z" "-v" "/var/lib/crater-agent-workspace/builds/worker-2-tc2/source:/opt/rustwide/workdir:ro,Z" "-v" "/var/lib/crater-agent-workspace/cargo-home:/opt/rustwide/cargo-home:ro,Z" "-v" "/var/lib/crater-agent-workspace/rustup-home:/opt/rustwide/rustup-home:ro,Z" "-e" "SOURCE_DIR=/opt/rustwide/workdir" "-e" "CARGO_TARGET_DIR=/opt/rustwide/target" "-e" "CARGO_HOME=/opt/rustwide/cargo-home" "-e" "RUSTUP_HOME=/opt/rustwide/rustup-home" "-w" "/opt/rustwide/workdir" "-m" "1610612736" "--user" "0:0" "--network" "none" "ghcr.io/rust-lang/crates-build-env/linux@sha256:4a844ea9eb2546a2d2c7022eacef16ef2e8229c7fbb2c7d4d55a9ceca922f72d" "/opt/rustwide/cargo-home/bin/cargo" "+nightly-2024-10-28" "metadata" "--no-deps" "--format-version=1", kill_on_drop: false }`
[INFO] [stdout] 27b92374b38abd3b1682cb75a865ba4202392108c2b68f788bfd09926b0ee7b2
[INFO] running `Command { std: "docker" "start" "-a" "27b92374b38abd3b1682cb75a865ba4202392108c2b68f788bfd09926b0ee7b2", kill_on_drop: false }`
[INFO] running `Command { std: "docker" "inspect" "27b92374b38abd3b1682cb75a865ba4202392108c2b68f788bfd09926b0ee7b2", kill_on_drop: false }`
[INFO] running `Command { std: "docker" "rm" "-f" "27b92374b38abd3b1682cb75a865ba4202392108c2b68f788bfd09926b0ee7b2", kill_on_drop: false }`
[INFO] [stdout] 27b92374b38abd3b1682cb75a865ba4202392108c2b68f788bfd09926b0ee7b2
[INFO] running `Command { std: "docker" "create" "-v" "/var/lib/crater-agent-workspace/builds/worker-2-tc2/target:/opt/rustwide/target:rw,Z" "-v" "/var/lib/crater-agent-workspace/builds/worker-2-tc2/source:/opt/rustwide/workdir:ro,Z" "-v" "/var/lib/crater-agent-workspace/cargo-home:/opt/rustwide/cargo-home:ro,Z" "-v" "/var/lib/crater-agent-workspace/rustup-home:/opt/rustwide/rustup-home:ro,Z" "-e" "SOURCE_DIR=/opt/rustwide/workdir" "-e" "CARGO_TARGET_DIR=/opt/rustwide/target" "-e" "CARGO_INCREMENTAL=0" "-e" "RUST_BACKTRACE=full" "-e" "RUSTFLAGS=--cap-lints=forbid -Zrandomize-layout" "-e" "RUSTDOCFLAGS=--cap-lints=forbid" "-e" "CARGO_HOME=/opt/rustwide/cargo-home" "-e" "RUSTUP_HOME=/opt/rustwide/rustup-home" "-w" "/opt/rustwide/workdir" "-m" "1610612736" "--user" "0:0" "--network" "none" "ghcr.io/rust-lang/crates-build-env/linux@sha256:4a844ea9eb2546a2d2c7022eacef16ef2e8229c7fbb2c7d4d55a9ceca922f72d" "/opt/rustwide/cargo-home/bin/cargo" "+nightly-2024-10-28" "build" "--frozen" "--message-format=json", kill_on_drop: false }`
[INFO] [stdout] 54b630a144f02fb47374fd058b42a194c823d053759a181ba6b709eccd63ceef
[INFO] running `Command { std: "docker" "start" "-a" "54b630a144f02fb47374fd058b42a194c823d053759a181ba6b709eccd63ceef", kill_on_drop: false }`
[INFO] [stderr]    Compiling libc v0.2.140
[INFO] [stderr]    Compiling num-traits v0.2.15
[INFO] [stderr]    Compiling num-integer v0.1.45
[INFO] [stderr]    Compiling rawpointer v0.2.1
[INFO] [stderr]    Compiling crossbeam-channel v0.5.7
[INFO] [stderr]    Compiling crossbeam-deque v0.8.3
[INFO] [stderr]    Compiling matrixmultiply v0.3.2
[INFO] [stderr]    Compiling num_cpus v1.15.0
[INFO] [stderr]    Compiling rayon-core v1.11.0
[INFO] [stderr]    Compiling num-complex v0.4.3
[INFO] [stderr]    Compiling rayon v1.7.0
[INFO] [stderr]    Compiling ndarray v0.15.6
[INFO] [stderr]    Compiling cerebral v0.0.1 (/opt/rustwide/workdir)
[INFO] [stdout] warning: unused import: `Data`
[INFO] [stdout]  --> src/selforganizing.rs:1:27
[INFO] [stdout]   |
[INFO] [stdout] 1 | use ndarray::{prelude::*, Data};
[INFO] [stdout]   |                           ^^^^
[INFO] [stdout]   |
[INFO] [stdout]   = note: `#[warn(unused_imports)]` on by default
[INFO] [stdout] 
[INFO] [stdout] 
[INFO] [stdout] warning: unused import: `Data`
[INFO] [stdout]  --> src/adaptable/kohonen.rs:4:27
[INFO] [stdout]   |
[INFO] [stdout] 4 | use ndarray::{prelude::*, Data};
[INFO] [stdout]   |                           ^^^^
[INFO] [stdout] 
[INFO] [stdout] 
[INFO] [stdout] warning: unused import: `Data`
[INFO] [stdout]   --> src/responsive.rs:55:27
[INFO] [stdout]    |
[INFO] [stdout] 55 | use ndarray::{prelude::*, Data};
[INFO] [stdout]    |                           ^^^^
[INFO] [stdout] 
[INFO] [stdout] 
[INFO] [stdout] warning: unused import: `Data`
[INFO] [stdout]   --> src/trainable.rs:62:27
[INFO] [stdout]    |
[INFO] [stdout] 62 | use ndarray::{prelude::*, Data};
[INFO] [stdout]    |                           ^^^^
[INFO] [stdout] 
[INFO] [stdout] 
[INFO] [stdout] warning: unused variable: `index`
[INFO] [stdout]   --> src/selforganizing.rs:83:40
[INFO] [stdout]    |
[INFO] [stdout] 83 |     fn get_lateral_distance(&mut self, index: usize) -> Array2<f64> {
[INFO] [stdout]    |                                        ^^^^^ help: if this is intentional, prefix it with an underscore: `_index`
[INFO] [stdout]    |
[INFO] [stdout]    = note: `#[warn(unused_variables)]` on by default
[INFO] [stdout] 
[INFO] [stdout] 
[INFO] [stdout] warning: unused variable: `lateral`
[INFO] [stdout]    --> src/selforganizing.rs:129:31
[INFO] [stdout]     |
[INFO] [stdout] 129 |     fn set_lateral(&mut self, lateral: Array2<f64>) {
[INFO] [stdout]     |                               ^^^^^^^ help: if this is intentional, prefix it with an underscore: `_lateral`
[INFO] [stdout] 
[INFO] [stdout] 
[INFO] [stdout] warning: unused variable: `patterns`
[INFO] [stdout]    --> src/selforganizing.rs:141:32
[INFO] [stdout]     |
[INFO] [stdout] 141 |     fn set_patterns(&mut self, patterns: Array2<f64>) {
[INFO] [stdout]     |                                ^^^^^^^^ help: if this is intentional, prefix it with an underscore: `_patterns`
[INFO] [stdout] 
[INFO] [stdout] 
[INFO] [stdout] warning: unused variable: `lateral`
[INFO] [stdout]   --> src/neural.rs:46:31
[INFO] [stdout]    |
[INFO] [stdout] 46 |     fn set_lateral(&mut self, lateral: Array2<f64>) {
[INFO] [stdout]    |                               ^^^^^^^ help: if this is intentional, prefix it with an underscore: `_lateral`
[INFO] [stdout] 
[INFO] [stdout] 
[INFO] [stdout] warning: unused variable: `patterns`
[INFO] [stdout]   --> src/neural.rs:58:32
[INFO] [stdout]    |
[INFO] [stdout] 58 |     fn set_patterns(&mut self, patterns: Array2<f64>) {
[INFO] [stdout]    |                                ^^^^^^^^ help: if this is intentional, prefix it with an underscore: `_patterns`
[INFO] [stdout] 
[INFO] [stdout] 
[INFO] [stdout] warning: unused variable: `responsiveness`
[INFO] [stdout]   --> src/adaptable/kohonen.rs:21:9
[INFO] [stdout]    |
[INFO] [stdout] 21 |         responsiveness: &mut R,
[INFO] [stdout]    |         ^^^^^^^^^^^^^^ help: if this is intentional, prefix it with an underscore: `_responsiveness`
[INFO] [stdout] 
[INFO] [stdout] 
[INFO] [stderr]     Finished `dev` profile [unoptimized + debuginfo] target(s) in 5.44s
[INFO] running `Command { std: "docker" "inspect" "54b630a144f02fb47374fd058b42a194c823d053759a181ba6b709eccd63ceef", kill_on_drop: false }`
[INFO] running `Command { std: "docker" "rm" "-f" "54b630a144f02fb47374fd058b42a194c823d053759a181ba6b709eccd63ceef", kill_on_drop: false }`
[INFO] [stdout] 54b630a144f02fb47374fd058b42a194c823d053759a181ba6b709eccd63ceef
[INFO] running `Command { std: "docker" "create" "-v" "/var/lib/crater-agent-workspace/builds/worker-2-tc2/target:/opt/rustwide/target:rw,Z" "-v" "/var/lib/crater-agent-workspace/builds/worker-2-tc2/source:/opt/rustwide/workdir:ro,Z" "-v" "/var/lib/crater-agent-workspace/cargo-home:/opt/rustwide/cargo-home:ro,Z" "-v" "/var/lib/crater-agent-workspace/rustup-home:/opt/rustwide/rustup-home:ro,Z" "-e" "SOURCE_DIR=/opt/rustwide/workdir" "-e" "CARGO_TARGET_DIR=/opt/rustwide/target" "-e" "CARGO_INCREMENTAL=0" "-e" "RUST_BACKTRACE=full" "-e" "RUSTFLAGS=--cap-lints=forbid -Zrandomize-layout" "-e" "RUSTDOCFLAGS=--cap-lints=forbid" "-e" "CARGO_HOME=/opt/rustwide/cargo-home" "-e" "RUSTUP_HOME=/opt/rustwide/rustup-home" "-w" "/opt/rustwide/workdir" "-m" "1610612736" "--user" "0:0" "--network" "none" "ghcr.io/rust-lang/crates-build-env/linux@sha256:4a844ea9eb2546a2d2c7022eacef16ef2e8229c7fbb2c7d4d55a9ceca922f72d" "/opt/rustwide/cargo-home/bin/cargo" "+nightly-2024-10-28" "test" "--frozen" "--no-run" "--message-format=json", kill_on_drop: false }`
[INFO] [stdout] 6bed37f19084a8cbe73a74a61d4d63933927195247f46024d041c05c800cbb10
[INFO] running `Command { std: "docker" "start" "-a" "6bed37f19084a8cbe73a74a61d4d63933927195247f46024d041c05c800cbb10", kill_on_drop: false }`
[INFO] [stderr]    Compiling libm v0.2.6
[INFO] [stderr]    Compiling num-traits v0.2.15
[INFO] [stderr]    Compiling ppv-lite86 v0.2.17
[INFO] [stderr]    Compiling getrandom v0.2.8
[INFO] [stderr]    Compiling rand_core v0.6.4
[INFO] [stderr]    Compiling rand_isaac v0.3.0
[INFO] [stderr]    Compiling rand_chacha v0.3.1
[INFO] [stderr]    Compiling rand v0.8.5
[INFO] [stderr]    Compiling num-integer v0.1.45
[INFO] [stderr]    Compiling num-complex v0.4.3
[INFO] [stderr]    Compiling rand_distr v0.4.3
[INFO] [stderr]    Compiling ndarray v0.15.6
[INFO] [stderr]    Compiling cerebral v0.0.1 (/opt/rustwide/workdir)
[INFO] [stderr]    Compiling ndarray-rand v0.14.0
[INFO] [stdout] warning: unused import: `Data`
[INFO] [stdout]  --> src/selforganizing.rs:1:27
[INFO] [stdout]   |
[INFO] [stdout] 1 | use ndarray::{prelude::*, Data};
[INFO] [stdout]   |                           ^^^^
[INFO] [stdout]   |
[INFO] [stdout]   = note: `#[warn(unused_imports)]` on by default
[INFO] [stdout] 
[INFO] [stdout] 
[INFO] [stdout] warning: unused import: `Data`
[INFO] [stdout]  --> src/adaptable/kohonen.rs:4:27
[INFO] [stdout]   |
[INFO] [stdout] 4 | use ndarray::{prelude::*, Data};
[INFO] [stdout]   |                           ^^^^
[INFO] [stdout] 
[INFO] [stdout] 
[INFO] [stdout] warning: unused import: `Data`
[INFO] [stdout]   --> src/responsive.rs:55:27
[INFO] [stdout]    |
[INFO] [stdout] 55 | use ndarray::{prelude::*, Data};
[INFO] [stdout]    |                           ^^^^
[INFO] [stdout] 
[INFO] [stdout] 
[INFO] [stdout] warning: unused import: `Data`
[INFO] [stdout]   --> src/trainable.rs:62:27
[INFO] [stdout]    |
[INFO] [stdout] 62 | use ndarray::{prelude::*, Data};
[INFO] [stdout]    |                           ^^^^
[INFO] [stdout] 
[INFO] [stdout] 
[INFO] [stdout] warning: unused variable: `index`
[INFO] [stdout]   --> src/selforganizing.rs:83:40
[INFO] [stdout]    |
[INFO] [stdout] 83 |     fn get_lateral_distance(&mut self, index: usize) -> Array2<f64> {
[INFO] [stdout]    |                                        ^^^^^ help: if this is intentional, prefix it with an underscore: `_index`
[INFO] [stdout]    |
[INFO] [stdout]    = note: `#[warn(unused_variables)]` on by default
[INFO] [stdout] 
[INFO] [stdout] 
[INFO] [stdout] warning: unused variable: `lateral`
[INFO] [stdout]    --> src/selforganizing.rs:129:31
[INFO] [stdout]     |
[INFO] [stdout] 129 |     fn set_lateral(&mut self, lateral: Array2<f64>) {
[INFO] [stdout]     |                               ^^^^^^^ help: if this is intentional, prefix it with an underscore: `_lateral`
[INFO] [stdout] 
[INFO] [stdout] 
[INFO] [stdout] warning: unused variable: `patterns`
[INFO] [stdout]    --> src/selforganizing.rs:141:32
[INFO] [stdout]     |
[INFO] [stdout] 141 |     fn set_patterns(&mut self, patterns: Array2<f64>) {
[INFO] [stdout]     |                                ^^^^^^^^ help: if this is intentional, prefix it with an underscore: `_patterns`
[INFO] [stdout] 
[INFO] [stdout] 
[INFO] [stdout] warning: unused variable: `lateral`
[INFO] [stdout]   --> src/neural.rs:46:31
[INFO] [stdout]    |
[INFO] [stdout] 46 |     fn set_lateral(&mut self, lateral: Array2<f64>) {
[INFO] [stdout]    |                               ^^^^^^^ help: if this is intentional, prefix it with an underscore: `_lateral`
[INFO] [stdout] 
[INFO] [stdout] 
[INFO] [stdout] warning: unused variable: `patterns`
[INFO] [stdout]   --> src/neural.rs:58:32
[INFO] [stdout]    |
[INFO] [stdout] 58 |     fn set_patterns(&mut self, patterns: Array2<f64>) {
[INFO] [stdout]    |                                ^^^^^^^^ help: if this is intentional, prefix it with an underscore: `_patterns`
[INFO] [stdout] 
[INFO] [stdout] 
[INFO] [stdout] warning: unused variable: `responsiveness`
[INFO] [stdout]   --> src/adaptable/kohonen.rs:21:9
[INFO] [stdout]    |
[INFO] [stdout] 21 |         responsiveness: &mut R,
[INFO] [stdout]    |         ^^^^^^^^^^^^^^ help: if this is intentional, prefix it with an underscore: `_responsiveness`
[INFO] [stdout] 
[INFO] [stdout] 
[INFO] [stdout] warning: unused import: `Data`
[INFO] [stdout]  --> src/selforganizing.rs:1:27
[INFO] [stdout]   |
[INFO] [stdout] 1 | use ndarray::{prelude::*, Data};
[INFO] [stdout]   |                           ^^^^
[INFO] [stdout]   |
[INFO] [stdout]   = note: `#[warn(unused_imports)]` on by default
[INFO] [stdout] 
[INFO] [stdout] 
[INFO] [stdout] warning: unused import: `Data`
[INFO] [stdout]  --> src/adaptable/kohonen.rs:4:27
[INFO] [stdout]   |
[INFO] [stdout] 4 | use ndarray::{prelude::*, Data};
[INFO] [stdout]   |                           ^^^^
[INFO] [stdout] 
[INFO] [stdout] 
[INFO] [stdout] warning: unused import: `Data`
[INFO] [stdout]   --> src/responsive.rs:55:27
[INFO] [stdout]    |
[INFO] [stdout] 55 | use ndarray::{prelude::*, Data};
[INFO] [stdout]    |                           ^^^^
[INFO] [stdout] 
[INFO] [stdout] 
[INFO] [stdout] warning: unused import: `Data`
[INFO] [stdout]   --> src/trainable.rs:62:27
[INFO] [stdout]    |
[INFO] [stdout] 62 | use ndarray::{prelude::*, Data};
[INFO] [stdout]    |                           ^^^^
[INFO] [stdout] 
[INFO] [stdout] 
[INFO] [stdout] warning: unused variable: `index`
[INFO] [stdout]   --> src/selforganizing.rs:83:40
[INFO] [stdout]    |
[INFO] [stdout] 83 |     fn get_lateral_distance(&mut self, index: usize) -> Array2<f64> {
[INFO] [stdout]    |                                        ^^^^^ help: if this is intentional, prefix it with an underscore: `_index`
[INFO] [stdout]    |
[INFO] [stdout]    = note: `#[warn(unused_variables)]` on by default
[INFO] [stdout] 
[INFO] [stdout] 
[INFO] [stdout] warning: unused variable: `lateral`
[INFO] [stdout]    --> src/selforganizing.rs:129:31
[INFO] [stdout]     |
[INFO] [stdout] 129 |     fn set_lateral(&mut self, lateral: Array2<f64>) {
[INFO] [stdout]     |                               ^^^^^^^ help: if this is intentional, prefix it with an underscore: `_lateral`
[INFO] [stdout] 
[INFO] [stdout] 
[INFO] [stdout] warning: unused variable: `patterns`
[INFO] [stdout]    --> src/selforganizing.rs:141:32
[INFO] [stdout]     |
[INFO] [stdout] 141 |     fn set_patterns(&mut self, patterns: Array2<f64>) {
[INFO] [stdout]     |                                ^^^^^^^^ help: if this is intentional, prefix it with an underscore: `_patterns`
[INFO] [stdout] 
[INFO] [stdout] 
[INFO] [stdout] warning: unused variable: `lateral`
[INFO] [stdout]   --> src/neural.rs:46:31
[INFO] [stdout]    |
[INFO] [stdout] 46 |     fn set_lateral(&mut self, lateral: Array2<f64>) {
[INFO] [stdout]    |                               ^^^^^^^ help: if this is intentional, prefix it with an underscore: `_lateral`
[INFO] [stdout] 
[INFO] [stdout] 
[INFO] [stdout] warning: unused variable: `patterns`
[INFO] [stdout]   --> src/neural.rs:58:32
[INFO] [stdout]    |
[INFO] [stdout] 58 |     fn set_patterns(&mut self, patterns: Array2<f64>) {
[INFO] [stdout]    |                                ^^^^^^^^ help: if this is intentional, prefix it with an underscore: `_patterns`
[INFO] [stdout] 
[INFO] [stdout] 
[INFO] [stdout] warning: unused variable: `responsiveness`
[INFO] [stdout]   --> src/adaptable/kohonen.rs:21:9
[INFO] [stdout]    |
[INFO] [stdout] 21 |         responsiveness: &mut R,
[INFO] [stdout]    |         ^^^^^^^^^^^^^^ help: if this is intentional, prefix it with an underscore: `_responsiveness`
[INFO] [stdout] 
[INFO] [stdout] 
[INFO] [stdout] warning: function `create_som` is never used
[INFO] [stdout]   --> tests/integration_tests.rs:89:8
[INFO] [stdout]    |
[INFO] [stdout] 89 |     fn create_som(
[INFO] [stdout]    |        ^^^^^^^^^^
[INFO] [stdout]    |
[INFO] [stdout]    = note: `#[warn(dead_code)]` on by default
[INFO] [stdout] 
[INFO] [stdout] 
[INFO] [stderr]     Finished `test` profile [unoptimized + debuginfo] target(s) in 3.83s
[INFO] running `Command { std: "docker" "inspect" "6bed37f19084a8cbe73a74a61d4d63933927195247f46024d041c05c800cbb10", kill_on_drop: false }`
[INFO] running `Command { std: "docker" "rm" "-f" "6bed37f19084a8cbe73a74a61d4d63933927195247f46024d041c05c800cbb10", kill_on_drop: false }`
[INFO] [stdout] 6bed37f19084a8cbe73a74a61d4d63933927195247f46024d041c05c800cbb10
[INFO] running `Command { std: "docker" "create" "-v" "/var/lib/crater-agent-workspace/builds/worker-2-tc2/target:/opt/rustwide/target:rw,Z" "-v" "/var/lib/crater-agent-workspace/builds/worker-2-tc2/source:/opt/rustwide/workdir:ro,Z" "-v" "/var/lib/crater-agent-workspace/cargo-home:/opt/rustwide/cargo-home:ro,Z" "-v" "/var/lib/crater-agent-workspace/rustup-home:/opt/rustwide/rustup-home:ro,Z" "-e" "SOURCE_DIR=/opt/rustwide/workdir" "-e" "CARGO_TARGET_DIR=/opt/rustwide/target" "-e" "CARGO_INCREMENTAL=0" "-e" "RUST_BACKTRACE=full" "-e" "RUSTFLAGS=--cap-lints=forbid -Zrandomize-layout" "-e" "RUSTDOCFLAGS=--cap-lints=forbid" "-e" "CARGO_HOME=/opt/rustwide/cargo-home" "-e" "RUSTUP_HOME=/opt/rustwide/rustup-home" "-w" "/opt/rustwide/workdir" "-m" "1610612736" "--user" "0:0" "--network" "none" "ghcr.io/rust-lang/crates-build-env/linux@sha256:4a844ea9eb2546a2d2c7022eacef16ef2e8229c7fbb2c7d4d55a9ceca922f72d" "/opt/rustwide/cargo-home/bin/cargo" "+nightly-2024-10-28" "test" "--frozen", kill_on_drop: false }`
[INFO] [stdout] 876d9469fd0dfe8cd8f4cf98b4e05ffa32289cd7b21f0875d9ec24fa8df7be18
[INFO] running `Command { std: "docker" "start" "-a" "876d9469fd0dfe8cd8f4cf98b4e05ffa32289cd7b21f0875d9ec24fa8df7be18", kill_on_drop: false }`
[INFO] [stderr] warning: unused import: `Data`
[INFO] [stderr]  --> src/selforganizing.rs:1:27
[INFO] [stderr]   |
[INFO] [stderr] 1 | use ndarray::{prelude::*, Data};
[INFO] [stderr]   |                           ^^^^
[INFO] [stderr]   |
[INFO] [stderr]   = note: `#[warn(unused_imports)]` on by default
[INFO] [stderr] 
[INFO] [stderr] warning: unused import: `Data`
[INFO] [stderr]  --> src/adaptable/kohonen.rs:4:27
[INFO] [stderr]   |
[INFO] [stderr] 4 | use ndarray::{prelude::*, Data};
[INFO] [stderr]   |                           ^^^^
[INFO] [stderr] 
[INFO] [stderr] warning: unused import: `Data`
[INFO] [stderr]   --> src/responsive.rs:55:27
[INFO] [stderr]    |
[INFO] [stderr] 55 | use ndarray::{prelude::*, Data};
[INFO] [stderr]    |                           ^^^^
[INFO] [stderr] 
[INFO] [stderr] warning: unused import: `Data`
[INFO] [stderr]   --> src/trainable.rs:62:27
[INFO] [stderr]    |
[INFO] [stderr] 62 | use ndarray::{prelude::*, Data};
[INFO] [stderr]    |                           ^^^^
[INFO] [stderr] 
[INFO] [stderr] warning: unused variable: `index`
[INFO] [stderr]   --> src/selforganizing.rs:83:40
[INFO] [stderr]    |
[INFO] [stderr] 83 |     fn get_lateral_distance(&mut self, index: usize) -> Array2<f64> {
[INFO] [stderr]    |                                        ^^^^^ help: if this is intentional, prefix it with an underscore: `_index`
[INFO] [stderr]    |
[INFO] [stderr]    = note: `#[warn(unused_variables)]` on by default
[INFO] [stderr] 
[INFO] [stderr] warning: unused variable: `lateral`
[INFO] [stderr]    --> src/selforganizing.rs:129:31
[INFO] [stderr]     |
[INFO] [stderr] 129 |     fn set_lateral(&mut self, lateral: Array2<f64>) {
[INFO] [stderr]     |                               ^^^^^^^ help: if this is intentional, prefix it with an underscore: `_lateral`
[INFO] [stderr] 
[INFO] [stderr] warning: unused variable: `patterns`
[INFO] [stderr]    --> src/selforganizing.rs:141:32
[INFO] [stderr]     |
[INFO] [stderr] 141 |     fn set_patterns(&mut self, patterns: Array2<f64>) {
[INFO] [stderr]     |                                ^^^^^^^^ help: if this is intentional, prefix it with an underscore: `_patterns`
[INFO] [stderr] 
[INFO] [stderr] warning: unused variable: `lateral`
[INFO] [stderr]   --> src/neural.rs:46:31
[INFO] [stderr]    |
[INFO] [stderr] 46 |     fn set_lateral(&mut self, lateral: Array2<f64>) {
[INFO] [stderr]    |                               ^^^^^^^ help: if this is intentional, prefix it with an underscore: `_lateral`
[INFO] [stderr] 
[INFO] [stderr] warning: unused variable: `patterns`
[INFO] [stderr]   --> src/neural.rs:58:32
[INFO] [stderr]    |
[INFO] [stderr] 58 |     fn set_patterns(&mut self, patterns: Array2<f64>) {
[INFO] [stderr]    |                                ^^^^^^^^ help: if this is intentional, prefix it with an underscore: `_patterns`
[INFO] [stderr] 
[INFO] [stderr] warning: unused variable: `responsiveness`
[INFO] [stderr]   --> src/adaptable/kohonen.rs:21:9
[INFO] [stderr]    |
[INFO] [stderr] 21 |         responsiveness: &mut R,
[INFO] [stderr]    |         ^^^^^^^^^^^^^^ help: if this is intentional, prefix it with an underscore: `_responsiveness`
[INFO] [stderr] 
[INFO] [stderr] warning: `cerebral` (lib) generated 10 warnings (run `cargo fix --lib -p cerebral` to apply 4 suggestions)
[INFO] [stderr] warning: function `create_som` is never used
[INFO] [stderr]   --> tests/integration_tests.rs:89:8
[INFO] [stderr]    |
[INFO] [stderr] 89 |     fn create_som(
[INFO] [stderr]    |        ^^^^^^^^^^
[INFO] [stderr]    |
[INFO] [stderr]    = note: `#[warn(dead_code)]` on by default
[INFO] [stderr] 
[INFO] [stderr] warning: `cerebral` (test "integration_tests") generated 1 warning
[INFO] [stderr] warning: `cerebral` (lib test) generated 10 warnings (10 duplicates)
[INFO] [stderr]     Finished `test` profile [unoptimized + debuginfo] target(s) in 0.02s
[INFO] [stderr]      Running unittests src/lib.rs (/opt/rustwide/target/debug/deps/cerebral-026860b81a03bd4e)
[INFO] [stdout] 
[INFO] [stdout] running 7 tests
[INFO] [stdout] test nd_tools::ndindex::tests::it_works ... ok
[INFO] [stdout] test nd_tools::point_set::tests::it_works ... ok
[INFO] [stdout] test neural::tests::it_works ... ok
[INFO] [stdout] test responsive::tests::it_works ... ok
[INFO] [stdout] test tests::it_works ... ok
[INFO] [stdout] test topological::tests::it_works ... ok
[INFO] [stdout] test trainable::tests::it_works ... ok
[INFO] [stdout] 
[INFO] [stdout] test result: ok. 7 passed; 0 failed; 0 ignored; 0 measured; 0 filtered out; finished in 0.00s
[INFO] [stdout] 
[INFO] [stderr]      Running unittests src/main.rs (/opt/rustwide/target/debug/deps/cerebral-a7712938c1403c40)
[INFO] [stdout] 
[INFO] [stdout] running 0 tests
[INFO] [stdout] 
[INFO] [stdout] test result: ok. 0 passed; 0 failed; 0 ignored; 0 measured; 0 filtered out; finished in 0.00s
[INFO] [stdout] 
[INFO] [stderr]      Running tests/integration_tests.rs (/opt/rustwide/target/debug/deps/integration_tests-8c26fd35be96fc60)
[INFO] [stdout] 
[INFO] [stdout] running 3 tests
[INFO] [stdout] test test_boxed_2 ... FAILED
[INFO] [stdout] test test_boxed ... FAILED
[INFO] [stdout] test test_kohonen ... FAILED
[INFO] [stdout] 
[INFO] [stdout] failures:
[INFO] [stdout] 
[INFO] [stdout] ---- test_boxed_2 stdout ----
[INFO] [stdout] thread 'test_boxed_2' panicked at /opt/rustwide/cargo-home/registry/src/index.crates.io-6f17d22bba15001f/ndarray-0.15.6/src/lib.rs:1529:13:
[INFO] [stdout] ndarray: could not broadcast array from shape: [100, 2] to: [0, 0]
[INFO] [stdout] stack backtrace:
[INFO] [stdout]    0:     0x645c27fc090a - std::backtrace_rs::backtrace::libunwind::trace::h207520d6e9873551
[INFO] [stdout]                                at /rustc/df4ca44d3fbc9301ee17f30f4d474e6ae4b05252/library/std/src/../../backtrace/src/backtrace/libunwind.rs:116:5
[INFO] [stdout]    1:     0x645c27fc090a - std::backtrace_rs::backtrace::trace_unsynchronized::h2ed7433f370e3eca
[INFO] [stdout]                                at /rustc/df4ca44d3fbc9301ee17f30f4d474e6ae4b05252/library/std/src/../../backtrace/src/backtrace/mod.rs:66:5
[INFO] [stdout]    2:     0x645c27fc090a - std::sys::backtrace::_print_fmt::h916fac51166b18d7
[INFO] [stdout]                                at /rustc/df4ca44d3fbc9301ee17f30f4d474e6ae4b05252/library/std/src/sys/backtrace.rs:66:9
[INFO] [stdout]    3:     0x645c27fc090a - <std::sys::backtrace::BacktraceLock::print::DisplayBacktrace as core::fmt::Display>::fmt::ha0a4c9b8ce3802e6
[INFO] [stdout]                                at /rustc/df4ca44d3fbc9301ee17f30f4d474e6ae4b05252/library/std/src/sys/backtrace.rs:39:26
[INFO] [stdout]    4:     0x645c27fe6ca3 - core::fmt::rt::Argument::fmt::h4cfc8587d52b3eb5
[INFO] [stdout]                                at /rustc/df4ca44d3fbc9301ee17f30f4d474e6ae4b05252/library/core/src/fmt/rt.rs:177:76
[INFO] [stdout]    5:     0x645c27fe6ca3 - core::fmt::write::h522cc39e5b36ae9f
[INFO] [stdout]                                at /rustc/df4ca44d3fbc9301ee17f30f4d474e6ae4b05252/library/core/src/fmt/mod.rs:1190:21
[INFO] [stdout]    6:     0x645c27fbd573 - std::io::Write::write_fmt::h7d3c26752da97734
[INFO] [stdout]                                at /rustc/df4ca44d3fbc9301ee17f30f4d474e6ae4b05252/library/std/src/io/mod.rs:1839:15
[INFO] [stdout]    7:     0x645c27fc0752 - std::sys::backtrace::BacktraceLock::print::h4b9e00b29e9c0942
[INFO] [stdout]                                at /rustc/df4ca44d3fbc9301ee17f30f4d474e6ae4b05252/library/std/src/sys/backtrace.rs:42:9
[INFO] [stdout]    8:     0x645c27fc1d9a - std::panicking::default_hook::{{closure}}::hb59b88280d0324d9
[INFO] [stdout]                                at /rustc/df4ca44d3fbc9301ee17f30f4d474e6ae4b05252/library/std/src/panicking.rs:268:22
[INFO] [stdout]    9:     0x645c27fc1ba4 - std::panicking::default_hook::he1dd496665be4a29
[INFO] [stdout]                                at /rustc/df4ca44d3fbc9301ee17f30f4d474e6ae4b05252/library/std/src/panicking.rs:292:9
[INFO] [stdout]   10:     0x645c27f7d2a9 - <alloc::boxed::Box<F,A> as core::ops::function::Fn<Args>>::call::h4ff71de18744e1dc
[INFO] [stdout]                                at /rustc/df4ca44d3fbc9301ee17f30f4d474e6ae4b05252/library/alloc/src/boxed.rs:2468:9
[INFO] [stdout]   11:     0x645c27f7d2a9 - test::test_main::{{closure}}::hcf7c055ce117aa81
[INFO] [stdout]                                at /rustc/df4ca44d3fbc9301ee17f30f4d474e6ae4b05252/library/test/src/lib.rs:133:21
[INFO] [stdout]   12:     0x645c27fc2498 - <alloc::boxed::Box<F,A> as core::ops::function::Fn<Args>>::call::h1d66c6bbd60c9692
[INFO] [stdout]                                at /rustc/df4ca44d3fbc9301ee17f30f4d474e6ae4b05252/library/alloc/src/boxed.rs:2468:9
[INFO] [stdout]   13:     0x645c27fc2498 - std::panicking::rust_panic_with_hook::h2ff17fe8f26dfcf8
[INFO] [stdout]                                at /rustc/df4ca44d3fbc9301ee17f30f4d474e6ae4b05252/library/std/src/panicking.rs:809:13
[INFO] [stdout]   14:     0x645c27fc225a - std::panicking::begin_panic_handler::{{closure}}::h4fad77951c07e101
[INFO] [stdout]                                at /rustc/df4ca44d3fbc9301ee17f30f4d474e6ae4b05252/library/std/src/panicking.rs:674:13
[INFO] [stdout]   15:     0x645c27fc0de9 - std::sys::backtrace::__rust_end_short_backtrace::hb1a25b3da5d0ea08
[INFO] [stdout]                                at /rustc/df4ca44d3fbc9301ee17f30f4d474e6ae4b05252/library/std/src/sys/backtrace.rs:170:18
[INFO] [stdout]   16:     0x645c27fc1eec - rust_begin_unwind
[INFO] [stdout]                                at /rustc/df4ca44d3fbc9301ee17f30f4d474e6ae4b05252/library/std/src/panicking.rs:665:5
[INFO] [stdout]   17:     0x645c27fe5740 - core::panicking::panic_fmt::ha9db07b529f9b256
[INFO] [stdout]                                at /rustc/df4ca44d3fbc9301ee17f30f4d474e6ae4b05252/library/core/src/panicking.rs:75:14
[INFO] [stdout]   18:     0x645c27f1e957 - ndarray::ArrayBase<S,D>::broadcast_unwrap::broadcast_panic::hb608ba1c91c5c784
[INFO] [stdout]                                at /opt/rustwide/cargo-home/registry/src/index.crates.io-6f17d22bba15001f/ndarray-0.15.6/src/lib.rs:1529:13
[INFO] [stdout]   19:     0x645c27f1eaca - ndarray::ArrayBase<S,D>::broadcast_unwrap::hdc802b0d9544263f
[INFO] [stdout]                                at /opt/rustwide/cargo-home/registry/src/index.crates.io-6f17d22bba15001f/ndarray-0.15.6/src/lib.rs:1538:21
[INFO] [stdout]   20:     0x645c27f0d3ba - ndarray::impl_methods::<impl ndarray::ArrayBase<S,D>>::zip_mut_with::hf5a386c80303b02e
[INFO] [stdout]                                at /opt/rustwide/cargo-home/registry/src/index.crates.io-6f17d22bba15001f/ndarray-0.15.6/src/impl_methods.rs:2456:33
[INFO] [stdout]   21:     0x645c27f16aa3 - ndarray::impl_methods::<impl ndarray::ArrayBase<S,D>>::assign::h8822babff7e7b239
[INFO] [stdout]                                at /opt/rustwide/cargo-home/registry/src/index.crates.io-6f17d22bba15001f/ndarray-0.15.6/src/impl_methods.rs:2355:9
[INFO] [stdout]   22:     0x645c27f2f404 - <cerebral::topological::CartesianTopology<D> as cerebral::topological::Topological<N>>::init_lateral::h37039ef8ec5527ad
[INFO] [stdout]                                at /opt/rustwide/workdir/src/topological.rs:68:9
[INFO] [stdout]   23:     0x645c27f3607b - <cerebral::selforganizing::SelforganizingNetwork<A,T,R,B> as cerebral::selforganizing::Selforganizing>::init_lateral::h2a136e0708b0145d
[INFO] [stdout]                                at /opt/rustwide/workdir/src/selforganizing.rs:79:9
[INFO] [stdout]   24:     0x645c27f34668 - integration_tests::test_boxed_2::hcc4c0afce53142c3
[INFO] [stdout]                                at /opt/rustwide/workdir/tests/integration_tests.rs:138:5
[INFO] [stdout]   25:     0x645c27f342b7 - integration_tests::test_boxed_2::{{closure}}::hd16d1ab478bf55ab
[INFO] [stdout]                                at /opt/rustwide/workdir/tests/integration_tests.rs:75:18
[INFO] [stdout]   26:     0x645c27f2f9d6 - core::ops::function::FnOnce::call_once::h46fece898e47fc46
[INFO] [stdout]                                at /rustc/df4ca44d3fbc9301ee17f30f4d474e6ae4b05252/library/core/src/ops/function.rs:250:5
[INFO] [stdout]   27:     0x645c27f81b7b - core::ops::function::FnOnce::call_once::h22c3ba5715e93f05
[INFO] [stdout]                                at /rustc/df4ca44d3fbc9301ee17f30f4d474e6ae4b05252/library/core/src/ops/function.rs:250:5
[INFO] [stdout]   28:     0x645c27f81b7b - test::__rust_begin_short_backtrace::h8e82d8113d0da17f
[INFO] [stdout]                                at /rustc/df4ca44d3fbc9301ee17f30f4d474e6ae4b05252/library/test/src/lib.rs:621:18
[INFO] [stdout]   29:     0x645c27f814f7 - test::run_test_in_process::{{closure}}::h33235f4f20b7b7c7
[INFO] [stdout]                                at /rustc/df4ca44d3fbc9301ee17f30f4d474e6ae4b05252/library/test/src/lib.rs:644:60
[INFO] [stdout]   30:     0x645c27f814f7 - <core::panic::unwind_safe::AssertUnwindSafe<F> as core::ops::function::FnOnce<()>>::call_once::hb5043206310c586f
[INFO] [stdout]                                at /rustc/df4ca44d3fbc9301ee17f30f4d474e6ae4b05252/library/core/src/panic/unwind_safe.rs:272:9
[INFO] [stdout]   31:     0x645c27f814f7 - std::panicking::try::do_call::h9ad4731a60ab23e2
[INFO] [stdout]                                at /rustc/df4ca44d3fbc9301ee17f30f4d474e6ae4b05252/library/std/src/panicking.rs:557:40
[INFO] [stdout]   32:     0x645c27f814f7 - std::panicking::try::h3824d23db772a716
[INFO] [stdout]                                at /rustc/df4ca44d3fbc9301ee17f30f4d474e6ae4b05252/library/std/src/panicking.rs:520:19
[INFO] [stdout]   33:     0x645c27f814f7 - std::panic::catch_unwind::h5afd514605fde46b
[INFO] [stdout]                                at /rustc/df4ca44d3fbc9301ee17f30f4d474e6ae4b05252/library/std/src/panic.rs:358:14
[INFO] [stdout]   34:     0x645c27f814f7 - test::run_test_in_process::h0d5cbfa7067d1720
[INFO] [stdout]                                at /rustc/df4ca44d3fbc9301ee17f30f4d474e6ae4b05252/library/test/src/lib.rs:644:27
[INFO] [stdout]   35:     0x645c27f814f7 - test::run_test::{{closure}}::h708eb8872708115d
[INFO] [stdout]                                at /rustc/df4ca44d3fbc9301ee17f30f4d474e6ae4b05252/library/test/src/lib.rs:565:43
[INFO] [stdout]   36:     0x645c27f44c14 - test::run_test::{{closure}}::h392c51cee94713ab
[INFO] [stdout]                                at /rustc/df4ca44d3fbc9301ee17f30f4d474e6ae4b05252/library/test/src/lib.rs:595:41
[INFO] [stdout]   37:     0x645c27f44c14 - std::sys::backtrace::__rust_begin_short_backtrace::h2f40290710935a8b
[INFO] [stdout]                                at /rustc/df4ca44d3fbc9301ee17f30f4d474e6ae4b05252/library/std/src/sys/backtrace.rs:154:18
[INFO] [stdout]   38:     0x645c27f483be - std::thread::Builder::spawn_unchecked_::{{closure}}::{{closure}}::h3fd968d89053a903
[INFO] [stdout]                                at /rustc/df4ca44d3fbc9301ee17f30f4d474e6ae4b05252/library/std/src/thread/mod.rs:541:17
[INFO] [stdout]   39:     0x645c27f483be - <core::panic::unwind_safe::AssertUnwindSafe<F> as core::ops::function::FnOnce<()>>::call_once::h743f637ba4229880
[INFO] [stdout]                                at /rustc/df4ca44d3fbc9301ee17f30f4d474e6ae4b05252/library/core/src/panic/unwind_safe.rs:272:9
[INFO] [stdout]   40:     0x645c27f483be - std::panicking::try::do_call::h07440897322525a6
[INFO] [stdout]                                at /rustc/df4ca44d3fbc9301ee17f30f4d474e6ae4b05252/library/std/src/panicking.rs:557:40
[INFO] [stdout]   41:     0x645c27f483be - std::panicking::try::he5a2e00188156637
[INFO] [stdout]                                at /rustc/df4ca44d3fbc9301ee17f30f4d474e6ae4b05252/library/std/src/panicking.rs:520:19
[INFO] [stdout]   42:     0x645c27f483be - std::panic::catch_unwind::hbaf3cae49b3c6433
[INFO] [stdout]                                at /rustc/df4ca44d3fbc9301ee17f30f4d474e6ae4b05252/library/std/src/panic.rs:358:14
[INFO] [stdout]   43:     0x645c27f483be - std::thread::Builder::spawn_unchecked_::{{closure}}::h8e141ea224820bce
[INFO] [stdout]                                at /rustc/df4ca44d3fbc9301ee17f30f4d474e6ae4b05252/library/std/src/thread/mod.rs:540:30
[INFO] [stdout]   44:     0x645c27f483be - core::ops::function::FnOnce::call_once{{vtable.shim}}::h90d312fedd7b8ea8
[INFO] [stdout]                                at /rustc/df4ca44d3fbc9301ee17f30f4d474e6ae4b05252/library/core/src/ops/function.rs:250:5
[INFO] [stdout]   45:     0x645c27fc628b - <alloc::boxed::Box<F,A> as core::ops::function::FnOnce<Args>>::call_once::h69aa08ddb6adb8b6
[INFO] [stdout]                                at /rustc/df4ca44d3fbc9301ee17f30f4d474e6ae4b05252/library/alloc/src/boxed.rs:2454:9
[INFO] [stdout]   46:     0x645c27fc628b - <alloc::boxed::Box<F,A> as core::ops::function::FnOnce<Args>>::call_once::h5aa36efdb79c806f
[INFO] [stdout]                                at /rustc/df4ca44d3fbc9301ee17f30f4d474e6ae4b05252/library/alloc/src/boxed.rs:2454:9
[INFO] [stdout]   47:     0x645c27fc628b - std::sys::pal::unix::thread::Thread::new::thread_start::h6cd80a1b4be5158d
[INFO] [stdout]                                at /rustc/df4ca44d3fbc9301ee17f30f4d474e6ae4b05252/library/std/src/sys/pal/unix/thread.rs:105:17
[INFO] [stdout]   48:     0x781615215ac3 - <unknown>
[INFO] [stdout]   49:     0x7816152a6a04 - clone
[INFO] [stdout]   50:                0x0 - <unknown>
[INFO] [stdout] 
[INFO] [stdout] ---- test_boxed stdout ----
[INFO] [stdout] thread 'test_boxed' panicked at /opt/rustwide/cargo-home/registry/src/index.crates.io-6f17d22bba15001f/ndarray-0.15.6/src/lib.rs:1529:13:
[INFO] [stdout] ndarray: could not broadcast array from shape: [100, 2] to: [0, 0]
[INFO] [stdout] stack backtrace:
[INFO] [stdout]    0:     0x645c27fc090a - std::backtrace_rs::backtrace::libunwind::trace::h207520d6e9873551
[INFO] [stdout]                                at /rustc/df4ca44d3fbc9301ee17f30f4d474e6ae4b05252/library/std/src/../../backtrace/src/backtrace/libunwind.rs:116:5
[INFO] [stdout]    1:     0x645c27fc090a - std::backtrace_rs::backtrace::trace_unsynchronized::h2ed7433f370e3eca
[INFO] [stdout]                                at /rustc/df4ca44d3fbc9301ee17f30f4d474e6ae4b05252/library/std/src/../../backtrace/src/backtrace/mod.rs:66:5
[INFO] [stdout]    2:     0x645c27fc090a - std::sys::backtrace::_print_fmt::h916fac51166b18d7
[INFO] [stdout]                                at /rustc/df4ca44d3fbc9301ee17f30f4d474e6ae4b05252/library/std/src/sys/backtrace.rs:66:9
[INFO] [stdout]    3:     0x645c27fc090a - <std::sys::backtrace::BacktraceLock::print::DisplayBacktrace as core::fmt::Display>::fmt::ha0a4c9b8ce3802e6
[INFO] [stdout]                                at /rustc/df4ca44d3fbc9301ee17f30f4d474e6ae4b05252/library/std/src/sys/backtrace.rs:39:26
[INFO] [stdout]    4:     0x645c27fe6ca3 - core::fmt::rt::Argument::fmt::h4cfc8587d52b3eb5
[INFO] [stdout]                                at /rustc/df4ca44d3fbc9301ee17f30f4d474e6ae4b05252/library/core/src/fmt/rt.rs:177:76
[INFO] [stdout]    5:     0x645c27fe6ca3 - core::fmt::write::h522cc39e5b36ae9f
[INFO] [stdout]                                at /rustc/df4ca44d3fbc9301ee17f30f4d474e6ae4b05252/library/core/src/fmt/mod.rs:1190:21
[INFO] [stdout]    6:     0x645c27fbd573 - std::io::Write::write_fmt::h7d3c26752da97734
[INFO] [stdout]                                at /rustc/df4ca44d3fbc9301ee17f30f4d474e6ae4b05252/library/std/src/io/mod.rs:1839:15
[INFO] [stdout]    7:     0x645c27fc0752 - std::sys::backtrace::BacktraceLock::print::h4b9e00b29e9c0942
[INFO] [stdout]                                at /rustc/df4ca44d3fbc9301ee17f30f4d474e6ae4b05252/library/std/src/sys/backtrace.rs:42:9
[INFO] [stdout]    8:     0x645c27fc1d9a - std::panicking::default_hook::{{closure}}::hb59b88280d0324d9
[INFO] [stdout]                                at /rustc/df4ca44d3fbc9301ee17f30f4d474e6ae4b05252/library/std/src/panicking.rs:268:22
[INFO] [stdout]    9:     0x645c27fc1ba4 - std::panicking::default_hook::he1dd496665be4a29
[INFO] [stdout]                                at /rustc/df4ca44d3fbc9301ee17f30f4d474e6ae4b05252/library/std/src/panicking.rs:292:9
[INFO] [stdout]   10:     0x645c27f7d2a9 - <alloc::boxed::Box<F,A> as core::ops::function::Fn<Args>>::call::h4ff71de18744e1dc
[INFO] [stdout]                                at /rustc/df4ca44d3fbc9301ee17f30f4d474e6ae4b05252/library/alloc/src/boxed.rs:2468:9
[INFO] [stdout]   11:     0x645c27f7d2a9 - test::test_main::{{closure}}::hcf7c055ce117aa81
[INFO] [stdout]                                at /rustc/df4ca44d3fbc9301ee17f30f4d474e6ae4b05252/library/test/src/lib.rs:133:21
[INFO] [stdout]   12:     0x645c27fc2498 - <alloc::boxed::Box<F,A> as core::ops::function::Fn<Args>>::call::h1d66c6bbd60c9692
[INFO] [stdout]                                at /rustc/df4ca44d3fbc9301ee17f30f4d474e6ae4b05252/library/alloc/src/boxed.rs:2468:9
[INFO] [stdout]   13:     0x645c27fc2498 - std::panicking::rust_panic_with_hook::h2ff17fe8f26dfcf8
[INFO] [stdout]                                at /rustc/df4ca44d3fbc9301ee17f30f4d474e6ae4b05252/library/std/src/panicking.rs:809:13
[INFO] [stdout]   14:     0x645c27fc225a - std::panicking::begin_panic_handler::{{closure}}::h4fad77951c07e101
[INFO] [stdout]                                at /rustc/df4ca44d3fbc9301ee17f30f4d474e6ae4b05252/library/std/src/panicking.rs:674:13
[INFO] [stdout]   15:     0x645c27fc0de9 - std::sys::backtrace::__rust_end_short_backtrace::hb1a25b3da5d0ea08
[INFO] [stdout]                                at /rustc/df4ca44d3fbc9301ee17f30f4d474e6ae4b05252/library/std/src/sys/backtrace.rs:170:18
[INFO] [stdout]   16:     0x645c27fc1eec - rust_begin_unwind
[INFO] [stdout]                                at /rustc/df4ca44d3fbc9301ee17f30f4d474e6ae4b05252/library/std/src/panicking.rs:665:5
[INFO] [stdout]   17:     0x645c27fe5740 - core::panicking::panic_fmt::ha9db07b529f9b256
[INFO] [stdout]                                at /rustc/df4ca44d3fbc9301ee17f30f4d474e6ae4b05252/library/core/src/panicking.rs:75:14
[INFO] [stdout]   18:     0x645c27f1e957 - ndarray::ArrayBase<S,D>::broadcast_unwrap::broadcast_panic::hb608ba1c91c5c784
[INFO] [stdout]                                at /opt/rustwide/cargo-home/registry/src/index.crates.io-6f17d22bba15001f/ndarray-0.15.6/src/lib.rs:1529:13
[INFO] [stdout]   19:     0x645c27f1eaca - ndarray::ArrayBase<S,D>::broadcast_unwrap::hdc802b0d9544263f
[INFO] [stdout]                                at /opt/rustwide/cargo-home/registry/src/index.crates.io-6f17d22bba15001f/ndarray-0.15.6/src/lib.rs:1538:21
[INFO] [stdout]   20:     0x645c27f0d3ba - ndarray::impl_methods::<impl ndarray::ArrayBase<S,D>>::zip_mut_with::hf5a386c80303b02e
[INFO] [stdout]                                at /opt/rustwide/cargo-home/registry/src/index.crates.io-6f17d22bba15001f/ndarray-0.15.6/src/impl_methods.rs:2456:33
[INFO] [stdout]   21:     0x645c27f16aa3 - ndarray::impl_methods::<impl ndarray::ArrayBase<S,D>>::assign::h8822babff7e7b239
[INFO] [stdout]                                at /opt/rustwide/cargo-home/registry/src/index.crates.io-6f17d22bba15001f/ndarray-0.15.6/src/impl_methods.rs:2355:9
[INFO] [stdout]   22:     0x645c27f2f404 - <cerebral::topological::CartesianTopology<D> as cerebral::topological::Topological<N>>::init_lateral::h37039ef8ec5527ad
[INFO] [stdout]                                at /opt/rustwide/workdir/src/topological.rs:68:9
[INFO] [stdout]   23:     0x645c27f3607b - <cerebral::selforganizing::SelforganizingNetwork<A,T,R,B> as cerebral::selforganizing::Selforganizing>::init_lateral::h2a136e0708b0145d
[INFO] [stdout]                                at /opt/rustwide/workdir/src/selforganizing.rs:79:9
[INFO] [stdout]   24:     0x645c27f3409e - integration_tests::test_boxed::h60f7ae86284a6676
[INFO] [stdout]                                at /opt/rustwide/workdir/tests/integration_tests.rs:68:5
[INFO] [stdout]   25:     0x645c27f33db7 - integration_tests::test_boxed::{{closure}}::h0a24816267085fe4
[INFO] [stdout]                                at /opt/rustwide/workdir/tests/integration_tests.rs:41:16
[INFO] [stdout]   26:     0x645c27f2f946 - core::ops::function::FnOnce::call_once::h191419de4eeb2f06
[INFO] [stdout]                                at /rustc/df4ca44d3fbc9301ee17f30f4d474e6ae4b05252/library/core/src/ops/function.rs:250:5
[INFO] [stdout]   27:     0x645c27f81b7b - core::ops::function::FnOnce::call_once::h22c3ba5715e93f05
[INFO] [stdout]                                at /rustc/df4ca44d3fbc9301ee17f30f4d474e6ae4b05252/library/core/src/ops/function.rs:250:5
[INFO] [stdout]   28:     0x645c27f81b7b - test::__rust_begin_short_backtrace::h8e82d8113d0da17f
[INFO] [stdout]                                at /rustc/df4ca44d3fbc9301ee17f30f4d474e6ae4b05252/library/test/src/lib.rs:621:18
[INFO] [stdout]   29:     0x645c27f814f7 - test::run_test_in_process::{{closure}}::h33235f4f20b7b7c7
[INFO] [stdout]                                at /rustc/df4ca44d3fbc9301ee17f30f4d474e6ae4b05252/library/test/src/lib.rs:644:60
[INFO] [stdout]   30:     0x645c27f814f7 - <core::panic::unwind_safe::AssertUnwindSafe<F> as core::ops::function::FnOnce<()>>::call_once::hb5043206310c586f
[INFO] [stdout]                                at /rustc/df4ca44d3fbc9301ee17f30f4d474e6ae4b05252/library/core/src/panic/unwind_safe.rs:272:9
[INFO] [stdout]   31:     0x645c27f814f7 - std::panicking::try::do_call::h9ad4731a60ab23e2
[INFO] [stdout]                                at /rustc/df4ca44d3fbc9301ee17f30f4d474e6ae4b05252/library/std/src/panicking.rs:557:40
[INFO] [stdout]   32:     0x645c27f814f7 - std::panicking::try::h3824d23db772a716
[INFO] [stdout]                                at /rustc/df4ca44d3fbc9301ee17f30f4d474e6ae4b05252/library/std/src/panicking.rs:520:19
[INFO] [stdout]   33:     0x645c27f814f7 - std::panic::catch_unwind::h5afd514605fde46b
[INFO] [stdout]                                at /rustc/df4ca44d3fbc9301ee17f30f4d474e6ae4b05252/library/std/src/panic.rs:358:14
[INFO] [stdout]   34:     0x645c27f814f7 - test::run_test_in_process::h0d5cbfa7067d1720
[INFO] [stdout]                                at /rustc/df4ca44d3fbc9301ee17f30f4d474e6ae4b05252/library/test/src/lib.rs:644:27
[INFO] [stdout]   35:     0x645c27f814f7 - test::run_test::{{closure}}::h708eb8872708115d
[INFO] [stdout]                                at /rustc/df4ca44d3fbc9301ee17f30f4d474e6ae4b05252/library/test/src/lib.rs:565:43
[INFO] [stdout]   36:     0x645c27f44c14 - test::run_test::{{closure}}::h392c51cee94713ab
[INFO] [stdout]                                at /rustc/df4ca44d3fbc9301ee17f30f4d474e6ae4b05252/library/test/src/lib.rs:595:41
[INFO] [stdout]   37:     0x645c27f44c14 - std::sys::backtrace::__rust_begin_short_backtrace::h2f40290710935a8b
[INFO] [stdout]                                at /rustc/df4ca44d3fbc9301ee17f30f4d474e6ae4b05252/library/std/src/sys/backtrace.rs:154:18
[INFO] [stdout]   38:     0x645c27f483be - std::thread::Builder::spawn_unchecked_::{{closure}}::{{closure}}::h3fd968d89053a903
[INFO] [stdout]                                at /rustc/df4ca44d3fbc9301ee17f30f4d474e6ae4b05252/library/std/src/thread/mod.rs:541:17
[INFO] [stdout]   39:     0x645c27f483be - <core::panic::unwind_safe::AssertUnwindSafe<F> as core::ops::function::FnOnce<()>>::call_once::h743f637ba4229880
[INFO] [stdout]                                at /rustc/df4ca44d3fbc9301ee17f30f4d474e6ae4b05252/library/core/src/panic/unwind_safe.rs:272:9
[INFO] [stdout]   40:     0x645c27f483be - std::panicking::try::do_call::h07440897322525a6
[INFO] [stdout]                                at /rustc/df4ca44d3fbc9301ee17f30f4d474e6ae4b05252/library/std/src/panicking.rs:557:40
[INFO] [stdout]   41:     0x645c27f483be - std::panicking::try::he5a2e00188156637
[INFO] [stdout]                                at /rustc/df4ca44d3fbc9301ee17f30f4d474e6ae4b05252/library/std/src/panicking.rs:520:19
[INFO] [stdout]   42:     0x645c27f483be - std::panic::catch_unwind::hbaf3cae49b3c6433
[INFO] [stdout]                                at /rustc/df4ca44d3fbc9301ee17f30f4d474e6ae4b05252/library/std/src/panic.rs:358:14
[INFO] [stdout]   43:     0x645c27f483be - std::thread::Builder::spawn_unchecked_::{{closure}}::h8e141ea224820bce
[INFO] [stdout]                                at /rustc/df4ca44d3fbc9301ee17f30f4d474e6ae4b05252/library/std/src/thread/mod.rs:540:30
[INFO] [stdout]   44:     0x645c27f483be - core::ops::function::FnOnce::call_once{{vtable.shim}}::h90d312fedd7b8ea8
[INFO] [stdout]                                at /rustc/df4ca44d3fbc9301ee17f30f4d474e6ae4b05252/library/core/src/ops/function.rs:250:5
[INFO] [stdout]   45:     0x645c27fc628b - <alloc::boxed::Box<F,A> as core::ops::function::FnOnce<Args>>::call_once::h69aa08ddb6adb8b6
[INFO] [stdout]                                at /rustc/df4ca44d3fbc9301ee17f30f4d474e6ae4b05252/library/alloc/src/boxed.rs:2454:9
[INFO] [stdout]   46:     0x645c27fc628b - <alloc::boxed::Box<F,A> as core::ops::function::FnOnce<Args>>::call_once::h5aa36efdb79c806f
[INFO] [stdout]                                at /rustc/df4ca44d3fbc9301ee17f30f4d474e6ae4b05252/library/alloc/src/boxed.rs:2454:9
[INFO] [stdout]   47:     0x645c27fc628b - std::sys::pal::unix::thread::Thread::new::thread_start::h6cd80a1b4be5158d
[INFO] [stdout]                                at /rustc/df4ca44d3fbc9301ee17f30f4d474e6ae4b05252/library/std/src/sys/pal/unix/thread.rs:105:17
[INFO] [stdout]   48:     0x781615215ac3 - <unknown>
[INFO] [stdout]   49:     0x7816152a6a04 - clone
[INFO] [stdout]   50:                0x0 - <unknown>
[INFO] [stdout] 
[INFO] [stdout] ---- test_kohonen stdout ----
[INFO] [stdout] thread 'test_kohonen' panicked at /opt/rustwide/cargo-home/registry/src/index.crates.io-6f17d22bba15001f/ndarray-0.15.6/src/lib.rs:1529:13:
[INFO] [stdout] ndarray: could not broadcast array from shape: [100, 2] to: [0, 0]
[INFO] [stdout] stack backtrace:
[INFO] [stdout]    0:     0x645c27fc090a - std::backtrace_rs::backtrace::libunwind::trace::h207520d6e9873551
[INFO] [stdout]                                at /rustc/df4ca44d3fbc9301ee17f30f4d474e6ae4b05252/library/std/src/../../backtrace/src/backtrace/libunwind.rs:116:5
[INFO] [stdout]    1:     0x645c27fc090a - std::backtrace_rs::backtrace::trace_unsynchronized::h2ed7433f370e3eca
[INFO] [stdout]                                at /rustc/df4ca44d3fbc9301ee17f30f4d474e6ae4b05252/library/std/src/../../backtrace/src/backtrace/mod.rs:66:5
[INFO] [stdout]    2:     0x645c27fc090a - std::sys::backtrace::_print_fmt::h916fac51166b18d7
[INFO] [stdout]                                at /rustc/df4ca44d3fbc9301ee17f30f4d474e6ae4b05252/library/std/src/sys/backtrace.rs:66:9
[INFO] [stdout]    3:     0x645c27fc090a - <std::sys::backtrace::BacktraceLock::print::DisplayBacktrace as core::fmt::Display>::fmt::ha0a4c9b8ce3802e6
[INFO] [stdout]                                at /rustc/df4ca44d3fbc9301ee17f30f4d474e6ae4b05252/library/std/src/sys/backtrace.rs:39:26
[INFO] [stdout]    4:     0x645c27fe6ca3 - core::fmt::rt::Argument::fmt::h4cfc8587d52b3eb5
[INFO] [stdout]                                at /rustc/df4ca44d3fbc9301ee17f30f4d474e6ae4b05252/library/core/src/fmt/rt.rs:177:76
[INFO] [stdout]    5:     0x645c27fe6ca3 - core::fmt::write::h522cc39e5b36ae9f
[INFO] [stdout]                                at /rustc/df4ca44d3fbc9301ee17f30f4d474e6ae4b05252/library/core/src/fmt/mod.rs:1190:21
[INFO] [stdout]    6:     0x645c27fbd573 - std::io::Write::write_fmt::h7d3c26752da97734
[INFO] [stdout]                                at /rustc/df4ca44d3fbc9301ee17f30f4d474e6ae4b05252/library/std/src/io/mod.rs:1839:15
[INFO] [stdout]    7:     0x645c27fc0752 - std::sys::backtrace::BacktraceLock::print::h4b9e00b29e9c0942
[INFO] [stdout]                                at /rustc/df4ca44d3fbc9301ee17f30f4d474e6ae4b05252/library/std/src/sys/backtrace.rs:42:9
[INFO] [stdout]    8:     0x645c27fc1d9a - std::panicking::default_hook::{{closure}}::hb59b88280d0324d9
[INFO] [stdout]                                at /rustc/df4ca44d3fbc9301ee17f30f4d474e6ae4b05252/library/std/src/panicking.rs:268:22
[INFO] [stdout]    9:     0x645c27fc1ba4 - std::panicking::default_hook::he1dd496665be4a29
[INFO] [stdout]                                at /rustc/df4ca44d3fbc9301ee17f30f4d474e6ae4b05252/library/std/src/panicking.rs:292:9
[INFO] [stdout]   10:     0x645c27f7d2a9 - <alloc::boxed::Box<F,A> as core::ops::function::Fn<Args>>::call::h4ff71de18744e1dc
[INFO] [stdout]                                at /rustc/df4ca44d3fbc9301ee17f30f4d474e6ae4b05252/library/alloc/src/boxed.rs:2468:9
[INFO] [stdout]   11:     0x645c27f7d2a9 - test::test_main::{{closure}}::hcf7c055ce117aa81
[INFO] [stdout]                                at /rustc/df4ca44d3fbc9301ee17f30f4d474e6ae4b05252/library/test/src/lib.rs:133:21
[INFO] [stdout]   12:     0x645c27fc2498 - <alloc::boxed::Box<F,A> as core::ops::function::Fn<Args>>::call::h1d66c6bbd60c9692
[INFO] [stdout]                                at /rustc/df4ca44d3fbc9301ee17f30f4d474e6ae4b05252/library/alloc/src/boxed.rs:2468:9
[INFO] [stdout]   13:     0x645c27fc2498 - std::panicking::rust_panic_with_hook::h2ff17fe8f26dfcf8
[INFO] [stdout]                                at /rustc/df4ca44d3fbc9301ee17f30f4d474e6ae4b05252/library/std/src/panicking.rs:809:13
[INFO] [stdout]   14:     0x645c27fc225a - std::panicking::begin_panic_handler::{{closure}}::h4fad77951c07e101
[INFO] [stdout]                                at /rustc/df4ca44d3fbc9301ee17f30f4d474e6ae4b05252/library/std/src/panicking.rs:674:13
[INFO] [stdout]   15:     0x645c27fc0de9 - std::sys::backtrace::__rust_end_short_backtrace::hb1a25b3da5d0ea08
[INFO] [stdout]                                at /rustc/df4ca44d3fbc9301ee17f30f4d474e6ae4b05252/library/std/src/sys/backtrace.rs:170:18
[INFO] [stdout]   16:     0x645c27fc1eec - rust_begin_unwind
[INFO] [stdout]                                at /rustc/df4ca44d3fbc9301ee17f30f4d474e6ae4b05252/library/std/src/panicking.rs:665:5
[INFO] [stdout]   17:     0x645c27fe5740 - core::panicking::panic_fmt::ha9db07b529f9b256
[INFO] [stdout]                                at /rustc/df4ca44d3fbc9301ee17f30f4d474e6ae4b05252/library/core/src/panicking.rs:75:14
[INFO] [stdout]   18:     0x645c27f1e957 - ndarray::ArrayBase<S,D>::broadcast_unwrap::broadcast_panic::hb608ba1c91c5c784
[INFO] [stdout]                                at /opt/rustwide/cargo-home/registry/src/index.crates.io-6f17d22bba15001f/ndarray-0.15.6/src/lib.rs:1529:13
[INFO] [stdout]   19:     0x645c27f1eaca - ndarray::ArrayBase<S,D>::broadcast_unwrap::hdc802b0d9544263f
[INFO] [stdout]                                at /opt/rustwide/cargo-home/registry/src/index.crates.io-6f17d22bba15001f/ndarray-0.15.6/src/lib.rs:1538:21
[INFO] [stdout]   20:     0x645c27f0d3ba - ndarray::impl_methods::<impl ndarray::ArrayBase<S,D>>::zip_mut_with::hf5a386c80303b02e
[INFO] [stdout]                                at /opt/rustwide/cargo-home/registry/src/index.crates.io-6f17d22bba15001f/ndarray-0.15.6/src/impl_methods.rs:2456:33
[INFO] [stdout]   21:     0x645c27f16aa3 - ndarray::impl_methods::<impl ndarray::ArrayBase<S,D>>::assign::h8822babff7e7b239
[INFO] [stdout]                                at /opt/rustwide/cargo-home/registry/src/index.crates.io-6f17d22bba15001f/ndarray-0.15.6/src/impl_methods.rs:2355:9
[INFO] [stdout]   22:     0x645c27f2f404 - <cerebral::topological::CartesianTopology<D> as cerebral::topological::Topological<N>>::init_lateral::h37039ef8ec5527ad
[INFO] [stdout]                                at /opt/rustwide/workdir/src/topological.rs:68:9
[INFO] [stdout]   23:     0x645c27f3609b - <cerebral::selforganizing::SelforganizingNetwork<A,T,R,B> as cerebral::selforganizing::Selforganizing>::init_lateral::h2fd9b828a82a620f
[INFO] [stdout]                                at /opt/rustwide/workdir/src/selforganizing.rs:79:9
[INFO] [stdout]   24:     0x645c27f33c68 - integration_tests::test_kohonen::h4b23ed02548fbc69
[INFO] [stdout]                                at /opt/rustwide/workdir/tests/integration_tests.rs:34:5
[INFO] [stdout]   25:     0x645c27f33987 - integration_tests::test_kohonen::{{closure}}::he9fe46703179c67a
[INFO] [stdout]                                at /opt/rustwide/workdir/tests/integration_tests.rs:11:18
[INFO] [stdout]   26:     0x645c27f2f986 - core::ops::function::FnOnce::call_once::h224bed45cdebc631
[INFO] [stdout]                                at /rustc/df4ca44d3fbc9301ee17f30f4d474e6ae4b05252/library/core/src/ops/function.rs:250:5
[INFO] [stdout]   27:     0x645c27f81b7b - core::ops::function::FnOnce::call_once::h22c3ba5715e93f05
[INFO] [stdout]                                at /rustc/df4ca44d3fbc9301ee17f30f4d474e6ae4b05252/library/core/src/ops/function.rs:250:5
[INFO] [stdout]   28:     0x645c27f81b7b - test::__rust_begin_short_backtrace::h8e82d8113d0da17f
[INFO] [stdout]                                at /rustc/df4ca44d3fbc9301ee17f30f4d474e6ae4b05252/library/test/src/lib.rs:621:18
[INFO] [stdout]   29:     0x645c27f814f7 - test::run_test_in_process::{{closure}}::h33235f4f20b7b7c7
[INFO] [stdout]                                at /rustc/df4ca44d3fbc9301ee17f30f4d474e6ae4b05252/library/test/src/lib.rs:644:60
[INFO] [stdout]   30:     0x645c27f814f7 - <core::panic::unwind_safe::AssertUnwindSafe<F> as core::ops::function::FnOnce<()>>::call_once::hb5043206310c586f
[INFO] [stdout]                                at /rustc/df4ca44d3fbc9301ee17f30f4d474e6ae4b05252/library/core/src/panic/unwind_safe.rs:272:9
[INFO] [stdout]   31:     0x645c27f814f7 - std::panicking::try::do_call::h9ad4731a60ab23e2
[INFO] [stdout]                                at /rustc/df4ca44d3fbc9301ee17f30f4d474e6ae4b05252/library/std/src/panicking.rs:557:40
[INFO] [stdout]   32:     0x645c27f814f7 - std::panicking::try::h3824d23db772a716
[INFO] [stdout]                                at /rustc/df4ca44d3fbc9301ee17f30f4d474e6ae4b05252/library/std/src/panicking.rs:520:19
[INFO] [stdout]   33:     0x645c27f814f7 - std::panic::catch_unwind::h5afd514605fde46b
[INFO] [stdout]                                at /rustc/df4ca44d3fbc9301ee17f30f4d474e6ae4b05252/library/std/src/panic.rs:358:14
[INFO] [stdout]   34:     0x645c27f814f7 - test::run_test_in_process::h0d5cbfa7067d1720
[INFO] [stdout]                                at /rustc/df4ca44d3fbc9301ee17f30f4d474e6ae4b05252/library/test/src/lib.rs:644:27
[INFO] [stdout]   35:     0x645c27f814f7 - test::run_test::{{closure}}::h708eb8872708115d
[INFO] [stdout]                                at /rustc/df4ca44d3fbc9301ee17f30f4d474e6ae4b05252/library/test/src/lib.rs:565:43
[INFO] [stdout]   36:     0x645c27f44c14 - test::run_test::{{closure}}::h392c51cee94713ab
[INFO] [stdout]                                at /rustc/df4ca44d3fbc9301ee17f30f4d474e6ae4b05252/library/test/src/lib.rs:595:41
[INFO] [stdout]   37:     0x645c27f44c14 - std::sys::backtrace::__rust_begin_short_backtrace::h2f40290710935a8b
[INFO] [stdout]                                at /rustc/df4ca44d3fbc9301ee17f30f4d474e6ae4b05252/library/std/src/sys/backtrace.rs:154:18
[INFO] [stdout]   38:     0x645c27f483be - std::thread::Builder::spawn_unchecked_::{{closure}}::{{closure}}::h3fd968d89053a903
[INFO] [stdout]                                at /rustc/df4ca44d3fbc9301ee17f30f4d474e6ae4b05252/library/std/src/thread/mod.rs:541:17
[INFO] [stdout]   39:     0x645c27f483be - <core::panic::unwind_safe::AssertUnwindSafe<F> as core::ops::function::FnOnce<()>>::call_once::h743f637ba4229880
[INFO] [stdout]                                at /rustc/df4ca44d3fbc9301ee17f30f4d474e6ae4b05252/library/core/src/panic/unwind_safe.rs:272:9
[INFO] [stdout]   40:     0x645c27f483be - std::panicking::try::do_call::h07440897322525a6
[INFO] [stdout]                                at /rustc/df4ca44d3fbc9301ee17f30f4d474e6ae4b05252/library/std/src/panicking.rs:557:40
[INFO] [stdout]   41:     0x645c27f483be - std::panicking::try::he5a2e00188156637
[INFO] [stdout]                                at /rustc/df4ca44d3fbc9301ee17f30f4d474e6ae4b05252/library/std/src/panicking.rs:520:19
[INFO] [stdout]   42:     0x645c27f483be - std::panic::catch_unwind::hbaf3cae49b3c6433
[INFO] [stdout]                                at /rustc/df4ca44d3fbc9301ee17f30f4d474e6ae4b05252/library/std/src/panic.rs:358:14
[INFO] [stdout]   43:     0x645c27f483be - std::thread::Builder::spawn_unchecked_::{{closure}}::h8e141ea224820bce
[INFO] [stdout]                                at /rustc/df4ca44d3fbc9301ee17f30f4d474e6ae4b05252/library/std/src/thread/mod.rs:540:30
[INFO] [stdout]   44:     0x645c27f483be - core::ops::function::FnOnce::call_once{{vtable.shim}}::h90d312fedd7b8ea8
[INFO] [stdout]                                at /rustc/df4ca44d3fbc9301ee17f30f4d474e6ae4b05252/library/core/src/ops/function.rs:250:5
[INFO] [stdout]   45:     0x645c27fc628b - <alloc::boxed::Box<F,A> as core::ops::function::FnOnce<Args>>::call_once::h69aa08ddb6adb8b6
[INFO] [stdout]                                at /rustc/df4ca44d3fbc9301ee17f30f4d474e6ae4b05252/library/alloc/src/boxed.rs:2454:9
[INFO] [stdout]   46:     0x645c27fc628b - <alloc::boxed::Box<F,A> as core::ops::function::FnOnce<Args>>::call_once::h5aa36efdb79c806f
[INFO] [stdout]                                at /rustc/df4ca44d3fbc9301ee17f30f4d474e6ae4b05252/library/alloc/src/boxed.rs:2454:9
[INFO] [stdout]   47:     0x645c27fc628b - std::sys::pal::unix::thread::Thread::new::thread_start::h6cd80a1b4be5158d
[INFO] [stdout]                                at /rustc/df4ca44d3fbc9301ee17f30f4d474e6ae4b05252/library/std/src/sys/pal/unix/thread.rs:105:17
[INFO] [stdout]   48:     0x781615215ac3 - <unknown>
[INFO] [stdout]   49:     0x7816152a6a04 - clone
[INFO] [stdout]   50:                0x0 - <unknown>
[INFO] [stdout] 
[INFO] [stdout] 
[INFO] [stdout] failures:
[INFO] [stdout]     test_boxed
[INFO] [stdout]     test_boxed_2
[INFO] [stdout]     test_kohonen
[INFO] [stdout] 
[INFO] [stdout] test result: FAILED. 0 passed; 3 failed; 0 ignored; 0 measured; 0 filtered out; finished in 0.01s
[INFO] [stdout] 
[INFO] [stderr] error: test failed, to rerun pass `--test integration_tests`
[INFO] running `Command { std: "docker" "inspect" "876d9469fd0dfe8cd8f4cf98b4e05ffa32289cd7b21f0875d9ec24fa8df7be18", kill_on_drop: false }`
[INFO] running `Command { std: "docker" "rm" "-f" "876d9469fd0dfe8cd8f4cf98b4e05ffa32289cd7b21f0875d9ec24fa8df7be18", kill_on_drop: false }`
[INFO] [stdout] 876d9469fd0dfe8cd8f4cf98b4e05ffa32289cd7b21f0875d9ec24fa8df7be18
