[INFO] fetching crate cdragon-hashes 0.2.0...
[INFO] testing cdragon-hashes-0.2.0 against nightly-2024-10-28 for randomize-layout
[INFO] extracting crate cdragon-hashes 0.2.0 into /workspace/builds/worker-6-tc1/source
[INFO] validating manifest of crates.io crate cdragon-hashes 0.2.0 on toolchain nightly-2024-10-28
[INFO] running `Command { std: CARGO_HOME="/workspace/cargo-home" RUSTUP_HOME="/workspace/rustup-home" "/workspace/cargo-home/bin/cargo" "+nightly-2024-10-28" "metadata" "--manifest-path" "Cargo.toml" "--no-deps", kill_on_drop: false }`
[INFO] started tweaking crates.io crate cdragon-hashes 0.2.0
[INFO] finished tweaking crates.io crate cdragon-hashes 0.2.0
[INFO] tweaked toml for crates.io crate cdragon-hashes 0.2.0 written to /workspace/builds/worker-6-tc1/source/Cargo.toml
[INFO] running `Command { std: CARGO_HOME="/workspace/cargo-home" RUSTUP_HOME="/workspace/rustup-home" "/workspace/cargo-home/bin/cargo" "+nightly-2024-10-28" "generate-lockfile" "--manifest-path" "Cargo.toml", kill_on_drop: false }`
[INFO] [stderr]     Updating crates.io index
[INFO] [stderr]      Locking 22 packages to latest compatible versions
[INFO] [stderr]       Adding twox-hash v1.6.3 (available: v2.0.0)
[INFO] running `Command { std: CARGO_HOME="/workspace/cargo-home" RUSTUP_HOME="/workspace/rustup-home" "/workspace/cargo-home/bin/cargo" "+nightly-2024-10-28" "fetch" "--manifest-path" "Cargo.toml", kill_on_drop: false }`
[INFO] [stderr]  Downloading crates ...
[INFO] [stderr]   Downloaded cdragon-utils v0.2.0
[INFO] running `Command { std: "docker" "create" "-v" "/var/lib/crater-agent-workspace/builds/worker-6-tc1/target:/opt/rustwide/target:rw,Z" "-v" "/var/lib/crater-agent-workspace/builds/worker-6-tc1/source:/opt/rustwide/workdir:ro,Z" "-v" "/var/lib/crater-agent-workspace/cargo-home:/opt/rustwide/cargo-home:ro,Z" "-v" "/var/lib/crater-agent-workspace/rustup-home:/opt/rustwide/rustup-home:ro,Z" "-e" "SOURCE_DIR=/opt/rustwide/workdir" "-e" "CARGO_TARGET_DIR=/opt/rustwide/target" "-e" "CARGO_HOME=/opt/rustwide/cargo-home" "-e" "RUSTUP_HOME=/opt/rustwide/rustup-home" "-w" "/opt/rustwide/workdir" "-m" "1610612736" "--user" "0:0" "--network" "none" "ghcr.io/rust-lang/crates-build-env/linux@sha256:4a844ea9eb2546a2d2c7022eacef16ef2e8229c7fbb2c7d4d55a9ceca922f72d" "/opt/rustwide/cargo-home/bin/cargo" "+nightly-2024-10-28" "metadata" "--no-deps" "--format-version=1", kill_on_drop: false }`
[INFO] [stdout] 9c4e9dbbfdf7965dca2b50dc5bf0807d1da2dc1ce92bbe8b2a59c38f19ae9a66
[INFO] running `Command { std: "docker" "start" "-a" "9c4e9dbbfdf7965dca2b50dc5bf0807d1da2dc1ce92bbe8b2a59c38f19ae9a66", kill_on_drop: false }`
[INFO] running `Command { std: "docker" "inspect" "9c4e9dbbfdf7965dca2b50dc5bf0807d1da2dc1ce92bbe8b2a59c38f19ae9a66", kill_on_drop: false }`
[INFO] running `Command { std: "docker" "rm" "-f" "9c4e9dbbfdf7965dca2b50dc5bf0807d1da2dc1ce92bbe8b2a59c38f19ae9a66", kill_on_drop: false }`
[INFO] [stdout] 9c4e9dbbfdf7965dca2b50dc5bf0807d1da2dc1ce92bbe8b2a59c38f19ae9a66
[INFO] running `Command { std: "docker" "create" "-v" "/var/lib/crater-agent-workspace/builds/worker-6-tc1/target:/opt/rustwide/target:rw,Z" "-v" "/var/lib/crater-agent-workspace/builds/worker-6-tc1/source:/opt/rustwide/workdir:ro,Z" "-v" "/var/lib/crater-agent-workspace/cargo-home:/opt/rustwide/cargo-home:ro,Z" "-v" "/var/lib/crater-agent-workspace/rustup-home:/opt/rustwide/rustup-home:ro,Z" "-e" "SOURCE_DIR=/opt/rustwide/workdir" "-e" "CARGO_TARGET_DIR=/opt/rustwide/target" "-e" "CARGO_INCREMENTAL=0" "-e" "RUST_BACKTRACE=full" "-e" "RUSTFLAGS=--cap-lints=forbid" "-e" "RUSTDOCFLAGS=--cap-lints=forbid" "-e" "CARGO_HOME=/opt/rustwide/cargo-home" "-e" "RUSTUP_HOME=/opt/rustwide/rustup-home" "-w" "/opt/rustwide/workdir" "-m" "1610612736" "--user" "0:0" "--network" "none" "ghcr.io/rust-lang/crates-build-env/linux@sha256:4a844ea9eb2546a2d2c7022eacef16ef2e8229c7fbb2c7d4d55a9ceca922f72d" "/opt/rustwide/cargo-home/bin/cargo" "+nightly-2024-10-28" "build" "--frozen" "--message-format=json", kill_on_drop: false }`
[INFO] [stdout] 01b40efef0454c8e7cd915231b7aa01b453d7c0912ddc607d6b57df947ad5a87
[INFO] running `Command { std: "docker" "start" "-a" "01b40efef0454c8e7cd915231b7aa01b453d7c0912ddc607d6b57df947ad5a87", kill_on_drop: false }`
[INFO] [stderr]    Compiling libc v0.2.161
[INFO] [stderr]    Compiling thiserror v1.0.66
[INFO] [stderr]    Compiling static_assertions v1.1.0
[INFO] [stderr]    Compiling cdragon-utils v0.2.0
[INFO] [stderr]    Compiling syn v2.0.86
[INFO] [stderr]    Compiling getrandom v0.2.15
[INFO] [stderr]    Compiling rand_core v0.6.4
[INFO] [stderr]    Compiling zerocopy-derive v0.7.35
[INFO] [stderr]    Compiling thiserror-impl v1.0.66
[INFO] [stderr]    Compiling zerocopy v0.7.35
[INFO] [stderr]    Compiling ppv-lite86 v0.2.20
[INFO] [stderr]    Compiling rand_chacha v0.3.1
[INFO] [stderr]    Compiling rand v0.8.5
[INFO] [stderr]    Compiling twox-hash v1.6.3
[INFO] [stderr]    Compiling cdragon-hashes v0.2.0 (/opt/rustwide/workdir)
[INFO] [stderr]     Finished `dev` profile [unoptimized + debuginfo] target(s) in 4.20s
[INFO] running `Command { std: "docker" "inspect" "01b40efef0454c8e7cd915231b7aa01b453d7c0912ddc607d6b57df947ad5a87", kill_on_drop: false }`
[INFO] running `Command { std: "docker" "rm" "-f" "01b40efef0454c8e7cd915231b7aa01b453d7c0912ddc607d6b57df947ad5a87", kill_on_drop: false }`
[INFO] [stdout] 01b40efef0454c8e7cd915231b7aa01b453d7c0912ddc607d6b57df947ad5a87
[INFO] running `Command { std: "docker" "create" "-v" "/var/lib/crater-agent-workspace/builds/worker-6-tc1/target:/opt/rustwide/target:rw,Z" "-v" "/var/lib/crater-agent-workspace/builds/worker-6-tc1/source:/opt/rustwide/workdir:ro,Z" "-v" "/var/lib/crater-agent-workspace/cargo-home:/opt/rustwide/cargo-home:ro,Z" "-v" "/var/lib/crater-agent-workspace/rustup-home:/opt/rustwide/rustup-home:ro,Z" "-e" "SOURCE_DIR=/opt/rustwide/workdir" "-e" "CARGO_TARGET_DIR=/opt/rustwide/target" "-e" "CARGO_INCREMENTAL=0" "-e" "RUST_BACKTRACE=full" "-e" "RUSTFLAGS=--cap-lints=forbid" "-e" "RUSTDOCFLAGS=--cap-lints=forbid" "-e" "CARGO_HOME=/opt/rustwide/cargo-home" "-e" "RUSTUP_HOME=/opt/rustwide/rustup-home" "-w" "/opt/rustwide/workdir" "-m" "1610612736" "--user" "0:0" "--network" "none" "ghcr.io/rust-lang/crates-build-env/linux@sha256:4a844ea9eb2546a2d2c7022eacef16ef2e8229c7fbb2c7d4d55a9ceca922f72d" "/opt/rustwide/cargo-home/bin/cargo" "+nightly-2024-10-28" "test" "--frozen" "--no-run" "--message-format=json", kill_on_drop: false }`
[INFO] [stdout] c3bc250391faa512563124437d5fc25159989bdc6445a4b7a921b95d98fd6407
[INFO] running `Command { std: "docker" "start" "-a" "c3bc250391faa512563124437d5fc25159989bdc6445a4b7a921b95d98fd6407", kill_on_drop: false }`
[INFO] [stderr]    Compiling cdragon-hashes v0.2.0 (/opt/rustwide/workdir)
[INFO] [stderr]     Finished `test` profile [unoptimized + debuginfo] target(s) in 0.18s
[INFO] running `Command { std: "docker" "inspect" "c3bc250391faa512563124437d5fc25159989bdc6445a4b7a921b95d98fd6407", kill_on_drop: false }`
[INFO] running `Command { std: "docker" "rm" "-f" "c3bc250391faa512563124437d5fc25159989bdc6445a4b7a921b95d98fd6407", kill_on_drop: false }`
[INFO] [stdout] c3bc250391faa512563124437d5fc25159989bdc6445a4b7a921b95d98fd6407
[INFO] running `Command { std: "docker" "create" "-v" "/var/lib/crater-agent-workspace/builds/worker-6-tc1/target:/opt/rustwide/target:rw,Z" "-v" "/var/lib/crater-agent-workspace/builds/worker-6-tc1/source:/opt/rustwide/workdir:ro,Z" "-v" "/var/lib/crater-agent-workspace/cargo-home:/opt/rustwide/cargo-home:ro,Z" "-v" "/var/lib/crater-agent-workspace/rustup-home:/opt/rustwide/rustup-home:ro,Z" "-e" "SOURCE_DIR=/opt/rustwide/workdir" "-e" "CARGO_TARGET_DIR=/opt/rustwide/target" "-e" "CARGO_INCREMENTAL=0" "-e" "RUST_BACKTRACE=full" "-e" "RUSTFLAGS=--cap-lints=forbid" "-e" "RUSTDOCFLAGS=--cap-lints=forbid" "-e" "CARGO_HOME=/opt/rustwide/cargo-home" "-e" "RUSTUP_HOME=/opt/rustwide/rustup-home" "-w" "/opt/rustwide/workdir" "-m" "1610612736" "--user" "0:0" "--network" "none" "ghcr.io/rust-lang/crates-build-env/linux@sha256:4a844ea9eb2546a2d2c7022eacef16ef2e8229c7fbb2c7d4d55a9ceca922f72d" "/opt/rustwide/cargo-home/bin/cargo" "+nightly-2024-10-28" "test" "--frozen", kill_on_drop: false }`
[INFO] [stdout] 61da39949dc60b6c90bb16acb012cca833f4f9fe6d82f994d138a95912e55bcd
[INFO] running `Command { std: "docker" "start" "-a" "61da39949dc60b6c90bb16acb012cca833f4f9fe6d82f994d138a95912e55bcd", kill_on_drop: false }`
[INFO] [stderr]     Finished `test` profile [unoptimized + debuginfo] target(s) in 0.02s
[INFO] [stderr]      Running unittests src/lib.rs (/opt/rustwide/target/debug/deps/cdragon_hashes-15a4a7202728ccd7)
[INFO] [stdout] 
[INFO] [stdout] running 0 tests
[INFO] [stdout] 
[INFO] [stdout] test result: ok. 0 passed; 0 failed; 0 ignored; 0 measured; 0 filtered out; finished in 0.00s
[INFO] [stdout] 
[INFO] [stderr]    Doc-tests cdragon_hashes
[INFO] [stdout] 
[INFO] [stdout] running 3 tests
[INFO] [stdout] test src/lib.rs - HashMapper<T,N>::seek (line 72) ... FAILED
[INFO] [stdout] test src/lib.rs - HashKind::mapping_path (line 302) ... ok
[INFO] [stdout] test src/lib.rs - HashKind::from_wad_path (line 322) ... ok
[INFO] [stdout] 
[INFO] [stdout] failures:
[INFO] [stdout] 
[INFO] [stdout] ---- src/lib.rs - HashMapper<T,N>::seek (line 72) stdout ----
[INFO] [stdout] error[E0107]: struct takes 2 generic arguments but 1 generic argument was supplied
[INFO] [stdout]   --> src/lib.rs:75:18
[INFO] [stdout]    |
[INFO] [stdout] 6  | let mut mapper = HashMapper::<u16>::new();
[INFO] [stdout]    |                  ^^^^^^^^^^   --- supplied 1 generic argument
[INFO] [stdout]    |                  |
[INFO] [stdout]    |                  expected 2 generic arguments
[INFO] [stdout]    |
[INFO] [stdout] note: struct defined here, with 2 generic parameters: `T`, `NBITS`
[INFO] [stdout]   --> /opt/rustwide/workdir/src/lib.rs:49:12
[INFO] [stdout]    |
[INFO] [stdout] 49 | pub struct HashMapper<T, const NBITS: usize> where T: Hash {
[INFO] [stdout]    |            ^^^^^^^^^^ -  ------------------
[INFO] [stdout] help: add missing generic argument
[INFO] [stdout]    |
[INFO] [stdout] 6  | let mut mapper = HashMapper::<u16, NBITS>::new();
[INFO] [stdout]    |                                  +++++++
[INFO] [stdout] 
[INFO] [stdout] error: aborting due to 1 previous error
[INFO] [stdout] 
[INFO] [stdout] For more information about this error, try `rustc --explain E0107`.
[INFO] [stdout] Couldn't compile the test.
[INFO] [stdout] 
[INFO] [stdout] failures:
[INFO] [stdout]     src/lib.rs - HashMapper<T,N>::seek (line 72)
[INFO] [stdout] 
[INFO] [stdout] test result: FAILED. 2 passed; 1 failed; 0 ignored; 0 measured; 0 filtered out; finished in 0.09s
[INFO] [stdout] 
[INFO] [stderr] error: doctest failed, to rerun pass `--doc`
[INFO] running `Command { std: "docker" "inspect" "61da39949dc60b6c90bb16acb012cca833f4f9fe6d82f994d138a95912e55bcd", kill_on_drop: false }`
[INFO] running `Command { std: "docker" "rm" "-f" "61da39949dc60b6c90bb16acb012cca833f4f9fe6d82f994d138a95912e55bcd", kill_on_drop: false }`
[INFO] [stdout] 61da39949dc60b6c90bb16acb012cca833f4f9fe6d82f994d138a95912e55bcd
