[INFO] fetching crate cbfr 0.1.6...
[INFO] testing cbfr-0.1.6 against nightly-2024-10-28 for randomize-layout
[INFO] extracting crate cbfr 0.1.6 into /workspace/builds/worker-3-tc1/source
[INFO] validating manifest of crates.io crate cbfr 0.1.6 on toolchain nightly-2024-10-28
[INFO] running `Command { std: CARGO_HOME="/workspace/cargo-home" RUSTUP_HOME="/workspace/rustup-home" "/workspace/cargo-home/bin/cargo" "+nightly-2024-10-28" "metadata" "--manifest-path" "Cargo.toml" "--no-deps", kill_on_drop: false }`
[INFO] started tweaking crates.io crate cbfr 0.1.6
[INFO] finished tweaking crates.io crate cbfr 0.1.6
[INFO] tweaked toml for crates.io crate cbfr 0.1.6 written to /workspace/builds/worker-3-tc1/source/Cargo.toml
[INFO] crate crates.io crate cbfr 0.1.6 already has a lockfile, it will not be regenerated
[INFO] running `Command { std: CARGO_HOME="/workspace/cargo-home" RUSTUP_HOME="/workspace/rustup-home" "/workspace/cargo-home/bin/cargo" "+nightly-2024-10-28" "fetch" "--manifest-path" "Cargo.toml", kill_on_drop: false }`
[INFO] running `Command { std: "docker" "create" "-v" "/var/lib/crater-agent-workspace/builds/worker-3-tc1/target:/opt/rustwide/target:rw,Z" "-v" "/var/lib/crater-agent-workspace/builds/worker-3-tc1/source:/opt/rustwide/workdir:ro,Z" "-v" "/var/lib/crater-agent-workspace/cargo-home:/opt/rustwide/cargo-home:ro,Z" "-v" "/var/lib/crater-agent-workspace/rustup-home:/opt/rustwide/rustup-home:ro,Z" "-e" "SOURCE_DIR=/opt/rustwide/workdir" "-e" "CARGO_TARGET_DIR=/opt/rustwide/target" "-e" "CARGO_HOME=/opt/rustwide/cargo-home" "-e" "RUSTUP_HOME=/opt/rustwide/rustup-home" "-w" "/opt/rustwide/workdir" "-m" "1610612736" "--user" "0:0" "--network" "none" "ghcr.io/rust-lang/crates-build-env/linux@sha256:4a844ea9eb2546a2d2c7022eacef16ef2e8229c7fbb2c7d4d55a9ceca922f72d" "/opt/rustwide/cargo-home/bin/cargo" "+nightly-2024-10-28" "metadata" "--no-deps" "--format-version=1", kill_on_drop: false }`
[INFO] [stdout] 9e476783b5a697b64fc38c588faf16db05f57860fd9ba303462244657c6beb7b
[INFO] running `Command { std: "docker" "start" "-a" "9e476783b5a697b64fc38c588faf16db05f57860fd9ba303462244657c6beb7b", kill_on_drop: false }`
[INFO] running `Command { std: "docker" "inspect" "9e476783b5a697b64fc38c588faf16db05f57860fd9ba303462244657c6beb7b", kill_on_drop: false }`
[INFO] running `Command { std: "docker" "rm" "-f" "9e476783b5a697b64fc38c588faf16db05f57860fd9ba303462244657c6beb7b", kill_on_drop: false }`
[INFO] [stdout] 9e476783b5a697b64fc38c588faf16db05f57860fd9ba303462244657c6beb7b
[INFO] running `Command { std: "docker" "create" "-v" "/var/lib/crater-agent-workspace/builds/worker-3-tc1/target:/opt/rustwide/target:rw,Z" "-v" "/var/lib/crater-agent-workspace/builds/worker-3-tc1/source:/opt/rustwide/workdir:ro,Z" "-v" "/var/lib/crater-agent-workspace/cargo-home:/opt/rustwide/cargo-home:ro,Z" "-v" "/var/lib/crater-agent-workspace/rustup-home:/opt/rustwide/rustup-home:ro,Z" "-e" "SOURCE_DIR=/opt/rustwide/workdir" "-e" "CARGO_TARGET_DIR=/opt/rustwide/target" "-e" "CARGO_INCREMENTAL=0" "-e" "RUST_BACKTRACE=full" "-e" "RUSTFLAGS=--cap-lints=forbid" "-e" "RUSTDOCFLAGS=--cap-lints=forbid" "-e" "CARGO_HOME=/opt/rustwide/cargo-home" "-e" "RUSTUP_HOME=/opt/rustwide/rustup-home" "-w" "/opt/rustwide/workdir" "-m" "1610612736" "--user" "0:0" "--network" "none" "ghcr.io/rust-lang/crates-build-env/linux@sha256:4a844ea9eb2546a2d2c7022eacef16ef2e8229c7fbb2c7d4d55a9ceca922f72d" "/opt/rustwide/cargo-home/bin/cargo" "+nightly-2024-10-28" "build" "--frozen" "--message-format=json", kill_on_drop: false }`
[INFO] [stdout] 1ab120bed9a3e2794a8099079c37e22664105d2ad96cf6cc46ff848ac8031825
[INFO] running `Command { std: "docker" "start" "-a" "1ab120bed9a3e2794a8099079c37e22664105d2ad96cf6cc46ff848ac8031825", kill_on_drop: false }`
[INFO] [stderr]    Compiling cbfr v0.1.6 (/opt/rustwide/workdir)
[INFO] [stderr]     Finished `dev` profile [unoptimized + debuginfo] target(s) in 0.40s
[INFO] running `Command { std: "docker" "inspect" "1ab120bed9a3e2794a8099079c37e22664105d2ad96cf6cc46ff848ac8031825", kill_on_drop: false }`
[INFO] running `Command { std: "docker" "rm" "-f" "1ab120bed9a3e2794a8099079c37e22664105d2ad96cf6cc46ff848ac8031825", kill_on_drop: false }`
[INFO] [stdout] 1ab120bed9a3e2794a8099079c37e22664105d2ad96cf6cc46ff848ac8031825
[INFO] running `Command { std: "docker" "create" "-v" "/var/lib/crater-agent-workspace/builds/worker-3-tc1/target:/opt/rustwide/target:rw,Z" "-v" "/var/lib/crater-agent-workspace/builds/worker-3-tc1/source:/opt/rustwide/workdir:ro,Z" "-v" "/var/lib/crater-agent-workspace/cargo-home:/opt/rustwide/cargo-home:ro,Z" "-v" "/var/lib/crater-agent-workspace/rustup-home:/opt/rustwide/rustup-home:ro,Z" "-e" "SOURCE_DIR=/opt/rustwide/workdir" "-e" "CARGO_TARGET_DIR=/opt/rustwide/target" "-e" "CARGO_INCREMENTAL=0" "-e" "RUST_BACKTRACE=full" "-e" "RUSTFLAGS=--cap-lints=forbid" "-e" "RUSTDOCFLAGS=--cap-lints=forbid" "-e" "CARGO_HOME=/opt/rustwide/cargo-home" "-e" "RUSTUP_HOME=/opt/rustwide/rustup-home" "-w" "/opt/rustwide/workdir" "-m" "1610612736" "--user" "0:0" "--network" "none" "ghcr.io/rust-lang/crates-build-env/linux@sha256:4a844ea9eb2546a2d2c7022eacef16ef2e8229c7fbb2c7d4d55a9ceca922f72d" "/opt/rustwide/cargo-home/bin/cargo" "+nightly-2024-10-28" "test" "--frozen" "--no-run" "--message-format=json", kill_on_drop: false }`
[INFO] [stdout] e8501b4bcfdd6e3907390ac1d585aba7d4b85dd74ae0622dd0f14138df75ce87
[INFO] running `Command { std: "docker" "start" "-a" "e8501b4bcfdd6e3907390ac1d585aba7d4b85dd74ae0622dd0f14138df75ce87", kill_on_drop: false }`
[INFO] [stderr]    Compiling cbfr v0.1.6 (/opt/rustwide/workdir)
[INFO] [stderr]     Finished `test` profile [unoptimized + debuginfo] target(s) in 0.22s
[INFO] running `Command { std: "docker" "inspect" "e8501b4bcfdd6e3907390ac1d585aba7d4b85dd74ae0622dd0f14138df75ce87", kill_on_drop: false }`
[INFO] running `Command { std: "docker" "rm" "-f" "e8501b4bcfdd6e3907390ac1d585aba7d4b85dd74ae0622dd0f14138df75ce87", kill_on_drop: false }`
[INFO] [stdout] e8501b4bcfdd6e3907390ac1d585aba7d4b85dd74ae0622dd0f14138df75ce87
[INFO] running `Command { std: "docker" "create" "-v" "/var/lib/crater-agent-workspace/builds/worker-3-tc1/target:/opt/rustwide/target:rw,Z" "-v" "/var/lib/crater-agent-workspace/builds/worker-3-tc1/source:/opt/rustwide/workdir:ro,Z" "-v" "/var/lib/crater-agent-workspace/cargo-home:/opt/rustwide/cargo-home:ro,Z" "-v" "/var/lib/crater-agent-workspace/rustup-home:/opt/rustwide/rustup-home:ro,Z" "-e" "SOURCE_DIR=/opt/rustwide/workdir" "-e" "CARGO_TARGET_DIR=/opt/rustwide/target" "-e" "CARGO_INCREMENTAL=0" "-e" "RUST_BACKTRACE=full" "-e" "RUSTFLAGS=--cap-lints=forbid" "-e" "RUSTDOCFLAGS=--cap-lints=forbid" "-e" "CARGO_HOME=/opt/rustwide/cargo-home" "-e" "RUSTUP_HOME=/opt/rustwide/rustup-home" "-w" "/opt/rustwide/workdir" "-m" "1610612736" "--user" "0:0" "--network" "none" "ghcr.io/rust-lang/crates-build-env/linux@sha256:4a844ea9eb2546a2d2c7022eacef16ef2e8229c7fbb2c7d4d55a9ceca922f72d" "/opt/rustwide/cargo-home/bin/cargo" "+nightly-2024-10-28" "test" "--frozen", kill_on_drop: false }`
[INFO] [stdout] 71f3ae52ec19a7a2e01644bcfc2d4063ebb673cfa4edeb0fc460381763f1ffca
[INFO] running `Command { std: "docker" "start" "-a" "71f3ae52ec19a7a2e01644bcfc2d4063ebb673cfa4edeb0fc460381763f1ffca", kill_on_drop: false }`
[INFO] [stderr]     Finished `test` profile [unoptimized + debuginfo] target(s) in 0.01s
[INFO] [stderr]      Running unittests src/lib.rs (/opt/rustwide/target/debug/deps/cbfr-09cf87172cec8d8a)
[INFO] [stdout] 
[INFO] [stdout] running 0 tests
[INFO] [stdout] 
[INFO] [stdout] test result: ok. 0 passed; 0 failed; 0 ignored; 0 measured; 0 filtered out; finished in 0.00s
[INFO] [stdout] 
[INFO] [stderr]      Running unittests src/main.rs (/opt/rustwide/target/debug/deps/cbfr-20587fee8e731054)
[INFO] [stdout] 
[INFO] [stdout] running 0 tests
[INFO] [stdout] 
[INFO] [stdout] test result: ok. 0 passed; 0 failed; 0 ignored; 0 measured; 0 filtered out; finished in 0.00s
[INFO] [stdout] 
[INFO] [stderr]    Doc-tests cbfr
[INFO] [stdout] 
[INFO] [stdout] running 76 tests
[INFO] [stdout] test src/cb.rs - cb::BFRDYN<CAPACITY> (line 93) ... ok
[INFO] [stdout] test src/cb.rs - cb::BFRDYN<CAPACITY> (line 86) ... ok
[INFO] [stdout] test src/cb.rs - cb::BFRDYN<CAPACITY> (line 156) ... ok
[INFO] [stdout] test src/cb.rs - cb::BFRDYN<CAPACITY>::as_ref (line 256) ... ok
[INFO] [stdout] test src/cb.rs - cb::BFRDYN<CAPACITY>::auto_len (line 482) ... ok
[INFO] [stdout] test src/cb.rs - cb::BFRDYN<CAPACITY>::append_str (line 845) ... ok
[INFO] [stdout] test src/cb.rs - cb::BFRDYN<CAPACITY>::as_str (line 385) ... ok
[INFO] [stdout] test src/cb.rs - cb::BFRDYN::withcap (line 322) ... ok
[INFO] [stdout] test src/cb.rs - cb::BFRDYN<CAPACITY>::bytes_mut (line 420) ... ok
[INFO] [stdout] test src/cb.rs - cb::BFRDYN<CAPACITY> (line 180) ... ok
[INFO] [stdout] test src/cb.rs - cb::BFRDYN<CAPACITY>::as_ref (line 271) ... ok
[INFO] [stdout] test src/cb.rs - cb::BFRDYN<CAPACITY>::as_bytes (line 398) ... ok
[INFO] [stdout] test src/cb.rs - cb::BFRDYN<CAPACITY>::append_ch (line 870) ... ok
[INFO] [stdout] test src/cb.rs - cb::BFRDYN<CAPACITY>::append (line 820) ... ok
[INFO] [stdout] test src/cb.rs - cb::BFRDYN<CAPACITY> (line 108) ... ok
[INFO] [stdout] test src/cb.rs - cb::BFRDYN (line 36) ... ok
[INFO] [stdout] test src/cb.rs - cb::BFRDYN<CAPACITY>::contain_str (line 607) ... FAILED
[INFO] [stdout] test src/cb.rs - cb::BFRDYN<CAPACITY>::from_slice (line 353) ... FAILED
[INFO] [stdout] test src/cb.rs - cb::BFRDYN<CAPACITY>::capacity (line 542) ... ok
[INFO] [stdout] test src/cb.rs - cb::BFRDYN<CAPACITY>::bytes_mut (line 431) ... ok
[INFO] [stdout] test src/cb.rs - cb::BFRDYN<CAPACITY>::get_slice_unchecked (line 1293) ... ok
[INFO] [stdout] test src/cb.rs - cb::BFRDYN<CAPACITY>::ends_with (line 1681) ... ok
[INFO] [stdout] test src/cb.rs - cb::BFRDYN<CAPACITY>::bytes_mut (line 442) ... ok
[INFO] [stdout] test src/cb.rs - cb::BFRDYN<CAPACITY>::contain_str (line 592) ... ok
[INFO] [stdout] test src/cb.rs - cb::BFRDYN<CAPACITY>::checksum (line 562) ... ok
[INFO] [stdout] test src/cb.rs - cb::BFRDYN<CAPACITY>::get_slice (line 1307) ... ok
[INFO] [stdout] test src/cb.rs - cb::BFRDYN<CAPACITY>::get_slice_unchecked (line 1280) ... ok
[INFO] [stdout] test src/cb.rs - cb::BFRDYN<CAPACITY>::contains (line 639) ... ok
[INFO] [stdout] test src/cb.rs - cb::BFRDYN<CAPACITY>::increase_len (line 506) ... ok
[INFO] [stdout] test src/cb.rs - cb::BFRDYN<CAPACITY>::clear (line 705) ... ok
[INFO] [stdout] test src/cb.rs - cb::BFRDYN<CAPACITY>::decrease_len (line 524) ... ok
[INFO] [stdout] test src/cb.rs - cb::BFRDYN<CAPACITY>::insert (line 963) ... ok
[INFO] [stdout] test src/cb.rs - cb::BFRDYN<CAPACITY>::insert_ch (line 989) ... ok
[INFO] [stdout] test src/cb.rs - cb::BFRDYN<CAPACITY>::isort (line 1034) ... ok
[INFO] [stdout] test src/cb.rs - cb::BFRDYN<CAPACITY>::last (line 667) ... ok
[INFO] [stdout] test src/cb.rs - cb::BFRDYN<CAPACITY>::lshift (line 920) ... ok
[INFO] [stdout] test src/cb.rs - cb::BFRDYN<CAPACITY>::last_char (line 686) ... ok
[INFO] [stdout] test src/cb.rs - cb::BFRDYN<CAPACITY>::lower (line 1185) ... ok
[INFO] [stdout] test src/cb.rs - cb::BFRDYN<CAPACITY>::isort_desc (line 1060) ... ok
[INFO] [stdout] test src/cb.rs - cb::BFRDYN<CAPACITY>::len (line 552) ... ok
[INFO] [stdout] test src/cb.rs - cb::BFRDYN<CAPACITY>::ltrim (line 1138) ... ok
[INFO] [stdout] test src/cb.rs - cb::BFRDYN<CAPACITY>::pop (line 1695) ... ok
[INFO] [stdout] test src/cb.rs - cb::BFRDYN<CAPACITY>::new (line 341) ... ok
[INFO] [stdout] test src/cb.rs - cb::BFRDYN<CAPACITY>::popn (line 1720) ... ok
[INFO] [stdout] test src/cb.rs - cb::BFRDYN<CAPACITY>::prepend (line 773) ... ok
[INFO] [stdout] test src/cb.rs - cb::BFRDYN<CAPACITY>::prepend_str (line 796) ... ok
[INFO] [stdout] test src/cb.rs - cb::BFRDYN<CAPACITY>::prepend_unchecked (line 743) ... ok
[INFO] [stdout] test src/cb.rs - cb::BFRDYN<CAPACITY>::prepend_unchecked (line 727) ... ok
[INFO] [stdout] test src/cb.rs - cb::BFRDYN<CAPACITY>::reverse (line 1010) ... ok
[INFO] [stdout] test src/cb.rs - cb::BFRDYN<CAPACITY>::proper (line 1254) ... ok
[INFO] [stdout] test src/cb.rs - cb::BFRDYN<CAPACITY>::rshift (line 895) ... ok
[INFO] [stdout] test src/cb.rs - cb::BFRDYN<CAPACITY>::sort (line 1086) ... ok
[INFO] [stdout] test src/cb.rs - cb::BFRDYN<CAPACITY>::split (line 1521) ... ok
[INFO] [stdout] test src/cb.rs - cb::BFRDYN<CAPACITY>::rtrim (line 1156) ... ok
[INFO] [stdout] test src/cb.rs - cb::BFRDYN<CAPACITY>::sort_desc (line 1113) ... ok
[INFO] [stdout] test src/cb.rs - cb::BFRDYN<CAPACITY>::split2 (line 1590) ... ok
[INFO] [stdout] test src/cb.rs - cb::BFRDYN<CAPACITY>::split2_incl (line 1616) ... ok
[INFO] [stdout] test src/cb.rs - cb::BFRDYN<CAPACITY>::split2_incl_left (line 1642) ... ok
[INFO] [stdout] test src/cb.rs - cb::BFRDYN<CAPACITY>::split_incl (line 1544) ... ok
[INFO] [stdout] test src/cb.rs - cb::BFRDYN<CAPACITY>::starts_with (line 1667) ... ok
[INFO] [stdout] test src/cb.rs - cb::BFRDYN<CAPACITY>::split_incl_left (line 1567) ... ok
[INFO] [stdout] test src/cb.rs - cb::BFRDYN<CAPACITY>::take (line 943) ... ok
[INFO] [stdout] test src/cb.rs - cb::BFRDYN<CAPACITY>::take_head (line 1748) ... ok
[INFO] [stdout] test src/cb.rs - cb::BFRDYN<CAPACITY>::take_inner (line 460) ... ok
[INFO] [stdout] test src/cb.rs - cb::BFRDYN<CAPACITY>::title (line 1238) ... ok
[INFO] [stdout] test src/cb.rs - cb::BFRDYN<CAPACITY>::to_vec (line 1392) ... ok
[INFO] [stdout] test src/cb.rs - cb::BFRDYN<CAPACITY>::to_veclr (line 1487) ... ok
[INFO] [stdout] test src/cb.rs - cb::BFRDYN<CAPACITY>::to_vec2 (line 1424) ... ok
[INFO] [stdout] test src/cb.rs - cb::BFRDYN<CAPACITY>::to_vecir (line 1328) ... ok
[INFO] [stdout] test src/cb.rs - cb::BFRDYN<CAPACITY>::to_vecil (line 1360) ... ok
[INFO] [stdout] test src/cb.rs - cb::BFRDYN<CAPACITY>::trim (line 1173) ... ok
[INFO] [stdout] test src/cb.rs - cb::BFRDYN<S2> (line 63) ... ok
[INFO] [stdout] test src/cb.rs - cb::BFRDYN<CAPACITY>::to_vecr (line 1455) ... ok
[INFO] [stdout] test src/lib.rs - (line 13) ... ok
[INFO] [stdout] test src/cb.rs - cb::BFRDYN<CAPACITY>::upper (line 1211) ... ok
[INFO] [stdout] test src/cb.rs - cb::DEFCAPACITY (line 16) ... ok
[INFO] [stdout] 
[INFO] [stdout] failures:
[INFO] [stdout] 
[INFO] [stdout] ---- src/cb.rs - cb::BFRDYN<CAPACITY>::contain_str (line 607) stdout ----
[INFO] [stdout] error[E0080]: evaluation of constant value failed
[INFO] [stdout]    --> /rustc/df4ca44d3fbc9301ee17f30f4d474e6ae4b05252/library/core/src/intrinsics.rs:3404:9
[INFO] [stdout]     |
[INFO] [stdout]     = note: writing through a pointer that was derived from a shared (immutable) reference
[INFO] [stdout]     |
[INFO] [stdout] note: inside `std::intrinsics::copy::<u8>`
[INFO] [stdout]    --> /rustc/df4ca44d3fbc9301ee17f30f4d474e6ae4b05252/library/core/src/intrinsics.rs:3404:9
[INFO] [stdout] note: inside `BFRDYN::<256>::from_slice`
[INFO] [stdout]    --> /opt/rustwide/workdir/src/cb.rs:369:13
[INFO] [stdout]     |
[INFO] [stdout] 369 |             std::ptr::copy(slice.as_ptr(), arr_ptr, slice.len());
[INFO] [stdout]     |             ^^^^^^^^^^^^^^^^^^^^^^^^^^^^^^^^^^^^^^^^^^^^^^^^^^^^
[INFO] [stdout] note: inside `buf`
[INFO] [stdout]    --> src/cb.rs:612:26
[INFO] [stdout]     |
[INFO] [stdout] 8   | const buf: BFRDYN<256> = BFRDYN::from_slice(slice);
[INFO] [stdout]     |                          ^^^^^^^^^^^^^^^^^^^^^^^^^
[INFO] [stdout] 
[INFO] [stdout] note: erroneous constant encountered
[INFO] [stdout]   --> src/cb.rs:614:22
[INFO] [stdout]    |
[INFO] [stdout] 10 | const has123: bool = buf.contain_str("123");
[INFO] [stdout]    |                      ^^^
[INFO] [stdout] 
[INFO] [stdout] note: erroneous constant encountered
[INFO] [stdout]   --> src/cb.rs:615:9
[INFO] [stdout]    |
[INFO] [stdout] 11 | assert!(has123);
[INFO] [stdout]    |         ^^^^^^
[INFO] [stdout] 
[INFO] [stdout] error: aborting due to 1 previous error
[INFO] [stdout] 
[INFO] [stdout] For more information about this error, try `rustc --explain E0080`.
[INFO] [stdout] Couldn't compile the test.
[INFO] [stdout] ---- src/cb.rs - cb::BFRDYN<CAPACITY>::from_slice (line 353) stdout ----
[INFO] [stdout] error[E0080]: evaluation of constant value failed
[INFO] [stdout]    --> /rustc/df4ca44d3fbc9301ee17f30f4d474e6ae4b05252/library/core/src/intrinsics.rs:3404:9
[INFO] [stdout]     |
[INFO] [stdout]     = note: writing through a pointer that was derived from a shared (immutable) reference
[INFO] [stdout]     |
[INFO] [stdout] note: inside `std::intrinsics::copy::<u8>`
[INFO] [stdout]    --> /rustc/df4ca44d3fbc9301ee17f30f4d474e6ae4b05252/library/core/src/intrinsics.rs:3404:9
[INFO] [stdout] note: inside `BFRDYN::<256>::from_slice`
[INFO] [stdout]    --> /opt/rustwide/workdir/src/cb.rs:369:13
[INFO] [stdout]     |
[INFO] [stdout] 369 |             std::ptr::copy(slice.as_ptr(), arr_ptr, slice.len());
[INFO] [stdout]     |             ^^^^^^^^^^^^^^^^^^^^^^^^^^^^^^^^^^^^^^^^^^^^^^^^^^^^
[INFO] [stdout] note: inside `buf`
[INFO] [stdout]    --> src/cb.rs:358:26
[INFO] [stdout]     |
[INFO] [stdout] 8   | const buf: BFRDYN<256> = BFRDYN::from_slice(slice);
[INFO] [stdout]     |                          ^^^^^^^^^^^^^^^^^^^^^^^^^
[INFO] [stdout] 
[INFO] [stdout] note: erroneous constant encountered
[INFO] [stdout]   --> src/cb.rs:361:24
[INFO] [stdout]    |
[INFO] [stdout] 11 | assert_eq!("Admin123", buf.as_str());
[INFO] [stdout]    |                        ^^^
[INFO] [stdout] 
[INFO] [stdout] note: erroneous constant encountered
[INFO] [stdout]   --> src/cb.rs:360:15
[INFO] [stdout]    |
[INFO] [stdout] 10 | assert_eq!(8, buf.len());
[INFO] [stdout]    |               ^^^
[INFO] [stdout] 
[INFO] [stdout] note: erroneous constant encountered
[INFO] [stdout]  --> src/cb.rs:359:12
[INFO] [stdout]   |
[INFO] [stdout] 9 | dbg!("{}", buf.len());
[INFO] [stdout]   |            ^^^
[INFO] [stdout] 
[INFO] [stdout] error: aborting due to 1 previous error
[INFO] [stdout] 
[INFO] [stdout] For more information about this error, try `rustc --explain E0080`.
[INFO] [stdout] Couldn't compile the test.
[INFO] [stdout] 
[INFO] [stdout] failures:
[INFO] [stdout]     src/cb.rs - cb::BFRDYN<CAPACITY>::contain_str (line 607)
[INFO] [stdout]     src/cb.rs - cb::BFRDYN<CAPACITY>::from_slice (line 353)
[INFO] [stdout] 
[INFO] [stdout] test result: FAILED. 74 passed; 2 failed; 0 ignored; 0 measured; 0 filtered out; finished in 0.96s
[INFO] [stdout] 
[INFO] [stderr] error: doctest failed, to rerun pass `--doc`
[INFO] running `Command { std: "docker" "inspect" "71f3ae52ec19a7a2e01644bcfc2d4063ebb673cfa4edeb0fc460381763f1ffca", kill_on_drop: false }`
[INFO] running `Command { std: "docker" "rm" "-f" "71f3ae52ec19a7a2e01644bcfc2d4063ebb673cfa4edeb0fc460381763f1ffca", kill_on_drop: false }`
[INFO] [stdout] 71f3ae52ec19a7a2e01644bcfc2d4063ebb673cfa4edeb0fc460381763f1ffca
