[INFO] fetching crate cata 0.1.1...
[INFO] testing cata-0.1.1 against nightly-2024-10-28+rustflags=-Zrandomize-layout for randomize-layout
[INFO] extracting crate cata 0.1.1 into /workspace/builds/worker-5-tc2/source
[INFO] validating manifest of crates.io crate cata 0.1.1 on toolchain nightly-2024-10-28
[INFO] running `Command { std: CARGO_HOME="/workspace/cargo-home" RUSTUP_HOME="/workspace/rustup-home" "/workspace/cargo-home/bin/cargo" "+nightly-2024-10-28" "metadata" "--manifest-path" "Cargo.toml" "--no-deps", kill_on_drop: false }`
[INFO] removed /workspace/builds/worker-5-tc2/source/.cargo/config.toml
[INFO] removed /workspace/builds/worker-5-tc2/source/rust-toolchain.toml
[INFO] started tweaking crates.io crate cata 0.1.1
[INFO] finished tweaking crates.io crate cata 0.1.1
[INFO] tweaked toml for crates.io crate cata 0.1.1 written to /workspace/builds/worker-5-tc2/source/Cargo.toml
[INFO] running `Command { std: CARGO_HOME="/workspace/cargo-home" RUSTUP_HOME="/workspace/rustup-home" "/workspace/cargo-home/bin/cargo" "+nightly-2024-10-28" "generate-lockfile" "--manifest-path" "Cargo.toml", kill_on_drop: false }`
[INFO] [stderr]     Updating crates.io index
[INFO] [stderr]      Locking 200 packages to latest compatible versions
[INFO] [stderr]       Adding tabled v0.15.0 (available: v0.16.0)
[INFO] running `Command { std: CARGO_HOME="/workspace/cargo-home" RUSTUP_HOME="/workspace/rustup-home" "/workspace/cargo-home/bin/cargo" "+nightly-2024-10-28" "fetch" "--manifest-path" "Cargo.toml", kill_on_drop: false }`
[INFO] running `Command { std: "docker" "create" "-v" "/var/lib/crater-agent-workspace/builds/worker-5-tc2/target:/opt/rustwide/target:rw,Z" "-v" "/var/lib/crater-agent-workspace/builds/worker-5-tc2/source:/opt/rustwide/workdir:ro,Z" "-v" "/var/lib/crater-agent-workspace/cargo-home:/opt/rustwide/cargo-home:ro,Z" "-v" "/var/lib/crater-agent-workspace/rustup-home:/opt/rustwide/rustup-home:ro,Z" "-e" "SOURCE_DIR=/opt/rustwide/workdir" "-e" "CARGO_TARGET_DIR=/opt/rustwide/target" "-e" "CARGO_HOME=/opt/rustwide/cargo-home" "-e" "RUSTUP_HOME=/opt/rustwide/rustup-home" "-w" "/opt/rustwide/workdir" "-m" "1610612736" "--user" "0:0" "--network" "none" "ghcr.io/rust-lang/crates-build-env/linux@sha256:4a844ea9eb2546a2d2c7022eacef16ef2e8229c7fbb2c7d4d55a9ceca922f72d" "/opt/rustwide/cargo-home/bin/cargo" "+nightly-2024-10-28" "metadata" "--no-deps" "--format-version=1", kill_on_drop: false }`
[INFO] [stdout] 65de5a49da667b09408f9c09deea831e5adf9770d86c3407b8b2a501ffc1b7d4
[INFO] running `Command { std: "docker" "start" "-a" "65de5a49da667b09408f9c09deea831e5adf9770d86c3407b8b2a501ffc1b7d4", kill_on_drop: false }`
[INFO] running `Command { std: "docker" "inspect" "65de5a49da667b09408f9c09deea831e5adf9770d86c3407b8b2a501ffc1b7d4", kill_on_drop: false }`
[INFO] running `Command { std: "docker" "rm" "-f" "65de5a49da667b09408f9c09deea831e5adf9770d86c3407b8b2a501ffc1b7d4", kill_on_drop: false }`
[INFO] [stdout] 65de5a49da667b09408f9c09deea831e5adf9770d86c3407b8b2a501ffc1b7d4
[INFO] running `Command { std: "docker" "create" "-v" "/var/lib/crater-agent-workspace/builds/worker-5-tc2/target:/opt/rustwide/target:rw,Z" "-v" "/var/lib/crater-agent-workspace/builds/worker-5-tc2/source:/opt/rustwide/workdir:ro,Z" "-v" "/var/lib/crater-agent-workspace/cargo-home:/opt/rustwide/cargo-home:ro,Z" "-v" "/var/lib/crater-agent-workspace/rustup-home:/opt/rustwide/rustup-home:ro,Z" "-e" "SOURCE_DIR=/opt/rustwide/workdir" "-e" "CARGO_TARGET_DIR=/opt/rustwide/target" "-e" "CARGO_INCREMENTAL=0" "-e" "RUST_BACKTRACE=full" "-e" "RUSTFLAGS=--cap-lints=forbid -Zrandomize-layout" "-e" "RUSTDOCFLAGS=--cap-lints=forbid" "-e" "CARGO_HOME=/opt/rustwide/cargo-home" "-e" "RUSTUP_HOME=/opt/rustwide/rustup-home" "-w" "/opt/rustwide/workdir" "-m" "1610612736" "--user" "0:0" "--network" "none" "ghcr.io/rust-lang/crates-build-env/linux@sha256:4a844ea9eb2546a2d2c7022eacef16ef2e8229c7fbb2c7d4d55a9ceca922f72d" "/opt/rustwide/cargo-home/bin/cargo" "+nightly-2024-10-28" "build" "--frozen" "--message-format=json", kill_on_drop: false }`
[INFO] [stdout] 5e7ea1d242a2e9ac890621b765e8d59a900be1f158bd5a4f42c51ddfbdb19a82
[INFO] running `Command { std: "docker" "start" "-a" "5e7ea1d242a2e9ac890621b765e8d59a900be1f158bd5a4f42c51ddfbdb19a82", kill_on_drop: false }`
[INFO] [stderr]    Compiling proc-macro2 v1.0.89
[INFO] [stderr]    Compiling unicode-ident v1.0.13
[INFO] [stderr]    Compiling autocfg v1.4.0
[INFO] [stderr]    Compiling libc v0.2.161
[INFO] [stderr]    Compiling cfg-if v1.0.0
[INFO] [stderr]    Compiling shlex v1.3.0
[INFO] [stderr]    Compiling once_cell v1.20.2
[INFO] [stderr]    Compiling pin-project-lite v0.2.15
[INFO] [stderr]    Compiling itoa v1.0.11
[INFO] [stderr]    Compiling parking_lot_core v0.9.10
[INFO] [stderr]    Compiling vcpkg v0.2.15
[INFO] [stderr]    Compiling pkg-config v0.3.31
[INFO] [stderr]    Compiling smallvec v1.13.2
[INFO] [stderr]    Compiling futures-sink v0.3.31
[INFO] [stderr]    Compiling scopeguard v1.2.0
[INFO] [stderr]    Compiling futures-core v0.3.31
[INFO] [stderr]    Compiling bytes v1.8.0
[INFO] [stderr]    Compiling serde v1.0.214
[INFO] [stderr]    Compiling fnv v1.0.7
[INFO] [stderr]    Compiling memchr v2.7.4
[INFO] [stderr]    Compiling futures-io v0.3.31
[INFO] [stderr]    Compiling futures-channel v0.3.31
[INFO] [stderr]    Compiling cc v1.1.31
[INFO] [stderr]    Compiling futures-task v0.3.31
[INFO] [stderr]    Compiling tracing-core v0.1.32
[INFO] [stderr]    Compiling pin-utils v0.1.0
[INFO] [stderr]    Compiling version_check v0.9.5
[INFO] [stderr]    Compiling log v0.4.22
[INFO] [stderr]    Compiling openssl v0.10.68
[INFO] [stderr]    Compiling hashbrown v0.15.0
[INFO] [stderr]    Compiling foreign-types-shared v0.1.1
[INFO] [stderr]    Compiling equivalent v1.0.1
[INFO] [stderr]    Compiling foreign-types v0.3.2
[INFO] [stderr]    Compiling tinyvec_macros v0.1.1
[INFO] [stderr]    Compiling httparse v1.9.5
[INFO] [stderr]    Compiling bitflags v2.6.0
[INFO] [stderr]    Compiling native-tls v0.2.12
[INFO] [stderr]    Compiling tinyvec v1.8.0
[INFO] [stderr]    Compiling ryu v1.0.18
[INFO] [stderr]    Compiling lock_api v0.4.12
[INFO] [stderr]    Compiling slab v0.4.9
[INFO] [stderr]    Compiling http v0.2.12
[INFO] [stderr]    Compiling proc-macro-error-attr v1.0.4
[INFO] [stderr]    Compiling percent-encoding v2.3.1
[INFO] [stderr]    Compiling try-lock v0.2.5
[INFO] [stderr]    Compiling syn v1.0.109
[INFO] [stderr]    Compiling openssl-probe v0.1.5
[INFO] [stderr]    Compiling want v0.3.1
[INFO] [stderr]    Compiling form_urlencoded v1.2.1
[INFO] [stderr]    Compiling quote v1.0.37
[INFO] [stderr]    Compiling proc-macro-error v1.0.4
[INFO] [stderr]    Compiling num-traits v0.2.19
[INFO] [stderr]    Compiling utf8parse v0.2.2
[INFO] [stderr]    Compiling unicode-bidi v0.3.17
[INFO] [stderr]    Compiling indexmap v2.6.0
[INFO] [stderr]    Compiling httpdate v1.0.3
[INFO] [stderr]    Compiling tower-service v0.3.3
[INFO] [stderr]    Compiling anstyle-parse v0.2.6
[INFO] [stderr]    Compiling colorchoice v1.0.3
[INFO] [stderr]    Compiling serde_json v1.0.132
[INFO] [stderr]    Compiling syn v2.0.86
[INFO] [stderr]    Compiling regex-syntax v0.6.29
[INFO] [stderr]    Compiling mio v1.0.2
[INFO] [stderr]    Compiling signal-hook-registry v1.4.2
[INFO] [stderr]    Compiling socket2 v0.5.7
[INFO] [stderr]    Compiling unicase v2.8.0
[INFO] [stderr]    Compiling anstyle-query v1.1.2
[INFO] [stderr]    Compiling eyre v0.6.12
[INFO] [stderr]    Compiling is_terminal_polyfill v1.70.1
[INFO] [stderr]    Compiling mime v0.3.17
[INFO] [stderr]    Compiling parking_lot v0.12.3
[INFO] [stderr]    Compiling unicode-normalization v0.1.24
[INFO] [stderr]    Compiling base64 v0.21.7
[INFO] [stderr]    Compiling anstyle v1.0.9
[INFO] [stderr]    Compiling mime_guess v2.0.5
[INFO] [stderr]    Compiling http-body v0.4.6
[INFO] [stderr]    Compiling encoding_rs v0.8.35
[INFO] [stderr]    Compiling anstream v0.6.17
[INFO] [stderr]    Compiling ipnet v2.10.1
[INFO] [stderr]    Compiling rustls-pemfile v1.0.4
[INFO] [stderr]    Compiling lazy_static v1.5.0
[INFO] [stderr]    Compiling heck v0.4.1
[INFO] [stderr]    Compiling strsim v0.11.1
[INFO] [stderr]    Compiling iana-time-zone v0.1.61
[INFO] [stderr]    Compiling indenter v0.3.3
[INFO] [stderr]    Compiling sync_wrapper v0.1.2
[INFO] [stderr]    Compiling openssl-sys v0.9.104
[INFO] [stderr]    Compiling ring v0.17.8
[INFO] [stderr]    Compiling clap_lex v0.7.2
[INFO] [stderr]    Compiling heck v0.5.0
[INFO] [stderr]    Compiling idna v0.5.0
[INFO] [stderr]    Compiling unicode-width v0.1.14
[INFO] [stderr]    Compiling bytecount v0.6.8
[INFO] [stderr]    Compiling overload v0.1.1
[INFO] [stderr]    Compiling clap_builder v4.5.20
[INFO] [stderr]    Compiling nu-ansi-term v0.46.0
[INFO] [stderr]    Compiling sharded-slab v0.1.7
[INFO] [stderr]    Compiling getrandom v0.2.15
[INFO] [stderr]    Compiling tracing-log v0.2.0
[INFO] [stderr]    Compiling papergrid v0.11.0
[INFO] [stderr]    Compiling thread_local v1.1.8
[INFO] [stderr]    Compiling spin v0.9.8
[INFO] [stderr]    Compiling unsafe-libyaml v0.2.11
[INFO] [stderr]    Compiling untrusted v0.9.0
[INFO] [stderr]    Compiling uuid v1.11.0
[INFO] [stderr]    Compiling machine-uid v0.5.3
[INFO] [stderr]    Compiling url v2.5.2
[INFO] [stderr]    Compiling regex-automata v0.1.10
[INFO] [stderr]    Compiling tabled_derive v0.7.0
[INFO] [stderr]    Compiling tabled v0.15.0
[INFO] [stderr]    Compiling matchers v0.1.0
[INFO] [stderr]    Compiling tokio-macros v2.4.0
[INFO] [stderr]    Compiling serde_derive v1.0.214
[INFO] [stderr]    Compiling futures-macro v0.3.31
[INFO] [stderr]    Compiling tracing-attributes v0.1.27
[INFO] [stderr]    Compiling openssl-macros v0.1.1
[INFO] [stderr]    Compiling clap_derive v4.5.18
[INFO] [stderr]    Compiling async-trait v0.1.83
[INFO] [stderr]    Compiling cata-derive v0.1.1
[INFO] [stderr]    Compiling tokio v1.41.0
[INFO] [stderr]    Compiling futures-util v0.3.31
[INFO] [stderr]    Compiling tracing v0.1.40
[INFO] [stderr]    Compiling tracing-subscriber v0.3.18
[INFO] [stderr]    Compiling clap v4.5.20
[INFO] [stderr]    Compiling futures-executor v0.3.31
[INFO] [stderr]    Compiling futures v0.3.31
[INFO] [stderr]    Compiling tokio-util v0.7.12
[INFO] [stderr]    Compiling tokio-native-tls v0.3.1
[INFO] [stderr]    Compiling h2 v0.3.26
[INFO] [stderr]    Compiling serde_urlencoded v0.7.1
[INFO] [stderr]    Compiling chrono v0.4.38
[INFO] [stderr]    Compiling serde_yaml v0.9.34+deprecated
[INFO] [stderr]    Compiling serde_path_to_error v0.1.16
[INFO] [stderr]    Compiling hyper v0.14.31
[INFO] [stderr]    Compiling hyper-tls v0.5.0
[INFO] [stderr]    Compiling reqwest v0.11.27
[INFO] [stderr]    Compiling posthog-rs v0.2.2
[INFO] [stderr]    Compiling cata v0.1.1 (/opt/rustwide/workdir)
[INFO] [stdout] warning: these values and local bindings have significant drop implementation that will have a different drop order from that of Edition 2021
[INFO] [stdout]   --> src/file.rs:96:13
[INFO] [stdout]    |
[INFO] [stdout] 95 |         content.map_err(|e| {
[INFO] [stdout]    |                          - these values have significant drop implementation and will observe changes in drop order under Edition 2024
[INFO] [stdout] 96 |             cmd.clone().error(
[INFO] [stdout]    |             ^^^^^^^^^^^
[INFO] [stdout]    |
[INFO] [stdout]    = warning: this changes meaning in Rust 2024
[INFO] [stdout]    = note: for more information, see issue #123739 <https://github.com/rust-lang/rust/issues/123739>
[INFO] [stdout]    = note: `-W tail-expr-drop-order` implied by `-W rust-2024-compatibility`
[INFO] [stdout]    = help: to override `-W rust-2024-compatibility` add `#[allow(tail_expr_drop_order)]`
[INFO] [stdout] 
[INFO] [stdout] 
[INFO] [stderr]     Finished `dev` profile [unoptimized] target(s) in 16.41s
[INFO] running `Command { std: "docker" "inspect" "5e7ea1d242a2e9ac890621b765e8d59a900be1f158bd5a4f42c51ddfbdb19a82", kill_on_drop: false }`
[INFO] running `Command { std: "docker" "rm" "-f" "5e7ea1d242a2e9ac890621b765e8d59a900be1f158bd5a4f42c51ddfbdb19a82", kill_on_drop: false }`
[INFO] [stdout] 5e7ea1d242a2e9ac890621b765e8d59a900be1f158bd5a4f42c51ddfbdb19a82
[INFO] running `Command { std: "docker" "create" "-v" "/var/lib/crater-agent-workspace/builds/worker-5-tc2/target:/opt/rustwide/target:rw,Z" "-v" "/var/lib/crater-agent-workspace/builds/worker-5-tc2/source:/opt/rustwide/workdir:ro,Z" "-v" "/var/lib/crater-agent-workspace/cargo-home:/opt/rustwide/cargo-home:ro,Z" "-v" "/var/lib/crater-agent-workspace/rustup-home:/opt/rustwide/rustup-home:ro,Z" "-e" "SOURCE_DIR=/opt/rustwide/workdir" "-e" "CARGO_TARGET_DIR=/opt/rustwide/target" "-e" "CARGO_INCREMENTAL=0" "-e" "RUST_BACKTRACE=full" "-e" "RUSTFLAGS=--cap-lints=forbid -Zrandomize-layout" "-e" "RUSTDOCFLAGS=--cap-lints=forbid" "-e" "CARGO_HOME=/opt/rustwide/cargo-home" "-e" "RUSTUP_HOME=/opt/rustwide/rustup-home" "-w" "/opt/rustwide/workdir" "-m" "1610612736" "--user" "0:0" "--network" "none" "ghcr.io/rust-lang/crates-build-env/linux@sha256:4a844ea9eb2546a2d2c7022eacef16ef2e8229c7fbb2c7d4d55a9ceca922f72d" "/opt/rustwide/cargo-home/bin/cargo" "+nightly-2024-10-28" "test" "--frozen" "--no-run" "--message-format=json", kill_on_drop: false }`
[INFO] [stdout] 42a6162bc5e46f3b53c0dc44ac483a433706eec038a137cf99a6068556d06fa8
[INFO] running `Command { std: "docker" "start" "-a" "42a6162bc5e46f3b53c0dc44ac483a433706eec038a137cf99a6068556d06fa8", kill_on_drop: false }`
[INFO] [stderr]    Compiling cata v0.1.1 (/opt/rustwide/workdir)
[INFO] [stdout] warning: these values and local bindings have significant drop implementation that will have a different drop order from that of Edition 2021
[INFO] [stdout]   --> src/file.rs:96:13
[INFO] [stdout]    |
[INFO] [stdout] 95 |         content.map_err(|e| {
[INFO] [stdout]    |                          - these values have significant drop implementation and will observe changes in drop order under Edition 2024
[INFO] [stdout] 96 |             cmd.clone().error(
[INFO] [stdout]    |             ^^^^^^^^^^^
[INFO] [stdout]    |
[INFO] [stdout]    = warning: this changes meaning in Rust 2024
[INFO] [stdout]    = note: for more information, see issue #123739 <https://github.com/rust-lang/rust/issues/123739>
[INFO] [stdout]    = note: `-W tail-expr-drop-order` implied by `-W rust-2024-compatibility`
[INFO] [stdout]    = help: to override `-W rust-2024-compatibility` add `#[allow(tail_expr_drop_order)]`
[INFO] [stdout] 
[INFO] [stdout] 
[INFO] [stdout] warning: these values and local bindings have significant drop implementation that will have a different drop order from that of Edition 2021
[INFO] [stdout]   --> src/file.rs:96:13
[INFO] [stdout]    |
[INFO] [stdout] 95 |         content.map_err(|e| {
[INFO] [stdout]    |                          - these values have significant drop implementation and will observe changes in drop order under Edition 2024
[INFO] [stdout] 96 |             cmd.clone().error(
[INFO] [stdout]    |             ^^^^^^^^^^^
[INFO] [stdout]    |
[INFO] [stdout]    = warning: this changes meaning in Rust 2024
[INFO] [stdout]    = note: for more information, see issue #123739 <https://github.com/rust-lang/rust/issues/123739>
[INFO] [stdout]    = note: `-W tail-expr-drop-order` implied by `-W rust-2024-compatibility`
[INFO] [stdout]    = help: to override `-W rust-2024-compatibility` add `#[allow(tail_expr_drop_order)]`
[INFO] [stdout] 
[INFO] [stdout] 
[INFO] [stderr]     Finished `test` profile [unoptimized] target(s) in 0.43s
[INFO] running `Command { std: "docker" "inspect" "42a6162bc5e46f3b53c0dc44ac483a433706eec038a137cf99a6068556d06fa8", kill_on_drop: false }`
[INFO] running `Command { std: "docker" "rm" "-f" "42a6162bc5e46f3b53c0dc44ac483a433706eec038a137cf99a6068556d06fa8", kill_on_drop: false }`
[INFO] [stdout] 42a6162bc5e46f3b53c0dc44ac483a433706eec038a137cf99a6068556d06fa8
[INFO] running `Command { std: "docker" "create" "-v" "/var/lib/crater-agent-workspace/builds/worker-5-tc2/target:/opt/rustwide/target:rw,Z" "-v" "/var/lib/crater-agent-workspace/builds/worker-5-tc2/source:/opt/rustwide/workdir:ro,Z" "-v" "/var/lib/crater-agent-workspace/cargo-home:/opt/rustwide/cargo-home:ro,Z" "-v" "/var/lib/crater-agent-workspace/rustup-home:/opt/rustwide/rustup-home:ro,Z" "-e" "SOURCE_DIR=/opt/rustwide/workdir" "-e" "CARGO_TARGET_DIR=/opt/rustwide/target" "-e" "CARGO_INCREMENTAL=0" "-e" "RUST_BACKTRACE=full" "-e" "RUSTFLAGS=--cap-lints=forbid -Zrandomize-layout" "-e" "RUSTDOCFLAGS=--cap-lints=forbid" "-e" "CARGO_HOME=/opt/rustwide/cargo-home" "-e" "RUSTUP_HOME=/opt/rustwide/rustup-home" "-w" "/opt/rustwide/workdir" "-m" "1610612736" "--user" "0:0" "--network" "none" "ghcr.io/rust-lang/crates-build-env/linux@sha256:4a844ea9eb2546a2d2c7022eacef16ef2e8229c7fbb2c7d4d55a9ceca922f72d" "/opt/rustwide/cargo-home/bin/cargo" "+nightly-2024-10-28" "test" "--frozen", kill_on_drop: false }`
[INFO] [stdout] 8c5c043390eababca038c33e1093256d039f6b4668ea26f6b9e32c403e7bc00f
[INFO] running `Command { std: "docker" "start" "-a" "8c5c043390eababca038c33e1093256d039f6b4668ea26f6b9e32c403e7bc00f", kill_on_drop: false }`
[INFO] [stderr] warning: these values and local bindings have significant drop implementation that will have a different drop order from that of Edition 2021
[INFO] [stderr]   --> src/file.rs:96:13
[INFO] [stderr]    |
[INFO] [stderr] 95 |         content.map_err(|e| {
[INFO] [stderr]    |                          - these values have significant drop implementation and will observe changes in drop order under Edition 2024
[INFO] [stderr] 96 |             cmd.clone().error(
[INFO] [stderr]    |             ^^^^^^^^^^^
[INFO] [stderr]    |
[INFO] [stderr]    = warning: this changes meaning in Rust 2024
[INFO] [stderr]    = note: for more information, see issue #123739 <https://github.com/rust-lang/rust/issues/123739>
[INFO] [stderr]    = note: `-W tail-expr-drop-order` implied by `-W rust-2024-compatibility`
[INFO] [stderr]    = help: to override `-W rust-2024-compatibility` add `#[allow(tail_expr_drop_order)]`
[INFO] [stderr] 
[INFO] [stderr] warning: `cata` (lib) generated 1 warning
[INFO] [stderr] warning: `cata` (lib test) generated 1 warning (1 duplicate)
[INFO] [stderr]     Finished `test` profile [unoptimized] target(s) in 0.11s
[INFO] [stderr]      Running unittests src/lib.rs (/opt/rustwide/target/debug/deps/cata-0f180f98cd787474)
[INFO] [stdout] 
[INFO] [stdout] running 0 tests
[INFO] [stdout] 
[INFO] [stdout] test result: ok. 0 passed; 0 failed; 0 ignored; 0 measured; 0 filtered out; finished in 0.00s
[INFO] [stdout] 
[INFO] [stderr]    Doc-tests cata
[INFO] [stdout] 
[INFO] [stdout] running 8 tests
[INFO] [stdout] test src/telemetry.rs - telemetry (line 68) ... ok
[INFO] [stdout] test src/telemetry.rs - telemetry (line 21) ... ok
[INFO] [stdout] test src/telemetry.rs - telemetry (line 45) ... FAILED
[INFO] [stdout] test src/output/tabled.rs - output::tabled::display (line 57) ... ok
[INFO] [stdout] test src/output.rs - output (line 16) ... ok
[INFO] [stdout] test src/file.rs - file (line 11) ... ok
[INFO] [stdout] test src/telemetry.rs - telemetry (line 80) ... ok
[INFO] [stdout] test src/command.rs - command (line 13) ... ok
[INFO] [stdout] 
[INFO] [stdout] failures:
[INFO] [stdout] 
[INFO] [stdout] ---- src/telemetry.rs - telemetry (line 45) stdout ----
[INFO] [stdout] error[E0433]: failed to resolve: could not find `EnvFilter` in `tracing_subscriber`
[INFO] [stdout]    --> src/telemetry.rs:51:36
[INFO] [stdout]     |
[INFO] [stdout] 9   |   .with_filter(tracing_subscriber::EnvFilter::from_default_env());
[INFO] [stdout]     |                                    ^^^^^^^^^ could not find `EnvFilter` in `tracing_subscriber`
[INFO] [stdout]     |
[INFO] [stdout] note: found an item that was configured out
[INFO] [stdout]    --> /opt/rustwide/cargo-home/registry/src/index.crates.io-6f17d22bba15001f/tracing-subscriber-0.3.18/src/lib.rs:233:21
[INFO] [stdout]     |
[INFO] [stdout] 233 |     pub use filter::EnvFilter;
[INFO] [stdout]     |                     ^^^^^^^^^
[INFO] [stdout] note: the item is gated here
[INFO] [stdout]    --> /opt/rustwide/cargo-home/registry/src/index.crates.io-6f17d22bba15001f/tracing-subscriber-0.3.18/src/lib.rs:231:1
[INFO] [stdout]     |
[INFO] [stdout] 231 | / feature! {
[INFO] [stdout] 232 | |     #![all(feature = "env-filter", feature = "std")]
[INFO] [stdout] 233 | |     pub use filter::EnvFilter;
[INFO] [stdout] 234 | | }
[INFO] [stdout]     | |_^
[INFO] [stdout]     = note: this error originates in the macro `feature` (in Nightly builds, run with -Z macro-backtrace for more info)
[INFO] [stdout] 
[INFO] [stdout] error: aborting due to 1 previous error
[INFO] [stdout] 
[INFO] [stdout] For more information about this error, try `rustc --explain E0433`.
[INFO] [stdout] Couldn't compile the test.
[INFO] [stdout] 
[INFO] [stdout] failures:
[INFO] [stdout]     src/telemetry.rs - telemetry (line 45)
[INFO] [stdout] 
[INFO] [stdout] test result: FAILED. 7 passed; 1 failed; 0 ignored; 0 measured; 0 filtered out; finished in 0.40s
[INFO] [stdout] 
[INFO] [stderr] error: doctest failed, to rerun pass `--doc`
[INFO] running `Command { std: "docker" "inspect" "8c5c043390eababca038c33e1093256d039f6b4668ea26f6b9e32c403e7bc00f", kill_on_drop: false }`
[INFO] running `Command { std: "docker" "rm" "-f" "8c5c043390eababca038c33e1093256d039f6b4668ea26f6b9e32c403e7bc00f", kill_on_drop: false }`
[INFO] [stdout] 8c5c043390eababca038c33e1093256d039f6b4668ea26f6b9e32c403e7bc00f
