[INFO] fetching crate casile 0.14.2...
[INFO] testing casile-0.14.2 against nightly-2024-10-28 for randomize-layout
[INFO] extracting crate casile 0.14.2 into /workspace/builds/worker-2-tc1/source
[INFO] validating manifest of crates.io crate casile 0.14.2 on toolchain nightly-2024-10-28
[INFO] running `Command { std: CARGO_HOME="/workspace/cargo-home" RUSTUP_HOME="/workspace/rustup-home" "/workspace/cargo-home/bin/cargo" "+nightly-2024-10-28" "metadata" "--manifest-path" "Cargo.toml" "--no-deps", kill_on_drop: false }`
[INFO] removed /workspace/builds/worker-2-tc1/source/.cargo/config.toml
[INFO] removed /workspace/builds/worker-2-tc1/source/rust-toolchain
[INFO] started tweaking crates.io crate casile 0.14.2
[INFO] removed 0 missing tests
[INFO] finished tweaking crates.io crate casile 0.14.2
[INFO] tweaked toml for crates.io crate casile 0.14.2 written to /workspace/builds/worker-2-tc1/source/Cargo.toml
[INFO] crate crates.io crate casile 0.14.2 already has a lockfile, it will not be regenerated
[INFO] running `Command { std: CARGO_HOME="/workspace/cargo-home" RUSTUP_HOME="/workspace/rustup-home" "/workspace/cargo-home/bin/cargo" "+nightly-2024-10-28" "fetch" "--manifest-path" "Cargo.toml", kill_on_drop: false }`
[INFO] [stderr]     Updating crates.io index
[INFO] [stderr]  Downloading crates ...
[INFO] [stderr]   Downloaded gix-trace v0.1.9
[INFO] [stderr]   Downloaded num_threads v0.1.7
[INFO] [stderr]   Downloaded gix-path v0.10.10
[INFO] [stderr]   Downloaded gix-utils v0.1.12
[INFO] [stderr]   Downloaded gix-validate v0.8.5
[INFO] [stderr]   Downloaded gix-glob v0.16.5
[INFO] [stderr]   Downloaded gix-url v0.27.5
[INFO] [stderr]   Downloaded vergen v8.3.2
[INFO] [stderr]   Downloaded self_cell v0.10.3
[INFO] [stderr]   Downloaded derive_builder_macro v0.20.1
[INFO] [stderr]   Downloaded rust-embed-utils v8.5.0
[INFO] [stderr]   Downloaded gix-quote v0.4.12
[INFO] [stderr]   Downloaded rust-embed-impl v8.5.0
[INFO] [stderr]   Downloaded type-map v0.5.0
[INFO] [stderr]   Downloaded chunky-vec v0.1.0
[INFO] [stderr]   Downloaded gix-chunk v0.4.8
[INFO] [stderr]   Downloaded git-warp-time v0.8.3
[INFO] [stderr]   Downloaded gix-traverse v0.39.2
[INFO] [stderr]   Downloaded gix-bitmap v0.2.11
[INFO] [stderr]   Downloaded gix-refspec v0.23.1
[INFO] [stderr]   Downloaded gix-index v0.33.1
[INFO] [stderr]   Downloaded clap_complete v4.5.25
[INFO] [stderr]   Downloaded assert_cmd v2.0.16
[INFO] [stderr]   Downloaded fluent-syntax v0.11.1
[INFO] [stderr]   Downloaded config v0.14.0
[INFO] [stderr]   Downloaded unic-langid-impl v0.9.5
[INFO] [stderr]   Downloaded flate2 v1.0.33
[INFO] [stderr]   Downloaded prodash v28.0.0
[INFO] [stderr]   Downloaded derive_builder_core v0.20.1
[INFO] [stderr]   Downloaded cc v1.1.16
[INFO] [stderr]   Downloaded git2 v0.19.0
[INFO] [stderr]   Downloaded gix v0.63.0
[INFO] [stderr]   Downloaded arc-swap v1.7.1
[INFO] [stderr]   Downloaded gix-odb v0.61.1
[INFO] [stderr]   Downloaded gix-pack v0.51.1
[INFO] [stderr]   Downloaded subprocess v0.2.9
[INFO] [stderr]   Downloaded async-trait v0.1.82
[INFO] [stderr]   Downloaded snafu-derive v0.8.4
[INFO] [stderr]   Downloaded snafu v0.8.4
[INFO] [stderr]   Downloaded rustix v0.38.35
[INFO] [stderr]   Downloaded vergen v9.0.0
[INFO] [stderr]   Downloaded derive_builder v0.20.1
[INFO] [stderr]   Downloaded gix-config-value v0.14.8
[INFO] [stderr]   Downloaded gix-config v0.37.0
[INFO] [stderr]   Downloaded gix-diff v0.44.1
[INFO] [stderr]   Downloaded clru v0.6.2
[INFO] [stderr]   Downloaded gix-ref v0.44.1
[INFO] [stderr]   Downloaded gix-revision v0.27.2
[INFO] [stderr]   Downloaded gix-fs v0.11.3
[INFO] [stderr]   Downloaded gix-features v0.38.2
[INFO] [stderr]   Downloaded roff v0.2.2
[INFO] [stderr]   Downloaded clap_mangen v0.2.23
[INFO] [stderr]   Downloaded fluent v0.16.1
[INFO] [stderr]   Downloaded intl_pluralrules v7.0.2
[INFO] [stderr]   Downloaded fluent-bundle v0.15.3
[INFO] [stderr]   Downloaded fluent-langneg v0.13.0
[INFO] [stderr]   Downloaded getset v0.1.2
[INFO] [stderr]   Downloaded vergen-gix v1.0.1
[INFO] [stderr]   Downloaded gix-discover v0.32.0
[INFO] [stderr]   Downloaded gix-macros v0.1.5
[INFO] [stderr]   Downloaded gix-lock v14.0.0
[INFO] [stderr]   Downloaded gix-commitgraph v0.24.3
[INFO] [stderr]   Downloaded gix-hash v0.14.2
[INFO] [stderr]   Downloaded gix-actor v0.31.5
[INFO] [stderr]   Downloaded gix-date v0.8.7
[INFO] [stderr]   Downloaded gix-revwalk v0.13.2
[INFO] [stderr]   Downloaded intl-memoizer v0.5.2
[INFO] [stderr]   Downloaded fluent-fallback v0.7.1
[INFO] [stderr]   Downloaded vergen-lib v0.1.3
[INFO] [stderr]   Downloaded unic-langid v0.9.5
[INFO] [stderr]   Downloaded gix-sec v0.10.8
[INFO] [stderr]   Downloaded rust-embed v8.5.0
[INFO] [stderr]   Downloaded gix-object v0.42.3
[INFO] [stderr]   Downloaded pin-cell v0.2.0
[INFO] [stderr]   Downloaded gix-tempfile v14.0.2
[INFO] [stderr]   Downloaded gix-hashtable v0.5.2
[INFO] [stderr]   Downloaded libgit2-sys v0.17.0+1.8.1
[INFO] running `Command { std: "docker" "create" "-v" "/var/lib/crater-agent-workspace/builds/worker-2-tc1/target:/opt/rustwide/target:rw,Z" "-v" "/var/lib/crater-agent-workspace/builds/worker-2-tc1/source:/opt/rustwide/workdir:ro,Z" "-v" "/var/lib/crater-agent-workspace/cargo-home:/opt/rustwide/cargo-home:ro,Z" "-v" "/var/lib/crater-agent-workspace/rustup-home:/opt/rustwide/rustup-home:ro,Z" "-e" "SOURCE_DIR=/opt/rustwide/workdir" "-e" "CARGO_TARGET_DIR=/opt/rustwide/target" "-e" "CARGO_HOME=/opt/rustwide/cargo-home" "-e" "RUSTUP_HOME=/opt/rustwide/rustup-home" "-w" "/opt/rustwide/workdir" "-m" "1610612736" "--user" "0:0" "--network" "none" "ghcr.io/rust-lang/crates-build-env/linux@sha256:4a844ea9eb2546a2d2c7022eacef16ef2e8229c7fbb2c7d4d55a9ceca922f72d" "/opt/rustwide/cargo-home/bin/cargo" "+nightly-2024-10-28" "metadata" "--no-deps" "--format-version=1", kill_on_drop: false }`
[INFO] [stdout] 5d445af83ba4093ceaa6f32fd621ab55fd74667d9d3513684a9c4f94e2335935
[INFO] running `Command { std: "docker" "start" "-a" "5d445af83ba4093ceaa6f32fd621ab55fd74667d9d3513684a9c4f94e2335935", kill_on_drop: false }`
[INFO] running `Command { std: "docker" "inspect" "5d445af83ba4093ceaa6f32fd621ab55fd74667d9d3513684a9c4f94e2335935", kill_on_drop: false }`
[INFO] running `Command { std: "docker" "rm" "-f" "5d445af83ba4093ceaa6f32fd621ab55fd74667d9d3513684a9c4f94e2335935", kill_on_drop: false }`
[INFO] [stdout] 5d445af83ba4093ceaa6f32fd621ab55fd74667d9d3513684a9c4f94e2335935
[INFO] running `Command { std: "docker" "create" "-v" "/var/lib/crater-agent-workspace/builds/worker-2-tc1/target:/opt/rustwide/target:rw,Z" "-v" "/var/lib/crater-agent-workspace/builds/worker-2-tc1/source:/opt/rustwide/workdir:ro,Z" "-v" "/var/lib/crater-agent-workspace/cargo-home:/opt/rustwide/cargo-home:ro,Z" "-v" "/var/lib/crater-agent-workspace/rustup-home:/opt/rustwide/rustup-home:ro,Z" "-e" "SOURCE_DIR=/opt/rustwide/workdir" "-e" "CARGO_TARGET_DIR=/opt/rustwide/target" "-e" "CARGO_INCREMENTAL=0" "-e" "RUST_BACKTRACE=full" "-e" "RUSTFLAGS=--cap-lints=forbid" "-e" "RUSTDOCFLAGS=--cap-lints=forbid" "-e" "CARGO_HOME=/opt/rustwide/cargo-home" "-e" "RUSTUP_HOME=/opt/rustwide/rustup-home" "-w" "/opt/rustwide/workdir" "-m" "1610612736" "--user" "0:0" "--network" "none" "ghcr.io/rust-lang/crates-build-env/linux@sha256:4a844ea9eb2546a2d2c7022eacef16ef2e8229c7fbb2c7d4d55a9ceca922f72d" "/opt/rustwide/cargo-home/bin/cargo" "+nightly-2024-10-28" "build" "--frozen" "--message-format=json", kill_on_drop: false }`
[INFO] [stdout] 44efa3760438ce8e9616d5f940ed8df661356cc9e4335554c82ef51d157de969
[INFO] running `Command { std: "docker" "start" "-a" "44efa3760438ce8e9616d5f940ed8df661356cc9e4335554c82ef51d157de969", kill_on_drop: false }`
[INFO] [stderr]    Compiling proc-macro2 v1.0.86
[INFO] [stderr]    Compiling libc v0.2.158
[INFO] [stderr]    Compiling thiserror v1.0.63
[INFO] [stderr]    Compiling regex-syntax v0.8.4
[INFO] [stderr]    Compiling fastrand v2.1.1
[INFO] [stderr]    Compiling adler2 v2.0.0
[INFO] [stderr]    Compiling gix-trace v0.1.9
[INFO] [stderr]    Compiling faster-hex v0.9.0
[INFO] [stderr]    Compiling crc32fast v1.4.2
[INFO] [stderr]    Compiling sha1_smol v1.0.1
[INFO] [stderr]    Compiling prodash v28.0.0
[INFO] [stderr]    Compiling itoa v1.0.11
[INFO] [stderr]    Compiling bitflags v2.6.0
[INFO] [stderr]    Compiling unicode-normalization v0.1.23
[INFO] [stderr]    Compiling time-core v0.1.2
[INFO] [stderr]    Compiling smallvec v1.13.2
[INFO] [stderr]    Compiling miniz_oxide v0.8.0
[INFO] [stderr]    Compiling powerfmt v0.2.0
[INFO] [stderr]    Compiling num-conv v0.1.0
[INFO] [stderr]    Compiling num_threads v0.1.7
[INFO] [stderr]    Compiling parking_lot_core v0.9.10
[INFO] [stderr]    Compiling lock_api v0.4.12
[INFO] [stderr]    Compiling scopeguard v1.2.0
[INFO] [stderr]    Compiling winnow v0.6.18
[INFO] [stderr]    Compiling ahash v0.8.11
[INFO] [stderr]    Compiling rustix v0.38.35
[INFO] [stderr]    Compiling zerocopy v0.7.35
[INFO] [stderr]    Compiling time-macros v0.2.18
[INFO] [stderr]    Compiling deranged v0.3.11
[INFO] [stderr]    Compiling allocator-api2 v0.2.18
[INFO] [stderr]    Compiling home v0.5.9
[INFO] [stderr]    Compiling signal-hook v0.3.17
[INFO] [stderr]    Compiling serde v1.0.209
[INFO] [stderr]    Compiling ident_case v1.0.1
[INFO] [stderr]    Compiling semver v1.0.23
[INFO] [stderr]    Compiling camino v1.1.9
[INFO] [stderr]    Compiling serde_json v1.0.128
[INFO] [stderr]    Compiling anyhow v1.0.86
[INFO] [stderr]    Compiling gix-utils v0.1.12
[INFO] [stderr]    Compiling idna v0.5.0
[INFO] [stderr]    Compiling clru v0.6.2
[INFO] [stderr]    Compiling flate2 v1.0.33
[INFO] [stderr]    Compiling ryu v1.0.18
[INFO] [stderr]    Compiling syn v1.0.109
[INFO] [stderr]    Compiling quote v1.0.37
[INFO] [stderr]    Compiling anstyle-parse v0.2.5
[INFO] [stderr]    Compiling hashbrown v0.14.5
[INFO] [stderr]    Compiling anstyle-query v1.1.1
[INFO] [stderr]    Compiling unicode-bom v2.0.3
[INFO] [stderr]    Compiling anstyle v1.0.8
[INFO] [stderr]    Compiling syn v2.0.77
[INFO] [stderr]    Compiling is_terminal_polyfill v1.70.1
[INFO] [stderr]    Compiling memmap2 v0.9.4
[INFO] [stderr]    Compiling signal-hook-registry v1.4.2
[INFO] [stderr]    Compiling gix-sec v0.10.8
[INFO] [stderr]    Compiling url v2.5.2
[INFO] [stderr]    Compiling filetime v0.2.25
[INFO] [stderr]    Compiling jobserver v0.1.32
[INFO] [stderr]    Compiling arc-swap v1.7.1
[INFO] [stderr]    Compiling colorchoice v1.0.2
[INFO] [stderr]    Compiling parking_lot v0.12.3
[INFO] [stderr]    Compiling anstream v0.6.15
[INFO] [stderr]    Compiling proc-macro-error-attr v1.0.4
[INFO] [stderr]    Compiling cc v1.1.16
[INFO] [stderr]    Compiling clap_lex v0.7.2
[INFO] [stderr]    Compiling vergen-lib v0.1.3
[INFO] [stderr]    Compiling vergen v9.0.0
[INFO] [stderr]    Compiling clap_builder v4.5.17
[INFO] [stderr]    Compiling vergen-gix v1.0.1
[INFO] [stderr]    Compiling type-map v0.5.0
[INFO] [stderr]    Compiling digest v0.10.7
[INFO] [stderr]    Compiling vergen v8.3.2
[INFO] [stderr]    Compiling self_cell v1.0.4
[INFO] [stderr]    Compiling cpufeatures v0.2.13
[INFO] [stderr]    Compiling self_cell v0.10.3
[INFO] [stderr]    Compiling portable-atomic v1.7.0
[INFO] [stderr]    Compiling roff v0.2.2
[INFO] [stderr]    Compiling sha2 v0.10.8
[INFO] [stderr]    Compiling either v1.13.0
[INFO] [stderr]    Compiling time v0.3.36
[INFO] [stderr]    Compiling minimal-lexical v0.2.1
[INFO] [stderr]    Compiling linked-hash-map v0.5.6
[INFO] [stderr]    Compiling regex-automata v0.4.7
[INFO] [stderr]    Compiling rayon v1.10.0
[INFO] [stderr]    Compiling rust-embed-utils v8.5.0
[INFO] [stderr]    Compiling nom v7.1.3
[INFO] [stderr]    Compiling yaml-rust v0.4.5
[INFO] [stderr]    Compiling console v0.15.8
[INFO] [stderr]    Compiling tempfile v3.12.0
[INFO] [stderr]    Compiling proc-macro-error v1.0.4
[INFO] [stderr]    Compiling terminal_size v0.3.0
[INFO] [stderr]    Compiling chunky-vec v0.1.0
[INFO] [stderr]    Compiling number_prefix v0.4.0
[INFO] [stderr]    Compiling pin-cell v0.2.0
[INFO] [stderr]    Compiling libz-sys v1.1.20
[INFO] [stderr]    Compiling libgit2-sys v0.17.0+1.8.1
[INFO] [stderr]    Compiling pathdiff v0.2.1
[INFO] [stderr]    Compiling itertools v0.13.0
[INFO] [stderr]    Compiling subprocess v0.2.9
[INFO] [stderr]    Compiling num_cpus v1.16.0
[INFO] [stderr]    Compiling Inflector v0.11.4
[INFO] [stderr]    Compiling getset v0.1.2
[INFO] [stderr]    Compiling regex v1.10.6
[INFO] [stderr]    Compiling indicatif v0.17.8
[INFO] [stderr]    Compiling darling_core v0.20.10
[INFO] [stderr]    Compiling bstr v1.10.0
[INFO] [stderr]    Compiling thiserror-impl v1.0.63
[INFO] [stderr]    Compiling serde_derive v1.0.209
[INFO] [stderr]    Compiling displaydoc v0.2.5
[INFO] [stderr]    Compiling gix-macros v0.1.5
[INFO] [stderr]    Compiling clap_derive v4.5.13
[INFO] [stderr]    Compiling futures-macro v0.3.30
[INFO] [stderr]    Compiling snafu-derive v0.8.4
[INFO] [stderr]    Compiling async-trait v0.1.82
[INFO] [stderr]    Compiling rust-embed-impl v8.5.0
[INFO] [stderr]    Compiling config v0.14.0
[INFO] [stderr]    Compiling tinystr v0.7.6
[INFO] [stderr]    Compiling unic-langid-impl v0.9.5
[INFO] [stderr]    Compiling rust-embed v8.5.0
[INFO] [stderr]    Compiling futures-util v0.3.30
[INFO] [stderr]    Compiling unic-langid v0.9.5
[INFO] [stderr]    Compiling intl_pluralrules v7.0.2
[INFO] [stderr]    Compiling fluent-langneg v0.13.0
[INFO] [stderr]    Compiling intl-memoizer v0.5.2
[INFO] [stderr]    Compiling gix-hash v0.14.2
[INFO] [stderr]    Compiling gix-date v0.8.7
[INFO] [stderr]    Compiling gix-validate v0.8.5
[INFO] [stderr]    Compiling gix-path v0.10.10
[INFO] [stderr]    Compiling gix-chunk v0.4.8
[INFO] [stderr]    Compiling darling_macro v0.20.10
[INFO] [stderr]    Compiling gix-quote v0.4.12
[INFO] [stderr]    Compiling gix-features v0.38.2
[INFO] [stderr]    Compiling gix-actor v0.31.5
[INFO] [stderr]    Compiling gix-hashtable v0.5.2
[INFO] [stderr]    Compiling gix-config-value v0.14.8
[INFO] [stderr]    Compiling gix-bitmap v0.2.11
[INFO] [stderr]    Compiling fluent-syntax v0.11.1
[INFO] [stderr]    Compiling gix-fs v0.11.3
[INFO] [stderr]    Compiling gix-commitgraph v0.24.3
[INFO] [stderr]    Compiling gix-glob v0.16.5
[INFO] [stderr]    Compiling gix-url v0.27.5
[INFO] [stderr]    Compiling darling v0.20.10
[INFO] [stderr]    Compiling gix-object v0.42.3
[INFO] [stderr]    Compiling derive_builder_core v0.20.1
[INFO] [stderr]    Compiling clap v4.5.17
[INFO] [stderr]    Compiling gix-tempfile v14.0.2
[INFO] [stderr]    Compiling clap_complete v4.5.25
[INFO] [stderr]    Compiling clap_mangen v0.2.23
[INFO] [stderr]    Compiling fluent-bundle v0.15.3
[INFO] [stderr]    Compiling snafu v0.8.4
[INFO] [stderr]    Compiling gix-lock v14.0.0
[INFO] [stderr]    Compiling fluent v0.16.1
[INFO] [stderr]    Compiling derive_builder_macro v0.20.1
[INFO] [stderr]    Compiling gix-revwalk v0.13.2
[INFO] [stderr]    Compiling gix-ref v0.44.1
[INFO] [stderr]    Compiling gix-traverse v0.39.2
[INFO] [stderr]    Compiling gix-revision v0.27.2
[INFO] [stderr]    Compiling gix-pack v0.51.1
[INFO] [stderr]    Compiling gix-diff v0.44.1
[INFO] [stderr]    Compiling derive_builder v0.20.1
[INFO] [stderr]    Compiling gix-index v0.33.1
[INFO] [stderr]    Compiling gix-refspec v0.23.1
[INFO] [stderr]    Compiling gix-odb v0.61.1
[INFO] [stderr]    Compiling gix-discover v0.32.0
[INFO] [stderr]    Compiling gix-config v0.37.0
[INFO] [stderr]    Compiling futures-executor v0.3.30
[INFO] [stderr]    Compiling futures v0.3.30
[INFO] [stderr]    Compiling fluent-fallback v0.7.1
[INFO] [stderr]    Compiling gix v0.63.0
[INFO] [stderr]    Compiling cargo-platform v0.1.8
[INFO] [stderr]    Compiling rustc_version v0.4.1
[INFO] [stderr]    Compiling cargo_metadata v0.18.1
[INFO] [stderr]    Compiling git2 v0.19.0
[INFO] [stderr]    Compiling git-warp-time v0.8.3
[INFO] [stderr]    Compiling casile v0.14.2 (/opt/rustwide/workdir)
[INFO] [stderr] warning: casile@0.14.2: Could not find a git repository in '/opt/rustwide/workdir' or in any of its parents within device limits below '/opt/rustwide'
[INFO] [stderr] warning: casile@0.14.2: VERGEN_GIT_DESCRIBE set to default
[INFO] [stderr]     Finished `dev` profile [unoptimized + debuginfo] target(s) in 29.49s
[INFO] running `Command { std: "docker" "inspect" "44efa3760438ce8e9616d5f940ed8df661356cc9e4335554c82ef51d157de969", kill_on_drop: false }`
[INFO] running `Command { std: "docker" "rm" "-f" "44efa3760438ce8e9616d5f940ed8df661356cc9e4335554c82ef51d157de969", kill_on_drop: false }`
[INFO] [stdout] 44efa3760438ce8e9616d5f940ed8df661356cc9e4335554c82ef51d157de969
[INFO] running `Command { std: "docker" "create" "-v" "/var/lib/crater-agent-workspace/builds/worker-2-tc1/target:/opt/rustwide/target:rw,Z" "-v" "/var/lib/crater-agent-workspace/builds/worker-2-tc1/source:/opt/rustwide/workdir:ro,Z" "-v" "/var/lib/crater-agent-workspace/cargo-home:/opt/rustwide/cargo-home:ro,Z" "-v" "/var/lib/crater-agent-workspace/rustup-home:/opt/rustwide/rustup-home:ro,Z" "-e" "SOURCE_DIR=/opt/rustwide/workdir" "-e" "CARGO_TARGET_DIR=/opt/rustwide/target" "-e" "CARGO_INCREMENTAL=0" "-e" "RUST_BACKTRACE=full" "-e" "RUSTFLAGS=--cap-lints=forbid" "-e" "RUSTDOCFLAGS=--cap-lints=forbid" "-e" "CARGO_HOME=/opt/rustwide/cargo-home" "-e" "RUSTUP_HOME=/opt/rustwide/rustup-home" "-w" "/opt/rustwide/workdir" "-m" "1610612736" "--user" "0:0" "--network" "none" "ghcr.io/rust-lang/crates-build-env/linux@sha256:4a844ea9eb2546a2d2c7022eacef16ef2e8229c7fbb2c7d4d55a9ceca922f72d" "/opt/rustwide/cargo-home/bin/cargo" "+nightly-2024-10-28" "test" "--frozen" "--no-run" "--message-format=json", kill_on_drop: false }`
[INFO] [stdout] be79fa7e98b0f72c0f1d42ab7e526dd6ebf508645fc4888013e415ee688cc679
[INFO] running `Command { std: "docker" "start" "-a" "be79fa7e98b0f72c0f1d42ab7e526dd6ebf508645fc4888013e415ee688cc679", kill_on_drop: false }`
[INFO] [stderr]    Compiling regex-syntax v0.8.4
[INFO] [stderr]    Compiling num-traits v0.2.19
[INFO] [stderr]    Compiling doc-comment v0.3.3
[INFO] [stderr]    Compiling predicates-core v1.0.8
[INFO] [stderr]    Compiling assert_cmd v2.0.16
[INFO] [stderr]    Compiling difflib v0.4.0
[INFO] [stderr]    Compiling normalize-line-endings v0.3.0
[INFO] [stderr]    Compiling termtree v0.4.1
[INFO] [stderr]    Compiling wait-timeout v0.2.0
[INFO] [stderr]    Compiling predicates-tree v1.0.11
[INFO] [stderr]    Compiling float-cmp v0.9.0
[INFO] [stderr]    Compiling regex-automata v0.4.7
[INFO] [stderr]    Compiling bstr v1.10.0
[INFO] [stderr]    Compiling regex v1.10.6
[INFO] [stderr]    Compiling vergen v9.0.0
[INFO] [stderr]    Compiling predicates v3.1.2
[INFO] [stderr]    Compiling gix-date v0.8.7
[INFO] [stderr]    Compiling gix-validate v0.8.5
[INFO] [stderr]    Compiling gix-path v0.10.10
[INFO] [stderr]    Compiling gix-commitgraph v0.24.3
[INFO] [stderr]    Compiling gix-quote v0.4.12
[INFO] [stderr]    Compiling gix-actor v0.31.5
[INFO] [stderr]    Compiling gix-config-value v0.14.8
[INFO] [stderr]    Compiling gix-glob v0.16.5
[INFO] [stderr]    Compiling gix-url v0.27.5
[INFO] [stderr]    Compiling gix-object v0.42.3
[INFO] [stderr]    Compiling gix-revwalk v0.13.2
[INFO] [stderr]    Compiling gix-ref v0.44.1
[INFO] [stderr]    Compiling gix-pack v0.51.1
[INFO] [stderr]    Compiling gix-diff v0.44.1
[INFO] [stderr]    Compiling gix-revision v0.27.2
[INFO] [stderr]    Compiling gix-traverse v0.39.2
[INFO] [stderr]    Compiling gix-refspec v0.23.1
[INFO] [stderr]    Compiling gix-index v0.33.1
[INFO] [stderr]    Compiling gix-discover v0.32.0
[INFO] [stderr]    Compiling gix-config v0.37.0
[INFO] [stderr]    Compiling gix-odb v0.61.1
[INFO] [stderr]    Compiling gix v0.63.0
[INFO] [stderr]    Compiling vergen-gix v1.0.1
[INFO] [stderr]    Compiling vergen v8.3.2
[INFO] [stderr]    Compiling git-warp-time v0.8.3
[INFO] [stderr]    Compiling casile v0.14.2 (/opt/rustwide/workdir)
[INFO] [stderr] warning: casile@0.14.2: Could not find a git repository in '/opt/rustwide/workdir' or in any of its parents within device limits below '/opt/rustwide'
[INFO] [stderr] warning: casile@0.14.2: VERGEN_GIT_DESCRIBE set to default
[INFO] [stderr]     Finished `test` profile [unoptimized + debuginfo] target(s) in 23.04s
[INFO] running `Command { std: "docker" "inspect" "be79fa7e98b0f72c0f1d42ab7e526dd6ebf508645fc4888013e415ee688cc679", kill_on_drop: false }`
[INFO] running `Command { std: "docker" "rm" "-f" "be79fa7e98b0f72c0f1d42ab7e526dd6ebf508645fc4888013e415ee688cc679", kill_on_drop: false }`
[INFO] [stdout] be79fa7e98b0f72c0f1d42ab7e526dd6ebf508645fc4888013e415ee688cc679
[INFO] running `Command { std: "docker" "create" "-v" "/var/lib/crater-agent-workspace/builds/worker-2-tc1/target:/opt/rustwide/target:rw,Z" "-v" "/var/lib/crater-agent-workspace/builds/worker-2-tc1/source:/opt/rustwide/workdir:ro,Z" "-v" "/var/lib/crater-agent-workspace/cargo-home:/opt/rustwide/cargo-home:ro,Z" "-v" "/var/lib/crater-agent-workspace/rustup-home:/opt/rustwide/rustup-home:ro,Z" "-e" "SOURCE_DIR=/opt/rustwide/workdir" "-e" "CARGO_TARGET_DIR=/opt/rustwide/target" "-e" "CARGO_INCREMENTAL=0" "-e" "RUST_BACKTRACE=full" "-e" "RUSTFLAGS=--cap-lints=forbid" "-e" "RUSTDOCFLAGS=--cap-lints=forbid" "-e" "CARGO_HOME=/opt/rustwide/cargo-home" "-e" "RUSTUP_HOME=/opt/rustwide/rustup-home" "-w" "/opt/rustwide/workdir" "-m" "1610612736" "--user" "0:0" "--network" "none" "ghcr.io/rust-lang/crates-build-env/linux@sha256:4a844ea9eb2546a2d2c7022eacef16ef2e8229c7fbb2c7d4d55a9ceca922f72d" "/opt/rustwide/cargo-home/bin/cargo" "+nightly-2024-10-28" "test" "--frozen", kill_on_drop: false }`
[INFO] [stdout] 72bc7e5feccfad123b270e6ac019835e9fc473e25b63802e69eace0a1edd36f4
[INFO] running `Command { std: "docker" "start" "-a" "72bc7e5feccfad123b270e6ac019835e9fc473e25b63802e69eace0a1edd36f4", kill_on_drop: false }`
[INFO] [stderr]    Compiling casile v0.14.2 (/opt/rustwide/workdir)
[INFO] [stderr] warning: casile@0.14.2: Could not find a git repository in '/opt/rustwide/workdir' or in any of its parents within device limits below '/opt/rustwide'
[INFO] [stderr] warning: casile@0.14.2: VERGEN_GIT_DESCRIBE set to default
[INFO] [stderr]     Finished `test` profile [unoptimized + debuginfo] target(s) in 1.53s
[INFO] [stderr]      Running unittests src/lib.rs (/opt/rustwide/target/debug/deps/casile-caa41615ab9aa3f5)
[INFO] [stdout] 
[INFO] [stdout] running 2 tests
[INFO] [stdout] test i18n::tests::parse_locale ... ok
[INFO] [stdout] test i18n::tests::trim_systemd_locale ... ok
[INFO] [stdout] 
[INFO] [stdout] test result: ok. 2 passed; 0 failed; 0 ignored; 0 measured; 0 filtered out; finished in 0.00s
[INFO] [stdout] 
[INFO] [stderr]      Running unittests src/main.rs (/opt/rustwide/target/debug/deps/casile-27e9abe42835dfa3)
[INFO] [stdout] 
[INFO] [stdout] running 0 tests
[INFO] [stdout] 
[INFO] [stdout] test result: ok. 0 passed; 0 failed; 0 ignored; 0 measured; 0 filtered out; finished in 0.00s
[INFO] [stdout] 
[INFO] [stderr]      Running tests/cli.rs (/opt/rustwide/target/debug/deps/cli-4ed2bc7d91818312)
[INFO] [stdout] 
[INFO] [stdout] running 3 tests
[INFO] [stdout] test output_is_localized ... ignored
[INFO] [stdout] test setup_path_exists ... ok
[INFO] [stdout] test outputs_version ... FAILED
[INFO] [stdout] 
[INFO] [stdout] failures:
[INFO] [stdout] 
[INFO] [stdout] ---- outputs_version stdout ----
[INFO] [stdout] thread 'outputs_version' panicked at /rustc/df4ca44d3fbc9301ee17f30f4d474e6ae4b05252/library/core/src/ops/function.rs:250:5:
[INFO] [stdout] Unexpected stdout, failed var.starts_with("casile v")
[INFO] [stdout] ├── var: casile VERGEN_IDEMPOTENT_OUTPUT
[INFO] [stdout] └── var as str: casile VERGEN_IDEMPOTENT_OUTPUT
[INFO] [stdout] 
[INFO] [stdout] command=`"/opt/rustwide/target/debug/casile" "--version"`
[INFO] [stdout] code=0
[INFO] [stdout] stdout="casile VERGEN_IDEMPOTENT_OUTPUT\n"
[INFO] [stdout] stderr=""
[INFO] [stdout] 
[INFO] [stdout] stack backtrace:
[INFO] [stdout]    0:     0x63ad6dce639a - std::backtrace_rs::backtrace::libunwind::trace::h207520d6e9873551
[INFO] [stdout]                                at /rustc/df4ca44d3fbc9301ee17f30f4d474e6ae4b05252/library/std/src/../../backtrace/src/backtrace/libunwind.rs:116:5
[INFO] [stdout]    1:     0x63ad6dce639a - std::backtrace_rs::backtrace::trace_unsynchronized::h2ed7433f370e3eca
[INFO] [stdout]                                at /rustc/df4ca44d3fbc9301ee17f30f4d474e6ae4b05252/library/std/src/../../backtrace/src/backtrace/mod.rs:66:5
[INFO] [stdout]    2:     0x63ad6dce639a - std::sys::backtrace::_print_fmt::h916fac51166b18d7
[INFO] [stdout]                                at /rustc/df4ca44d3fbc9301ee17f30f4d474e6ae4b05252/library/std/src/sys/backtrace.rs:66:9
[INFO] [stdout]    3:     0x63ad6dce639a - <std::sys::backtrace::BacktraceLock::print::DisplayBacktrace as core::fmt::Display>::fmt::ha0a4c9b8ce3802e6
[INFO] [stdout]                                at /rustc/df4ca44d3fbc9301ee17f30f4d474e6ae4b05252/library/std/src/sys/backtrace.rs:39:26
[INFO] [stdout]    4:     0x63ad6dd0e643 - core::fmt::rt::Argument::fmt::h4cfc8587d52b3eb5
[INFO] [stdout]                                at /rustc/df4ca44d3fbc9301ee17f30f4d474e6ae4b05252/library/core/src/fmt/rt.rs:177:76
[INFO] [stdout]    5:     0x63ad6dd0e643 - core::fmt::write::h522cc39e5b36ae9f
[INFO] [stdout]                                at /rustc/df4ca44d3fbc9301ee17f30f4d474e6ae4b05252/library/core/src/fmt/mod.rs:1190:21
[INFO] [stdout]    6:     0x63ad6dce2c43 - std::io::Write::write_fmt::h7d3c26752da97734
[INFO] [stdout]                                at /rustc/df4ca44d3fbc9301ee17f30f4d474e6ae4b05252/library/std/src/io/mod.rs:1839:15
[INFO] [stdout]    7:     0x63ad6dce61e2 - std::sys::backtrace::BacktraceLock::print::h4b9e00b29e9c0942
[INFO] [stdout]                                at /rustc/df4ca44d3fbc9301ee17f30f4d474e6ae4b05252/library/std/src/sys/backtrace.rs:42:9
[INFO] [stdout]    8:     0x63ad6dce78aa - std::panicking::default_hook::{{closure}}::hb59b88280d0324d9
[INFO] [stdout]                                at /rustc/df4ca44d3fbc9301ee17f30f4d474e6ae4b05252/library/std/src/panicking.rs:268:22
[INFO] [stdout]    9:     0x63ad6dce76b4 - std::panicking::default_hook::he1dd496665be4a29
[INFO] [stdout]                                at /rustc/df4ca44d3fbc9301ee17f30f4d474e6ae4b05252/library/std/src/panicking.rs:292:9
[INFO] [stdout]   10:     0x63ad6dc7aba9 - <alloc::boxed::Box<F,A> as core::ops::function::Fn<Args>>::call::h4ff71de18744e1dc
[INFO] [stdout]                                at /rustc/df4ca44d3fbc9301ee17f30f4d474e6ae4b05252/library/alloc/src/boxed.rs:2468:9
[INFO] [stdout]   11:     0x63ad6dc7aba9 - test::test_main::{{closure}}::hcf7c055ce117aa81
[INFO] [stdout]                                at /rustc/df4ca44d3fbc9301ee17f30f4d474e6ae4b05252/library/test/src/lib.rs:133:21
[INFO] [stdout]   12:     0x63ad6dce7fa8 - <alloc::boxed::Box<F,A> as core::ops::function::Fn<Args>>::call::h1d66c6bbd60c9692
[INFO] [stdout]                                at /rustc/df4ca44d3fbc9301ee17f30f4d474e6ae4b05252/library/alloc/src/boxed.rs:2468:9
[INFO] [stdout]   13:     0x63ad6dce7fa8 - std::panicking::rust_panic_with_hook::h2ff17fe8f26dfcf8
[INFO] [stdout]                                at /rustc/df4ca44d3fbc9301ee17f30f4d474e6ae4b05252/library/std/src/panicking.rs:809:13
[INFO] [stdout]   14:     0x63ad6dce7d6a - std::panicking::begin_panic_handler::{{closure}}::h4fad77951c07e101
[INFO] [stdout]                                at /rustc/df4ca44d3fbc9301ee17f30f4d474e6ae4b05252/library/std/src/panicking.rs:674:13
[INFO] [stdout]   15:     0x63ad6dce6879 - std::sys::backtrace::__rust_end_short_backtrace::hb1a25b3da5d0ea08
[INFO] [stdout]                                at /rustc/df4ca44d3fbc9301ee17f30f4d474e6ae4b05252/library/std/src/sys/backtrace.rs:170:18
[INFO] [stdout]   16:     0x63ad6dce79fc - rust_begin_unwind
[INFO] [stdout]                                at /rustc/df4ca44d3fbc9301ee17f30f4d474e6ae4b05252/library/std/src/panicking.rs:665:5
[INFO] [stdout]   17:     0x63ad6dd0ccf0 - core::panicking::panic_fmt::ha9db07b529f9b256
[INFO] [stdout]                                at /rustc/df4ca44d3fbc9301ee17f30f4d474e6ae4b05252/library/core/src/panicking.rs:75:14
[INFO] [stdout]   18:     0x63ad6dc85c33 - core::panicking::panic_display::h9ae98f800292c47f
[INFO] [stdout]                                at /rustc/df4ca44d3fbc9301ee17f30f4d474e6ae4b05252/library/core/src/panicking.rs:273:5
[INFO] [stdout]   19:     0x63ad6dc8acfe - assert_cmd::assert::AssertError::panic::panic_cold_display::hc31b1d43e990cf37
[INFO] [stdout]                                at /rustc/df4ca44d3fbc9301ee17f30f4d474e6ae4b05252/library/core/src/panic.rs:100:13
[INFO] [stdout]   20:     0x63ad6dc86d07 - assert_cmd::assert::AssertError::panic::h2d098cfd47e68382
[INFO] [stdout]                                at /opt/rustwide/cargo-home/registry/src/index.crates.io-6f17d22bba15001f/assert_cmd-2.0.16/src/assert.rs:1033:9
[INFO] [stdout]   21:     0x63ad6dc906f7 - core::ops::function::FnOnce::call_once::h8432f571db27232a
[INFO] [stdout]                                at /rustc/df4ca44d3fbc9301ee17f30f4d474e6ae4b05252/library/core/src/ops/function.rs:250:5
[INFO] [stdout]   22:     0x63ad6dc859d0 - core::result::Result<T,E>::unwrap_or_else::h537847ccde07a166
[INFO] [stdout]                                at /rustc/df4ca44d3fbc9301ee17f30f4d474e6ae4b05252/library/core/src/result.rs:1457:23
[INFO] [stdout]   23:     0x63ad6dc3dc75 - assert_cmd::assert::Assert::stdout::h3bd271600f0c5df8
[INFO] [stdout]                                at /opt/rustwide/cargo-home/registry/src/index.crates.io-6f17d22bba15001f/assert_cmd-2.0.16/src/assert.rs:364:9
[INFO] [stdout]   24:     0x63ad6dc40677 - cli::outputs_version::hebcac0357d1980af
[INFO] [stdout]                                at /opt/rustwide/workdir/tests/cli.rs:13:5
[INFO] [stdout]   25:     0x63ad6dc404a7 - cli::outputs_version::{{closure}}::h922765199ef5f755
[INFO] [stdout]                                at /opt/rustwide/workdir/tests/cli.rs:10:25
[INFO] [stdout]   26:     0x63ad6dc3f0f6 - core::ops::function::FnOnce::call_once::hea5753c030ec08ef
[INFO] [stdout]                                at /rustc/df4ca44d3fbc9301ee17f30f4d474e6ae4b05252/library/core/src/ops/function.rs:250:5
[INFO] [stdout]   27:     0x63ad6dc7f47b - core::ops::function::FnOnce::call_once::h22c3ba5715e93f05
[INFO] [stdout]                                at /rustc/df4ca44d3fbc9301ee17f30f4d474e6ae4b05252/library/core/src/ops/function.rs:250:5
[INFO] [stdout]   28:     0x63ad6dc7f47b - test::__rust_begin_short_backtrace::h8e82d8113d0da17f
[INFO] [stdout]                                at /rustc/df4ca44d3fbc9301ee17f30f4d474e6ae4b05252/library/test/src/lib.rs:621:18
[INFO] [stdout]   29:     0x63ad6dc7edf7 - test::run_test_in_process::{{closure}}::h33235f4f20b7b7c7
[INFO] [stdout]                                at /rustc/df4ca44d3fbc9301ee17f30f4d474e6ae4b05252/library/test/src/lib.rs:644:60
[INFO] [stdout]   30:     0x63ad6dc7edf7 - <core::panic::unwind_safe::AssertUnwindSafe<F> as core::ops::function::FnOnce<()>>::call_once::hb5043206310c586f
[INFO] [stdout]                                at /rustc/df4ca44d3fbc9301ee17f30f4d474e6ae4b05252/library/core/src/panic/unwind_safe.rs:272:9
[INFO] [stdout]   31:     0x63ad6dc7edf7 - std::panicking::try::do_call::h9ad4731a60ab23e2
[INFO] [stdout]                                at /rustc/df4ca44d3fbc9301ee17f30f4d474e6ae4b05252/library/std/src/panicking.rs:557:40
[INFO] [stdout]   32:     0x63ad6dc7edf7 - std::panicking::try::h3824d23db772a716
[INFO] [stdout]                                at /rustc/df4ca44d3fbc9301ee17f30f4d474e6ae4b05252/library/std/src/panicking.rs:520:19
[INFO] [stdout]   33:     0x63ad6dc7edf7 - std::panic::catch_unwind::h5afd514605fde46b
[INFO] [stdout]                                at /rustc/df4ca44d3fbc9301ee17f30f4d474e6ae4b05252/library/std/src/panic.rs:358:14
[INFO] [stdout]   34:     0x63ad6dc7edf7 - test::run_test_in_process::h0d5cbfa7067d1720
[INFO] [stdout]                                at /rustc/df4ca44d3fbc9301ee17f30f4d474e6ae4b05252/library/test/src/lib.rs:644:27
[INFO] [stdout]   35:     0x63ad6dc7edf7 - test::run_test::{{closure}}::h708eb8872708115d
[INFO] [stdout]                                at /rustc/df4ca44d3fbc9301ee17f30f4d474e6ae4b05252/library/test/src/lib.rs:565:43
[INFO] [stdout]   36:     0x63ad6dc42514 - test::run_test::{{closure}}::h392c51cee94713ab
[INFO] [stdout]                                at /rustc/df4ca44d3fbc9301ee17f30f4d474e6ae4b05252/library/test/src/lib.rs:595:41
[INFO] [stdout]   37:     0x63ad6dc42514 - std::sys::backtrace::__rust_begin_short_backtrace::h2f40290710935a8b
[INFO] [stdout]                                at /rustc/df4ca44d3fbc9301ee17f30f4d474e6ae4b05252/library/std/src/sys/backtrace.rs:154:18
[INFO] [stdout]   38:     0x63ad6dc45cbe - std::thread::Builder::spawn_unchecked_::{{closure}}::{{closure}}::h3fd968d89053a903
[INFO] [stdout]                                at /rustc/df4ca44d3fbc9301ee17f30f4d474e6ae4b05252/library/std/src/thread/mod.rs:541:17
[INFO] [stdout]   39:     0x63ad6dc45cbe - <core::panic::unwind_safe::AssertUnwindSafe<F> as core::ops::function::FnOnce<()>>::call_once::h743f637ba4229880
[INFO] [stdout]                                at /rustc/df4ca44d3fbc9301ee17f30f4d474e6ae4b05252/library/core/src/panic/unwind_safe.rs:272:9
[INFO] [stdout]   40:     0x63ad6dc45cbe - std::panicking::try::do_call::h07440897322525a6
[INFO] [stdout]                                at /rustc/df4ca44d3fbc9301ee17f30f4d474e6ae4b05252/library/std/src/panicking.rs:557:40
[INFO] [stdout]   41:     0x63ad6dc45cbe - std::panicking::try::he5a2e00188156637
[INFO] [stdout]                                at /rustc/df4ca44d3fbc9301ee17f30f4d474e6ae4b05252/library/std/src/panicking.rs:520:19
[INFO] [stdout]   42:     0x63ad6dc45cbe - std::panic::catch_unwind::hbaf3cae49b3c6433
[INFO] [stdout]                                at /rustc/df4ca44d3fbc9301ee17f30f4d474e6ae4b05252/library/std/src/panic.rs:358:14
[INFO] [stdout]   43:     0x63ad6dc45cbe - std::thread::Builder::spawn_unchecked_::{{closure}}::h8e141ea224820bce
[INFO] [stdout]                                at /rustc/df4ca44d3fbc9301ee17f30f4d474e6ae4b05252/library/std/src/thread/mod.rs:540:30
[INFO] [stdout]   44:     0x63ad6dc45cbe - core::ops::function::FnOnce::call_once{{vtable.shim}}::h90d312fedd7b8ea8
[INFO] [stdout]                                at /rustc/df4ca44d3fbc9301ee17f30f4d474e6ae4b05252/library/core/src/ops/function.rs:250:5
[INFO] [stdout]   45:     0x63ad6dcec78b - <alloc::boxed::Box<F,A> as core::ops::function::FnOnce<Args>>::call_once::h69aa08ddb6adb8b6
[INFO] [stdout]                                at /rustc/df4ca44d3fbc9301ee17f30f4d474e6ae4b05252/library/alloc/src/boxed.rs:2454:9
[INFO] [stdout]   46:     0x63ad6dcec78b - <alloc::boxed::Box<F,A> as core::ops::function::FnOnce<Args>>::call_once::h5aa36efdb79c806f
[INFO] [stdout]                                at /rustc/df4ca44d3fbc9301ee17f30f4d474e6ae4b05252/library/alloc/src/boxed.rs:2454:9
[INFO] [stdout]   47:     0x63ad6dcec78b - std::sys::pal::unix::thread::Thread::new::thread_start::h6cd80a1b4be5158d
[INFO] [stdout]                                at /rustc/df4ca44d3fbc9301ee17f30f4d474e6ae4b05252/library/std/src/sys/pal/unix/thread.rs:105:17
[INFO] [stdout]   48:     0x7ea539481ac3 - <unknown>
[INFO] [stdout]   49:     0x7ea539512a04 - clone
[INFO] [stdout]   50:                0x0 - <unknown>
[INFO] [stdout] 
[INFO] [stdout] 
[INFO] [stdout] failures:
[INFO] [stdout]     outputs_version
[INFO] [stdout] 
[INFO] [stdout] test result: FAILED. 1 passed; 1 failed; 1 ignored; 0 measured; 0 filtered out; finished in 0.07s
[INFO] [stdout] 
[INFO] [stderr] error: test failed, to rerun pass `--test cli`
[INFO] running `Command { std: "docker" "inspect" "72bc7e5feccfad123b270e6ac019835e9fc473e25b63802e69eace0a1edd36f4", kill_on_drop: false }`
[INFO] running `Command { std: "docker" "rm" "-f" "72bc7e5feccfad123b270e6ac019835e9fc473e25b63802e69eace0a1edd36f4", kill_on_drop: false }`
[INFO] [stdout] 72bc7e5feccfad123b270e6ac019835e9fc473e25b63802e69eace0a1edd36f4
