[INFO] fetching crate cargo-with 0.3.2...
[INFO] testing cargo-with-0.3.2 against nightly-2024-10-28 for randomize-layout
[INFO] extracting crate cargo-with 0.3.2 into /workspace/builds/worker-7-tc1/source
[INFO] validating manifest of crates.io crate cargo-with 0.3.2 on toolchain nightly-2024-10-28
[INFO] running `Command { std: CARGO_HOME="/workspace/cargo-home" RUSTUP_HOME="/workspace/rustup-home" "/workspace/cargo-home/bin/cargo" "+nightly-2024-10-28" "metadata" "--manifest-path" "Cargo.toml" "--no-deps", kill_on_drop: false }`
[INFO] started tweaking crates.io crate cargo-with 0.3.2
[INFO] finished tweaking crates.io crate cargo-with 0.3.2
[INFO] tweaked toml for crates.io crate cargo-with 0.3.2 written to /workspace/builds/worker-7-tc1/source/Cargo.toml
[INFO] crate crates.io crate cargo-with 0.3.2 already has a lockfile, it will not be regenerated
[INFO] running `Command { std: CARGO_HOME="/workspace/cargo-home" RUSTUP_HOME="/workspace/rustup-home" "/workspace/cargo-home/bin/cargo" "+nightly-2024-10-28" "fetch" "--manifest-path" "Cargo.toml", kill_on_drop: false }`
[INFO] [stderr]  Downloading crates ...
[INFO] [stderr]   Downloaded serde_json v1.0.32
[INFO] [stderr]   Downloaded atty v0.2.11
[INFO] [stderr]   Downloaded redox_termios v0.1.1
[INFO] [stderr]   Downloaded failure_derive v0.1.3
[INFO] [stderr]   Downloaded ryu v0.2.6
[INFO] [stderr]   Downloaded itoa v0.4.3
[INFO] [stderr]   Downloaded redox_syscall v0.1.40
[INFO] [stderr]   Downloaded bitflags v1.0.4
[INFO] [stderr]   Downloaded ucd-util v0.1.1
[INFO] [stderr]   Downloaded env_logger v0.6.0
[INFO] [stderr]   Downloaded cc v1.0.25
[INFO] [stderr]   Downloaded backtrace v0.3.9
[INFO] [stderr]   Downloaded failure v0.1.3
[INFO] [stderr]   Downloaded syn v0.15.13
[INFO] [stderr]   Downloaded proc-macro2 v0.4.20
[INFO] [stderr]   Downloaded serde_derive v1.0.80
[INFO] [stderr]   Downloaded regex v1.0.5
[INFO] [stderr]   Downloaded serde v1.0.80
[INFO] [stderr]   Downloaded unicode-width v0.1.5
[INFO] [stderr]   Downloaded termion v1.5.1
[INFO] [stderr]   Downloaded quick-error v1.2.2
[INFO] [stderr]   Downloaded regex-syntax v0.6.2
[INFO] [stderr]   Downloaded humantime v1.1.1
[INFO] [stderr]   Downloaded aho-corasick v0.6.8
[INFO] [stderr]   Downloaded memchr v2.1.0
[INFO] [stderr]   Downloaded lazy_static v1.1.0
[INFO] [stderr]   Downloaded utf8-ranges v1.0.1
[INFO] [stderr]   Downloaded termcolor v1.0.4
[INFO] [stderr]   Downloaded libc v0.2.43
[INFO] [stderr]   Downloaded log v0.4.5
[INFO] [stderr]   Downloaded rustc-demangle v0.1.9
[INFO] [stderr]   Downloaded synstructure v0.10.0
[INFO] [stderr]   Downloaded quote v0.6.8
[INFO] [stderr]   Downloaded winapi-util v0.1.1
[INFO] [stderr]   Downloaded wincolor v1.0.1
[INFO] [stderr]   Downloaded cfg-if v0.1.6
[INFO] [stderr]   Downloaded backtrace-sys v0.1.24
[INFO] [stderr]   Downloaded winapi v0.3.6
[INFO] running `Command { std: "docker" "create" "-v" "/var/lib/crater-agent-workspace/builds/worker-7-tc1/target:/opt/rustwide/target:rw,Z" "-v" "/var/lib/crater-agent-workspace/builds/worker-7-tc1/source:/opt/rustwide/workdir:ro,Z" "-v" "/var/lib/crater-agent-workspace/cargo-home:/opt/rustwide/cargo-home:ro,Z" "-v" "/var/lib/crater-agent-workspace/rustup-home:/opt/rustwide/rustup-home:ro,Z" "-e" "SOURCE_DIR=/opt/rustwide/workdir" "-e" "CARGO_TARGET_DIR=/opt/rustwide/target" "-e" "CARGO_HOME=/opt/rustwide/cargo-home" "-e" "RUSTUP_HOME=/opt/rustwide/rustup-home" "-w" "/opt/rustwide/workdir" "-m" "1610612736" "--user" "0:0" "--network" "none" "ghcr.io/rust-lang/crates-build-env/linux@sha256:4a844ea9eb2546a2d2c7022eacef16ef2e8229c7fbb2c7d4d55a9ceca922f72d" "/opt/rustwide/cargo-home/bin/cargo" "+nightly-2024-10-28" "metadata" "--no-deps" "--format-version=1", kill_on_drop: false }`
[INFO] [stdout] b60d3223420de5b91090e6f1a70f73ea0b05228a533de4e20ed7327294a3a5a1
[INFO] running `Command { std: "docker" "start" "-a" "b60d3223420de5b91090e6f1a70f73ea0b05228a533de4e20ed7327294a3a5a1", kill_on_drop: false }`
[INFO] running `Command { std: "docker" "inspect" "b60d3223420de5b91090e6f1a70f73ea0b05228a533de4e20ed7327294a3a5a1", kill_on_drop: false }`
[INFO] running `Command { std: "docker" "rm" "-f" "b60d3223420de5b91090e6f1a70f73ea0b05228a533de4e20ed7327294a3a5a1", kill_on_drop: false }`
[INFO] [stdout] b60d3223420de5b91090e6f1a70f73ea0b05228a533de4e20ed7327294a3a5a1
[INFO] running `Command { std: "docker" "create" "-v" "/var/lib/crater-agent-workspace/builds/worker-7-tc1/target:/opt/rustwide/target:rw,Z" "-v" "/var/lib/crater-agent-workspace/builds/worker-7-tc1/source:/opt/rustwide/workdir:ro,Z" "-v" "/var/lib/crater-agent-workspace/cargo-home:/opt/rustwide/cargo-home:ro,Z" "-v" "/var/lib/crater-agent-workspace/rustup-home:/opt/rustwide/rustup-home:ro,Z" "-e" "SOURCE_DIR=/opt/rustwide/workdir" "-e" "CARGO_TARGET_DIR=/opt/rustwide/target" "-e" "CARGO_INCREMENTAL=0" "-e" "RUST_BACKTRACE=full" "-e" "RUSTFLAGS=--cap-lints=forbid" "-e" "RUSTDOCFLAGS=--cap-lints=forbid" "-e" "CARGO_HOME=/opt/rustwide/cargo-home" "-e" "RUSTUP_HOME=/opt/rustwide/rustup-home" "-w" "/opt/rustwide/workdir" "-m" "1610612736" "--user" "0:0" "--network" "none" "ghcr.io/rust-lang/crates-build-env/linux@sha256:4a844ea9eb2546a2d2c7022eacef16ef2e8229c7fbb2c7d4d55a9ceca922f72d" "/opt/rustwide/cargo-home/bin/cargo" "+nightly-2024-10-28" "build" "--frozen" "--message-format=json", kill_on_drop: false }`
[INFO] [stdout] 60d97265c01339e7163a45ec17fb038af303d58e4b0f964a2a6c54c05693d0e1
[INFO] running `Command { std: "docker" "start" "-a" "60d97265c01339e7163a45ec17fb038af303d58e4b0f964a2a6c54c05693d0e1", kill_on_drop: false }`
[INFO] [stderr]    Compiling proc-macro2 v0.4.20
[INFO] [stderr]    Compiling version_check v0.1.5
[INFO] [stderr]    Compiling libc v0.2.43
[INFO] [stderr]    Compiling unicode-xid v0.1.0
[INFO] [stderr]    Compiling cfg-if v0.1.6
[INFO] [stderr]    Compiling cc v1.0.25
[INFO] [stderr]    Compiling failure_derive v0.1.3
[INFO] [stderr]    Compiling serde v1.0.80
[INFO] [stderr]    Compiling ucd-util v0.1.1
[INFO] [stderr]    Compiling regex v1.0.5
[INFO] [stderr]    Compiling ryu v0.2.6
[INFO] [stderr]    Compiling utf8-ranges v1.0.1
[INFO] [stderr]    Compiling quick-error v1.2.2
[INFO] [stderr]    Compiling unicode-width v0.1.5
[INFO] [stderr]    Compiling rustc-demangle v0.1.9
[INFO] [stderr]    Compiling termcolor v1.0.4
[INFO] [stderr]    Compiling log v0.4.5
[INFO] [stderr]    Compiling textwrap v0.10.0
[INFO] [stderr]    Compiling humantime v1.1.1
[INFO] [stderr]    Compiling vec_map v0.8.1
[INFO] [stderr]    Compiling regex-syntax v0.6.2
[INFO] [stderr]    Compiling ansi_term v0.11.0
[INFO] [stderr]    Compiling bitflags v1.0.4
[INFO] [stderr]    Compiling itoa v0.4.3
[INFO] [stderr]    Compiling strsim v0.7.0
[INFO] [stderr]    Compiling memchr v2.1.0
[INFO] [stderr]    Compiling lazy_static v1.1.0
[INFO] [stderr]    Compiling void v1.0.2
[INFO] [stderr]    Compiling atty v0.2.11
[INFO] [stderr]    Compiling clap v2.32.0
[INFO] [stderr]    Compiling thread_local v0.3.6
[INFO] [stderr]    Compiling backtrace-sys v0.1.24
[INFO] [stderr]    Compiling aho-corasick v0.6.8
[INFO] [stderr]    Compiling quote v0.6.8
[INFO] [stderr]    Compiling syn v0.15.13
[INFO] [stderr]    Compiling backtrace v0.3.9
[INFO] [stderr]    Compiling synstructure v0.10.0
[INFO] [stderr]    Compiling env_logger v0.6.0
[INFO] [stderr]    Compiling serde_derive v1.0.80
[INFO] [stderr]    Compiling failure v0.1.3
[INFO] [stderr]    Compiling serde_json v1.0.32
[INFO] [stderr]    Compiling cargo-with v0.3.2 (/opt/rustwide/workdir)
[INFO] [stdout] warning: fields `features`, `fresh`, and `reason` are never read
[INFO] [stdout]    --> src/cargo_command.rs:140:5
[INFO] [stdout]     |
[INFO] [stdout] 139 | struct CargoBuildOutputElement {
[INFO] [stdout]     |        ----------------------- fields in this struct
[INFO] [stdout] 140 |     features: Vec<String>,
[INFO] [stdout]     |     ^^^^^^^^
[INFO] [stdout] 141 |     filenames: Vec<PathBuf>,
[INFO] [stdout] 142 |     fresh: bool,
[INFO] [stdout]     |     ^^^^^
[INFO] [stdout] ...
[INFO] [stdout] 145 |     reason: String,
[INFO] [stdout]     |     ^^^^^^
[INFO] [stdout]     |
[INFO] [stdout]     = note: `CargoBuildOutputElement` has derived impls for the traits `Clone` and `Debug`, but these are intentionally ignored during dead code analysis
[INFO] [stdout]     = note: `#[warn(dead_code)]` on by default
[INFO] [stdout] 
[INFO] [stdout] 
[INFO] [stdout] warning: fields `debug_assertions`, `debuginfo`, `opt_level`, and `overflow_checks` are never read
[INFO] [stdout]    --> src/cargo_command.rs:151:5
[INFO] [stdout]     |
[INFO] [stdout] 150 | struct Profile {
[INFO] [stdout]     |        ------- fields in this struct
[INFO] [stdout] 151 |     debug_assertions: bool,
[INFO] [stdout]     |     ^^^^^^^^^^^^^^^^
[INFO] [stdout] 152 |     debuginfo: Option<u32>,
[INFO] [stdout]     |     ^^^^^^^^^
[INFO] [stdout] 153 |     opt_level: String,
[INFO] [stdout]     |     ^^^^^^^^^
[INFO] [stdout] 154 |     overflow_checks: bool,
[INFO] [stdout]     |     ^^^^^^^^^^^^^^^
[INFO] [stdout]     |
[INFO] [stdout]     = note: `Profile` has derived impls for the traits `Clone` and `Debug`, but these are intentionally ignored during dead code analysis
[INFO] [stdout] 
[INFO] [stdout] 
[INFO] [stdout] warning: fields `crate_types`, `edition`, `name`, and `src_path` are never read
[INFO] [stdout]    --> src/cargo_command.rs:196:5
[INFO] [stdout]     |
[INFO] [stdout] 195 | struct Target {
[INFO] [stdout]     |        ------ fields in this struct
[INFO] [stdout] 196 |     crate_types: Vec<String>,
[INFO] [stdout]     |     ^^^^^^^^^^^
[INFO] [stdout] 197 |     edition: String,
[INFO] [stdout]     |     ^^^^^^^
[INFO] [stdout] 198 |     kind: Vec<TargetKind>,
[INFO] [stdout] 199 |     name: String,
[INFO] [stdout]     |     ^^^^
[INFO] [stdout] 200 |     src_path: PathBuf,
[INFO] [stdout]     |     ^^^^^^^^
[INFO] [stdout]     |
[INFO] [stdout]     = note: `Target` has derived impls for the traits `Clone` and `Debug`, but these are intentionally ignored during dead code analysis
[INFO] [stdout] 
[INFO] [stdout] 
[INFO] [stdout] warning: non-local `impl` definition, `impl` blocks should be written at the same level as their item
[INFO] [stdout]    --> src/cargo_command.rs:138:10
[INFO] [stdout]     |
[INFO] [stdout] 138 | #[derive(Deserialize, Debug, Clone)]
[INFO] [stdout]     |          ^----------
[INFO] [stdout]     |          |
[INFO] [stdout]     |          `Deserialize` is not local
[INFO] [stdout]     |          move the `impl` block outside of this constant `_IMPL_DESERIALIZE_FOR_CargoBuildOutputElement`
[INFO] [stdout] 139 | struct CargoBuildOutputElement {
[INFO] [stdout]     |        ----------------------- `CargoBuildOutputElement` is not local
[INFO] [stdout]     |
[INFO] [stdout]     = note: the derive macro `Deserialize` defines the non-local `impl`, and may need to be changed
[INFO] [stdout]     = note: the derive macro `Deserialize` may come from an old version of the `serde_derive` crate, try updating your dependency with `cargo update -p serde_derive`
[INFO] [stdout]     = note: an `impl` is never scoped, even when it is nested inside an item, as it may impact type checking outside of that item, which can be the case if neither the trait or the self type are at the same nesting level as the `impl`
[INFO] [stdout]     = note: items in an anonymous const item (`const _: () = { ... }`) are treated as in the same scope as the anonymous const's declaration for the purpose of this lint
[INFO] [stdout]     = note: `#[warn(non_local_definitions)]` on by default
[INFO] [stdout]     = note: this warning originates in the derive macro `Deserialize` (in Nightly builds, run with -Z macro-backtrace for more info)
[INFO] [stdout] 
[INFO] [stdout] 
[INFO] [stdout] warning: non-local `impl` definition, `impl` blocks should be written at the same level as their item
[INFO] [stdout]    --> src/cargo_command.rs:149:10
[INFO] [stdout]     |
[INFO] [stdout] 149 | #[derive(Deserialize, Debug, Clone)]
[INFO] [stdout]     |          ^----------
[INFO] [stdout]     |          |
[INFO] [stdout]     |          `Deserialize` is not local
[INFO] [stdout]     |          move the `impl` block outside of this constant `_IMPL_DESERIALIZE_FOR_Profile`
[INFO] [stdout] 150 | struct Profile {
[INFO] [stdout]     |        ------- `Profile` is not local
[INFO] [stdout]     |
[INFO] [stdout]     = note: the derive macro `Deserialize` defines the non-local `impl`, and may need to be changed
[INFO] [stdout]     = note: the derive macro `Deserialize` may come from an old version of the `serde_derive` crate, try updating your dependency with `cargo update -p serde_derive`
[INFO] [stdout]     = note: an `impl` is never scoped, even when it is nested inside an item, as it may impact type checking outside of that item, which can be the case if neither the trait or the self type are at the same nesting level as the `impl`
[INFO] [stdout]     = note: items in an anonymous const item (`const _: () = { ... }`) are treated as in the same scope as the anonymous const's declaration for the purpose of this lint
[INFO] [stdout]     = note: this warning originates in the derive macro `Deserialize` (in Nightly builds, run with -Z macro-backtrace for more info)
[INFO] [stdout] 
[INFO] [stdout] 
[INFO] [stdout] warning: non-local `impl` definition, `impl` blocks should be written at the same level as their item
[INFO] [stdout]    --> src/cargo_command.rs:163:10
[INFO] [stdout]     |
[INFO] [stdout] 163 | #[derive(Deserialize, Debug, Clone, Copy, PartialEq, Eq)]
[INFO] [stdout]     |          ^----------
[INFO] [stdout]     |          |
[INFO] [stdout]     |          `Deserialize` is not local
[INFO] [stdout]     |          move the `impl` block outside of this constant `_IMPL_DESERIALIZE_FOR_TargetKind`
[INFO] [stdout] 164 | #[serde(rename_all = "kebab-case")]
[INFO] [stdout] 165 | enum TargetKind {
[INFO] [stdout]     |      ---------- `TargetKind` is not local
[INFO] [stdout]     |
[INFO] [stdout]     = note: the derive macro `Deserialize` defines the non-local `impl`, and may need to be changed
[INFO] [stdout]     = note: the derive macro `Deserialize` may come from an old version of the `serde_derive` crate, try updating your dependency with `cargo update -p serde_derive`
[INFO] [stdout]     = note: an `impl` is never scoped, even when it is nested inside an item, as it may impact type checking outside of that item, which can be the case if neither the trait or the self type are at the same nesting level as the `impl`
[INFO] [stdout]     = note: items in an anonymous const item (`const _: () = { ... }`) are treated as in the same scope as the anonymous const's declaration for the purpose of this lint
[INFO] [stdout]     = note: this warning originates in the derive macro `Deserialize` (in Nightly builds, run with -Z macro-backtrace for more info)
[INFO] [stdout] 
[INFO] [stdout] 
[INFO] [stdout] warning: non-local `impl` definition, `impl` blocks should be written at the same level as their item
[INFO] [stdout]    --> src/cargo_command.rs:194:10
[INFO] [stdout]     |
[INFO] [stdout] 194 | #[derive(Deserialize, Debug, Clone)]
[INFO] [stdout]     |          ^----------
[INFO] [stdout]     |          |
[INFO] [stdout]     |          `Deserialize` is not local
[INFO] [stdout]     |          move the `impl` block outside of this constant `_IMPL_DESERIALIZE_FOR_Target`
[INFO] [stdout] 195 | struct Target {
[INFO] [stdout]     |        ------ `Target` is not local
[INFO] [stdout]     |
[INFO] [stdout]     = note: the derive macro `Deserialize` defines the non-local `impl`, and may need to be changed
[INFO] [stdout]     = note: the derive macro `Deserialize` may come from an old version of the `serde_derive` crate, try updating your dependency with `cargo update -p serde_derive`
[INFO] [stdout]     = note: an `impl` is never scoped, even when it is nested inside an item, as it may impact type checking outside of that item, which can be the case if neither the trait or the self type are at the same nesting level as the `impl`
[INFO] [stdout]     = note: items in an anonymous const item (`const _: () = { ... }`) are treated as in the same scope as the anonymous const's declaration for the purpose of this lint
[INFO] [stdout]     = note: this warning originates in the derive macro `Deserialize` (in Nightly builds, run with -Z macro-backtrace for more info)
[INFO] [stdout] 
[INFO] [stdout] 
[INFO] [stderr]     Finished `dev` profile [unoptimized + debuginfo] target(s) in 11.56s
[INFO] running `Command { std: "docker" "inspect" "60d97265c01339e7163a45ec17fb038af303d58e4b0f964a2a6c54c05693d0e1", kill_on_drop: false }`
[INFO] running `Command { std: "docker" "rm" "-f" "60d97265c01339e7163a45ec17fb038af303d58e4b0f964a2a6c54c05693d0e1", kill_on_drop: false }`
[INFO] [stdout] 60d97265c01339e7163a45ec17fb038af303d58e4b0f964a2a6c54c05693d0e1
[INFO] running `Command { std: "docker" "create" "-v" "/var/lib/crater-agent-workspace/builds/worker-7-tc1/target:/opt/rustwide/target:rw,Z" "-v" "/var/lib/crater-agent-workspace/builds/worker-7-tc1/source:/opt/rustwide/workdir:ro,Z" "-v" "/var/lib/crater-agent-workspace/cargo-home:/opt/rustwide/cargo-home:ro,Z" "-v" "/var/lib/crater-agent-workspace/rustup-home:/opt/rustwide/rustup-home:ro,Z" "-e" "SOURCE_DIR=/opt/rustwide/workdir" "-e" "CARGO_TARGET_DIR=/opt/rustwide/target" "-e" "CARGO_INCREMENTAL=0" "-e" "RUST_BACKTRACE=full" "-e" "RUSTFLAGS=--cap-lints=forbid" "-e" "RUSTDOCFLAGS=--cap-lints=forbid" "-e" "CARGO_HOME=/opt/rustwide/cargo-home" "-e" "RUSTUP_HOME=/opt/rustwide/rustup-home" "-w" "/opt/rustwide/workdir" "-m" "1610612736" "--user" "0:0" "--network" "none" "ghcr.io/rust-lang/crates-build-env/linux@sha256:4a844ea9eb2546a2d2c7022eacef16ef2e8229c7fbb2c7d4d55a9ceca922f72d" "/opt/rustwide/cargo-home/bin/cargo" "+nightly-2024-10-28" "test" "--frozen" "--no-run" "--message-format=json", kill_on_drop: false }`
[INFO] [stdout] e92167ca9f527f7175283c9cc31a9a33265b23d0c8babd254105e8f618cf1c88
[INFO] running `Command { std: "docker" "start" "-a" "e92167ca9f527f7175283c9cc31a9a33265b23d0c8babd254105e8f618cf1c88", kill_on_drop: false }`
[INFO] [stderr]    Compiling cargo-with v0.3.2 (/opt/rustwide/workdir)
[INFO] [stdout] warning: fields `features`, `fresh`, and `reason` are never read
[INFO] [stdout]    --> src/cargo_command.rs:140:5
[INFO] [stdout]     |
[INFO] [stdout] 139 | struct CargoBuildOutputElement {
[INFO] [stdout]     |        ----------------------- fields in this struct
[INFO] [stdout] 140 |     features: Vec<String>,
[INFO] [stdout]     |     ^^^^^^^^
[INFO] [stdout] 141 |     filenames: Vec<PathBuf>,
[INFO] [stdout] 142 |     fresh: bool,
[INFO] [stdout]     |     ^^^^^
[INFO] [stdout] ...
[INFO] [stdout] 145 |     reason: String,
[INFO] [stdout]     |     ^^^^^^
[INFO] [stdout]     |
[INFO] [stdout]     = note: `CargoBuildOutputElement` has derived impls for the traits `Clone` and `Debug`, but these are intentionally ignored during dead code analysis
[INFO] [stdout]     = note: `#[warn(dead_code)]` on by default
[INFO] [stdout] 
[INFO] [stdout] 
[INFO] [stdout] warning: fields `debug_assertions`, `debuginfo`, `opt_level`, and `overflow_checks` are never read
[INFO] [stdout]    --> src/cargo_command.rs:151:5
[INFO] [stdout]     |
[INFO] [stdout] 150 | struct Profile {
[INFO] [stdout]     |        ------- fields in this struct
[INFO] [stdout] 151 |     debug_assertions: bool,
[INFO] [stdout]     |     ^^^^^^^^^^^^^^^^
[INFO] [stdout] 152 |     debuginfo: Option<u32>,
[INFO] [stdout]     |     ^^^^^^^^^
[INFO] [stdout] 153 |     opt_level: String,
[INFO] [stdout]     |     ^^^^^^^^^
[INFO] [stdout] 154 |     overflow_checks: bool,
[INFO] [stdout]     |     ^^^^^^^^^^^^^^^
[INFO] [stdout]     |
[INFO] [stdout]     = note: `Profile` has derived impls for the traits `Clone` and `Debug`, but these are intentionally ignored during dead code analysis
[INFO] [stdout] 
[INFO] [stdout] 
[INFO] [stdout] warning: fields `crate_types`, `edition`, `name`, and `src_path` are never read
[INFO] [stdout]    --> src/cargo_command.rs:196:5
[INFO] [stdout]     |
[INFO] [stdout] 195 | struct Target {
[INFO] [stdout]     |        ------ fields in this struct
[INFO] [stdout] 196 |     crate_types: Vec<String>,
[INFO] [stdout]     |     ^^^^^^^^^^^
[INFO] [stdout] 197 |     edition: String,
[INFO] [stdout]     |     ^^^^^^^
[INFO] [stdout] 198 |     kind: Vec<TargetKind>,
[INFO] [stdout] 199 |     name: String,
[INFO] [stdout]     |     ^^^^
[INFO] [stdout] 200 |     src_path: PathBuf,
[INFO] [stdout]     |     ^^^^^^^^
[INFO] [stdout]     |
[INFO] [stdout]     = note: `Target` has derived impls for the traits `Clone` and `Debug`, but these are intentionally ignored during dead code analysis
[INFO] [stdout] 
[INFO] [stdout] 
[INFO] [stdout] warning: non-local `impl` definition, `impl` blocks should be written at the same level as their item
[INFO] [stdout]    --> src/cargo_command.rs:138:10
[INFO] [stdout]     |
[INFO] [stdout] 138 | #[derive(Deserialize, Debug, Clone)]
[INFO] [stdout]     |          ^----------
[INFO] [stdout]     |          |
[INFO] [stdout]     |          `Deserialize` is not local
[INFO] [stdout]     |          move the `impl` block outside of this constant `_IMPL_DESERIALIZE_FOR_CargoBuildOutputElement`
[INFO] [stdout] 139 | struct CargoBuildOutputElement {
[INFO] [stdout]     |        ----------------------- `CargoBuildOutputElement` is not local
[INFO] [stdout]     |
[INFO] [stdout]     = note: the derive macro `Deserialize` defines the non-local `impl`, and may need to be changed
[INFO] [stdout]     = note: the derive macro `Deserialize` may come from an old version of the `serde_derive` crate, try updating your dependency with `cargo update -p serde_derive`
[INFO] [stdout]     = note: an `impl` is never scoped, even when it is nested inside an item, as it may impact type checking outside of that item, which can be the case if neither the trait or the self type are at the same nesting level as the `impl`
[INFO] [stdout]     = note: items in an anonymous const item (`const _: () = { ... }`) are treated as in the same scope as the anonymous const's declaration for the purpose of this lint
[INFO] [stdout]     = note: `#[warn(non_local_definitions)]` on by default
[INFO] [stdout]     = note: this warning originates in the derive macro `Deserialize` (in Nightly builds, run with -Z macro-backtrace for more info)
[INFO] [stdout] 
[INFO] [stdout] 
[INFO] [stdout] warning: non-local `impl` definition, `impl` blocks should be written at the same level as their item
[INFO] [stdout]    --> src/cargo_command.rs:149:10
[INFO] [stdout]     |
[INFO] [stdout] 149 | #[derive(Deserialize, Debug, Clone)]
[INFO] [stdout]     |          ^----------
[INFO] [stdout]     |          |
[INFO] [stdout]     |          `Deserialize` is not local
[INFO] [stdout]     |          move the `impl` block outside of this constant `_IMPL_DESERIALIZE_FOR_Profile`
[INFO] [stdout] 150 | struct Profile {
[INFO] [stdout]     |        ------- `Profile` is not local
[INFO] [stdout]     |
[INFO] [stdout]     = note: the derive macro `Deserialize` defines the non-local `impl`, and may need to be changed
[INFO] [stdout]     = note: the derive macro `Deserialize` may come from an old version of the `serde_derive` crate, try updating your dependency with `cargo update -p serde_derive`
[INFO] [stdout]     = note: an `impl` is never scoped, even when it is nested inside an item, as it may impact type checking outside of that item, which can be the case if neither the trait or the self type are at the same nesting level as the `impl`
[INFO] [stdout]     = note: items in an anonymous const item (`const _: () = { ... }`) are treated as in the same scope as the anonymous const's declaration for the purpose of this lint
[INFO] [stdout]     = note: this warning originates in the derive macro `Deserialize` (in Nightly builds, run with -Z macro-backtrace for more info)
[INFO] [stdout] 
[INFO] [stdout] 
[INFO] [stdout] warning: non-local `impl` definition, `impl` blocks should be written at the same level as their item
[INFO] [stdout]    --> src/cargo_command.rs:163:10
[INFO] [stdout]     |
[INFO] [stdout] 163 | #[derive(Deserialize, Debug, Clone, Copy, PartialEq, Eq)]
[INFO] [stdout]     |          ^----------
[INFO] [stdout]     |          |
[INFO] [stdout]     |          `Deserialize` is not local
[INFO] [stdout]     |          move the `impl` block outside of this constant `_IMPL_DESERIALIZE_FOR_TargetKind`
[INFO] [stdout] 164 | #[serde(rename_all = "kebab-case")]
[INFO] [stdout] 165 | enum TargetKind {
[INFO] [stdout]     |      ---------- `TargetKind` is not local
[INFO] [stdout]     |
[INFO] [stdout]     = note: the derive macro `Deserialize` defines the non-local `impl`, and may need to be changed
[INFO] [stdout]     = note: the derive macro `Deserialize` may come from an old version of the `serde_derive` crate, try updating your dependency with `cargo update -p serde_derive`
[INFO] [stdout]     = note: an `impl` is never scoped, even when it is nested inside an item, as it may impact type checking outside of that item, which can be the case if neither the trait or the self type are at the same nesting level as the `impl`
[INFO] [stdout]     = note: items in an anonymous const item (`const _: () = { ... }`) are treated as in the same scope as the anonymous const's declaration for the purpose of this lint
[INFO] [stdout]     = note: this warning originates in the derive macro `Deserialize` (in Nightly builds, run with -Z macro-backtrace for more info)
[INFO] [stdout] 
[INFO] [stdout] 
[INFO] [stdout] warning: non-local `impl` definition, `impl` blocks should be written at the same level as their item
[INFO] [stdout]    --> src/cargo_command.rs:194:10
[INFO] [stdout]     |
[INFO] [stdout] 194 | #[derive(Deserialize, Debug, Clone)]
[INFO] [stdout]     |          ^----------
[INFO] [stdout]     |          |
[INFO] [stdout]     |          `Deserialize` is not local
[INFO] [stdout]     |          move the `impl` block outside of this constant `_IMPL_DESERIALIZE_FOR_Target`
[INFO] [stdout] 195 | struct Target {
[INFO] [stdout]     |        ------ `Target` is not local
[INFO] [stdout]     |
[INFO] [stdout]     = note: the derive macro `Deserialize` defines the non-local `impl`, and may need to be changed
[INFO] [stdout]     = note: the derive macro `Deserialize` may come from an old version of the `serde_derive` crate, try updating your dependency with `cargo update -p serde_derive`
[INFO] [stdout]     = note: an `impl` is never scoped, even when it is nested inside an item, as it may impact type checking outside of that item, which can be the case if neither the trait or the self type are at the same nesting level as the `impl`
[INFO] [stdout]     = note: items in an anonymous const item (`const _: () = { ... }`) are treated as in the same scope as the anonymous const's declaration for the purpose of this lint
[INFO] [stdout]     = note: this warning originates in the derive macro `Deserialize` (in Nightly builds, run with -Z macro-backtrace for more info)
[INFO] [stdout] 
[INFO] [stdout] 
[INFO] [stderr]     Finished `test` profile [unoptimized + debuginfo] target(s) in 0.72s
[INFO] running `Command { std: "docker" "inspect" "e92167ca9f527f7175283c9cc31a9a33265b23d0c8babd254105e8f618cf1c88", kill_on_drop: false }`
[INFO] running `Command { std: "docker" "rm" "-f" "e92167ca9f527f7175283c9cc31a9a33265b23d0c8babd254105e8f618cf1c88", kill_on_drop: false }`
[INFO] [stdout] e92167ca9f527f7175283c9cc31a9a33265b23d0c8babd254105e8f618cf1c88
[INFO] running `Command { std: "docker" "create" "-v" "/var/lib/crater-agent-workspace/builds/worker-7-tc1/target:/opt/rustwide/target:rw,Z" "-v" "/var/lib/crater-agent-workspace/builds/worker-7-tc1/source:/opt/rustwide/workdir:ro,Z" "-v" "/var/lib/crater-agent-workspace/cargo-home:/opt/rustwide/cargo-home:ro,Z" "-v" "/var/lib/crater-agent-workspace/rustup-home:/opt/rustwide/rustup-home:ro,Z" "-e" "SOURCE_DIR=/opt/rustwide/workdir" "-e" "CARGO_TARGET_DIR=/opt/rustwide/target" "-e" "CARGO_INCREMENTAL=0" "-e" "RUST_BACKTRACE=full" "-e" "RUSTFLAGS=--cap-lints=forbid" "-e" "RUSTDOCFLAGS=--cap-lints=forbid" "-e" "CARGO_HOME=/opt/rustwide/cargo-home" "-e" "RUSTUP_HOME=/opt/rustwide/rustup-home" "-w" "/opt/rustwide/workdir" "-m" "1610612736" "--user" "0:0" "--network" "none" "ghcr.io/rust-lang/crates-build-env/linux@sha256:4a844ea9eb2546a2d2c7022eacef16ef2e8229c7fbb2c7d4d55a9ceca922f72d" "/opt/rustwide/cargo-home/bin/cargo" "+nightly-2024-10-28" "test" "--frozen", kill_on_drop: false }`
[INFO] [stdout] dee3dce0f230382850f04d2fe3ddf9f46c159b52296d52a5cb53d98dbcd15c5b
[INFO] running `Command { std: "docker" "start" "-a" "dee3dce0f230382850f04d2fe3ddf9f46c159b52296d52a5cb53d98dbcd15c5b", kill_on_drop: false }`
[INFO] [stderr] warning: fields `features`, `fresh`, and `reason` are never read
[INFO] [stderr]    --> src/cargo_command.rs:140:5
[INFO] [stderr]     |
[INFO] [stderr] 139 | struct CargoBuildOutputElement {
[INFO] [stderr]     |        ----------------------- fields in this struct
[INFO] [stderr] 140 |     features: Vec<String>,
[INFO] [stderr]     |     ^^^^^^^^
[INFO] [stderr] 141 |     filenames: Vec<PathBuf>,
[INFO] [stderr] 142 |     fresh: bool,
[INFO] [stderr]     |     ^^^^^
[INFO] [stderr] ...
[INFO] [stderr] 145 |     reason: String,
[INFO] [stderr]     |     ^^^^^^
[INFO] [stderr]     |
[INFO] [stderr]     = note: `CargoBuildOutputElement` has derived impls for the traits `Clone` and `Debug`, but these are intentionally ignored during dead code analysis
[INFO] [stderr]     = note: `#[warn(dead_code)]` on by default
[INFO] [stderr] 
[INFO] [stderr] warning: fields `debug_assertions`, `debuginfo`, `opt_level`, and `overflow_checks` are never read
[INFO] [stderr]    --> src/cargo_command.rs:151:5
[INFO] [stderr]     |
[INFO] [stderr] 150 | struct Profile {
[INFO] [stderr]     |        ------- fields in this struct
[INFO] [stderr] 151 |     debug_assertions: bool,
[INFO] [stderr]     |     ^^^^^^^^^^^^^^^^
[INFO] [stderr] 152 |     debuginfo: Option<u32>,
[INFO] [stderr]     |     ^^^^^^^^^
[INFO] [stderr] 153 |     opt_level: String,
[INFO] [stderr]     |     ^^^^^^^^^
[INFO] [stderr] 154 |     overflow_checks: bool,
[INFO] [stderr]     |     ^^^^^^^^^^^^^^^
[INFO] [stderr]     |
[INFO] [stderr]     = note: `Profile` has derived impls for the traits `Clone` and `Debug`, but these are intentionally ignored during dead code analysis
[INFO] [stderr] 
[INFO] [stderr] warning: fields `crate_types`, `edition`, `name`, and `src_path` are never read
[INFO] [stderr]    --> src/cargo_command.rs:196:5
[INFO] [stderr]     |
[INFO] [stderr] 195 | struct Target {
[INFO] [stderr]     |        ------ fields in this struct
[INFO] [stderr] 196 |     crate_types: Vec<String>,
[INFO] [stderr]     |     ^^^^^^^^^^^
[INFO] [stderr] 197 |     edition: String,
[INFO] [stderr]     |     ^^^^^^^
[INFO] [stderr] 198 |     kind: Vec<TargetKind>,
[INFO] [stderr] 199 |     name: String,
[INFO] [stderr]     |     ^^^^
[INFO] [stderr] 200 |     src_path: PathBuf,
[INFO] [stderr]     |     ^^^^^^^^
[INFO] [stderr]     |
[INFO] [stderr]     = note: `Target` has derived impls for the traits `Clone` and `Debug`, but these are intentionally ignored during dead code analysis
[INFO] [stderr] 
[INFO] [stderr] warning: non-local `impl` definition, `impl` blocks should be written at the same level as their item
[INFO] [stderr]    --> src/cargo_command.rs:138:10
[INFO] [stderr]     |
[INFO] [stderr] 138 | #[derive(Deserialize, Debug, Clone)]
[INFO] [stderr]     |          ^----------
[INFO] [stderr]     |          |
[INFO] [stderr]     |          `Deserialize` is not local
[INFO] [stderr]     |          move the `impl` block outside of this constant `_IMPL_DESERIALIZE_FOR_CargoBuildOutputElement`
[INFO] [stderr] 139 | struct CargoBuildOutputElement {
[INFO] [stderr]     |        ----------------------- `CargoBuildOutputElement` is not local
[INFO] [stderr]     |
[INFO] [stderr]     = note: the derive macro `Deserialize` defines the non-local `impl`, and may need to be changed
[INFO] [stderr]     = note: the derive macro `Deserialize` may come from an old version of the `serde_derive` crate, try updating your dependency with `cargo update -p serde_derive`
[INFO] [stderr]     = note: an `impl` is never scoped, even when it is nested inside an item, as it may impact type checking outside of that item, which can be the case if neither the trait or the self type are at the same nesting level as the `impl`
[INFO] [stderr]     = note: items in an anonymous const item (`const _: () = { ... }`) are treated as in the same scope as the anonymous const's declaration for the purpose of this lint
[INFO] [stderr]     = note: `#[warn(non_local_definitions)]` on by default
[INFO] [stderr]     = note: this warning originates in the derive macro `Deserialize` (in Nightly builds, run with -Z macro-backtrace for more info)
[INFO] [stderr] 
[INFO] [stderr] warning: non-local `impl` definition, `impl` blocks should be written at the same level as their item
[INFO] [stderr]    --> src/cargo_command.rs:149:10
[INFO] [stderr]     |
[INFO] [stderr] 149 | #[derive(Deserialize, Debug, Clone)]
[INFO] [stderr]     |          ^----------
[INFO] [stderr]     |          |
[INFO] [stderr]     |          `Deserialize` is not local
[INFO] [stderr]     |          move the `impl` block outside of this constant `_IMPL_DESERIALIZE_FOR_Profile`
[INFO] [stderr] 150 | struct Profile {
[INFO] [stderr]     |        ------- `Profile` is not local
[INFO] [stderr]     |
[INFO] [stderr]     = note: the derive macro `Deserialize` defines the non-local `impl`, and may need to be changed
[INFO] [stderr]     = note: the derive macro `Deserialize` may come from an old version of the `serde_derive` crate, try updating your dependency with `cargo update -p serde_derive`
[INFO] [stderr]     = note: an `impl` is never scoped, even when it is nested inside an item, as it may impact type checking outside of that item, which can be the case if neither the trait or the self type are at the same nesting level as the `impl`
[INFO] [stderr]     = note: items in an anonymous const item (`const _: () = { ... }`) are treated as in the same scope as the anonymous const's declaration for the purpose of this lint
[INFO] [stderr]     = note: this warning originates in the derive macro `Deserialize` (in Nightly builds, run with -Z macro-backtrace for more info)
[INFO] [stderr] 
[INFO] [stderr] warning: non-local `impl` definition, `impl` blocks should be written at the same level as their item
[INFO] [stderr]    --> src/cargo_command.rs:163:10
[INFO] [stderr]     |
[INFO] [stderr] 163 | #[derive(Deserialize, Debug, Clone, Copy, PartialEq, Eq)]
[INFO] [stderr]     |          ^----------
[INFO] [stderr]     |          |
[INFO] [stderr]     |          `Deserialize` is not local
[INFO] [stderr]     |          move the `impl` block outside of this constant `_IMPL_DESERIALIZE_FOR_TargetKind`
[INFO] [stderr] 164 | #[serde(rename_all = "kebab-case")]
[INFO] [stderr] 165 | enum TargetKind {
[INFO] [stderr]     |      ---------- `TargetKind` is not local
[INFO] [stderr]     |
[INFO] [stderr]     = note: the derive macro `Deserialize` defines the non-local `impl`, and may need to be changed
[INFO] [stderr]     = note: the derive macro `Deserialize` may come from an old version of the `serde_derive` crate, try updating your dependency with `cargo update -p serde_derive`
[INFO] [stderr]     = note: an `impl` is never scoped, even when it is nested inside an item, as it may impact type checking outside of that item, which can be the case if neither the trait or the self type are at the same nesting level as the `impl`
[INFO] [stderr]     = note: items in an anonymous const item (`const _: () = { ... }`) are treated as in the same scope as the anonymous const's declaration for the purpose of this lint
[INFO] [stderr]     = note: this warning originates in the derive macro `Deserialize` (in Nightly builds, run with -Z macro-backtrace for more info)
[INFO] [stderr] 
[INFO] [stderr] warning: non-local `impl` definition, `impl` blocks should be written at the same level as their item
[INFO] [stderr]    --> src/cargo_command.rs:194:10
[INFO] [stderr]     |
[INFO] [stderr] 194 | #[derive(Deserialize, Debug, Clone)]
[INFO] [stderr]     |          ^----------
[INFO] [stderr]     |          |
[INFO] [stderr]     |          `Deserialize` is not local
[INFO] [stderr]     |          move the `impl` block outside of this constant `_IMPL_DESERIALIZE_FOR_Target`
[INFO] [stderr] 195 | struct Target {
[INFO] [stderr]     |        ------ `Target` is not local
[INFO] [stderr]     |
[INFO] [stderr]     = note: the derive macro `Deserialize` defines the non-local `impl`, and may need to be changed
[INFO] [stderr]     = note: the derive macro `Deserialize` may come from an old version of the `serde_derive` crate, try updating your dependency with `cargo update -p serde_derive`
[INFO] [stderr]     = note: an `impl` is never scoped, even when it is nested inside an item, as it may impact type checking outside of that item, which can be the case if neither the trait or the self type are at the same nesting level as the `impl`
[INFO] [stderr]     = note: items in an anonymous const item (`const _: () = { ... }`) are treated as in the same scope as the anonymous const's declaration for the purpose of this lint
[INFO] [stderr]     = note: this warning originates in the derive macro `Deserialize` (in Nightly builds, run with -Z macro-backtrace for more info)
[INFO] [stderr] 
[INFO] [stderr] warning: `cargo-with` (bin "cargo-with" test) generated 7 warnings
[INFO] [stderr]     Finished `test` profile [unoptimized + debuginfo] target(s) in 0.03s
[INFO] [stderr]      Running unittests src/main.rs (/opt/rustwide/target/debug/deps/cargo_with-6ad47890ec7511c0)
[INFO] [stdout] 
[INFO] [stdout] running 4 tests
[INFO] [stdout] test cargo_command::tests::test_build_ops ... ok
[INFO] [stdout] test tests::parse_args ... ok
[INFO] [stderr]     Blocking waiting for file lock on build directory
[INFO] [stderr]     Finished `dev` profile [unoptimized + debuginfo] target(s) in 0.05s
[INFO] [stdout] test tests::exec_test_project_fails ... ok
[INFO] [stderr]     Finished `dev` profile [unoptimized + debuginfo] target(s) in 0.05s
[INFO] [stdout] test tests::exec_test_project_success ... FAILED
[INFO] [stdout] 
[INFO] [stdout] failures:
[INFO] [stdout] 
[INFO] [stdout] ---- tests::exec_test_project_success stdout ----
[INFO] [stdout] [src/main.rs:179:13] project_dir = "./example_projects/simple-binary/"
[INFO] [stdout] Running ["cargo", "with", "echo", "--", "run"]
[INFO] [stdout] thread 'tests::exec_test_project_success' panicked at src/main.rs:191:43:
[INFO] [stdout] called `Result::unwrap()` on an `Err` value: Os { code: 2, kind: NotFound, message: "No such file or directory" }
[INFO] [stdout] stack backtrace:
[INFO] [stdout]    0:     0x58f626492aca - std::backtrace_rs::backtrace::libunwind::trace::h207520d6e9873551
[INFO] [stdout]                                at /rustc/df4ca44d3fbc9301ee17f30f4d474e6ae4b05252/library/std/src/../../backtrace/src/backtrace/libunwind.rs:116:5
[INFO] [stdout]    1:     0x58f626492aca - std::backtrace_rs::backtrace::trace_unsynchronized::h2ed7433f370e3eca
[INFO] [stdout]                                at /rustc/df4ca44d3fbc9301ee17f30f4d474e6ae4b05252/library/std/src/../../backtrace/src/backtrace/mod.rs:66:5
[INFO] [stdout]    2:     0x58f626492aca - std::sys::backtrace::_print_fmt::h916fac51166b18d7
[INFO] [stdout]                                at /rustc/df4ca44d3fbc9301ee17f30f4d474e6ae4b05252/library/std/src/sys/backtrace.rs:66:9
[INFO] [stdout]    3:     0x58f626492aca - <std::sys::backtrace::BacktraceLock::print::DisplayBacktrace as core::fmt::Display>::fmt::ha0a4c9b8ce3802e6
[INFO] [stdout]                                at /rustc/df4ca44d3fbc9301ee17f30f4d474e6ae4b05252/library/std/src/sys/backtrace.rs:39:26
[INFO] [stdout]    4:     0x58f6264ba523 - core::fmt::rt::Argument::fmt::h4cfc8587d52b3eb5
[INFO] [stdout]                                at /rustc/df4ca44d3fbc9301ee17f30f4d474e6ae4b05252/library/core/src/fmt/rt.rs:177:76
[INFO] [stdout]    5:     0x58f6264ba523 - core::fmt::write::h522cc39e5b36ae9f
[INFO] [stdout]                                at /rustc/df4ca44d3fbc9301ee17f30f4d474e6ae4b05252/library/core/src/fmt/mod.rs:1190:21
[INFO] [stdout]    6:     0x58f62648ee33 - std::io::Write::write_fmt::h7d3c26752da97734
[INFO] [stdout]                                at /rustc/df4ca44d3fbc9301ee17f30f4d474e6ae4b05252/library/std/src/io/mod.rs:1839:15
[INFO] [stdout]    7:     0x58f626492912 - std::sys::backtrace::BacktraceLock::print::h4b9e00b29e9c0942
[INFO] [stdout]                                at /rustc/df4ca44d3fbc9301ee17f30f4d474e6ae4b05252/library/std/src/sys/backtrace.rs:42:9
[INFO] [stdout]    8:     0x58f626493f5a - std::panicking::default_hook::{{closure}}::hb59b88280d0324d9
[INFO] [stdout]                                at /rustc/df4ca44d3fbc9301ee17f30f4d474e6ae4b05252/library/std/src/panicking.rs:268:22
[INFO] [stdout]    9:     0x58f626493d64 - std::panicking::default_hook::he1dd496665be4a29
[INFO] [stdout]                                at /rustc/df4ca44d3fbc9301ee17f30f4d474e6ae4b05252/library/std/src/panicking.rs:292:9
[INFO] [stdout]   10:     0x58f62635f549 - <alloc::boxed::Box<F,A> as core::ops::function::Fn<Args>>::call::h4ff71de18744e1dc
[INFO] [stdout]                                at /rustc/df4ca44d3fbc9301ee17f30f4d474e6ae4b05252/library/alloc/src/boxed.rs:2468:9
[INFO] [stdout]   11:     0x58f62635f549 - test::test_main::{{closure}}::hcf7c055ce117aa81
[INFO] [stdout]                                at /rustc/df4ca44d3fbc9301ee17f30f4d474e6ae4b05252/library/test/src/lib.rs:133:21
[INFO] [stdout]   12:     0x58f626494658 - <alloc::boxed::Box<F,A> as core::ops::function::Fn<Args>>::call::h1d66c6bbd60c9692
[INFO] [stdout]                                at /rustc/df4ca44d3fbc9301ee17f30f4d474e6ae4b05252/library/alloc/src/boxed.rs:2468:9
[INFO] [stdout]   13:     0x58f626494658 - std::panicking::rust_panic_with_hook::h2ff17fe8f26dfcf8
[INFO] [stdout]                                at /rustc/df4ca44d3fbc9301ee17f30f4d474e6ae4b05252/library/std/src/panicking.rs:809:13
[INFO] [stdout]   14:     0x58f62649441a - std::panicking::begin_panic_handler::{{closure}}::h4fad77951c07e101
[INFO] [stdout]                                at /rustc/df4ca44d3fbc9301ee17f30f4d474e6ae4b05252/library/std/src/panicking.rs:674:13
[INFO] [stdout]   15:     0x58f626492fa9 - std::sys::backtrace::__rust_end_short_backtrace::hb1a25b3da5d0ea08
[INFO] [stdout]                                at /rustc/df4ca44d3fbc9301ee17f30f4d474e6ae4b05252/library/std/src/sys/backtrace.rs:170:18
[INFO] [stdout]   16:     0x58f6264940ac - rust_begin_unwind
[INFO] [stdout]                                at /rustc/df4ca44d3fbc9301ee17f30f4d474e6ae4b05252/library/std/src/panicking.rs:665:5
[INFO] [stdout]   17:     0x58f6264b8f20 - core::panicking::panic_fmt::ha9db07b529f9b256
[INFO] [stdout]                                at /rustc/df4ca44d3fbc9301ee17f30f4d474e6ae4b05252/library/core/src/panicking.rs:75:14
[INFO] [stdout]   18:     0x58f6264b9366 - core::result::unwrap_failed::h5e8218e4d4338b8a
[INFO] [stdout]                                at /rustc/df4ca44d3fbc9301ee17f30f4d474e6ae4b05252/library/core/src/result.rs:1698:5
[INFO] [stdout]   19:     0x58f6263104d7 - core::result::Result<T,E>::unwrap::hd94155ab84f9806f
[INFO] [stdout]                                at /rustc/df4ca44d3fbc9301ee17f30f4d474e6ae4b05252/library/core/src/result.rs:1103:23
[INFO] [stdout]   20:     0x58f6263104d7 - cargo_with::tests::exec_test_project_success::h1ab7d9029d730497
[INFO] [stdout]                                at /opt/rustwide/workdir/src/main.rs:191:25
[INFO] [stdout]   21:     0x58f62630f9a7 - cargo_with::tests::exec_test_project_success::{{closure}}::h5a8dd68dd0f8457a
[INFO] [stdout]                                at /opt/rustwide/workdir/src/main.rs:177:35
[INFO] [stdout]   22:     0x58f62630bbb6 - core::ops::function::FnOnce::call_once::hb8863c74076752b9
[INFO] [stdout]                                at /rustc/df4ca44d3fbc9301ee17f30f4d474e6ae4b05252/library/core/src/ops/function.rs:250:5
[INFO] [stdout]   23:     0x58f626363e1b - core::ops::function::FnOnce::call_once::h22c3ba5715e93f05
[INFO] [stdout]                                at /rustc/df4ca44d3fbc9301ee17f30f4d474e6ae4b05252/library/core/src/ops/function.rs:250:5
[INFO] [stdout]   24:     0x58f626363e1b - test::__rust_begin_short_backtrace::h8e82d8113d0da17f
[INFO] [stdout]                                at /rustc/df4ca44d3fbc9301ee17f30f4d474e6ae4b05252/library/test/src/lib.rs:621:18
[INFO] [stdout]   25:     0x58f626363797 - test::run_test_in_process::{{closure}}::h33235f4f20b7b7c7
[INFO] [stdout]                                at /rustc/df4ca44d3fbc9301ee17f30f4d474e6ae4b05252/library/test/src/lib.rs:644:60
[INFO] [stdout]   26:     0x58f626363797 - <core::panic::unwind_safe::AssertUnwindSafe<F> as core::ops::function::FnOnce<()>>::call_once::hb5043206310c586f
[INFO] [stdout]                                at /rustc/df4ca44d3fbc9301ee17f30f4d474e6ae4b05252/library/core/src/panic/unwind_safe.rs:272:9
[INFO] [stdout]   27:     0x58f626363797 - std::panicking::try::do_call::h9ad4731a60ab23e2
[INFO] [stdout]                                at /rustc/df4ca44d3fbc9301ee17f30f4d474e6ae4b05252/library/std/src/panicking.rs:557:40
[INFO] [stdout]   28:     0x58f626363797 - std::panicking::try::h3824d23db772a716
[INFO] [stdout]                                at /rustc/df4ca44d3fbc9301ee17f30f4d474e6ae4b05252/library/std/src/panicking.rs:520:19
[INFO] [stdout]   29:     0x58f626363797 - std::panic::catch_unwind::h5afd514605fde46b
[INFO] [stdout]                                at /rustc/df4ca44d3fbc9301ee17f30f4d474e6ae4b05252/library/std/src/panic.rs:358:14
[INFO] [stdout]   30:     0x58f626363797 - test::run_test_in_process::h0d5cbfa7067d1720
[INFO] [stdout]                                at /rustc/df4ca44d3fbc9301ee17f30f4d474e6ae4b05252/library/test/src/lib.rs:644:27
[INFO] [stdout]   31:     0x58f626363797 - test::run_test::{{closure}}::h708eb8872708115d
[INFO] [stdout]                                at /rustc/df4ca44d3fbc9301ee17f30f4d474e6ae4b05252/library/test/src/lib.rs:565:43
[INFO] [stdout]   32:     0x58f626326eb4 - test::run_test::{{closure}}::h392c51cee94713ab
[INFO] [stdout]                                at /rustc/df4ca44d3fbc9301ee17f30f4d474e6ae4b05252/library/test/src/lib.rs:595:41
[INFO] [stdout]   33:     0x58f626326eb4 - std::sys::backtrace::__rust_begin_short_backtrace::h2f40290710935a8b
[INFO] [stdout]                                at /rustc/df4ca44d3fbc9301ee17f30f4d474e6ae4b05252/library/std/src/sys/backtrace.rs:154:18
[INFO] [stdout]   34:     0x58f62632a65e - std::thread::Builder::spawn_unchecked_::{{closure}}::{{closure}}::h3fd968d89053a903
[INFO] [stdout]                                at /rustc/df4ca44d3fbc9301ee17f30f4d474e6ae4b05252/library/std/src/thread/mod.rs:541:17
[INFO] [stdout]   35:     0x58f62632a65e - <core::panic::unwind_safe::AssertUnwindSafe<F> as core::ops::function::FnOnce<()>>::call_once::h743f637ba4229880
[INFO] [stdout]                                at /rustc/df4ca44d3fbc9301ee17f30f4d474e6ae4b05252/library/core/src/panic/unwind_safe.rs:272:9
[INFO] [stdout]   36:     0x58f62632a65e - std::panicking::try::do_call::h07440897322525a6
[INFO] [stdout]                                at /rustc/df4ca44d3fbc9301ee17f30f4d474e6ae4b05252/library/std/src/panicking.rs:557:40
[INFO] [stdout]   37:     0x58f62632a65e - std::panicking::try::he5a2e00188156637
[INFO] [stdout]                                at /rustc/df4ca44d3fbc9301ee17f30f4d474e6ae4b05252/library/std/src/panicking.rs:520:19
[INFO] [stdout]   38:     0x58f62632a65e - std::panic::catch_unwind::hbaf3cae49b3c6433
[INFO] [stdout]                                at /rustc/df4ca44d3fbc9301ee17f30f4d474e6ae4b05252/library/std/src/panic.rs:358:14
[INFO] [stdout]   39:     0x58f62632a65e - std::thread::Builder::spawn_unchecked_::{{closure}}::h8e141ea224820bce
[INFO] [stdout]                                at /rustc/df4ca44d3fbc9301ee17f30f4d474e6ae4b05252/library/std/src/thread/mod.rs:540:30
[INFO] [stdout]   40:     0x58f62632a65e - core::ops::function::FnOnce::call_once{{vtable.shim}}::h90d312fedd7b8ea8
[INFO] [stdout]                                at /rustc/df4ca44d3fbc9301ee17f30f4d474e6ae4b05252/library/core/src/ops/function.rs:250:5
[INFO] [stdout]   41:     0x58f62649864b - <alloc::boxed::Box<F,A> as core::ops::function::FnOnce<Args>>::call_once::h69aa08ddb6adb8b6
[INFO] [stdout]                                at /rustc/df4ca44d3fbc9301ee17f30f4d474e6ae4b05252/library/alloc/src/boxed.rs:2454:9
[INFO] [stdout]   42:     0x58f62649864b - <alloc::boxed::Box<F,A> as core::ops::function::FnOnce<Args>>::call_once::h5aa36efdb79c806f
[INFO] [stdout]                                at /rustc/df4ca44d3fbc9301ee17f30f4d474e6ae4b05252/library/alloc/src/boxed.rs:2454:9
[INFO] [stdout]   43:     0x58f62649864b - std::sys::pal::unix::thread::Thread::new::thread_start::h6cd80a1b4be5158d
[INFO] [stdout]                                at /rustc/df4ca44d3fbc9301ee17f30f4d474e6ae4b05252/library/std/src/sys/pal/unix/thread.rs:105:17
[INFO] [stdout]   44:     0x7156f6aacac3 - <unknown>
[INFO] [stdout]   45:     0x7156f6b3da04 - clone
[INFO] [stdout]   46:                0x0 - <unknown>
[INFO] [stdout] 
[INFO] [stdout] 
[INFO] [stdout] failures:
[INFO] [stdout]     tests::exec_test_project_success
[INFO] [stdout] 
[INFO] [stdout] test result: FAILED. 3 passed; 1 failed; 0 ignored; 0 measured; 0 filtered out; finished in 0.16s
[INFO] [stdout] 
[INFO] [stderr] error: test failed, to rerun pass `--bin cargo-with`
[INFO] running `Command { std: "docker" "inspect" "dee3dce0f230382850f04d2fe3ddf9f46c159b52296d52a5cb53d98dbcd15c5b", kill_on_drop: false }`
[INFO] running `Command { std: "docker" "rm" "-f" "dee3dce0f230382850f04d2fe3ddf9f46c159b52296d52a5cb53d98dbcd15c5b", kill_on_drop: false }`
[INFO] [stdout] dee3dce0f230382850f04d2fe3ddf9f46c159b52296d52a5cb53d98dbcd15c5b
