[INFO] fetching crate cargo-vendor-filterer 0.5.16...
[INFO] testing cargo-vendor-filterer-0.5.16 against nightly-2024-10-28 for randomize-layout
[INFO] extracting crate cargo-vendor-filterer 0.5.16 into /workspace/builds/worker-6-tc1/source
[INFO] validating manifest of crates.io crate cargo-vendor-filterer 0.5.16 on toolchain nightly-2024-10-28
[INFO] running `Command { std: CARGO_HOME="/workspace/cargo-home" RUSTUP_HOME="/workspace/rustup-home" "/workspace/cargo-home/bin/cargo" "+nightly-2024-10-28" "metadata" "--manifest-path" "Cargo.toml" "--no-deps", kill_on_drop: false }`
[INFO] started tweaking crates.io crate cargo-vendor-filterer 0.5.16
[INFO] removed 0 missing tests
[INFO] finished tweaking crates.io crate cargo-vendor-filterer 0.5.16
[INFO] tweaked toml for crates.io crate cargo-vendor-filterer 0.5.16 written to /workspace/builds/worker-6-tc1/source/Cargo.toml
[INFO] crate crates.io crate cargo-vendor-filterer 0.5.16 already has a lockfile, it will not be regenerated
[INFO] running `Command { std: CARGO_HOME="/workspace/cargo-home" RUSTUP_HOME="/workspace/rustup-home" "/workspace/cargo-home/bin/cargo" "+nightly-2024-10-28" "fetch" "--manifest-path" "Cargo.toml", kill_on_drop: false }`
[INFO] [stderr]     Updating crates.io index
[INFO] [stderr]  Downloading crates ...
[INFO] [stderr]   Downloaded anyhow v1.0.90
[INFO] [stderr]   Downloaded sdd v3.0.4
[INFO] [stderr]   Downloaded cargo-lock v10.0.0
[INFO] [stderr]   Downloaded scc v2.2.2
[INFO] running `Command { std: "docker" "create" "-v" "/var/lib/crater-agent-workspace/builds/worker-6-tc1/target:/opt/rustwide/target:rw,Z" "-v" "/var/lib/crater-agent-workspace/builds/worker-6-tc1/source:/opt/rustwide/workdir:ro,Z" "-v" "/var/lib/crater-agent-workspace/cargo-home:/opt/rustwide/cargo-home:ro,Z" "-v" "/var/lib/crater-agent-workspace/rustup-home:/opt/rustwide/rustup-home:ro,Z" "-e" "SOURCE_DIR=/opt/rustwide/workdir" "-e" "CARGO_TARGET_DIR=/opt/rustwide/target" "-e" "CARGO_HOME=/opt/rustwide/cargo-home" "-e" "RUSTUP_HOME=/opt/rustwide/rustup-home" "-w" "/opt/rustwide/workdir" "-m" "1610612736" "--user" "0:0" "--network" "none" "ghcr.io/rust-lang/crates-build-env/linux@sha256:4a844ea9eb2546a2d2c7022eacef16ef2e8229c7fbb2c7d4d55a9ceca922f72d" "/opt/rustwide/cargo-home/bin/cargo" "+nightly-2024-10-28" "metadata" "--no-deps" "--format-version=1", kill_on_drop: false }`
[INFO] [stdout] 090a62345851a7a77bbbe89390f864f3bf2acf1a69fe202c2f1ac6027ed8999b
[INFO] running `Command { std: "docker" "start" "-a" "090a62345851a7a77bbbe89390f864f3bf2acf1a69fe202c2f1ac6027ed8999b", kill_on_drop: false }`
[INFO] running `Command { std: "docker" "inspect" "090a62345851a7a77bbbe89390f864f3bf2acf1a69fe202c2f1ac6027ed8999b", kill_on_drop: false }`
[INFO] running `Command { std: "docker" "rm" "-f" "090a62345851a7a77bbbe89390f864f3bf2acf1a69fe202c2f1ac6027ed8999b", kill_on_drop: false }`
[INFO] [stdout] 090a62345851a7a77bbbe89390f864f3bf2acf1a69fe202c2f1ac6027ed8999b
[INFO] running `Command { std: "docker" "create" "-v" "/var/lib/crater-agent-workspace/builds/worker-6-tc1/target:/opt/rustwide/target:rw,Z" "-v" "/var/lib/crater-agent-workspace/builds/worker-6-tc1/source:/opt/rustwide/workdir:ro,Z" "-v" "/var/lib/crater-agent-workspace/cargo-home:/opt/rustwide/cargo-home:ro,Z" "-v" "/var/lib/crater-agent-workspace/rustup-home:/opt/rustwide/rustup-home:ro,Z" "-e" "SOURCE_DIR=/opt/rustwide/workdir" "-e" "CARGO_TARGET_DIR=/opt/rustwide/target" "-e" "CARGO_INCREMENTAL=0" "-e" "RUST_BACKTRACE=full" "-e" "RUSTFLAGS=--cap-lints=forbid" "-e" "RUSTDOCFLAGS=--cap-lints=forbid" "-e" "CARGO_HOME=/opt/rustwide/cargo-home" "-e" "RUSTUP_HOME=/opt/rustwide/rustup-home" "-w" "/opt/rustwide/workdir" "-m" "1610612736" "--user" "0:0" "--network" "none" "ghcr.io/rust-lang/crates-build-env/linux@sha256:4a844ea9eb2546a2d2c7022eacef16ef2e8229c7fbb2c7d4d55a9ceca922f72d" "/opt/rustwide/cargo-home/bin/cargo" "+nightly-2024-10-28" "build" "--frozen" "--message-format=json", kill_on_drop: false }`
[INFO] [stdout] 538e831687c247471ed867d86690b5d563c393e7d04585406d4b1e489986e64d
[INFO] running `Command { std: "docker" "start" "-a" "538e831687c247471ed867d86690b5d563c393e7d04585406d4b1e489986e64d", kill_on_drop: false }`
[INFO] [stderr]    Compiling proc-macro2 v1.0.88
[INFO] [stderr]    Compiling serde v1.0.210
[INFO] [stderr]    Compiling rustix v0.38.37
[INFO] [stderr]    Compiling linux-raw-sys v0.4.14
[INFO] [stderr]    Compiling utf8parse v0.2.2
[INFO] [stderr]    Compiling hashbrown v0.15.0
[INFO] [stderr]    Compiling semver v1.0.23
[INFO] [stderr]    Compiling equivalent v1.0.1
[INFO] [stderr]    Compiling winnow v0.6.20
[INFO] [stderr]    Compiling anstyle v1.0.8
[INFO] [stderr]    Compiling thiserror v1.0.64
[INFO] [stderr]    Compiling colorchoice v1.0.2
[INFO] [stderr]    Compiling unicode-normalization v0.1.24
[INFO] [stderr]    Compiling is_terminal_polyfill v1.70.1
[INFO] [stderr]    Compiling unicode-bidi v0.3.17
[INFO] [stderr]    Compiling serde_json v1.0.132
[INFO] [stderr]    Compiling camino v1.1.9
[INFO] [stderr]    Compiling anstyle-parse v0.2.5
[INFO] [stderr]    Compiling anstyle-query v1.1.1
[INFO] [stderr]    Compiling form_urlencoded v1.2.1
[INFO] [stderr]    Compiling foreign-types-shared v0.1.1
[INFO] [stderr]    Compiling anyhow v1.0.90
[INFO] [stderr]    Compiling clap_lex v0.7.2
[INFO] [stderr]    Compiling anstream v0.6.15
[INFO] [stderr]    Compiling adler2 v2.0.0
[INFO] [stderr]    Compiling openssl v0.10.68
[INFO] [stderr]    Compiling strsim v0.11.1
[INFO] [stderr]    Compiling foreign-types v0.3.2
[INFO] [stderr]    Compiling miniz_oxide v0.8.0
[INFO] [stderr]    Compiling filetime v0.2.25
[INFO] [stderr]    Compiling crc32fast v1.4.2
[INFO] [stderr]    Compiling fastrand v2.1.1
[INFO] [stderr]    Compiling idna v0.5.0
[INFO] [stderr]    Compiling indexmap v2.6.0
[INFO] [stderr]    Compiling flate2 v1.0.34
[INFO] [stderr]    Compiling quote v1.0.37
[INFO] [stderr]    Compiling syn v2.0.82
[INFO] [stderr]    Compiling url v2.5.2
[INFO] [stderr]    Compiling terminal_size v0.4.0
[INFO] [stderr]    Compiling xattr v1.3.1
[INFO] [stderr]    Compiling tempfile v3.13.0
[INFO] [stderr]    Compiling clap_builder v4.5.20
[INFO] [stderr]    Compiling tar v0.4.42
[INFO] [stderr]    Compiling serde_derive v1.0.210
[INFO] [stderr]    Compiling thiserror-impl v1.0.64
[INFO] [stderr]    Compiling clap_derive v4.5.18
[INFO] [stderr]    Compiling openssl-macros v0.1.1
[INFO] [stderr]    Compiling clap v4.5.20
[INFO] [stderr]    Compiling toml_datetime v0.6.8
[INFO] [stderr]    Compiling serde_spanned v0.6.8
[INFO] [stderr]    Compiling cargo-platform v0.1.8
[INFO] [stderr]    Compiling serde_ignored v0.1.10
[INFO] [stderr]    Compiling toml_edit v0.22.22
[INFO] [stderr]    Compiling cargo_metadata v0.18.1
[INFO] [stderr]    Compiling toml v0.8.19
[INFO] [stderr]    Compiling cargo-lock v10.0.0
[INFO] [stderr]    Compiling cargo-vendor-filterer v0.5.16 (/opt/rustwide/workdir)
[INFO] [stderr]     Finished `dev` profile [unoptimized + debuginfo] target(s) in 11.26s
[INFO] running `Command { std: "docker" "inspect" "538e831687c247471ed867d86690b5d563c393e7d04585406d4b1e489986e64d", kill_on_drop: false }`
[INFO] running `Command { std: "docker" "rm" "-f" "538e831687c247471ed867d86690b5d563c393e7d04585406d4b1e489986e64d", kill_on_drop: false }`
[INFO] [stdout] 538e831687c247471ed867d86690b5d563c393e7d04585406d4b1e489986e64d
[INFO] running `Command { std: "docker" "create" "-v" "/var/lib/crater-agent-workspace/builds/worker-6-tc1/target:/opt/rustwide/target:rw,Z" "-v" "/var/lib/crater-agent-workspace/builds/worker-6-tc1/source:/opt/rustwide/workdir:ro,Z" "-v" "/var/lib/crater-agent-workspace/cargo-home:/opt/rustwide/cargo-home:ro,Z" "-v" "/var/lib/crater-agent-workspace/rustup-home:/opt/rustwide/rustup-home:ro,Z" "-e" "SOURCE_DIR=/opt/rustwide/workdir" "-e" "CARGO_TARGET_DIR=/opt/rustwide/target" "-e" "CARGO_INCREMENTAL=0" "-e" "RUST_BACKTRACE=full" "-e" "RUSTFLAGS=--cap-lints=forbid" "-e" "RUSTDOCFLAGS=--cap-lints=forbid" "-e" "CARGO_HOME=/opt/rustwide/cargo-home" "-e" "RUSTUP_HOME=/opt/rustwide/rustup-home" "-w" "/opt/rustwide/workdir" "-m" "1610612736" "--user" "0:0" "--network" "none" "ghcr.io/rust-lang/crates-build-env/linux@sha256:4a844ea9eb2546a2d2c7022eacef16ef2e8229c7fbb2c7d4d55a9ceca922f72d" "/opt/rustwide/cargo-home/bin/cargo" "+nightly-2024-10-28" "test" "--frozen" "--no-run" "--message-format=json", kill_on_drop: false }`
[INFO] [stdout] 53f9262c3501046f83245f4c8f2c6c1c2e1209a7fcc089f871f1452f2a647cd5
[INFO] running `Command { std: "docker" "start" "-a" "53f9262c3501046f83245f4c8f2c6c1c2e1209a7fcc089f871f1452f2a647cd5", kill_on_drop: false }`
[INFO] [stderr]    Compiling pin-project-lite v0.2.14
[INFO] [stderr]    Compiling serde_json v1.0.132
[INFO] [stderr]    Compiling sdd v3.0.4
[INFO] [stderr]    Compiling serial_test_derive v3.1.1
[INFO] [stderr]    Compiling futures-util v0.3.31
[INFO] [stderr]    Compiling scc v2.2.2
[INFO] [stderr]    Compiling cargo_metadata v0.18.1
[INFO] [stderr]    Compiling cargo-vendor-filterer v0.5.16 (/opt/rustwide/workdir)
[INFO] [stderr]    Compiling futures-executor v0.3.31
[INFO] [stderr]    Compiling futures v0.3.31
[INFO] [stderr]    Compiling serial_test v3.1.1
[INFO] [stderr]     Finished `test` profile [unoptimized + debuginfo] target(s) in 5.08s
[INFO] running `Command { std: "docker" "inspect" "53f9262c3501046f83245f4c8f2c6c1c2e1209a7fcc089f871f1452f2a647cd5", kill_on_drop: false }`
[INFO] running `Command { std: "docker" "rm" "-f" "53f9262c3501046f83245f4c8f2c6c1c2e1209a7fcc089f871f1452f2a647cd5", kill_on_drop: false }`
[INFO] [stdout] 53f9262c3501046f83245f4c8f2c6c1c2e1209a7fcc089f871f1452f2a647cd5
[INFO] running `Command { std: "docker" "create" "-v" "/var/lib/crater-agent-workspace/builds/worker-6-tc1/target:/opt/rustwide/target:rw,Z" "-v" "/var/lib/crater-agent-workspace/builds/worker-6-tc1/source:/opt/rustwide/workdir:ro,Z" "-v" "/var/lib/crater-agent-workspace/cargo-home:/opt/rustwide/cargo-home:ro,Z" "-v" "/var/lib/crater-agent-workspace/rustup-home:/opt/rustwide/rustup-home:ro,Z" "-e" "SOURCE_DIR=/opt/rustwide/workdir" "-e" "CARGO_TARGET_DIR=/opt/rustwide/target" "-e" "CARGO_INCREMENTAL=0" "-e" "RUST_BACKTRACE=full" "-e" "RUSTFLAGS=--cap-lints=forbid" "-e" "RUSTDOCFLAGS=--cap-lints=forbid" "-e" "CARGO_HOME=/opt/rustwide/cargo-home" "-e" "RUSTUP_HOME=/opt/rustwide/rustup-home" "-w" "/opt/rustwide/workdir" "-m" "1610612736" "--user" "0:0" "--network" "none" "ghcr.io/rust-lang/crates-build-env/linux@sha256:4a844ea9eb2546a2d2c7022eacef16ef2e8229c7fbb2c7d4d55a9ceca922f72d" "/opt/rustwide/cargo-home/bin/cargo" "+nightly-2024-10-28" "test" "--frozen", kill_on_drop: false }`
[INFO] [stdout] c4add65b8b79cf2fb36e54b16c8aac36bc9a668ae3e1b5d9d825a37fd355c736
[INFO] running `Command { std: "docker" "start" "-a" "c4add65b8b79cf2fb36e54b16c8aac36bc9a668ae3e1b5d9d825a37fd355c736", kill_on_drop: false }`
[INFO] [stderr]     Finished `test` profile [unoptimized + debuginfo] target(s) in 0.16s
[INFO] [stderr]      Running unittests src/lib.rs (/opt/rustwide/target/debug/deps/cargo_vendor_filterer-d0c1d77ede944d7d)
[INFO] [stdout] 
[INFO] [stdout] running 0 tests
[INFO] [stdout] 
[INFO] [stdout] test result: ok. 0 passed; 0 failed; 0 ignored; 0 measured; 0 filtered out; finished in 0.00s
[INFO] [stdout] 
[INFO] [stderr]      Running unittests src/main.rs (/opt/rustwide/target/debug/deps/cargo_vendor_filterer-1b68c23d374cffb7)
[INFO] [stdout] 
[INFO] [stdout] running 9 tests
[INFO] [stdout] test test_parse_checksums ... ok
[INFO] [stdout] test test_parse_config ... ok
[INFO] [stdout] test test_filter_manifest ... ok
[INFO] [stdout] test test_platforms ... ok
[INFO] [stdout] test test_cli ... ok
[INFO] [stdout] test dep_kinds_filtering::tests::test_dep_kind_all_number ... ok
[INFO] [stdout] test dep_kinds_filtering::tests::test_dep_kind_dev_only ... ok
[INFO] [stdout] test dep_kinds_filtering::tests::test_dep_kind_build_vs_no_dev ... ok
[INFO] [stdout] test dep_kinds_filtering::tests::test_dep_kind_normal_vs_no_build ... ok
[INFO] [stdout] 
[INFO] [stdout] test result: ok. 9 passed; 0 failed; 0 ignored; 0 measured; 0 filtered out; finished in 0.30s
[INFO] [stdout] 
[INFO] [stderr]      Running tests/integration.rs (/opt/rustwide/target/debug/deps/integration-e25ee71a1a73c69c)
[INFO] [stdout] 
[INFO] [stdout] running 22 tests
[INFO] [stdout] test vendor_filterer::basic::default_output_folder has been running for over 60 seconds
[INFO] [stdout] test vendor_filterer::basic::do_not_vendor_if_folder_exists has been running for over 60 seconds
[INFO] [stdout] test vendor_filterer::exclude::linux_multiple_platforms has been running for over 60 seconds
[INFO] [stdout] test vendor_filterer::exclude::windows_with_dep_kind_filter_normal has been running for over 60 seconds
[INFO] [stdout] test vendor_filterer::format::folder has been running for over 60 seconds
[INFO] [stdout] test vendor_filterer::format::tar has been running for over 60 seconds
[INFO] [stdout] test vendor_filterer::format::tar_gz has been running for over 60 seconds
[INFO] [stdout] test vendor_filterer::format::tar_zstd has been running for over 60 seconds
[INFO] [stdout] test vendor_filterer::platform::linux has been running for over 60 seconds
[INFO] [stdout] test vendor_filterer::platform::linux_glob has been running for over 60 seconds
[INFO] [stdout] test vendor_filterer::platform::linux_multiple has been running for over 60 seconds
[INFO] [stdout] test vendor_filterer::sync::basic_sync has been running for over 60 seconds
[INFO] [stdout] test vendor_filterer::sync::filter_without_manifest_but_sync has been running for over 60 seconds
[INFO] [stdout] test vendor_filterer::sync::filter_without_manifest_path has been running for over 60 seconds
[INFO] [stdout] test vendor_filterer::sync::multiple_syncs has been running for over 60 seconds
[INFO] [stdout] test vendor_filterer::sync::sync_platform_with_exclude has been running for over 60 seconds
[ERROR] error running command: no output for 300 seconds
[INFO] running `Command { std: "docker" "inspect" "c4add65b8b79cf2fb36e54b16c8aac36bc9a668ae3e1b5d9d825a37fd355c736", kill_on_drop: false }`
[INFO] running `Command { std: "docker" "rm" "-f" "c4add65b8b79cf2fb36e54b16c8aac36bc9a668ae3e1b5d9d825a37fd355c736", kill_on_drop: false }`
[INFO] [stderr] Error response from daemon: Could not kill running container c4add65b8b79cf2fb36e54b16c8aac36bc9a668ae3e1b5d9d825a37fd355c736, cannot remove - tried to kill container, but did not receive an exit event
[ERROR] failed to delete container c4add65b8b79cf2fb36e54b16c8aac36bc9a668ae3e1b5d9d825a37fd355c736
[ERROR] caused by: command failed: exit status: 1
