[INFO] fetching crate cargo-flaky 0.3.1...
[INFO] testing cargo-flaky-0.3.1 against nightly-2024-10-28+rustflags=-Zrandomize-layout for randomize-layout
[INFO] extracting crate cargo-flaky 0.3.1 into /workspace/builds/worker-0-tc2/source
[INFO] validating manifest of crates.io crate cargo-flaky 0.3.1 on toolchain nightly-2024-10-28
[INFO] running `Command { std: CARGO_HOME="/workspace/cargo-home" RUSTUP_HOME="/workspace/rustup-home" "/workspace/cargo-home/bin/cargo" "+nightly-2024-10-28" "metadata" "--manifest-path" "Cargo.toml" "--no-deps", kill_on_drop: false }`
[INFO] started tweaking crates.io crate cargo-flaky 0.3.1
[INFO] finished tweaking crates.io crate cargo-flaky 0.3.1
[INFO] tweaked toml for crates.io crate cargo-flaky 0.3.1 written to /workspace/builds/worker-0-tc2/source/Cargo.toml
[INFO] crate crates.io crate cargo-flaky 0.3.1 already has a lockfile, it will not be regenerated
[INFO] running `Command { std: CARGO_HOME="/workspace/cargo-home" RUSTUP_HOME="/workspace/rustup-home" "/workspace/cargo-home/bin/cargo" "+nightly-2024-10-28" "fetch" "--manifest-path" "Cargo.toml", kill_on_drop: false }`
[INFO] running `Command { std: "docker" "create" "-v" "/var/lib/crater-agent-workspace/builds/worker-0-tc2/target:/opt/rustwide/target:rw,Z" "-v" "/var/lib/crater-agent-workspace/builds/worker-0-tc2/source:/opt/rustwide/workdir:ro,Z" "-v" "/var/lib/crater-agent-workspace/cargo-home:/opt/rustwide/cargo-home:ro,Z" "-v" "/var/lib/crater-agent-workspace/rustup-home:/opt/rustwide/rustup-home:ro,Z" "-e" "SOURCE_DIR=/opt/rustwide/workdir" "-e" "CARGO_TARGET_DIR=/opt/rustwide/target" "-e" "CARGO_HOME=/opt/rustwide/cargo-home" "-e" "RUSTUP_HOME=/opt/rustwide/rustup-home" "-w" "/opt/rustwide/workdir" "-m" "1610612736" "--user" "0:0" "--network" "none" "ghcr.io/rust-lang/crates-build-env/linux@sha256:4a844ea9eb2546a2d2c7022eacef16ef2e8229c7fbb2c7d4d55a9ceca922f72d" "/opt/rustwide/cargo-home/bin/cargo" "+nightly-2024-10-28" "metadata" "--no-deps" "--format-version=1", kill_on_drop: false }`
[INFO] [stdout] 237471c3c0f2113f31604009a4c5f1d20578058d728851e739bf10c10c1b01eb
[INFO] running `Command { std: "docker" "start" "-a" "237471c3c0f2113f31604009a4c5f1d20578058d728851e739bf10c10c1b01eb", kill_on_drop: false }`
[INFO] running `Command { std: "docker" "inspect" "237471c3c0f2113f31604009a4c5f1d20578058d728851e739bf10c10c1b01eb", kill_on_drop: false }`
[INFO] running `Command { std: "docker" "rm" "-f" "237471c3c0f2113f31604009a4c5f1d20578058d728851e739bf10c10c1b01eb", kill_on_drop: false }`
[INFO] [stdout] 237471c3c0f2113f31604009a4c5f1d20578058d728851e739bf10c10c1b01eb
[INFO] running `Command { std: "docker" "create" "-v" "/var/lib/crater-agent-workspace/builds/worker-0-tc2/target:/opt/rustwide/target:rw,Z" "-v" "/var/lib/crater-agent-workspace/builds/worker-0-tc2/source:/opt/rustwide/workdir:ro,Z" "-v" "/var/lib/crater-agent-workspace/cargo-home:/opt/rustwide/cargo-home:ro,Z" "-v" "/var/lib/crater-agent-workspace/rustup-home:/opt/rustwide/rustup-home:ro,Z" "-e" "SOURCE_DIR=/opt/rustwide/workdir" "-e" "CARGO_TARGET_DIR=/opt/rustwide/target" "-e" "CARGO_INCREMENTAL=0" "-e" "RUST_BACKTRACE=full" "-e" "RUSTFLAGS=--cap-lints=forbid -Zrandomize-layout" "-e" "RUSTDOCFLAGS=--cap-lints=forbid" "-e" "CARGO_HOME=/opt/rustwide/cargo-home" "-e" "RUSTUP_HOME=/opt/rustwide/rustup-home" "-w" "/opt/rustwide/workdir" "-m" "1610612736" "--user" "0:0" "--network" "none" "ghcr.io/rust-lang/crates-build-env/linux@sha256:4a844ea9eb2546a2d2c7022eacef16ef2e8229c7fbb2c7d4d55a9ceca922f72d" "/opt/rustwide/cargo-home/bin/cargo" "+nightly-2024-10-28" "build" "--frozen" "--message-format=json", kill_on_drop: false }`
[INFO] [stdout] e48d8c43fba87fd69d3fccb64b73e8f22087030db4bb229c8348b1bb5643e296
[INFO] running `Command { std: "docker" "start" "-a" "e48d8c43fba87fd69d3fccb64b73e8f22087030db4bb229c8348b1bb5643e296", kill_on_drop: false }`
[INFO] [stderr]    Compiling libc v0.2.96
[INFO] [stderr]    Compiling version_check v0.9.3
[INFO] [stderr]    Compiling proc-macro2 v1.0.27
[INFO] [stderr]    Compiling autocfg v1.0.1
[INFO] [stderr]    Compiling unicode-xid v0.2.2
[INFO] [stderr]    Compiling bitflags v1.2.1
[INFO] [stderr]    Compiling memchr v2.4.0
[INFO] [stderr]    Compiling syn v1.0.73
[INFO] [stderr]    Compiling unicode-width v0.1.8
[INFO] [stderr]    Compiling serde v1.0.126
[INFO] [stderr]    Compiling unicode-segmentation v1.7.1
[INFO] [stderr]    Compiling ppv-lite86 v0.2.10
[INFO] [stderr]    Compiling proc-macro-error-attr v1.0.4
[INFO] [stderr]    Compiling proc-macro-error v1.0.4
[INFO] [stderr]    Compiling num-traits v0.2.14
[INFO] [stderr]    Compiling num-integer v0.1.44
[INFO] [stderr]    Compiling ryu v1.0.5
[INFO] [stderr]    Compiling heck v0.3.3
[INFO] [stderr]    Compiling aho-corasick v0.7.18
[INFO] [stderr]    Compiling textwrap v0.11.0
[INFO] [stderr]    Compiling anyhow v1.0.40
[INFO] [stderr]    Compiling strsim v0.8.0
[INFO] [stderr]    Compiling quote v1.0.9
[INFO] [stderr]    Compiling regex-syntax v0.6.25
[INFO] [stderr]    Compiling ansi_term v0.11.0
[INFO] [stderr]    Compiling serde_json v1.0.64
[INFO] [stderr]    Compiling vec_map v0.8.2
[INFO] [stderr]    Compiling number_prefix v0.4.0
[INFO] [stderr]    Compiling remove_dir_all v0.5.3
[INFO] [stderr]    Compiling itoa v0.4.7
[INFO] [stderr]    Compiling getrandom v0.2.3
[INFO] [stderr]    Compiling terminal_size v0.1.17
[INFO] [stderr]    Compiling atty v0.2.14
[INFO] [stderr]    Compiling clap v2.33.3
[INFO] [stderr]    Compiling rand_core v0.6.2
[INFO] [stderr]    Compiling console v0.14.1
[INFO] [stderr]    Compiling nix v0.20.0
[INFO] [stderr]    Compiling rand_chacha v0.3.1
[INFO] [stderr]    Compiling rand v0.8.3
[INFO] [stderr]    Compiling time v0.1.44
[INFO] [stderr]    Compiling subprocess v0.2.7
[INFO] [stderr]    Compiling regex v1.5.4
[INFO] [stderr]    Compiling tempfile v3.2.0
[INFO] [stderr]    Compiling chrono v0.4.19
[INFO] [stderr]    Compiling indicatif v0.16.2
[INFO] [stderr]    Compiling ctrlc v3.1.9
[INFO] [stderr]    Compiling num_cpus v1.13.0
[INFO] [stderr]    Compiling once_cell v1.7.2
[INFO] [stderr]    Compiling structopt-derive v0.4.14
[INFO] [stderr]    Compiling structopt v0.3.21
[INFO] [stderr]    Compiling cargo-flaky v0.3.1 (/opt/rustwide/workdir)
[INFO] [stdout] warning: field `args` is never read
[INFO] [stdout]   --> src/args.rs:28:9
[INFO] [stdout]    |
[INFO] [stdout] 18 | pub struct Args {
[INFO] [stdout]    |            ---- field in this struct
[INFO] [stdout] ...
[INFO] [stdout] 28 |     pub args: Option<String>,
[INFO] [stdout]    |         ^^^^
[INFO] [stdout]    |
[INFO] [stdout]    = note: `Args` has a derived impl for the trait `Debug`, but this is intentionally ignored during dead code analysis
[INFO] [stdout]    = note: `#[warn(dead_code)]` on by default
[INFO] [stdout] 
[INFO] [stdout] 
[INFO] [stderr]     Finished `dev` profile [unoptimized + debuginfo] target(s) in 10.44s
[INFO] running `Command { std: "docker" "inspect" "e48d8c43fba87fd69d3fccb64b73e8f22087030db4bb229c8348b1bb5643e296", kill_on_drop: false }`
[INFO] running `Command { std: "docker" "rm" "-f" "e48d8c43fba87fd69d3fccb64b73e8f22087030db4bb229c8348b1bb5643e296", kill_on_drop: false }`
[INFO] [stdout] e48d8c43fba87fd69d3fccb64b73e8f22087030db4bb229c8348b1bb5643e296
[INFO] running `Command { std: "docker" "create" "-v" "/var/lib/crater-agent-workspace/builds/worker-0-tc2/target:/opt/rustwide/target:rw,Z" "-v" "/var/lib/crater-agent-workspace/builds/worker-0-tc2/source:/opt/rustwide/workdir:ro,Z" "-v" "/var/lib/crater-agent-workspace/cargo-home:/opt/rustwide/cargo-home:ro,Z" "-v" "/var/lib/crater-agent-workspace/rustup-home:/opt/rustwide/rustup-home:ro,Z" "-e" "SOURCE_DIR=/opt/rustwide/workdir" "-e" "CARGO_TARGET_DIR=/opt/rustwide/target" "-e" "CARGO_INCREMENTAL=0" "-e" "RUST_BACKTRACE=full" "-e" "RUSTFLAGS=--cap-lints=forbid -Zrandomize-layout" "-e" "RUSTDOCFLAGS=--cap-lints=forbid" "-e" "CARGO_HOME=/opt/rustwide/cargo-home" "-e" "RUSTUP_HOME=/opt/rustwide/rustup-home" "-w" "/opt/rustwide/workdir" "-m" "1610612736" "--user" "0:0" "--network" "none" "ghcr.io/rust-lang/crates-build-env/linux@sha256:4a844ea9eb2546a2d2c7022eacef16ef2e8229c7fbb2c7d4d55a9ceca922f72d" "/opt/rustwide/cargo-home/bin/cargo" "+nightly-2024-10-28" "test" "--frozen" "--no-run" "--message-format=json", kill_on_drop: false }`
[INFO] [stdout] 9bd0f147ba049e96dca0279fea2cb694f4dec96079bb29198256f5e757444911
[INFO] running `Command { std: "docker" "start" "-a" "9bd0f147ba049e96dca0279fea2cb694f4dec96079bb29198256f5e757444911", kill_on_drop: false }`
[INFO] [stderr]    Compiling cargo-flaky v0.3.1 (/opt/rustwide/workdir)
[INFO] [stdout] warning: use of deprecated function `std::thread::sleep_ms`: replaced by `std::thread::sleep`
[INFO] [stdout]   --> src/main.rs:82:22
[INFO] [stdout]    |
[INFO] [stdout] 82 |         std::thread::sleep_ms(500);
[INFO] [stdout]    |                      ^^^^^^^^
[INFO] [stdout]    |
[INFO] [stdout]    = note: `#[warn(deprecated)]` on by default
[INFO] [stdout] 
[INFO] [stdout] 
[INFO] [stdout] warning: field `args` is never read
[INFO] [stdout]   --> src/args.rs:28:9
[INFO] [stdout]    |
[INFO] [stdout] 18 | pub struct Args {
[INFO] [stdout]    |            ---- field in this struct
[INFO] [stdout] ...
[INFO] [stdout] 28 |     pub args: Option<String>,
[INFO] [stdout]    |         ^^^^
[INFO] [stdout]    |
[INFO] [stdout]    = note: `Args` has a derived impl for the trait `Debug`, but this is intentionally ignored during dead code analysis
[INFO] [stdout]    = note: `#[warn(dead_code)]` on by default
[INFO] [stdout] 
[INFO] [stdout] 
[INFO] [stderr]     Finished `test` profile [unoptimized + debuginfo] target(s) in 0.26s
[INFO] running `Command { std: "docker" "inspect" "9bd0f147ba049e96dca0279fea2cb694f4dec96079bb29198256f5e757444911", kill_on_drop: false }`
[INFO] running `Command { std: "docker" "rm" "-f" "9bd0f147ba049e96dca0279fea2cb694f4dec96079bb29198256f5e757444911", kill_on_drop: false }`
[INFO] [stdout] 9bd0f147ba049e96dca0279fea2cb694f4dec96079bb29198256f5e757444911
[INFO] running `Command { std: "docker" "create" "-v" "/var/lib/crater-agent-workspace/builds/worker-0-tc2/target:/opt/rustwide/target:rw,Z" "-v" "/var/lib/crater-agent-workspace/builds/worker-0-tc2/source:/opt/rustwide/workdir:ro,Z" "-v" "/var/lib/crater-agent-workspace/cargo-home:/opt/rustwide/cargo-home:ro,Z" "-v" "/var/lib/crater-agent-workspace/rustup-home:/opt/rustwide/rustup-home:ro,Z" "-e" "SOURCE_DIR=/opt/rustwide/workdir" "-e" "CARGO_TARGET_DIR=/opt/rustwide/target" "-e" "CARGO_INCREMENTAL=0" "-e" "RUST_BACKTRACE=full" "-e" "RUSTFLAGS=--cap-lints=forbid -Zrandomize-layout" "-e" "RUSTDOCFLAGS=--cap-lints=forbid" "-e" "CARGO_HOME=/opt/rustwide/cargo-home" "-e" "RUSTUP_HOME=/opt/rustwide/rustup-home" "-w" "/opt/rustwide/workdir" "-m" "1610612736" "--user" "0:0" "--network" "none" "ghcr.io/rust-lang/crates-build-env/linux@sha256:4a844ea9eb2546a2d2c7022eacef16ef2e8229c7fbb2c7d4d55a9ceca922f72d" "/opt/rustwide/cargo-home/bin/cargo" "+nightly-2024-10-28" "test" "--frozen", kill_on_drop: false }`
[INFO] [stdout] 88cf6327a4bd0263df8d7179e7532633aca7fd1dc2cc8b6476f364098e7e164f
[INFO] running `Command { std: "docker" "start" "-a" "88cf6327a4bd0263df8d7179e7532633aca7fd1dc2cc8b6476f364098e7e164f", kill_on_drop: false }`
[INFO] [stderr] warning: use of deprecated function `std::thread::sleep_ms`: replaced by `std::thread::sleep`
[INFO] [stderr]   --> src/main.rs:82:22
[INFO] [stderr]    |
[INFO] [stderr] 82 |         std::thread::sleep_ms(500);
[INFO] [stderr]    |                      ^^^^^^^^
[INFO] [stderr]    |
[INFO] [stderr]    = note: `#[warn(deprecated)]` on by default
[INFO] [stderr] 
[INFO] [stderr] warning: field `args` is never read
[INFO] [stderr]   --> src/args.rs:28:9
[INFO] [stderr]    |
[INFO] [stderr] 18 | pub struct Args {
[INFO] [stderr]    |            ---- field in this struct
[INFO] [stderr] ...
[INFO] [stderr] 28 |     pub args: Option<String>,
[INFO] [stderr]    |         ^^^^
[INFO] [stderr]    |
[INFO] [stderr]    = note: `Args` has a derived impl for the trait `Debug`, but this is intentionally ignored during dead code analysis
[INFO] [stderr]    = note: `#[warn(dead_code)]` on by default
[INFO] [stderr] 
[INFO] [stderr] warning: `cargo-flaky` (bin "cargo-flaky" test) generated 2 warnings
[INFO] [stderr]     Finished `test` profile [unoptimized + debuginfo] target(s) in 0.03s
[INFO] [stderr]      Running unittests src/main.rs (/opt/rustwide/target/debug/deps/cargo_flaky-1affaedaca15da87)
[INFO] [stdout] 
[INFO] [stdout] running 1 test
[INFO] [stdout] test test::test ... FAILED
[INFO] [stdout] 
[INFO] [stdout] failures:
[INFO] [stdout] 
[INFO] [stdout] ---- test::test stdout ----
[INFO] [stdout] thread 'test::test' panicked at src/main.rs:83:9:
[INFO] [stdout] explicit panic
[INFO] [stdout] stack backtrace:
[INFO] [stdout]    0:     0x64251518c80a - std::backtrace_rs::backtrace::libunwind::trace::h207520d6e9873551
[INFO] [stdout]                                at /rustc/df4ca44d3fbc9301ee17f30f4d474e6ae4b05252/library/std/src/../../backtrace/src/backtrace/libunwind.rs:116:5
[INFO] [stdout]    1:     0x64251518c80a - std::backtrace_rs::backtrace::trace_unsynchronized::h2ed7433f370e3eca
[INFO] [stdout]                                at /rustc/df4ca44d3fbc9301ee17f30f4d474e6ae4b05252/library/std/src/../../backtrace/src/backtrace/mod.rs:66:5
[INFO] [stdout]    2:     0x64251518c80a - std::sys::backtrace::_print_fmt::h916fac51166b18d7
[INFO] [stdout]                                at /rustc/df4ca44d3fbc9301ee17f30f4d474e6ae4b05252/library/std/src/sys/backtrace.rs:66:9
[INFO] [stdout]    3:     0x64251518c80a - <std::sys::backtrace::BacktraceLock::print::DisplayBacktrace as core::fmt::Display>::fmt::ha0a4c9b8ce3802e6
[INFO] [stdout]                                at /rustc/df4ca44d3fbc9301ee17f30f4d474e6ae4b05252/library/std/src/sys/backtrace.rs:39:26
[INFO] [stdout]    4:     0x6425151b2b73 - core::fmt::rt::Argument::fmt::h4cfc8587d52b3eb5
[INFO] [stdout]                                at /rustc/df4ca44d3fbc9301ee17f30f4d474e6ae4b05252/library/core/src/fmt/rt.rs:177:76
[INFO] [stdout]    5:     0x6425151b2b73 - core::fmt::write::h522cc39e5b36ae9f
[INFO] [stdout]                                at /rustc/df4ca44d3fbc9301ee17f30f4d474e6ae4b05252/library/core/src/fmt/mod.rs:1190:21
[INFO] [stdout]    6:     0x642515189473 - std::io::Write::write_fmt::h7d3c26752da97734
[INFO] [stdout]                                at /rustc/df4ca44d3fbc9301ee17f30f4d474e6ae4b05252/library/std/src/io/mod.rs:1839:15
[INFO] [stdout]    7:     0x64251518c652 - std::sys::backtrace::BacktraceLock::print::h4b9e00b29e9c0942
[INFO] [stdout]                                at /rustc/df4ca44d3fbc9301ee17f30f4d474e6ae4b05252/library/std/src/sys/backtrace.rs:42:9
[INFO] [stdout]    8:     0x64251518dc9a - std::panicking::default_hook::{{closure}}::hb59b88280d0324d9
[INFO] [stdout]                                at /rustc/df4ca44d3fbc9301ee17f30f4d474e6ae4b05252/library/std/src/panicking.rs:268:22
[INFO] [stdout]    9:     0x64251518daa4 - std::panicking::default_hook::he1dd496665be4a29
[INFO] [stdout]                                at /rustc/df4ca44d3fbc9301ee17f30f4d474e6ae4b05252/library/std/src/panicking.rs:292:9
[INFO] [stdout]   10:     0x642515156579 - <alloc::boxed::Box<F,A> as core::ops::function::Fn<Args>>::call::h4ff71de18744e1dc
[INFO] [stdout]                                at /rustc/df4ca44d3fbc9301ee17f30f4d474e6ae4b05252/library/alloc/src/boxed.rs:2468:9
[INFO] [stdout]   11:     0x642515156579 - test::test_main::{{closure}}::hcf7c055ce117aa81
[INFO] [stdout]                                at /rustc/df4ca44d3fbc9301ee17f30f4d474e6ae4b05252/library/test/src/lib.rs:133:21
[INFO] [stdout]   12:     0x64251518e398 - <alloc::boxed::Box<F,A> as core::ops::function::Fn<Args>>::call::h1d66c6bbd60c9692
[INFO] [stdout]                                at /rustc/df4ca44d3fbc9301ee17f30f4d474e6ae4b05252/library/alloc/src/boxed.rs:2468:9
[INFO] [stdout]   13:     0x64251518e398 - std::panicking::rust_panic_with_hook::h2ff17fe8f26dfcf8
[INFO] [stdout]                                at /rustc/df4ca44d3fbc9301ee17f30f4d474e6ae4b05252/library/std/src/panicking.rs:809:13
[INFO] [stdout]   14:     0x6425151614ba - std::panicking::begin_panic::{{closure}}::hb03523a13fa4c976
[INFO] [stdout]                                at /rustc/df4ca44d3fbc9301ee17f30f4d474e6ae4b05252/library/std/src/panicking.rs:738:9
[INFO] [stdout]   15:     0x64251516179a - std::sys::backtrace::__rust_end_short_backtrace::h64070e4c399adbc6
[INFO] [stdout]                                at /rustc/df4ca44d3fbc9301ee17f30f4d474e6ae4b05252/library/std/src/sys/backtrace.rs:170:18
[INFO] [stdout]   16:     0x642515161469 - std::panicking::begin_panic::ha8b27ca3a58a83d7
[INFO] [stdout]                                at /rustc/df4ca44d3fbc9301ee17f30f4d474e6ae4b05252/library/std/src/panicking.rs:737:5
[INFO] [stdout]   17:     0x64251511c61b - cargo_flaky::test::test::h1fc7028aa3bd6a79
[INFO] [stdout]                                at /opt/rustwide/workdir/src/main.rs:83:9
[INFO] [stdout]   18:     0x64251511c5d7 - cargo_flaky::test::test::{{closure}}::hd11a9e711dd727f4
[INFO] [stdout]                                at /opt/rustwide/workdir/src/main.rs:81:14
[INFO] [stdout]   19:     0x64251511c406 - core::ops::function::FnOnce::call_once::hfe00e965c5ff54ad
[INFO] [stdout]                                at /rustc/df4ca44d3fbc9301ee17f30f4d474e6ae4b05252/library/core/src/ops/function.rs:250:5
[INFO] [stdout]   20:     0x64251515ae4b - core::ops::function::FnOnce::call_once::h22c3ba5715e93f05
[INFO] [stdout]                                at /rustc/df4ca44d3fbc9301ee17f30f4d474e6ae4b05252/library/core/src/ops/function.rs:250:5
[INFO] [stdout]   21:     0x64251515ae4b - test::__rust_begin_short_backtrace::h8e82d8113d0da17f
[INFO] [stdout]                                at /rustc/df4ca44d3fbc9301ee17f30f4d474e6ae4b05252/library/test/src/lib.rs:621:18
[INFO] [stdout]   22:     0x64251515a7c7 - test::run_test_in_process::{{closure}}::h33235f4f20b7b7c7
[INFO] [stdout]                                at /rustc/df4ca44d3fbc9301ee17f30f4d474e6ae4b05252/library/test/src/lib.rs:644:60
[INFO] [stdout]   23:     0x64251515a7c7 - <core::panic::unwind_safe::AssertUnwindSafe<F> as core::ops::function::FnOnce<()>>::call_once::hb5043206310c586f
[INFO] [stdout]                                at /rustc/df4ca44d3fbc9301ee17f30f4d474e6ae4b05252/library/core/src/panic/unwind_safe.rs:272:9
[INFO] [stdout]   24:     0x64251515a7c7 - std::panicking::try::do_call::h9ad4731a60ab23e2
[INFO] [stdout]                                at /rustc/df4ca44d3fbc9301ee17f30f4d474e6ae4b05252/library/std/src/panicking.rs:557:40
[INFO] [stdout]   25:     0x64251515a7c7 - std::panicking::try::h3824d23db772a716
[INFO] [stdout]                                at /rustc/df4ca44d3fbc9301ee17f30f4d474e6ae4b05252/library/std/src/panicking.rs:520:19
[INFO] [stdout]   26:     0x64251515a7c7 - std::panic::catch_unwind::h5afd514605fde46b
[INFO] [stdout]                                at /rustc/df4ca44d3fbc9301ee17f30f4d474e6ae4b05252/library/std/src/panic.rs:358:14
[INFO] [stdout]   27:     0x64251515a7c7 - test::run_test_in_process::h0d5cbfa7067d1720
[INFO] [stdout]                                at /rustc/df4ca44d3fbc9301ee17f30f4d474e6ae4b05252/library/test/src/lib.rs:644:27
[INFO] [stdout]   28:     0x64251515a7c7 - test::run_test::{{closure}}::h708eb8872708115d
[INFO] [stdout]                                at /rustc/df4ca44d3fbc9301ee17f30f4d474e6ae4b05252/library/test/src/lib.rs:565:43
[INFO] [stdout]   29:     0x64251511dee4 - test::run_test::{{closure}}::h392c51cee94713ab
[INFO] [stdout]                                at /rustc/df4ca44d3fbc9301ee17f30f4d474e6ae4b05252/library/test/src/lib.rs:595:41
[INFO] [stdout]   30:     0x64251511dee4 - std::sys::backtrace::__rust_begin_short_backtrace::h2f40290710935a8b
[INFO] [stdout]                                at /rustc/df4ca44d3fbc9301ee17f30f4d474e6ae4b05252/library/std/src/sys/backtrace.rs:154:18
[INFO] [stdout]   31:     0x64251512168e - std::thread::Builder::spawn_unchecked_::{{closure}}::{{closure}}::h3fd968d89053a903
[INFO] [stdout]                                at /rustc/df4ca44d3fbc9301ee17f30f4d474e6ae4b05252/library/std/src/thread/mod.rs:541:17
[INFO] [stdout]   32:     0x64251512168e - <core::panic::unwind_safe::AssertUnwindSafe<F> as core::ops::function::FnOnce<()>>::call_once::h743f637ba4229880
[INFO] [stdout]                                at /rustc/df4ca44d3fbc9301ee17f30f4d474e6ae4b05252/library/core/src/panic/unwind_safe.rs:272:9
[INFO] [stdout]   33:     0x64251512168e - std::panicking::try::do_call::h07440897322525a6
[INFO] [stdout]                                at /rustc/df4ca44d3fbc9301ee17f30f4d474e6ae4b05252/library/std/src/panicking.rs:557:40
[INFO] [stdout]   34:     0x64251512168e - std::panicking::try::he5a2e00188156637
[INFO] [stdout]                                at /rustc/df4ca44d3fbc9301ee17f30f4d474e6ae4b05252/library/std/src/panicking.rs:520:19
[INFO] [stdout]   35:     0x64251512168e - std::panic::catch_unwind::hbaf3cae49b3c6433
[INFO] [stdout]                                at /rustc/df4ca44d3fbc9301ee17f30f4d474e6ae4b05252/library/std/src/panic.rs:358:14
[INFO] [stdout]   36:     0x64251512168e - std::thread::Builder::spawn_unchecked_::{{closure}}::h8e141ea224820bce
[INFO] [stdout]                                at /rustc/df4ca44d3fbc9301ee17f30f4d474e6ae4b05252/library/std/src/thread/mod.rs:540:30
[INFO] [stdout]   37:     0x64251512168e - core::ops::function::FnOnce::call_once{{vtable.shim}}::h90d312fedd7b8ea8
[INFO] [stdout]                                at /rustc/df4ca44d3fbc9301ee17f30f4d474e6ae4b05252/library/core/src/ops/function.rs:250:5
[INFO] [stdout]   38:     0x64251519218b - <alloc::boxed::Box<F,A> as core::ops::function::FnOnce<Args>>::call_once::h69aa08ddb6adb8b6
[INFO] [stdout]                                at /rustc/df4ca44d3fbc9301ee17f30f4d474e6ae4b05252/library/alloc/src/boxed.rs:2454:9
[INFO] [stdout]   39:     0x64251519218b - <alloc::boxed::Box<F,A> as core::ops::function::FnOnce<Args>>::call_once::h5aa36efdb79c806f
[INFO] [stdout]                                at /rustc/df4ca44d3fbc9301ee17f30f4d474e6ae4b05252/library/alloc/src/boxed.rs:2454:9
[INFO] [stdout]   40:     0x64251519218b - std::sys::pal::unix::thread::Thread::new::thread_start::h6cd80a1b4be5158d
[INFO] [stdout]                                at /rustc/df4ca44d3fbc9301ee17f30f4d474e6ae4b05252/library/std/src/sys/pal/unix/thread.rs:105:17
[INFO] [stdout]   41:     0x7c3020d94ac3 - <unknown>
[INFO] [stdout]   42:     0x7c3020e25a04 - clone
[INFO] [stdout]   43:                0x0 - <unknown>
[INFO] [stdout] 
[INFO] [stdout] 
[INFO] [stdout] failures:
[INFO] [stdout]     test::test
[INFO] [stdout] 
[INFO] [stdout] test result: FAILED. 0 passed; 1 failed; 0 ignored; 0 measured; 0 filtered out; finished in 0.55s
[INFO] [stdout] 
[INFO] [stderr] error: test failed, to rerun pass `--bin cargo-flaky`
[INFO] running `Command { std: "docker" "inspect" "88cf6327a4bd0263df8d7179e7532633aca7fd1dc2cc8b6476f364098e7e164f", kill_on_drop: false }`
[INFO] running `Command { std: "docker" "rm" "-f" "88cf6327a4bd0263df8d7179e7532633aca7fd1dc2cc8b6476f364098e7e164f", kill_on_drop: false }`
[INFO] [stdout] 88cf6327a4bd0263df8d7179e7532633aca7fd1dc2cc8b6476f364098e7e164f
