[INFO] fetching crate capter 1.0.0-alpha.35...
[INFO] testing capter-1.0.0-alpha.35 against nightly-2024-10-28+rustflags=-Zrandomize-layout for randomize-layout
[INFO] extracting crate capter 1.0.0-alpha.35 into /workspace/builds/worker-0-tc2/source
[INFO] validating manifest of crates.io crate capter 1.0.0-alpha.35 on toolchain nightly-2024-10-28
[INFO] running `Command { std: CARGO_HOME="/workspace/cargo-home" RUSTUP_HOME="/workspace/rustup-home" "/workspace/cargo-home/bin/cargo" "+nightly-2024-10-28" "metadata" "--manifest-path" "Cargo.toml" "--no-deps", kill_on_drop: false }`
[INFO] started tweaking crates.io crate capter 1.0.0-alpha.35
[INFO] finished tweaking crates.io crate capter 1.0.0-alpha.35
[INFO] tweaked toml for crates.io crate capter 1.0.0-alpha.35 written to /workspace/builds/worker-0-tc2/source/Cargo.toml
[INFO] crate crates.io crate capter 1.0.0-alpha.35 already has a lockfile, it will not be regenerated
[INFO] running `Command { std: CARGO_HOME="/workspace/cargo-home" RUSTUP_HOME="/workspace/rustup-home" "/workspace/cargo-home/bin/cargo" "+nightly-2024-10-28" "fetch" "--manifest-path" "Cargo.toml", kill_on_drop: false }`
[INFO] running `Command { std: "docker" "create" "-v" "/var/lib/crater-agent-workspace/builds/worker-0-tc2/target:/opt/rustwide/target:rw,Z" "-v" "/var/lib/crater-agent-workspace/builds/worker-0-tc2/source:/opt/rustwide/workdir:ro,Z" "-v" "/var/lib/crater-agent-workspace/cargo-home:/opt/rustwide/cargo-home:ro,Z" "-v" "/var/lib/crater-agent-workspace/rustup-home:/opt/rustwide/rustup-home:ro,Z" "-e" "SOURCE_DIR=/opt/rustwide/workdir" "-e" "CARGO_TARGET_DIR=/opt/rustwide/target" "-e" "CARGO_HOME=/opt/rustwide/cargo-home" "-e" "RUSTUP_HOME=/opt/rustwide/rustup-home" "-w" "/opt/rustwide/workdir" "-m" "1610612736" "--user" "0:0" "--network" "none" "ghcr.io/rust-lang/crates-build-env/linux@sha256:4a844ea9eb2546a2d2c7022eacef16ef2e8229c7fbb2c7d4d55a9ceca922f72d" "/opt/rustwide/cargo-home/bin/cargo" "+nightly-2024-10-28" "metadata" "--no-deps" "--format-version=1", kill_on_drop: false }`
[INFO] [stdout] e15f1f6441e3f7f0a9d0f7e8e5b859041a03f8ac1199882aa269a133fb47886b
[INFO] running `Command { std: "docker" "start" "-a" "e15f1f6441e3f7f0a9d0f7e8e5b859041a03f8ac1199882aa269a133fb47886b", kill_on_drop: false }`
[INFO] running `Command { std: "docker" "inspect" "e15f1f6441e3f7f0a9d0f7e8e5b859041a03f8ac1199882aa269a133fb47886b", kill_on_drop: false }`
[INFO] running `Command { std: "docker" "rm" "-f" "e15f1f6441e3f7f0a9d0f7e8e5b859041a03f8ac1199882aa269a133fb47886b", kill_on_drop: false }`
[INFO] [stdout] e15f1f6441e3f7f0a9d0f7e8e5b859041a03f8ac1199882aa269a133fb47886b
[INFO] running `Command { std: "docker" "create" "-v" "/var/lib/crater-agent-workspace/builds/worker-0-tc2/target:/opt/rustwide/target:rw,Z" "-v" "/var/lib/crater-agent-workspace/builds/worker-0-tc2/source:/opt/rustwide/workdir:ro,Z" "-v" "/var/lib/crater-agent-workspace/cargo-home:/opt/rustwide/cargo-home:ro,Z" "-v" "/var/lib/crater-agent-workspace/rustup-home:/opt/rustwide/rustup-home:ro,Z" "-e" "SOURCE_DIR=/opt/rustwide/workdir" "-e" "CARGO_TARGET_DIR=/opt/rustwide/target" "-e" "CARGO_INCREMENTAL=0" "-e" "RUST_BACKTRACE=full" "-e" "RUSTFLAGS=--cap-lints=forbid -Zrandomize-layout" "-e" "RUSTDOCFLAGS=--cap-lints=forbid" "-e" "CARGO_HOME=/opt/rustwide/cargo-home" "-e" "RUSTUP_HOME=/opt/rustwide/rustup-home" "-w" "/opt/rustwide/workdir" "-m" "1610612736" "--user" "0:0" "--network" "none" "ghcr.io/rust-lang/crates-build-env/linux@sha256:4a844ea9eb2546a2d2c7022eacef16ef2e8229c7fbb2c7d4d55a9ceca922f72d" "/opt/rustwide/cargo-home/bin/cargo" "+nightly-2024-10-28" "build" "--frozen" "--message-format=json", kill_on_drop: false }`
[INFO] [stdout] c26012735b3053fe9750dc0d0f0aa20660027afcc76af7fdf20e7c5c3ac97f9a
[INFO] running `Command { std: "docker" "start" "-a" "c26012735b3053fe9750dc0d0f0aa20660027afcc76af7fdf20e7c5c3ac97f9a", kill_on_drop: false }`
[INFO] [stderr]    Compiling libc v0.2.81
[INFO] [stderr]    Compiling autocfg v1.0.1
[INFO] [stderr]    Compiling proc-macro2 v1.0.24
[INFO] [stderr]    Compiling log v0.4.11
[INFO] [stderr]    Compiling cfg-if v0.1.10
[INFO] [stderr]    Compiling unicode-xid v0.2.1
[INFO] [stderr]    Compiling cc v1.0.66
[INFO] [stderr]    Compiling memchr v2.5.0
[INFO] [stderr]    Compiling syn v1.0.57
[INFO] [stderr]    Compiling serde_derive v1.0.118
[INFO] [stderr]    Compiling untrusted v0.7.1
[INFO] [stderr]    Compiling serde v1.0.118
[INFO] [stderr]    Compiling spin v0.5.2
[INFO] [stderr]    Compiling once_cell v1.5.2
[INFO] [stderr]    Compiling ryu v1.0.5
[INFO] [stderr]    Compiling tinyvec_macros v0.1.0
[INFO] [stderr]    Compiling matches v0.1.8
[INFO] [stderr]    Compiling bitflags v1.2.1
[INFO] [stderr]    Compiling tinyvec v1.1.0
[INFO] [stderr]    Compiling regex-syntax v0.6.26
[INFO] [stderr]    Compiling hashbrown v0.9.1
[INFO] [stderr]    Compiling unicode-bidi v0.3.4
[INFO] [stderr]    Compiling instant v0.1.9
[INFO] [stderr]    Compiling smallvec v1.6.0
[INFO] [stderr]    Compiling scopeguard v1.1.0
[INFO] [stderr]    Compiling fnv v1.0.7
[INFO] [stderr]    Compiling serde_json v1.0.61
[INFO] [stderr]    Compiling same-file v1.0.6
[INFO] [stderr]    Compiling percent-encoding v2.1.0
[INFO] [stderr]    Compiling indexmap v1.6.1
[INFO] [stderr]    Compiling num-traits v0.2.14
[INFO] [stderr]    Compiling crossbeam-utils v0.8.1
[INFO] [stderr]    Compiling num-integer v0.1.44
[INFO] [stderr]    Compiling form_urlencoded v1.0.0
[INFO] [stderr]    Compiling walkdir v2.3.1
[INFO] [stderr]    Compiling lock_api v0.4.2
[INFO] [stderr]    Compiling thread_local v1.0.1
[INFO] [stderr]    Compiling linked-hash-map v0.5.3
[INFO] [stderr]    Compiling aho-corasick v0.7.18
[INFO] [stderr]    Compiling bstr v0.2.14
[INFO] [stderr]    Compiling quote v1.0.8
[INFO] [stderr]    Compiling unicode-width v0.1.9
[INFO] [stderr]    Compiling itoa v0.4.7
[INFO] [stderr]    Compiling fsio v0.1.3
[INFO] [stderr]    Compiling base64 v0.13.0
[INFO] [stderr]    Compiling signal-hook-registry v1.3.0
[INFO] [stderr]    Compiling mio v0.7.7
[INFO] [stderr]    Compiling parking_lot_core v0.8.2
[INFO] [stderr]    Compiling envmnt v0.8.4
[INFO] [stderr]    Compiling time v0.1.44
[INFO] [stderr]    Compiling unicode-normalization v0.1.16
[INFO] [stderr]    Compiling atty v0.2.14
[INFO] [stderr]    Compiling textwrap v0.11.0
[INFO] [stderr]    Compiling ring v0.16.19
[INFO] [stderr]    Compiling yaml-rust v0.4.5
[INFO] [stderr]    Compiling ansi_term v0.12.1
[INFO] [stderr]    Compiling signal-hook v0.1.17
[INFO] [stderr]    Compiling parking_lot v0.11.1
[INFO] [stderr]    Compiling yaml-rust v0.3.5
[INFO] [stderr]    Compiling strsim v0.8.0
[INFO] [stderr]    Compiling vec_map v0.8.2
[INFO] [stderr]    Compiling chunked_transfer v1.3.0
[INFO] [stderr]    Compiling ci_info v0.13.2
[INFO] [stderr]    Compiling path-clean v0.1.0
[INFO] [stderr]    Compiling dotenv v0.15.0
[INFO] [stderr]    Compiling exitcode v1.1.2
[INFO] [stderr]    Compiling crossterm v0.19.0
[INFO] [stderr]    Compiling idna v0.2.0
[INFO] [stderr]    Compiling clap v2.34.0
[INFO] [stderr]    Compiling regex v1.5.6
[INFO] [stderr]    Compiling url v2.2.0
[INFO] [stderr]    Compiling globset v0.4.6
[INFO] [stderr]    Compiling ignore v0.4.17
[INFO] [stderr]    Compiling globwalk v0.8.1
[INFO] [stderr]    Compiling webpki v0.21.4
[INFO] [stderr]    Compiling sct v0.6.0
[INFO] [stderr]    Compiling webpki-roots v0.21.0
[INFO] [stderr]    Compiling rustls v0.19.0
[INFO] [stderr]    Compiling serde_yaml v0.8.24
[INFO] [stderr]    Compiling chrono v0.4.19
[INFO] [stderr]    Compiling ureq v2.0.1
[INFO] [stderr]    Compiling capter v1.0.0-alpha.35 (/opt/rustwide/workdir)
[INFO] [stdout] warning: unused import: `Assertion`
[INFO] [stdout]  --> src/assert/mod.rs:6:18
[INFO] [stdout]   |
[INFO] [stdout] 6 | pub use assert::{Assertion, AssertionData, AssertionResultData};
[INFO] [stdout]   |                  ^^^^^^^^^
[INFO] [stdout]   |
[INFO] [stdout]   = note: `#[warn(unused_imports)]` on by default
[INFO] [stdout] 
[INFO] [stdout] 
[INFO] [stdout] warning: unused import: `response::ResponseData`
[INFO] [stdout]   --> src/workflow/mod.rs:11:9
[INFO] [stdout]    |
[INFO] [stdout] 11 | pub use response::ResponseData;
[INFO] [stdout]    |         ^^^^^^^^^^^^^^^^^^^^^^
[INFO] [stdout] 
[INFO] [stdout] 
[INFO] [stdout] warning: field `is_debug` is never read
[INFO] [stdout]   --> src/ui/ui.rs:28:9
[INFO] [stdout]    |
[INFO] [stdout] 18 | pub struct TerminalUi {
[INFO] [stdout]    |            ---------- field in this struct
[INFO] [stdout] ...
[INFO] [stdout] 28 |     pub is_debug: bool,
[INFO] [stdout]    |         ^^^^^^^^
[INFO] [stdout]    |
[INFO] [stdout]    = note: `#[warn(dead_code)]` on by default
[INFO] [stdout] 
[INFO] [stdout] 
[INFO] [stderr]     Finished `dev` profile [unoptimized + debuginfo] target(s) in 8.74s
[INFO] running `Command { std: "docker" "inspect" "c26012735b3053fe9750dc0d0f0aa20660027afcc76af7fdf20e7c5c3ac97f9a", kill_on_drop: false }`
[INFO] running `Command { std: "docker" "rm" "-f" "c26012735b3053fe9750dc0d0f0aa20660027afcc76af7fdf20e7c5c3ac97f9a", kill_on_drop: false }`
[INFO] [stdout] c26012735b3053fe9750dc0d0f0aa20660027afcc76af7fdf20e7c5c3ac97f9a
[INFO] running `Command { std: "docker" "create" "-v" "/var/lib/crater-agent-workspace/builds/worker-0-tc2/target:/opt/rustwide/target:rw,Z" "-v" "/var/lib/crater-agent-workspace/builds/worker-0-tc2/source:/opt/rustwide/workdir:ro,Z" "-v" "/var/lib/crater-agent-workspace/cargo-home:/opt/rustwide/cargo-home:ro,Z" "-v" "/var/lib/crater-agent-workspace/rustup-home:/opt/rustwide/rustup-home:ro,Z" "-e" "SOURCE_DIR=/opt/rustwide/workdir" "-e" "CARGO_TARGET_DIR=/opt/rustwide/target" "-e" "CARGO_INCREMENTAL=0" "-e" "RUST_BACKTRACE=full" "-e" "RUSTFLAGS=--cap-lints=forbid -Zrandomize-layout" "-e" "RUSTDOCFLAGS=--cap-lints=forbid" "-e" "CARGO_HOME=/opt/rustwide/cargo-home" "-e" "RUSTUP_HOME=/opt/rustwide/rustup-home" "-w" "/opt/rustwide/workdir" "-m" "1610612736" "--user" "0:0" "--network" "none" "ghcr.io/rust-lang/crates-build-env/linux@sha256:4a844ea9eb2546a2d2c7022eacef16ef2e8229c7fbb2c7d4d55a9ceca922f72d" "/opt/rustwide/cargo-home/bin/cargo" "+nightly-2024-10-28" "test" "--frozen" "--no-run" "--message-format=json", kill_on_drop: false }`
[INFO] [stdout] ecd1ef0dac1c8d53e1355d16baafc122cf47b6b99a48d53f0b6eb241fe0b127a
[INFO] running `Command { std: "docker" "start" "-a" "ecd1ef0dac1c8d53e1355d16baafc122cf47b6b99a48d53f0b6eb241fe0b127a", kill_on_drop: false }`
[INFO] [stderr]    Compiling getrandom v0.2.2
[INFO] [stderr]    Compiling itoa v0.4.7
[INFO] [stderr]    Compiling ppv-lite86 v0.2.10
[INFO] [stderr]    Compiling httparse v1.3.5
[INFO] [stderr]    Compiling colored v2.0.0
[INFO] [stderr]    Compiling similar v2.1.0
[INFO] [stderr]    Compiling unindent v0.1.7
[INFO] [stderr]    Compiling serde_json v1.0.61
[INFO] [stderr]    Compiling serde_urlencoded v0.7.0
[INFO] [stderr]    Compiling indoc v1.0.3
[INFO] [stderr]    Compiling rand_core v0.6.1
[INFO] [stderr]    Compiling rand_chacha v0.3.0
[INFO] [stderr]    Compiling rand v0.8.3
[INFO] [stderr]    Compiling assert-json-diff v2.0.1
[INFO] [stderr]    Compiling ureq v2.0.1
[INFO] [stderr]    Compiling mockito v0.31.0
[INFO] [stderr]    Compiling capter v1.0.0-alpha.35 (/opt/rustwide/workdir)
[INFO] [stdout] warning: unused import: `Assertion`
[INFO] [stdout]  --> src/assert/mod.rs:6:18
[INFO] [stdout]   |
[INFO] [stdout] 6 | pub use assert::{Assertion, AssertionData, AssertionResultData};
[INFO] [stdout]   |                  ^^^^^^^^^
[INFO] [stdout]   |
[INFO] [stdout]   = note: `#[warn(unused_imports)]` on by default
[INFO] [stdout] 
[INFO] [stdout] 
[INFO] [stdout] warning: unused import: `response::ResponseData`
[INFO] [stdout]   --> src/workflow/mod.rs:11:9
[INFO] [stdout]    |
[INFO] [stdout] 11 | pub use response::ResponseData;
[INFO] [stdout]    |         ^^^^^^^^^^^^^^^^^^^^^^
[INFO] [stdout] 
[INFO] [stdout] 
[INFO] [stdout] warning: field `is_debug` is never read
[INFO] [stdout]   --> src/ui/ui.rs:28:9
[INFO] [stdout]    |
[INFO] [stdout] 18 | pub struct TerminalUi {
[INFO] [stdout]    |            ---------- field in this struct
[INFO] [stdout] ...
[INFO] [stdout] 28 |     pub is_debug: bool,
[INFO] [stdout]    |         ^^^^^^^^
[INFO] [stdout]    |
[INFO] [stdout]    = note: `#[warn(dead_code)]` on by default
[INFO] [stdout] 
[INFO] [stdout] 
[INFO] [stderr]     Finished `test` profile [unoptimized + debuginfo] target(s) in 2.94s
[INFO] running `Command { std: "docker" "inspect" "ecd1ef0dac1c8d53e1355d16baafc122cf47b6b99a48d53f0b6eb241fe0b127a", kill_on_drop: false }`
[INFO] running `Command { std: "docker" "rm" "-f" "ecd1ef0dac1c8d53e1355d16baafc122cf47b6b99a48d53f0b6eb241fe0b127a", kill_on_drop: false }`
[INFO] [stdout] ecd1ef0dac1c8d53e1355d16baafc122cf47b6b99a48d53f0b6eb241fe0b127a
[INFO] running `Command { std: "docker" "create" "-v" "/var/lib/crater-agent-workspace/builds/worker-0-tc2/target:/opt/rustwide/target:rw,Z" "-v" "/var/lib/crater-agent-workspace/builds/worker-0-tc2/source:/opt/rustwide/workdir:ro,Z" "-v" "/var/lib/crater-agent-workspace/cargo-home:/opt/rustwide/cargo-home:ro,Z" "-v" "/var/lib/crater-agent-workspace/rustup-home:/opt/rustwide/rustup-home:ro,Z" "-e" "SOURCE_DIR=/opt/rustwide/workdir" "-e" "CARGO_TARGET_DIR=/opt/rustwide/target" "-e" "CARGO_INCREMENTAL=0" "-e" "RUST_BACKTRACE=full" "-e" "RUSTFLAGS=--cap-lints=forbid -Zrandomize-layout" "-e" "RUSTDOCFLAGS=--cap-lints=forbid" "-e" "CARGO_HOME=/opt/rustwide/cargo-home" "-e" "RUSTUP_HOME=/opt/rustwide/rustup-home" "-w" "/opt/rustwide/workdir" "-m" "1610612736" "--user" "0:0" "--network" "none" "ghcr.io/rust-lang/crates-build-env/linux@sha256:4a844ea9eb2546a2d2c7022eacef16ef2e8229c7fbb2c7d4d55a9ceca922f72d" "/opt/rustwide/cargo-home/bin/cargo" "+nightly-2024-10-28" "test" "--frozen", kill_on_drop: false }`
[INFO] [stdout] 242a4c15c1c1977c12dd051d9874e390391547bb8750630a4653cbc5dc10a0bf
[INFO] running `Command { std: "docker" "start" "-a" "242a4c15c1c1977c12dd051d9874e390391547bb8750630a4653cbc5dc10a0bf", kill_on_drop: false }`
[INFO] [stderr] warning: unused import: `Assertion`
[INFO] [stderr]  --> src/assert/mod.rs:6:18
[INFO] [stderr]   |
[INFO] [stderr] 6 | pub use assert::{Assertion, AssertionData, AssertionResultData};
[INFO] [stderr]   |                  ^^^^^^^^^
[INFO] [stderr]   |
[INFO] [stderr]   = note: `#[warn(unused_imports)]` on by default
[INFO] [stderr] 
[INFO] [stderr] warning: unused import: `response::ResponseData`
[INFO] [stderr]   --> src/workflow/mod.rs:11:9
[INFO] [stderr]    |
[INFO] [stderr] 11 | pub use response::ResponseData;
[INFO] [stderr]    |         ^^^^^^^^^^^^^^^^^^^^^^
[INFO] [stderr] 
[INFO] [stderr] warning: field `is_debug` is never read
[INFO] [stderr]   --> src/ui/ui.rs:28:9
[INFO] [stderr]    |
[INFO] [stderr] 18 | pub struct TerminalUi {
[INFO] [stderr]    |            ---------- field in this struct
[INFO] [stderr] ...
[INFO] [stderr] 28 |     pub is_debug: bool,
[INFO] [stderr]    |         ^^^^^^^^
[INFO] [stderr]    |
[INFO] [stderr]    = note: `#[warn(dead_code)]` on by default
[INFO] [stderr] 
[INFO] [stderr] warning: `capter` (bin "capter" test) generated 3 warnings (run `cargo fix --bin "capter" --tests` to apply 2 suggestions)
[INFO] [stderr]     Finished `test` profile [unoptimized + debuginfo] target(s) in 0.06s
[INFO] [stderr]      Running unittests src/main.rs (/opt/rustwide/target/debug/deps/capter-72f53e0904fe09cc)
[INFO] [stdout] 
[INFO] [stdout] running 80 tests
[INFO] [stdout] test assert::assertions::to_be_above::tests::test_fail ... ok
[INFO] [stdout] test assert::assertions::to_be_above::tests::test_invalid_type ... ok
[INFO] [stdout] test assert::assertions::to_be_above::tests::test_pass ... ok
[INFO] [stdout] test assert::assertions::to_be_array::tests::test_fail ... ok
[INFO] [stdout] test assert::assertions::to_be_array::tests::test_pass ... ok
[INFO] [stdout] test assert::assertions::to_be_at_least::tests::test_fail ... ok
[INFO] [stdout] test assert::assertions::to_be_at_least::tests::test_invalid_type ... ok
[INFO] [stdout] test assert::assertions::to_be_at_least::tests::test_pass ... ok
[INFO] [stdout] test assert::assertions::to_be_at_most::tests::test_fail ... ok
[INFO] [stdout] test assert::assertions::to_be_at_most::tests::test_invalid_type ... ok
[INFO] [stdout] test assert::assertions::to_be_at_most::tests::test_pass ... ok
[INFO] [stdout] test assert::assertions::to_be_below::tests::test_fail ... ok
[INFO] [stdout] test assert::assertions::to_be_below::tests::test_invalid_type ... ok
[INFO] [stdout] test assert::assertions::to_be_below::tests::test_pass ... ok
[INFO] [stdout] test assert::assertions::to_be_boolean::tests::test_fail ... ok
[INFO] [stdout] test assert::assertions::to_be_boolean::tests::test_pass ... ok
[INFO] [stdout] test assert::assertions::to_be_empty::tests::test_pass ... ok
[INFO] [stdout] test assert::assertions::to_be_empty::tests::test_fail ... ok
[INFO] [stdout] test assert::assertions::to_be_false::tests::test_fail ... ok
[INFO] [stdout] test assert::assertions::to_be_false::tests::test_pass ... ok
[INFO] [stdout] test assert::assertions::to_be_null::tests::test_fail ... ok
[INFO] [stdout] test assert::assertions::to_be_null::tests::test_pass ... ok
[INFO] [stdout] test assert::assertions::to_be_number::tests::test_fail ... ok
[INFO] [stdout] test assert::assertions::to_be_object::tests::test_fail ... ok
[INFO] [stdout] test assert::assertions::to_be_object::tests::test_pass ... ok
[INFO] [stdout] test assert::assertions::to_be_number::tests::test_pass ... ok
[INFO] [stdout] test assert::assertions::to_be_true::tests::test_pass ... ok
[INFO] [stdout] test assert::assertions::to_be_string::tests::test_fail ... ok
[INFO] [stdout] test assert::assertions::to_be_undefined::tests::test_pass ... ok
[INFO] [stdout] test assert::assertions::to_be_undefined::tests::test_fail ... ok
[INFO] [stdout] test assert::assertions::to_contain::tests::test_pass ... ok
[INFO] [stdout] test assert::assertions::to_equal::tests::test_array ... ok
[INFO] [stdout] test assert::assertions::to_contain::tests::test_fail ... ok
[INFO] [stdout] test assert::assertions::to_be_string::tests::test_pass ... ok
[INFO] [stdout] test assert::assert::tests::test_assertion ... ok
[INFO] [stdout] test assert::assertions::to_equal::tests::test_number ... ok
[INFO] [stdout] test assert::assertions::to_equal::tests::test_nested_object ... ok
[INFO] [stdout] test assert::assertions::to_exist::tests::test_fail ... ok
[INFO] [stdout] test assert::assertions::to_equal::tests::test_object ... ok
[INFO] [stdout] test assert::assertions::to_exist::tests::test_pass ... ok
[INFO] [stdout] test assert::assertions::to_be_true::tests::test_fail ... ok
[INFO] [stdout] test ci::github_actions::tests::test_github_actions ... ok
[INFO] [stdout] test assert::assertions::to_equal::tests::test_boolean ... ok
[INFO] [stdout] test assert::assertions::to_equal::tests::test_string ... ok
[INFO] [stdout] test compile::string::tests::test_empty_tag ... ok
[INFO] [stdout] test assert::assertions::to_match::tests::test_fail ... ok
[INFO] [stdout] test compile::string::tests::test_masking ... ok
[INFO] [stdout] test compile::value::tests::test_empty_value ... ok
[INFO] [stdout] test compile::string::tests::test_nested_data ... ok
[INFO] [stdout] test utils::deep_replace::tests::test_nested_object ... ok
[INFO] [stdout] test compile::string::tests::test_missing_value ... ok
[INFO] [stdout] test compile::string::tests::test_nested_value ... ok
[INFO] [stdout] test utils::deep_replace::tests::test_non_object ... ok
[INFO] [stdout] test compile::string::tests::test_single_value ... ok
[INFO] [stdout] test assert::assertions::to_match::tests::test_pass ... ok
[INFO] [stdout] test compile::string::tests::test_plain ... ok
[INFO] [stdout] test utils::deep_replace::tests::test_array ... ok
[INFO] [stdout] test compile::value::tests::test_nested_value ... ok
[INFO] [stdout] test workflow::config::tests::test_from_yaml ... ok
[INFO] [stdout] test compile::value::tests::test_masking ... ok
[INFO] [stdout] test compile::value::tests::test_plain ... ok
[INFO] [stdout] test workflow::response::tests::test_mask_response ... ok
[INFO] [stdout] test utils::http_request::tests::test_query_header_body ... ok
[INFO] [stdout] test workflow::response::tests::test_no_response ... ok
[INFO] [stdout] test workflow::request::tests::test_merging_headers ... ok
[INFO] [stdout] test workflow::request::tests::test_method_in_url ... ok
[INFO] [stdout] test compile::value::tests::test_complex_structures ... ok
[INFO] [stdout] test compile::value::tests::test_value_types ... ok
[INFO] [stdout] test compile::string::tests::test_invalid_format - should panic ... ok
[INFO] [stdout] test workflow::config::tests::test_file ... FAILED
[INFO] [stdout] test workflow::config::tests::test_bad_no_assertions - should panic ... ok
[INFO] [stdout] test workflow::config::tests::test_bad_no_name - should panic ... ok
[INFO] [stdout] test utils::logger::tests::test_logger ... FAILED
[INFO] [stdout] test utils::http_request::tests::test_basic_call ... ok
[INFO] [stdout] test utils::http_request::tests::test_query_string_body ... ok
[INFO] [stdout] test workflow::response::tests::test_assert ... ok
[INFO] [stdout] test workflow::response::tests::test_bad_response ... ok
[INFO] [stdout] test workflow::response::tests::test_custom_status_code ... ok
[INFO] [stdout] test workflow::response::tests::test_successful_response ... ok
[INFO] [stdout] test workflow::workflow_result::tests::test_run_workflow ... ok
[INFO] [stdout] 
[INFO] [stdout] failures:
[INFO] [stdout] 
[INFO] [stdout] ---- workflow::config::tests::test_file stdout ----
[INFO] [stdout] 
[INFO] [stdout] Failed to read .capter/posts.yml
[INFO] [stdout] thread 'workflow::config::tests::test_file' panicked at src/utils/exit.rs:11:5:
[INFO] [stdout] 78
[INFO] [stdout] stack backtrace:
[INFO] [stdout]    0:     0x58a2836454aa - std::backtrace_rs::backtrace::libunwind::trace::h207520d6e9873551
[INFO] [stdout]                                at /rustc/df4ca44d3fbc9301ee17f30f4d474e6ae4b05252/library/std/src/../../backtrace/src/backtrace/libunwind.rs:116:5
[INFO] [stdout]    1:     0x58a2836454aa - std::backtrace_rs::backtrace::trace_unsynchronized::h2ed7433f370e3eca
[INFO] [stdout]                                at /rustc/df4ca44d3fbc9301ee17f30f4d474e6ae4b05252/library/std/src/../../backtrace/src/backtrace/mod.rs:66:5
[INFO] [stdout]    2:     0x58a2836454aa - std::sys::backtrace::_print_fmt::h916fac51166b18d7
[INFO] [stdout]                                at /rustc/df4ca44d3fbc9301ee17f30f4d474e6ae4b05252/library/std/src/sys/backtrace.rs:66:9
[INFO] [stdout]    3:     0x58a2836454aa - <std::sys::backtrace::BacktraceLock::print::DisplayBacktrace as core::fmt::Display>::fmt::ha0a4c9b8ce3802e6
[INFO] [stdout]                                at /rustc/df4ca44d3fbc9301ee17f30f4d474e6ae4b05252/library/std/src/sys/backtrace.rs:39:26
[INFO] [stdout]    4:     0x58a283671f43 - core::fmt::rt::Argument::fmt::h4cfc8587d52b3eb5
[INFO] [stdout]                                at /rustc/df4ca44d3fbc9301ee17f30f4d474e6ae4b05252/library/core/src/fmt/rt.rs:177:76
[INFO] [stdout]    5:     0x58a283671f43 - core::fmt::write::h522cc39e5b36ae9f
[INFO] [stdout]                                at /rustc/df4ca44d3fbc9301ee17f30f4d474e6ae4b05252/library/core/src/fmt/mod.rs:1190:21
[INFO] [stdout]    6:     0x58a283640fa3 - std::io::Write::write_fmt::h7d3c26752da97734
[INFO] [stdout]                                at /rustc/df4ca44d3fbc9301ee17f30f4d474e6ae4b05252/library/std/src/io/mod.rs:1839:15
[INFO] [stdout]    7:     0x58a2836452f2 - std::sys::backtrace::BacktraceLock::print::h4b9e00b29e9c0942
[INFO] [stdout]                                at /rustc/df4ca44d3fbc9301ee17f30f4d474e6ae4b05252/library/std/src/sys/backtrace.rs:42:9
[INFO] [stdout]    8:     0x58a28364693a - std::panicking::default_hook::{{closure}}::hb59b88280d0324d9
[INFO] [stdout]                                at /rustc/df4ca44d3fbc9301ee17f30f4d474e6ae4b05252/library/std/src/panicking.rs:268:22
[INFO] [stdout]    9:     0x58a283646744 - std::panicking::default_hook::he1dd496665be4a29
[INFO] [stdout]                                at /rustc/df4ca44d3fbc9301ee17f30f4d474e6ae4b05252/library/std/src/panicking.rs:292:9
[INFO] [stdout]   10:     0x58a2831e5809 - <alloc::boxed::Box<F,A> as core::ops::function::Fn<Args>>::call::h4ff71de18744e1dc
[INFO] [stdout]                                at /rustc/df4ca44d3fbc9301ee17f30f4d474e6ae4b05252/library/alloc/src/boxed.rs:2468:9
[INFO] [stdout]   11:     0x58a2831e5809 - test::test_main::{{closure}}::hcf7c055ce117aa81
[INFO] [stdout]                                at /rustc/df4ca44d3fbc9301ee17f30f4d474e6ae4b05252/library/test/src/lib.rs:133:21
[INFO] [stdout]   12:     0x58a283647038 - <alloc::boxed::Box<F,A> as core::ops::function::Fn<Args>>::call::h1d66c6bbd60c9692
[INFO] [stdout]                                at /rustc/df4ca44d3fbc9301ee17f30f4d474e6ae4b05252/library/alloc/src/boxed.rs:2468:9
[INFO] [stdout]   13:     0x58a283647038 - std::panicking::rust_panic_with_hook::h2ff17fe8f26dfcf8
[INFO] [stdout]                                at /rustc/df4ca44d3fbc9301ee17f30f4d474e6ae4b05252/library/std/src/panicking.rs:809:13
[INFO] [stdout]   14:     0x58a283646dfa - std::panicking::begin_panic_handler::{{closure}}::h4fad77951c07e101
[INFO] [stdout]                                at /rustc/df4ca44d3fbc9301ee17f30f4d474e6ae4b05252/library/std/src/panicking.rs:674:13
[INFO] [stdout]   15:     0x58a283645989 - std::sys::backtrace::__rust_end_short_backtrace::hb1a25b3da5d0ea08
[INFO] [stdout]                                at /rustc/df4ca44d3fbc9301ee17f30f4d474e6ae4b05252/library/std/src/sys/backtrace.rs:170:18
[INFO] [stdout]   16:     0x58a283646a8c - rust_begin_unwind
[INFO] [stdout]                                at /rustc/df4ca44d3fbc9301ee17f30f4d474e6ae4b05252/library/std/src/panicking.rs:665:5
[INFO] [stdout]   17:     0x58a28366feb0 - core::panicking::panic_fmt::ha9db07b529f9b256
[INFO] [stdout]                                at /rustc/df4ca44d3fbc9301ee17f30f4d474e6ae4b05252/library/core/src/panicking.rs:75:14
[INFO] [stdout]   18:     0x58a2831896f3 - core::panicking::panic_display::h3e1456c24c7e6254
[INFO] [stdout]                                at /rustc/df4ca44d3fbc9301ee17f30f4d474e6ae4b05252/library/core/src/panicking.rs:273:5
[INFO] [stdout]   19:     0x58a2831885da - capter::utils::exit::exit_with_code::panic_cold_display::h8e53f39d5916a246
[INFO] [stdout]                                at /rustc/df4ca44d3fbc9301ee17f30f4d474e6ae4b05252/library/core/src/panic.rs:100:13
[INFO] [stdout]   20:     0x58a28318593d - capter::utils::exit::exit_with_code::had2951cd07558eb2
[INFO] [stdout]                                at /opt/rustwide/workdir/src/utils/exit.rs:11:5
[INFO] [stdout]   21:     0x58a2831330e9 - capter::workflow::config::WorkflowConfig::from_yaml_file::he5f9f9c99be266aa
[INFO] [stdout]                                at /opt/rustwide/workdir/src/workflow/config.rs:88:18
[INFO] [stdout]   22:     0x58a28316a658 - capter::workflow::config::tests::test_file::hb9f0a2c8b86af69a
[INFO] [stdout]                                at /opt/rustwide/workdir/src/workflow/config.rs:143:22
[INFO] [stdout]   23:     0x58a28316a607 - capter::workflow::config::tests::test_file::{{closure}}::heb1759ff673cc347
[INFO] [stdout]                                at /opt/rustwide/workdir/src/workflow/config.rs:142:19
[INFO] [stdout]   24:     0x58a28316e956 - core::ops::function::FnOnce::call_once::ha7455db160907b28
[INFO] [stdout]                                at /rustc/df4ca44d3fbc9301ee17f30f4d474e6ae4b05252/library/core/src/ops/function.rs:250:5
[INFO] [stdout]   25:     0x58a2831ea0db - core::ops::function::FnOnce::call_once::h22c3ba5715e93f05
[INFO] [stdout]                                at /rustc/df4ca44d3fbc9301ee17f30f4d474e6ae4b05252/library/core/src/ops/function.rs:250:5
[INFO] [stdout]   26:     0x58a2831ea0db - test::__rust_begin_short_backtrace::h8e82d8113d0da17f
[INFO] [stdout]                                at /rustc/df4ca44d3fbc9301ee17f30f4d474e6ae4b05252/library/test/src/lib.rs:621:18
[INFO] [stdout]   27:     0x58a2831e9a57 - test::run_test_in_process::{{closure}}::h33235f4f20b7b7c7
[INFO] [stdout]                                at /rustc/df4ca44d3fbc9301ee17f30f4d474e6ae4b05252/library/test/src/lib.rs:644:60
[INFO] [stdout]   28:     0x58a2831e9a57 - <core::panic::unwind_safe::AssertUnwindSafe<F> as core::ops::function::FnOnce<()>>::call_once::hb5043206310c586f
[INFO] [stdout]                                at /rustc/df4ca44d3fbc9301ee17f30f4d474e6ae4b05252/library/core/src/panic/unwind_safe.rs:272:9
[INFO] [stdout]   29:     0x58a2831e9a57 - std::panicking::try::do_call::h9ad4731a60ab23e2
[INFO] [stdout]                                at /rustc/df4ca44d3fbc9301ee17f30f4d474e6ae4b05252/library/std/src/panicking.rs:557:40
[INFO] [stdout]   30:     0x58a2831e9a57 - std::panicking::try::h3824d23db772a716
[INFO] [stdout]                                at /rustc/df4ca44d3fbc9301ee17f30f4d474e6ae4b05252/library/std/src/panicking.rs:520:19
[INFO] [stdout]   31:     0x58a2831e9a57 - std::panic::catch_unwind::h5afd514605fde46b
[INFO] [stdout]                                at /rustc/df4ca44d3fbc9301ee17f30f4d474e6ae4b05252/library/std/src/panic.rs:358:14
[INFO] [stdout]   32:     0x58a2831e9a57 - test::run_test_in_process::h0d5cbfa7067d1720
[INFO] [stdout]                                at /rustc/df4ca44d3fbc9301ee17f30f4d474e6ae4b05252/library/test/src/lib.rs:644:27
[INFO] [stdout]   33:     0x58a2831e9a57 - test::run_test::{{closure}}::h708eb8872708115d
[INFO] [stdout]                                at /rustc/df4ca44d3fbc9301ee17f30f4d474e6ae4b05252/library/test/src/lib.rs:565:43
[INFO] [stdout]   34:     0x58a2831ad174 - test::run_test::{{closure}}::h392c51cee94713ab
[INFO] [stdout]                                at /rustc/df4ca44d3fbc9301ee17f30f4d474e6ae4b05252/library/test/src/lib.rs:595:41
[INFO] [stdout]   35:     0x58a2831ad174 - std::sys::backtrace::__rust_begin_short_backtrace::h2f40290710935a8b
[INFO] [stdout]                                at /rustc/df4ca44d3fbc9301ee17f30f4d474e6ae4b05252/library/std/src/sys/backtrace.rs:154:18
[INFO] [stdout]   36:     0x58a2831b091e - std::thread::Builder::spawn_unchecked_::{{closure}}::{{closure}}::h3fd968d89053a903
[INFO] [stdout]                                at /rustc/df4ca44d3fbc9301ee17f30f4d474e6ae4b05252/library/std/src/thread/mod.rs:541:17
[INFO] [stdout]   37:     0x58a2831b091e - <core::panic::unwind_safe::AssertUnwindSafe<F> as core::ops::function::FnOnce<()>>::call_once::h743f637ba4229880
[INFO] [stdout]                                at /rustc/df4ca44d3fbc9301ee17f30f4d474e6ae4b05252/library/core/src/panic/unwind_safe.rs:272:9
[INFO] [stdout]   38:     0x58a2831b091e - std::panicking::try::do_call::h07440897322525a6
[INFO] [stdout]                                at /rustc/df4ca44d3fbc9301ee17f30f4d474e6ae4b05252/library/std/src/panicking.rs:557:40
[INFO] [stdout]   39:     0x58a2831b091e - std::panicking::try::he5a2e00188156637
[INFO] [stdout]                                at /rustc/df4ca44d3fbc9301ee17f30f4d474e6ae4b05252/library/std/src/panicking.rs:520:19
[INFO] [stdout]   40:     0x58a2831b091e - std::panic::catch_unwind::hbaf3cae49b3c6433
[INFO] [stdout]                                at /rustc/df4ca44d3fbc9301ee17f30f4d474e6ae4b05252/library/std/src/panic.rs:358:14
[INFO] [stdout]   41:     0x58a2831b091e - std::thread::Builder::spawn_unchecked_::{{closure}}::h8e141ea224820bce
[INFO] [stdout]                                at /rustc/df4ca44d3fbc9301ee17f30f4d474e6ae4b05252/library/std/src/thread/mod.rs:540:30
[INFO] [stdout]   42:     0x58a2831b091e - core::ops::function::FnOnce::call_once{{vtable.shim}}::h90d312fedd7b8ea8
[INFO] [stdout]                                at /rustc/df4ca44d3fbc9301ee17f30f4d474e6ae4b05252/library/core/src/ops/function.rs:250:5
[INFO] [stdout]   43:     0x58a28364b01b - <alloc::boxed::Box<F,A> as core::ops::function::FnOnce<Args>>::call_once::h69aa08ddb6adb8b6
[INFO] [stdout]                                at /rustc/df4ca44d3fbc9301ee17f30f4d474e6ae4b05252/library/alloc/src/boxed.rs:2454:9
[INFO] [stdout]   44:     0x58a28364b01b - <alloc::boxed::Box<F,A> as core::ops::function::FnOnce<Args>>::call_once::h5aa36efdb79c806f
[INFO] [stdout]                                at /rustc/df4ca44d3fbc9301ee17f30f4d474e6ae4b05252/library/alloc/src/boxed.rs:2454:9
[INFO] [stdout]   45:     0x58a28364b01b - std::sys::pal::unix::thread::Thread::new::thread_start::h6cd80a1b4be5158d
[INFO] [stdout]                                at /rustc/df4ca44d3fbc9301ee17f30f4d474e6ae4b05252/library/std/src/sys/pal/unix/thread.rs:105:17
[INFO] [stdout]   46:     0x77b95bc6aac3 - <unknown>
[INFO] [stdout]   47:     0x77b95bcfba04 - clone
[INFO] [stdout]   48:                0x0 - <unknown>
[INFO] [stdout] 
[INFO] [stdout] ---- utils::logger::tests::test_logger stdout ----
[INFO] [stdout] thread 'utils::logger::tests::test_logger' panicked at src/utils/logger.rs:14:44:
[INFO] [stdout] called `Result::unwrap()` on an `Err` value: Os { code: 30, kind: ReadOnlyFilesystem, message: "Read-only file system" }
[INFO] [stdout] stack backtrace:
[INFO] [stdout]    0:     0x58a2836454aa - std::backtrace_rs::backtrace::libunwind::trace::h207520d6e9873551
[INFO] [stdout]                                at /rustc/df4ca44d3fbc9301ee17f30f4d474e6ae4b05252/library/std/src/../../backtrace/src/backtrace/libunwind.rs:116:5
[INFO] [stdout]    1:     0x58a2836454aa - std::backtrace_rs::backtrace::trace_unsynchronized::h2ed7433f370e3eca
[INFO] [stdout]                                at /rustc/df4ca44d3fbc9301ee17f30f4d474e6ae4b05252/library/std/src/../../backtrace/src/backtrace/mod.rs:66:5
[INFO] [stdout]    2:     0x58a2836454aa - std::sys::backtrace::_print_fmt::h916fac51166b18d7
[INFO] [stdout]                                at /rustc/df4ca44d3fbc9301ee17f30f4d474e6ae4b05252/library/std/src/sys/backtrace.rs:66:9
[INFO] [stdout]    3:     0x58a2836454aa - <std::sys::backtrace::BacktraceLock::print::DisplayBacktrace as core::fmt::Display>::fmt::ha0a4c9b8ce3802e6
[INFO] [stdout]                                at /rustc/df4ca44d3fbc9301ee17f30f4d474e6ae4b05252/library/std/src/sys/backtrace.rs:39:26
[INFO] [stdout]    4:     0x58a283671f43 - core::fmt::rt::Argument::fmt::h4cfc8587d52b3eb5
[INFO] [stdout]                                at /rustc/df4ca44d3fbc9301ee17f30f4d474e6ae4b05252/library/core/src/fmt/rt.rs:177:76
[INFO] [stdout]    5:     0x58a283671f43 - core::fmt::write::h522cc39e5b36ae9f
[INFO] [stdout]                                at /rustc/df4ca44d3fbc9301ee17f30f4d474e6ae4b05252/library/core/src/fmt/mod.rs:1190:21
[INFO] [stdout]    6:     0x58a283640fa3 - std::io::Write::write_fmt::h7d3c26752da97734
[INFO] [stdout]                                at /rustc/df4ca44d3fbc9301ee17f30f4d474e6ae4b05252/library/std/src/io/mod.rs:1839:15
[INFO] [stdout]    7:     0x58a2836452f2 - std::sys::backtrace::BacktraceLock::print::h4b9e00b29e9c0942
[INFO] [stdout]                                at /rustc/df4ca44d3fbc9301ee17f30f4d474e6ae4b05252/library/std/src/sys/backtrace.rs:42:9
[INFO] [stdout]    8:     0x58a28364693a - std::panicking::default_hook::{{closure}}::hb59b88280d0324d9
[INFO] [stdout]                                at /rustc/df4ca44d3fbc9301ee17f30f4d474e6ae4b05252/library/std/src/panicking.rs:268:22
[INFO] [stdout]    9:     0x58a283646744 - std::panicking::default_hook::he1dd496665be4a29
[INFO] [stdout]                                at /rustc/df4ca44d3fbc9301ee17f30f4d474e6ae4b05252/library/std/src/panicking.rs:292:9
[INFO] [stdout]   10:     0x58a2831e5809 - <alloc::boxed::Box<F,A> as core::ops::function::Fn<Args>>::call::h4ff71de18744e1dc
[INFO] [stdout]                                at /rustc/df4ca44d3fbc9301ee17f30f4d474e6ae4b05252/library/alloc/src/boxed.rs:2468:9
[INFO] [stdout]   11:     0x58a2831e5809 - test::test_main::{{closure}}::hcf7c055ce117aa81
[INFO] [stdout]                                at /rustc/df4ca44d3fbc9301ee17f30f4d474e6ae4b05252/library/test/src/lib.rs:133:21
[INFO] [stdout]   12:     0x58a283647038 - <alloc::boxed::Box<F,A> as core::ops::function::Fn<Args>>::call::h1d66c6bbd60c9692
[INFO] [stdout]                                at /rustc/df4ca44d3fbc9301ee17f30f4d474e6ae4b05252/library/alloc/src/boxed.rs:2468:9
[INFO] [stdout]   13:     0x58a283647038 - std::panicking::rust_panic_with_hook::h2ff17fe8f26dfcf8
[INFO] [stdout]                                at /rustc/df4ca44d3fbc9301ee17f30f4d474e6ae4b05252/library/std/src/panicking.rs:809:13
[INFO] [stdout]   14:     0x58a283646dfa - std::panicking::begin_panic_handler::{{closure}}::h4fad77951c07e101
[INFO] [stdout]                                at /rustc/df4ca44d3fbc9301ee17f30f4d474e6ae4b05252/library/std/src/panicking.rs:674:13
[INFO] [stdout]   15:     0x58a283645989 - std::sys::backtrace::__rust_end_short_backtrace::hb1a25b3da5d0ea08
[INFO] [stdout]                                at /rustc/df4ca44d3fbc9301ee17f30f4d474e6ae4b05252/library/std/src/sys/backtrace.rs:170:18
[INFO] [stdout]   16:     0x58a283646a8c - rust_begin_unwind
[INFO] [stdout]                                at /rustc/df4ca44d3fbc9301ee17f30f4d474e6ae4b05252/library/std/src/panicking.rs:665:5
[INFO] [stdout]   17:     0x58a28366feb0 - core::panicking::panic_fmt::ha9db07b529f9b256
[INFO] [stdout]                                at /rustc/df4ca44d3fbc9301ee17f30f4d474e6ae4b05252/library/core/src/panicking.rs:75:14
[INFO] [stdout]   18:     0x58a283670336 - core::result::unwrap_failed::h5e8218e4d4338b8a
[INFO] [stdout]                                at /rustc/df4ca44d3fbc9301ee17f30f4d474e6ae4b05252/library/core/src/result.rs:1698:5
[INFO] [stdout]   19:     0x58a28315f191 - core::result::Result<T,E>::unwrap::h2d3c2530c8c67b0c
[INFO] [stdout]                                at /rustc/df4ca44d3fbc9301ee17f30f4d474e6ae4b05252/library/core/src/result.rs:1103:23
[INFO] [stdout]   20:     0x58a28315f191 - capter::utils::logger::Logger::log_workflow_results::h1d52568659a38ecb
[INFO] [stdout]                                at /opt/rustwide/workdir/src/utils/logger.rs:14:9
[INFO] [stdout]   21:     0x58a28316a129 - capter::utils::logger::tests::test_logger::h749e7f46c237cc8a
[INFO] [stdout]                                at /opt/rustwide/workdir/src/utils/logger.rs:110:9
[INFO] [stdout]   22:     0x58a283169b47 - capter::utils::logger::tests::test_logger::{{closure}}::hceb66ad35a5f4153
[INFO] [stdout]                                at /opt/rustwide/workdir/src/utils/logger.rs:87:21
[INFO] [stdout]   23:     0x58a28316df06 - core::ops::function::FnOnce::call_once::h4eca7c3e460b96dd
[INFO] [stdout]                                at /rustc/df4ca44d3fbc9301ee17f30f4d474e6ae4b05252/library/core/src/ops/function.rs:250:5
[INFO] [stdout]   24:     0x58a2831ea0db - core::ops::function::FnOnce::call_once::h22c3ba5715e93f05
[INFO] [stdout]                                at /rustc/df4ca44d3fbc9301ee17f30f4d474e6ae4b05252/library/core/src/ops/function.rs:250:5
[INFO] [stdout]   25:     0x58a2831ea0db - test::__rust_begin_short_backtrace::h8e82d8113d0da17f
[INFO] [stdout]                                at /rustc/df4ca44d3fbc9301ee17f30f4d474e6ae4b05252/library/test/src/lib.rs:621:18
[INFO] [stdout]   26:     0x58a2831e9a57 - test::run_test_in_process::{{closure}}::h33235f4f20b7b7c7
[INFO] [stdout]                                at /rustc/df4ca44d3fbc9301ee17f30f4d474e6ae4b05252/library/test/src/lib.rs:644:60
[INFO] [stdout]   27:     0x58a2831e9a57 - <core::panic::unwind_safe::AssertUnwindSafe<F> as core::ops::function::FnOnce<()>>::call_once::hb5043206310c586f
[INFO] [stdout]                                at /rustc/df4ca44d3fbc9301ee17f30f4d474e6ae4b05252/library/core/src/panic/unwind_safe.rs:272:9
[INFO] [stdout]   28:     0x58a2831e9a57 - std::panicking::try::do_call::h9ad4731a60ab23e2
[INFO] [stdout]                                at /rustc/df4ca44d3fbc9301ee17f30f4d474e6ae4b05252/library/std/src/panicking.rs:557:40
[INFO] [stdout]   29:     0x58a2831e9a57 - std::panicking::try::h3824d23db772a716
[INFO] [stdout]                                at /rustc/df4ca44d3fbc9301ee17f30f4d474e6ae4b05252/library/std/src/panicking.rs:520:19
[INFO] [stdout]   30:     0x58a2831e9a57 - std::panic::catch_unwind::h5afd514605fde46b
[INFO] [stdout]                                at /rustc/df4ca44d3fbc9301ee17f30f4d474e6ae4b05252/library/std/src/panic.rs:358:14
[INFO] [stdout]   31:     0x58a2831e9a57 - test::run_test_in_process::h0d5cbfa7067d1720
[INFO] [stdout]                                at /rustc/df4ca44d3fbc9301ee17f30f4d474e6ae4b05252/library/test/src/lib.rs:644:27
[INFO] [stdout]   32:     0x58a2831e9a57 - test::run_test::{{closure}}::h708eb8872708115d
[INFO] [stdout]                                at /rustc/df4ca44d3fbc9301ee17f30f4d474e6ae4b05252/library/test/src/lib.rs:565:43
[INFO] [stdout]   33:     0x58a2831ad174 - test::run_test::{{closure}}::h392c51cee94713ab
[INFO] [stdout]                                at /rustc/df4ca44d3fbc9301ee17f30f4d474e6ae4b05252/library/test/src/lib.rs:595:41
[INFO] [stdout]   34:     0x58a2831ad174 - std::sys::backtrace::__rust_begin_short_backtrace::h2f40290710935a8b
[INFO] [stdout]                                at /rustc/df4ca44d3fbc9301ee17f30f4d474e6ae4b05252/library/std/src/sys/backtrace.rs:154:18
[INFO] [stdout]   35:     0x58a2831b091e - std::thread::Builder::spawn_unchecked_::{{closure}}::{{closure}}::h3fd968d89053a903
[INFO] [stdout]                                at /rustc/df4ca44d3fbc9301ee17f30f4d474e6ae4b05252/library/std/src/thread/mod.rs:541:17
[INFO] [stdout]   36:     0x58a2831b091e - <core::panic::unwind_safe::AssertUnwindSafe<F> as core::ops::function::FnOnce<()>>::call_once::h743f637ba4229880
[INFO] [stdout]                                at /rustc/df4ca44d3fbc9301ee17f30f4d474e6ae4b05252/library/core/src/panic/unwind_safe.rs:272:9
[INFO] [stdout]   37:     0x58a2831b091e - std::panicking::try::do_call::h07440897322525a6
[INFO] [stdout]                                at /rustc/df4ca44d3fbc9301ee17f30f4d474e6ae4b05252/library/std/src/panicking.rs:557:40
[INFO] [stdout]   38:     0x58a2831b091e - std::panicking::try::he5a2e00188156637
[INFO] [stdout]                                at /rustc/df4ca44d3fbc9301ee17f30f4d474e6ae4b05252/library/std/src/panicking.rs:520:19
[INFO] [stdout]   39:     0x58a2831b091e - std::panic::catch_unwind::hbaf3cae49b3c6433
[INFO] [stdout]                                at /rustc/df4ca44d3fbc9301ee17f30f4d474e6ae4b05252/library/std/src/panic.rs:358:14
[INFO] [stdout]   40:     0x58a2831b091e - std::thread::Builder::spawn_unchecked_::{{closure}}::h8e141ea224820bce
[INFO] [stdout]                                at /rustc/df4ca44d3fbc9301ee17f30f4d474e6ae4b05252/library/std/src/thread/mod.rs:540:30
[INFO] [stdout]   41:     0x58a2831b091e - core::ops::function::FnOnce::call_once{{vtable.shim}}::h90d312fedd7b8ea8
[INFO] [stdout]                                at /rustc/df4ca44d3fbc9301ee17f30f4d474e6ae4b05252/library/core/src/ops/function.rs:250:5
[INFO] [stdout]   42:     0x58a28364b01b - <alloc::boxed::Box<F,A> as core::ops::function::FnOnce<Args>>::call_once::h69aa08ddb6adb8b6
[INFO] [stdout]                                at /rustc/df4ca44d3fbc9301ee17f30f4d474e6ae4b05252/library/alloc/src/boxed.rs:2454:9
[INFO] [stdout]   43:     0x58a28364b01b - <alloc::boxed::Box<F,A> as core::ops::function::FnOnce<Args>>::call_once::h5aa36efdb79c806f
[INFO] [stdout]                                at /rustc/df4ca44d3fbc9301ee17f30f4d474e6ae4b05252/library/alloc/src/boxed.rs:2454:9
[INFO] [stdout]   44:     0x58a28364b01b - std::sys::pal::unix::thread::Thread::new::thread_start::h6cd80a1b4be5158d
[INFO] [stdout]                                at /rustc/df4ca44d3fbc9301ee17f30f4d474e6ae4b05252/library/std/src/sys/pal/unix/thread.rs:105:17
[INFO] [stdout]   45:     0x77b95bc6aac3 - <unknown>
[INFO] [stdout]   46:     0x77b95bcfba04 - clone
[INFO] [stdout]   47:                0x0 - <unknown>
[INFO] [stdout] 
[INFO] [stdout] 
[INFO] [stdout] failures:
[INFO] [stdout]     utils::logger::tests::test_logger
[INFO] [stdout]     workflow::config::tests::test_file
[INFO] [stdout] 
[INFO] [stdout] test result: FAILED. 78 passed; 2 failed; 0 ignored; 0 measured; 0 filtered out; finished in 0.05s
[INFO] [stdout] 
[INFO] [stderr] error: test failed, to rerun pass `--bin capter`
[INFO] running `Command { std: "docker" "inspect" "242a4c15c1c1977c12dd051d9874e390391547bb8750630a4653cbc5dc10a0bf", kill_on_drop: false }`
[INFO] running `Command { std: "docker" "rm" "-f" "242a4c15c1c1977c12dd051d9874e390391547bb8750630a4653cbc5dc10a0bf", kill_on_drop: false }`
[INFO] [stdout] 242a4c15c1c1977c12dd051d9874e390391547bb8750630a4653cbc5dc10a0bf
