[INFO] fetching crate cal-tea 0.1.1...
[INFO] testing cal-tea-0.1.1 against nightly-2024-10-28 for randomize-layout
[INFO] extracting crate cal-tea 0.1.1 into /workspace/builds/worker-0-tc1/source
[INFO] validating manifest of crates.io crate cal-tea 0.1.1 on toolchain nightly-2024-10-28
[INFO] running `Command { std: CARGO_HOME="/workspace/cargo-home" RUSTUP_HOME="/workspace/rustup-home" "/workspace/cargo-home/bin/cargo" "+nightly-2024-10-28" "metadata" "--manifest-path" "Cargo.toml" "--no-deps", kill_on_drop: false }`
[INFO] started tweaking crates.io crate cal-tea 0.1.1
[INFO] finished tweaking crates.io crate cal-tea 0.1.1
[INFO] tweaked toml for crates.io crate cal-tea 0.1.1 written to /workspace/builds/worker-0-tc1/source/Cargo.toml
[INFO] crate crates.io crate cal-tea 0.1.1 already has a lockfile, it will not be regenerated
[INFO] running `Command { std: CARGO_HOME="/workspace/cargo-home" RUSTUP_HOME="/workspace/rustup-home" "/workspace/cargo-home/bin/cargo" "+nightly-2024-10-28" "fetch" "--manifest-path" "Cargo.toml", kill_on_drop: false }`
[INFO] [stderr]  Downloading crates ...
[INFO] [stderr]   Downloaded predicates v2.1.5
[INFO] [stderr]   Downloaded windows-targets v0.52.3
[INFO] [stderr]   Downloaded predicates-core v1.0.6
[INFO] [stderr]   Downloaded predicates-tree v1.0.9
[INFO] [stderr]   Downloaded predicates v3.1.0
[INFO] [stderr]   Downloaded assert_cmd v2.0.14
[INFO] [stderr]   Downloaded iana-time-zone v0.1.60
[INFO] [stderr]   Downloaded cc v1.0.87
[INFO] [stderr]   Downloaded bumpalo v3.15.3
[INFO] [stderr]   Downloaded syn v2.0.50
[INFO] [stderr]   Downloaded chrono v0.4.34
[INFO] [stderr]   Downloaded bstr v1.9.1
[INFO] [stderr]   Downloaded windows_x86_64_gnullvm v0.52.3
[INFO] [stderr]   Downloaded windows_aarch64_gnullvm v0.52.3
[INFO] [stderr]   Downloaded windows_x86_64_gnu v0.52.3
[INFO] [stderr]   Downloaded windows_aarch64_msvc v0.52.3
[INFO] [stderr]   Downloaded windows_i686_msvc v0.52.3
[INFO] [stderr]   Downloaded windows_i686_gnu v0.52.3
[INFO] [stderr]   Downloaded windows_x86_64_msvc v0.52.3
[INFO] running `Command { std: "docker" "create" "-v" "/var/lib/crater-agent-workspace/builds/worker-0-tc1/target:/opt/rustwide/target:rw,Z" "-v" "/var/lib/crater-agent-workspace/builds/worker-0-tc1/source:/opt/rustwide/workdir:ro,Z" "-v" "/var/lib/crater-agent-workspace/cargo-home:/opt/rustwide/cargo-home:ro,Z" "-v" "/var/lib/crater-agent-workspace/rustup-home:/opt/rustwide/rustup-home:ro,Z" "-e" "SOURCE_DIR=/opt/rustwide/workdir" "-e" "CARGO_TARGET_DIR=/opt/rustwide/target" "-e" "CARGO_HOME=/opt/rustwide/cargo-home" "-e" "RUSTUP_HOME=/opt/rustwide/rustup-home" "-w" "/opt/rustwide/workdir" "-m" "1610612736" "--user" "0:0" "--network" "none" "ghcr.io/rust-lang/crates-build-env/linux@sha256:4a844ea9eb2546a2d2c7022eacef16ef2e8229c7fbb2c7d4d55a9ceca922f72d" "/opt/rustwide/cargo-home/bin/cargo" "+nightly-2024-10-28" "metadata" "--no-deps" "--format-version=1", kill_on_drop: false }`
[INFO] [stdout] 31c49836a59ba0ea094891c2efaf13d33f9544aef327ac68d867c94c0f1a60cd
[INFO] running `Command { std: "docker" "start" "-a" "31c49836a59ba0ea094891c2efaf13d33f9544aef327ac68d867c94c0f1a60cd", kill_on_drop: false }`
[INFO] running `Command { std: "docker" "inspect" "31c49836a59ba0ea094891c2efaf13d33f9544aef327ac68d867c94c0f1a60cd", kill_on_drop: false }`
[INFO] running `Command { std: "docker" "rm" "-f" "31c49836a59ba0ea094891c2efaf13d33f9544aef327ac68d867c94c0f1a60cd", kill_on_drop: false }`
[INFO] [stdout] 31c49836a59ba0ea094891c2efaf13d33f9544aef327ac68d867c94c0f1a60cd
[INFO] running `Command { std: "docker" "create" "-v" "/var/lib/crater-agent-workspace/builds/worker-0-tc1/target:/opt/rustwide/target:rw,Z" "-v" "/var/lib/crater-agent-workspace/builds/worker-0-tc1/source:/opt/rustwide/workdir:ro,Z" "-v" "/var/lib/crater-agent-workspace/cargo-home:/opt/rustwide/cargo-home:ro,Z" "-v" "/var/lib/crater-agent-workspace/rustup-home:/opt/rustwide/rustup-home:ro,Z" "-e" "SOURCE_DIR=/opt/rustwide/workdir" "-e" "CARGO_TARGET_DIR=/opt/rustwide/target" "-e" "CARGO_INCREMENTAL=0" "-e" "RUST_BACKTRACE=full" "-e" "RUSTFLAGS=--cap-lints=forbid" "-e" "RUSTDOCFLAGS=--cap-lints=forbid" "-e" "CARGO_HOME=/opt/rustwide/cargo-home" "-e" "RUSTUP_HOME=/opt/rustwide/rustup-home" "-w" "/opt/rustwide/workdir" "-m" "1610612736" "--user" "0:0" "--network" "none" "ghcr.io/rust-lang/crates-build-env/linux@sha256:4a844ea9eb2546a2d2c7022eacef16ef2e8229c7fbb2c7d4d55a9ceca922f72d" "/opt/rustwide/cargo-home/bin/cargo" "+nightly-2024-10-28" "build" "--frozen" "--message-format=json", kill_on_drop: false }`
[INFO] [stdout] 00402d76f7165aadac1447505219078b2b90221323ceb783b70dd75a470f9f79
[INFO] running `Command { std: "docker" "start" "-a" "00402d76f7165aadac1447505219078b2b90221323ceb783b70dd75a470f9f79", kill_on_drop: false }`
[INFO] [stderr]    Compiling libc v0.2.153
[INFO] [stderr]    Compiling num-traits v0.2.18
[INFO] [stderr]    Compiling unicode-width v0.1.11
[INFO] [stderr]    Compiling either v1.10.0
[INFO] [stderr]    Compiling iana-time-zone v0.1.60
[INFO] [stderr]    Compiling strsim v0.8.0
[INFO] [stderr]    Compiling vec_map v0.8.2
[INFO] [stderr]    Compiling ansi_term v0.12.1
[INFO] [stderr]    Compiling textwrap v0.11.0
[INFO] [stderr]    Compiling itertools v0.10.5
[INFO] [stderr]    Compiling atty v0.2.14
[INFO] [stderr]    Compiling clap v2.34.0
[INFO] [stderr]    Compiling chrono v0.4.34
[INFO] [stderr]    Compiling cal-tea v0.1.1 (/opt/rustwide/workdir)
[INFO] [stdout] warning: use of deprecated associated function `chrono::Local::today`: use `Local::now()` instead
[INFO] [stdout]   --> src/lib.rs:64:24
[INFO] [stdout]    |
[INFO] [stdout] 64 |     let today = Local::today();
[INFO] [stdout]    |                        ^^^^^
[INFO] [stdout]    |
[INFO] [stdout]    = note: `#[warn(deprecated)]` on by default
[INFO] [stdout] 
[INFO] [stdout] 
[INFO] [stdout] warning: use of deprecated associated function `chrono::NaiveDate::from_ymd`: use `from_ymd_opt()` instead
[INFO] [stdout]    --> src/lib.rs:169:16
[INFO] [stdout]     |
[INFO] [stdout] 169 |     NaiveDate::from_ymd(y, m, 1).pred()
[INFO] [stdout]     |                ^^^^^^^^
[INFO] [stdout] 
[INFO] [stdout] 
[INFO] [stdout] warning: use of deprecated method `chrono::NaiveDate::pred`: use `pred_opt()` instead
[INFO] [stdout]    --> src/lib.rs:169:34
[INFO] [stdout]     |
[INFO] [stdout] 169 |     NaiveDate::from_ymd(y, m, 1).pred()
[INFO] [stdout]     |                                  ^^^^
[INFO] [stdout] 
[INFO] [stdout] 
[INFO] [stdout] warning: use of deprecated associated function `chrono::NaiveDate::from_ymd`: use `from_ymd_opt()` instead
[INFO] [stdout]    --> src/lib.rs:174:28
[INFO] [stdout]     |
[INFO] [stdout] 174 |     let first = NaiveDate::from_ymd(year, month, 1);
[INFO] [stdout]     |                            ^^^^^^^^
[INFO] [stdout] 
[INFO] [stdout] 
[INFO] [stderr]     Finished `dev` profile [unoptimized + debuginfo] target(s) in 3.59s
[INFO] running `Command { std: "docker" "inspect" "00402d76f7165aadac1447505219078b2b90221323ceb783b70dd75a470f9f79", kill_on_drop: false }`
[INFO] running `Command { std: "docker" "rm" "-f" "00402d76f7165aadac1447505219078b2b90221323ceb783b70dd75a470f9f79", kill_on_drop: false }`
[INFO] [stdout] 00402d76f7165aadac1447505219078b2b90221323ceb783b70dd75a470f9f79
[INFO] running `Command { std: "docker" "create" "-v" "/var/lib/crater-agent-workspace/builds/worker-0-tc1/target:/opt/rustwide/target:rw,Z" "-v" "/var/lib/crater-agent-workspace/builds/worker-0-tc1/source:/opt/rustwide/workdir:ro,Z" "-v" "/var/lib/crater-agent-workspace/cargo-home:/opt/rustwide/cargo-home:ro,Z" "-v" "/var/lib/crater-agent-workspace/rustup-home:/opt/rustwide/rustup-home:ro,Z" "-e" "SOURCE_DIR=/opt/rustwide/workdir" "-e" "CARGO_TARGET_DIR=/opt/rustwide/target" "-e" "CARGO_INCREMENTAL=0" "-e" "RUST_BACKTRACE=full" "-e" "RUSTFLAGS=--cap-lints=forbid" "-e" "RUSTDOCFLAGS=--cap-lints=forbid" "-e" "CARGO_HOME=/opt/rustwide/cargo-home" "-e" "RUSTUP_HOME=/opt/rustwide/rustup-home" "-w" "/opt/rustwide/workdir" "-m" "1610612736" "--user" "0:0" "--network" "none" "ghcr.io/rust-lang/crates-build-env/linux@sha256:4a844ea9eb2546a2d2c7022eacef16ef2e8229c7fbb2c7d4d55a9ceca922f72d" "/opt/rustwide/cargo-home/bin/cargo" "+nightly-2024-10-28" "test" "--frozen" "--no-run" "--message-format=json", kill_on_drop: false }`
[INFO] [stdout] 2f0c2c5d63ea5e9f5442a0ee27a505d3175421f04b8eb49e897e308ab9cc5467
[INFO] running `Command { std: "docker" "start" "-a" "2f0c2c5d63ea5e9f5442a0ee27a505d3175421f04b8eb49e897e308ab9cc5467", kill_on_drop: false }`
[INFO] [stderr]    Compiling libc v0.2.153
[INFO] [stderr]    Compiling memchr v2.7.1
[INFO] [stderr]    Compiling regex-syntax v0.8.2
[INFO] [stderr]    Compiling predicates-core v1.0.6
[INFO] [stderr]    Compiling doc-comment v0.3.3
[INFO] [stderr]    Compiling difflib v0.4.0
[INFO] [stderr]    Compiling termtree v0.4.1
[INFO] [stderr]    Compiling anstyle v1.0.6
[INFO] [stderr]    Compiling assert_cmd v2.0.14
[INFO] [stderr]    Compiling normalize-line-endings v0.3.0
[INFO] [stderr]    Compiling float-cmp v0.9.0
[INFO] [stderr]    Compiling predicates-tree v1.0.9
[INFO] [stderr]    Compiling predicates v3.1.0
[INFO] [stderr]    Compiling aho-corasick v1.1.2
[INFO] [stderr]    Compiling atty v0.2.14
[INFO] [stderr]    Compiling wait-timeout v0.2.0
[INFO] [stderr]    Compiling clap v2.34.0
[INFO] [stderr]    Compiling regex-automata v0.4.5
[INFO] [stderr]    Compiling cal-tea v0.1.1 (/opt/rustwide/workdir)
[INFO] [stdout] warning: use of deprecated associated function `chrono::Local::today`: use `Local::now()` instead
[INFO] [stdout]   --> src/lib.rs:64:24
[INFO] [stdout]    |
[INFO] [stdout] 64 |     let today = Local::today();
[INFO] [stdout]    |                        ^^^^^
[INFO] [stdout]    |
[INFO] [stdout]    = note: `#[warn(deprecated)]` on by default
[INFO] [stdout] 
[INFO] [stdout] 
[INFO] [stdout] warning: use of deprecated associated function `chrono::NaiveDate::from_ymd`: use `from_ymd_opt()` instead
[INFO] [stdout]    --> src/lib.rs:169:16
[INFO] [stdout]     |
[INFO] [stdout] 169 |     NaiveDate::from_ymd(y, m, 1).pred()
[INFO] [stdout]     |                ^^^^^^^^
[INFO] [stdout] 
[INFO] [stdout] 
[INFO] [stdout] warning: use of deprecated method `chrono::NaiveDate::pred`: use `pred_opt()` instead
[INFO] [stdout]    --> src/lib.rs:169:34
[INFO] [stdout]     |
[INFO] [stdout] 169 |     NaiveDate::from_ymd(y, m, 1).pred()
[INFO] [stdout]     |                                  ^^^^
[INFO] [stdout] 
[INFO] [stdout] 
[INFO] [stdout] warning: use of deprecated associated function `chrono::NaiveDate::from_ymd`: use `from_ymd_opt()` instead
[INFO] [stdout]    --> src/lib.rs:174:28
[INFO] [stdout]     |
[INFO] [stdout] 174 |     let first = NaiveDate::from_ymd(year, month, 1);
[INFO] [stdout]     |                            ^^^^^^^^
[INFO] [stdout] 
[INFO] [stdout] 
[INFO] [stderr]    Compiling bstr v1.9.1
[INFO] [stderr]    Compiling regex v1.10.3
[INFO] [stderr]    Compiling predicates v2.1.5
[INFO] [stdout] warning: use of deprecated associated function `chrono::Local::today`: use `Local::now()` instead
[INFO] [stdout]   --> src/lib.rs:64:24
[INFO] [stdout]    |
[INFO] [stdout] 64 |     let today = Local::today();
[INFO] [stdout]    |                        ^^^^^
[INFO] [stdout]    |
[INFO] [stdout]    = note: `#[warn(deprecated)]` on by default
[INFO] [stdout] 
[INFO] [stdout] 
[INFO] [stdout] warning: use of deprecated associated function `chrono::NaiveDate::from_ymd`: use `from_ymd_opt()` instead
[INFO] [stdout]    --> src/lib.rs:169:16
[INFO] [stdout]     |
[INFO] [stdout] 169 |     NaiveDate::from_ymd(y, m, 1).pred()
[INFO] [stdout]     |                ^^^^^^^^
[INFO] [stdout] 
[INFO] [stdout] 
[INFO] [stdout] warning: use of deprecated method `chrono::NaiveDate::pred`: use `pred_opt()` instead
[INFO] [stdout]    --> src/lib.rs:169:34
[INFO] [stdout]     |
[INFO] [stdout] 169 |     NaiveDate::from_ymd(y, m, 1).pred()
[INFO] [stdout]     |                                  ^^^^
[INFO] [stdout] 
[INFO] [stdout] 
[INFO] [stdout] warning: use of deprecated associated function `chrono::NaiveDate::from_ymd`: use `from_ymd_opt()` instead
[INFO] [stdout]    --> src/lib.rs:174:28
[INFO] [stdout]     |
[INFO] [stdout] 174 |     let first = NaiveDate::from_ymd(year, month, 1);
[INFO] [stdout]     |                            ^^^^^^^^
[INFO] [stdout] 
[INFO] [stdout] 
[INFO] [stdout] warning: use of deprecated associated function `chrono::NaiveDate::from_ymd`: use `from_ymd_opt()` instead
[INFO] [stdout]    --> src/lib.rs:308:32
[INFO] [stdout]     |
[INFO] [stdout] 308 |         let today = NaiveDate::from_ymd(0, 1, 1);
[INFO] [stdout]     |                                ^^^^^^^^
[INFO] [stdout] 
[INFO] [stdout] 
[INFO] [stdout] warning: use of deprecated associated function `chrono::NaiveDate::from_ymd`: use `from_ymd_opt()` instead
[INFO] [stdout]    --> src/lib.rs:343:32
[INFO] [stdout]     |
[INFO] [stdout] 343 |         let today = NaiveDate::from_ymd(2021, 4, 7);
[INFO] [stdout]     |                                ^^^^^^^^
[INFO] [stdout] 
[INFO] [stdout] 
[INFO] [stdout] warning: use of deprecated associated function `chrono::NaiveDate::from_ymd`: use `from_ymd_opt()` instead
[INFO] [stdout]    --> src/lib.rs:349:59
[INFO] [stdout]     |
[INFO] [stdout] 349 |         assert_eq!(last_day_in_month(2020, 1), NaiveDate::from_ymd(2020, 1, 31));
[INFO] [stdout]     |                                                           ^^^^^^^^
[INFO] [stdout] 
[INFO] [stdout] 
[INFO] [stdout] warning: use of deprecated associated function `chrono::NaiveDate::from_ymd`: use `from_ymd_opt()` instead
[INFO] [stdout]    --> src/lib.rs:350:59
[INFO] [stdout]     |
[INFO] [stdout] 350 |         assert_eq!(last_day_in_month(2020, 2), NaiveDate::from_ymd(2020, 2, 29));
[INFO] [stdout]     |                                                           ^^^^^^^^
[INFO] [stdout] 
[INFO] [stdout] 
[INFO] [stdout] warning: use of deprecated associated function `chrono::NaiveDate::from_ymd`: use `from_ymd_opt()` instead
[INFO] [stdout]    --> src/lib.rs:351:59
[INFO] [stdout]     |
[INFO] [stdout] 351 |         assert_eq!(last_day_in_month(2020, 4), NaiveDate::from_ymd(2020, 4, 30));
[INFO] [stdout]     |                                                           ^^^^^^^^
[INFO] [stdout] 
[INFO] [stdout] 
[INFO] [stderr]     Finished `test` profile [unoptimized + debuginfo] target(s) in 8.42s
[INFO] running `Command { std: "docker" "inspect" "2f0c2c5d63ea5e9f5442a0ee27a505d3175421f04b8eb49e897e308ab9cc5467", kill_on_drop: false }`
[INFO] running `Command { std: "docker" "rm" "-f" "2f0c2c5d63ea5e9f5442a0ee27a505d3175421f04b8eb49e897e308ab9cc5467", kill_on_drop: false }`
[INFO] [stdout] 2f0c2c5d63ea5e9f5442a0ee27a505d3175421f04b8eb49e897e308ab9cc5467
[INFO] running `Command { std: "docker" "create" "-v" "/var/lib/crater-agent-workspace/builds/worker-0-tc1/target:/opt/rustwide/target:rw,Z" "-v" "/var/lib/crater-agent-workspace/builds/worker-0-tc1/source:/opt/rustwide/workdir:ro,Z" "-v" "/var/lib/crater-agent-workspace/cargo-home:/opt/rustwide/cargo-home:ro,Z" "-v" "/var/lib/crater-agent-workspace/rustup-home:/opt/rustwide/rustup-home:ro,Z" "-e" "SOURCE_DIR=/opt/rustwide/workdir" "-e" "CARGO_TARGET_DIR=/opt/rustwide/target" "-e" "CARGO_INCREMENTAL=0" "-e" "RUST_BACKTRACE=full" "-e" "RUSTFLAGS=--cap-lints=forbid" "-e" "RUSTDOCFLAGS=--cap-lints=forbid" "-e" "CARGO_HOME=/opt/rustwide/cargo-home" "-e" "RUSTUP_HOME=/opt/rustwide/rustup-home" "-w" "/opt/rustwide/workdir" "-m" "1610612736" "--user" "0:0" "--network" "none" "ghcr.io/rust-lang/crates-build-env/linux@sha256:4a844ea9eb2546a2d2c7022eacef16ef2e8229c7fbb2c7d4d55a9ceca922f72d" "/opt/rustwide/cargo-home/bin/cargo" "+nightly-2024-10-28" "test" "--frozen", kill_on_drop: false }`
[INFO] [stdout] b959b42bacc2e28f82c7afca2f4cbdcfd10ff97934868af8c0f781ae1664b1b0
[INFO] running `Command { std: "docker" "start" "-a" "b959b42bacc2e28f82c7afca2f4cbdcfd10ff97934868af8c0f781ae1664b1b0", kill_on_drop: false }`
[INFO] [stderr] warning: use of deprecated associated function `chrono::Local::today`: use `Local::now()` instead
[INFO] [stderr]   --> src/lib.rs:64:24
[INFO] [stderr]    |
[INFO] [stderr] 64 |     let today = Local::today();
[INFO] [stderr]    |                        ^^^^^
[INFO] [stderr]    |
[INFO] [stderr]    = note: `#[warn(deprecated)]` on by default
[INFO] [stderr] 
[INFO] [stderr] warning: use of deprecated associated function `chrono::NaiveDate::from_ymd`: use `from_ymd_opt()` instead
[INFO] [stderr]    --> src/lib.rs:169:16
[INFO] [stderr]     |
[INFO] [stderr] 169 |     NaiveDate::from_ymd(y, m, 1).pred()
[INFO] [stderr]     |                ^^^^^^^^
[INFO] [stderr] 
[INFO] [stderr] warning: use of deprecated method `chrono::NaiveDate::pred`: use `pred_opt()` instead
[INFO] [stderr]    --> src/lib.rs:169:34
[INFO] [stderr]     |
[INFO] [stderr] 169 |     NaiveDate::from_ymd(y, m, 1).pred()
[INFO] [stderr]     |                                  ^^^^
[INFO] [stderr] 
[INFO] [stderr] warning: use of deprecated associated function `chrono::NaiveDate::from_ymd`: use `from_ymd_opt()` instead
[INFO] [stderr]    --> src/lib.rs:174:28
[INFO] [stderr]     |
[INFO] [stderr] 174 |     let first = NaiveDate::from_ymd(year, month, 1);
[INFO] [stderr]     |                            ^^^^^^^^
[INFO] [stderr] 
[INFO] [stderr] warning: `cal-tea` (lib) generated 4 warnings
[INFO] [stderr] warning: use of deprecated associated function `chrono::NaiveDate::from_ymd`: use `from_ymd_opt()` instead
[INFO] [stderr]    --> src/lib.rs:308:32
[INFO] [stderr]     |
[INFO] [stderr] 308 |         let today = NaiveDate::from_ymd(0, 1, 1);
[INFO] [stderr]     |                                ^^^^^^^^
[INFO] [stderr] 
[INFO] [stderr] warning: use of deprecated associated function `chrono::NaiveDate::from_ymd`: use `from_ymd_opt()` instead
[INFO] [stderr]    --> src/lib.rs:343:32
[INFO] [stderr]     |
[INFO] [stderr] 343 |         let today = NaiveDate::from_ymd(2021, 4, 7);
[INFO] [stderr]     |                                ^^^^^^^^
[INFO] [stderr] 
[INFO] [stderr] warning: use of deprecated associated function `chrono::NaiveDate::from_ymd`: use `from_ymd_opt()` instead
[INFO] [stderr]    --> src/lib.rs:349:59
[INFO] [stderr]     |
[INFO] [stderr] 349 |         assert_eq!(last_day_in_month(2020, 1), NaiveDate::from_ymd(2020, 1, 31));
[INFO] [stderr]     |                                                           ^^^^^^^^
[INFO] [stderr] 
[INFO] [stderr] warning: use of deprecated associated function `chrono::NaiveDate::from_ymd`: use `from_ymd_opt()` instead
[INFO] [stderr]    --> src/lib.rs:350:59
[INFO] [stderr]     |
[INFO] [stderr] 350 |         assert_eq!(last_day_in_month(2020, 2), NaiveDate::from_ymd(2020, 2, 29));
[INFO] [stderr]     |                                                           ^^^^^^^^
[INFO] [stderr] 
[INFO] [stderr] warning: use of deprecated associated function `chrono::NaiveDate::from_ymd`: use `from_ymd_opt()` instead
[INFO] [stderr]    --> src/lib.rs:351:59
[INFO] [stderr]     |
[INFO] [stderr] 351 |         assert_eq!(last_day_in_month(2020, 4), NaiveDate::from_ymd(2020, 4, 30));
[INFO] [stderr]     |                                                           ^^^^^^^^
[INFO] [stderr] 
[INFO] [stderr] warning: `cal-tea` (lib test) generated 9 warnings (4 duplicates)
[INFO] [stderr]     Finished `test` profile [unoptimized + debuginfo] target(s) in 0.05s
[INFO] [stderr]      Running unittests src/lib.rs (/opt/rustwide/target/debug/deps/cal_tea-836e35f282834c5d)
[INFO] [stdout] 
[INFO] [stdout] running 5 tests
[INFO] [stdout] test tests::test_last_day_in_month ... ok
[INFO] [stdout] test tests::test_parse_int ... ok
[INFO] [stdout] test tests::test_format_month ... ok
[INFO] [stdout] test tests::test_parse_year ... ok
[INFO] [stdout] test tests::test_parse_month ... ok
[INFO] [stdout] 
[INFO] [stdout] test result: ok. 5 passed; 0 failed; 0 ignored; 0 measured; 0 filtered out; finished in 0.00s
[INFO] [stdout] 
[INFO] [stderr]      Running unittests src/main.rs (/opt/rustwide/target/debug/deps/cal_tea-2ad6290ae4c2a50c)
[INFO] [stdout] 
[INFO] [stdout] running 0 tests
[INFO] [stdout] 
[INFO] [stdout] test result: ok. 0 passed; 0 failed; 0 ignored; 0 measured; 0 filtered out; finished in 0.00s
[INFO] [stdout] 
[INFO] [stderr]      Running tests/cli.rs (/opt/rustwide/target/debug/deps/cli-233827f8e1aeb75b)
[INFO] [stdout] 
[INFO] [stdout] running 16 tests
[INFO] [stdout] test dies_invalid_year ... FAILED
[INFO] [stdout] test default_one_month ... FAILED
[INFO] [stdout] test dies_invalid_month ... FAILED
[INFO] [stdout] test dies_month_0 ... FAILED
[INFO] [stdout] test dies_month_13 ... FAILED
[INFO] [stdout] test dies_y_and_month ... FAILED
[INFO] [stdout] test dies_y_and_year ... FAILED
[INFO] [stdout] test dies_year_0 ... FAILED
[INFO] [stdout] test dies_year_13 ... FAILED
[INFO] [stdout] test partial_month ... FAILED
[INFO] [stdout] test month_num ... FAILED
[INFO] [stdout] test test_2020 ... FAILED
[INFO] [stdout] test test_2_2020_leap_year ... FAILED
[INFO] [stdout] test test_4_2020 ... FAILED
[INFO] [stdout] test test_april_2020 ... FAILED
[INFO] [stdout] test year ... FAILED
[INFO] [stdout] 
[INFO] [stdout] failures:
[INFO] [stdout] 
[INFO] [stdout] ---- dies_invalid_year stdout ----
[INFO] [stdout] Error: CargoError { cause: Some(NotFoundError { path: "/opt/rustwide/target/debug/calr" }) }
[INFO] [stdout] 
[INFO] [stdout] ---- default_one_month stdout ----
[INFO] [stdout] Error: CargoError { cause: Some(NotFoundError { path: "/opt/rustwide/target/debug/calr" }) }
[INFO] [stdout] 
[INFO] [stdout] ---- dies_invalid_month stdout ----
[INFO] [stdout] Error: CargoError { cause: Some(NotFoundError { path: "/opt/rustwide/target/debug/calr" }) }
[INFO] [stdout] 
[INFO] [stdout] ---- dies_month_0 stdout ----
[INFO] [stdout] Error: CargoError { cause: Some(NotFoundError { path: "/opt/rustwide/target/debug/calr" }) }
[INFO] [stdout] 
[INFO] [stdout] ---- dies_month_13 stdout ----
[INFO] [stdout] Error: CargoError { cause: Some(NotFoundError { path: "/opt/rustwide/target/debug/calr" }) }
[INFO] [stdout] 
[INFO] [stdout] ---- dies_y_and_month stdout ----
[INFO] [stdout] Error: CargoError { cause: Some(NotFoundError { path: "/opt/rustwide/target/debug/calr" }) }
[INFO] [stdout] 
[INFO] [stdout] ---- dies_y_and_year stdout ----
[INFO] [stdout] Error: CargoError { cause: Some(NotFoundError { path: "/opt/rustwide/target/debug/calr" }) }
[INFO] [stdout] 
[INFO] [stdout] ---- dies_year_0 stdout ----
[INFO] [stdout] Error: CargoError { cause: Some(NotFoundError { path: "/opt/rustwide/target/debug/calr" }) }
[INFO] [stdout] 
[INFO] [stdout] ---- dies_year_13 stdout ----
[INFO] [stdout] Error: CargoError { cause: Some(NotFoundError { path: "/opt/rustwide/target/debug/calr" }) }
[INFO] [stdout] 
[INFO] [stdout] ---- partial_month stdout ----
[INFO] [stdout] Error: CargoError { cause: Some(NotFoundError { path: "/opt/rustwide/target/debug/calr" }) }
[INFO] [stdout] 
[INFO] [stdout] ---- month_num stdout ----
[INFO] [stdout] Error: CargoError { cause: Some(NotFoundError { path: "/opt/rustwide/target/debug/calr" }) }
[INFO] [stdout] 
[INFO] [stdout] ---- test_2020 stdout ----
[INFO] [stdout] Error: Os { code: 2, kind: NotFound, message: "No such file or directory" }
[INFO] [stdout] 
[INFO] [stdout] ---- test_2_2020_leap_year stdout ----
[INFO] [stdout] Error: Os { code: 2, kind: NotFound, message: "No such file or directory" }
[INFO] [stdout] 
[INFO] [stdout] ---- test_4_2020 stdout ----
[INFO] [stdout] Error: Os { code: 2, kind: NotFound, message: "No such file or directory" }
[INFO] [stdout] 
[INFO] [stdout] ---- test_april_2020 stdout ----
[INFO] [stdout] Error: Os { code: 2, kind: NotFound, message: "No such file or directory" }
[INFO] [stdout] 
[INFO] [stdout] ---- year stdout ----
[INFO] [stdout] Error: CargoError { cause: Some(NotFoundError { path: "/opt/rustwide/target/debug/calr" }) }
[INFO] [stdout] 
[INFO] [stdout] 
[INFO] [stdout] failures:
[INFO] [stdout]     default_one_month
[INFO] [stdout]     dies_invalid_month
[INFO] [stdout]     dies_invalid_year
[INFO] [stdout]     dies_month_0
[INFO] [stdout]     dies_month_13
[INFO] [stdout]     dies_y_and_month
[INFO] [stdout]     dies_y_and_year
[INFO] [stdout]     dies_year_0
[INFO] [stdout]     dies_year_13
[INFO] [stdout]     month_num
[INFO] [stdout]     partial_month
[INFO] [stdout]     test_2020
[INFO] [stdout]     test_2_2020_leap_year
[INFO] [stdout]     test_4_2020
[INFO] [stdout]     test_april_2020
[INFO] [stdout]     year
[INFO] [stdout] 
[INFO] [stdout] test result: FAILED. 0 passed; 16 failed; 0 ignored; 0 measured; 0 filtered out; finished in 0.00s
[INFO] [stdout] 
[INFO] [stderr] error: test failed, to rerun pass `--test cli`
[INFO] running `Command { std: "docker" "inspect" "b959b42bacc2e28f82c7afca2f4cbdcfd10ff97934868af8c0f781ae1664b1b0", kill_on_drop: false }`
[INFO] running `Command { std: "docker" "rm" "-f" "b959b42bacc2e28f82c7afca2f4cbdcfd10ff97934868af8c0f781ae1664b1b0", kill_on_drop: false }`
[INFO] [stdout] b959b42bacc2e28f82c7afca2f4cbdcfd10ff97934868af8c0f781ae1664b1b0
