[INFO] fetching crate cache_bust 0.2.0...
[INFO] testing cache_bust-0.2.0 against nightly-2024-10-28 for randomize-layout
[INFO] extracting crate cache_bust 0.2.0 into /workspace/builds/worker-4-tc1/source
[INFO] validating manifest of crates.io crate cache_bust 0.2.0 on toolchain nightly-2024-10-28
[INFO] running `Command { std: CARGO_HOME="/workspace/cargo-home" RUSTUP_HOME="/workspace/rustup-home" "/workspace/cargo-home/bin/cargo" "+nightly-2024-10-28" "metadata" "--manifest-path" "Cargo.toml" "--no-deps", kill_on_drop: false }`
[INFO] started tweaking crates.io crate cache_bust 0.2.0
[INFO] finished tweaking crates.io crate cache_bust 0.2.0
[INFO] tweaked toml for crates.io crate cache_bust 0.2.0 written to /workspace/builds/worker-4-tc1/source/Cargo.toml
[INFO] running `Command { std: CARGO_HOME="/workspace/cargo-home" RUSTUP_HOME="/workspace/rustup-home" "/workspace/cargo-home/bin/cargo" "+nightly-2024-10-28" "generate-lockfile" "--manifest-path" "Cargo.toml", kill_on_drop: false }`
[INFO] [stderr]     Updating crates.io index
[INFO] [stderr]      Locking 29 packages to latest compatible versions
[INFO] running `Command { std: CARGO_HOME="/workspace/cargo-home" RUSTUP_HOME="/workspace/rustup-home" "/workspace/cargo-home/bin/cargo" "+nightly-2024-10-28" "fetch" "--manifest-path" "Cargo.toml", kill_on_drop: false }`
[INFO] [stderr]  Downloading crates ...
[INFO] [stderr]   Downloaded cache_bust_core v0.2.0
[INFO] [stderr]   Downloaded cache_bust_macro v0.2.0
[INFO] running `Command { std: "docker" "create" "-v" "/var/lib/crater-agent-workspace/builds/worker-4-tc1/target:/opt/rustwide/target:rw,Z" "-v" "/var/lib/crater-agent-workspace/builds/worker-4-tc1/source:/opt/rustwide/workdir:ro,Z" "-v" "/var/lib/crater-agent-workspace/cargo-home:/opt/rustwide/cargo-home:ro,Z" "-v" "/var/lib/crater-agent-workspace/rustup-home:/opt/rustwide/rustup-home:ro,Z" "-e" "SOURCE_DIR=/opt/rustwide/workdir" "-e" "CARGO_TARGET_DIR=/opt/rustwide/target" "-e" "CARGO_HOME=/opt/rustwide/cargo-home" "-e" "RUSTUP_HOME=/opt/rustwide/rustup-home" "-w" "/opt/rustwide/workdir" "-m" "1610612736" "--user" "0:0" "--network" "none" "ghcr.io/rust-lang/crates-build-env/linux@sha256:4a844ea9eb2546a2d2c7022eacef16ef2e8229c7fbb2c7d4d55a9ceca922f72d" "/opt/rustwide/cargo-home/bin/cargo" "+nightly-2024-10-28" "metadata" "--no-deps" "--format-version=1", kill_on_drop: false }`
[INFO] [stdout] b10eeff139da6c7bb61d0dc272b329f5741b3113b5cfcb3ed0ad4f4387520fbc
[INFO] running `Command { std: "docker" "start" "-a" "b10eeff139da6c7bb61d0dc272b329f5741b3113b5cfcb3ed0ad4f4387520fbc", kill_on_drop: false }`
[INFO] running `Command { std: "docker" "inspect" "b10eeff139da6c7bb61d0dc272b329f5741b3113b5cfcb3ed0ad4f4387520fbc", kill_on_drop: false }`
[INFO] running `Command { std: "docker" "rm" "-f" "b10eeff139da6c7bb61d0dc272b329f5741b3113b5cfcb3ed0ad4f4387520fbc", kill_on_drop: false }`
[INFO] [stdout] b10eeff139da6c7bb61d0dc272b329f5741b3113b5cfcb3ed0ad4f4387520fbc
[INFO] running `Command { std: "docker" "create" "-v" "/var/lib/crater-agent-workspace/builds/worker-4-tc1/target:/opt/rustwide/target:rw,Z" "-v" "/var/lib/crater-agent-workspace/builds/worker-4-tc1/source:/opt/rustwide/workdir:ro,Z" "-v" "/var/lib/crater-agent-workspace/cargo-home:/opt/rustwide/cargo-home:ro,Z" "-v" "/var/lib/crater-agent-workspace/rustup-home:/opt/rustwide/rustup-home:ro,Z" "-e" "SOURCE_DIR=/opt/rustwide/workdir" "-e" "CARGO_TARGET_DIR=/opt/rustwide/target" "-e" "CARGO_INCREMENTAL=0" "-e" "RUST_BACKTRACE=full" "-e" "RUSTFLAGS=--cap-lints=forbid" "-e" "RUSTDOCFLAGS=--cap-lints=forbid" "-e" "CARGO_HOME=/opt/rustwide/cargo-home" "-e" "RUSTUP_HOME=/opt/rustwide/rustup-home" "-w" "/opt/rustwide/workdir" "-m" "1610612736" "--user" "0:0" "--network" "none" "ghcr.io/rust-lang/crates-build-env/linux@sha256:4a844ea9eb2546a2d2c7022eacef16ef2e8229c7fbb2c7d4d55a9ceca922f72d" "/opt/rustwide/cargo-home/bin/cargo" "+nightly-2024-10-28" "build" "--frozen" "--message-format=json", kill_on_drop: false }`
[INFO] [stdout] 5bd42b6323c194f7e194871dcce01f84048383a5df9ceea6e312b856aa22e380
[INFO] running `Command { std: "docker" "start" "-a" "5bd42b6323c194f7e194871dcce01f84048383a5df9ceea6e312b856aa22e380", kill_on_drop: false }`
[INFO] [stderr]    Compiling hex v0.4.3
[INFO] [stderr]    Compiling same-file v1.0.6
[INFO] [stderr]    Compiling litrs v0.4.1
[INFO] [stderr]    Compiling digest v0.10.7
[INFO] [stderr]    Compiling walkdir v2.5.0
[INFO] [stderr]    Compiling sha2 v0.10.8
[INFO] [stderr]    Compiling cache_bust_core v0.2.0
[INFO] [stderr]    Compiling cache_bust_macro v0.2.0
[INFO] [stderr]    Compiling cache_bust v0.2.0 (/opt/rustwide/workdir)
[INFO] [stderr]     Finished `dev` profile [unoptimized + debuginfo] target(s) in 0.65s
[INFO] running `Command { std: "docker" "inspect" "5bd42b6323c194f7e194871dcce01f84048383a5df9ceea6e312b856aa22e380", kill_on_drop: false }`
[INFO] running `Command { std: "docker" "rm" "-f" "5bd42b6323c194f7e194871dcce01f84048383a5df9ceea6e312b856aa22e380", kill_on_drop: false }`
[INFO] [stdout] 5bd42b6323c194f7e194871dcce01f84048383a5df9ceea6e312b856aa22e380
[INFO] running `Command { std: "docker" "create" "-v" "/var/lib/crater-agent-workspace/builds/worker-4-tc1/target:/opt/rustwide/target:rw,Z" "-v" "/var/lib/crater-agent-workspace/builds/worker-4-tc1/source:/opt/rustwide/workdir:ro,Z" "-v" "/var/lib/crater-agent-workspace/cargo-home:/opt/rustwide/cargo-home:ro,Z" "-v" "/var/lib/crater-agent-workspace/rustup-home:/opt/rustwide/rustup-home:ro,Z" "-e" "SOURCE_DIR=/opt/rustwide/workdir" "-e" "CARGO_TARGET_DIR=/opt/rustwide/target" "-e" "CARGO_INCREMENTAL=0" "-e" "RUST_BACKTRACE=full" "-e" "RUSTFLAGS=--cap-lints=forbid" "-e" "RUSTDOCFLAGS=--cap-lints=forbid" "-e" "CARGO_HOME=/opt/rustwide/cargo-home" "-e" "RUSTUP_HOME=/opt/rustwide/rustup-home" "-w" "/opt/rustwide/workdir" "-m" "1610612736" "--user" "0:0" "--network" "none" "ghcr.io/rust-lang/crates-build-env/linux@sha256:4a844ea9eb2546a2d2c7022eacef16ef2e8229c7fbb2c7d4d55a9ceca922f72d" "/opt/rustwide/cargo-home/bin/cargo" "+nightly-2024-10-28" "test" "--frozen" "--no-run" "--message-format=json", kill_on_drop: false }`
[INFO] [stdout] 0a58407915eab89366a2c7878ca974eb45c24954c3a5ae50b7ccff2e584c5a45
[INFO] running `Command { std: "docker" "start" "-a" "0a58407915eab89366a2c7878ca974eb45c24954c3a5ae50b7ccff2e584c5a45", kill_on_drop: false }`
[INFO] [stderr]    Compiling cache_bust v0.2.0 (/opt/rustwide/workdir)
[INFO] [stderr]     Finished `test` profile [unoptimized + debuginfo] target(s) in 0.18s
[INFO] running `Command { std: "docker" "inspect" "0a58407915eab89366a2c7878ca974eb45c24954c3a5ae50b7ccff2e584c5a45", kill_on_drop: false }`
[INFO] running `Command { std: "docker" "rm" "-f" "0a58407915eab89366a2c7878ca974eb45c24954c3a5ae50b7ccff2e584c5a45", kill_on_drop: false }`
[INFO] [stdout] 0a58407915eab89366a2c7878ca974eb45c24954c3a5ae50b7ccff2e584c5a45
[INFO] running `Command { std: "docker" "create" "-v" "/var/lib/crater-agent-workspace/builds/worker-4-tc1/target:/opt/rustwide/target:rw,Z" "-v" "/var/lib/crater-agent-workspace/builds/worker-4-tc1/source:/opt/rustwide/workdir:ro,Z" "-v" "/var/lib/crater-agent-workspace/cargo-home:/opt/rustwide/cargo-home:ro,Z" "-v" "/var/lib/crater-agent-workspace/rustup-home:/opt/rustwide/rustup-home:ro,Z" "-e" "SOURCE_DIR=/opt/rustwide/workdir" "-e" "CARGO_TARGET_DIR=/opt/rustwide/target" "-e" "CARGO_INCREMENTAL=0" "-e" "RUST_BACKTRACE=full" "-e" "RUSTFLAGS=--cap-lints=forbid" "-e" "RUSTDOCFLAGS=--cap-lints=forbid" "-e" "CARGO_HOME=/opt/rustwide/cargo-home" "-e" "RUSTUP_HOME=/opt/rustwide/rustup-home" "-w" "/opt/rustwide/workdir" "-m" "1610612736" "--user" "0:0" "--network" "none" "ghcr.io/rust-lang/crates-build-env/linux@sha256:4a844ea9eb2546a2d2c7022eacef16ef2e8229c7fbb2c7d4d55a9ceca922f72d" "/opt/rustwide/cargo-home/bin/cargo" "+nightly-2024-10-28" "test" "--frozen", kill_on_drop: false }`
[INFO] [stdout] 6c4549fdb9f46acedb70b09a102ad6acbf6c908bab6d0783d4888918dce850e9
[INFO] running `Command { std: "docker" "start" "-a" "6c4549fdb9f46acedb70b09a102ad6acbf6c908bab6d0783d4888918dce850e9", kill_on_drop: false }`
[INFO] [stderr]     Finished `test` profile [unoptimized + debuginfo] target(s) in 0.01s
[INFO] [stderr]      Running unittests src/lib.rs (/opt/rustwide/target/debug/deps/cache_bust-521db825160b99e1)
[INFO] [stdout] 
[INFO] [stdout] running 0 tests
[INFO] [stdout] 
[INFO] [stdout] test result: ok. 0 passed; 0 failed; 0 ignored; 0 measured; 0 filtered out; finished in 0.00s
[INFO] [stdout] 
[INFO] [stderr]      Running tests/test.rs (/opt/rustwide/target/debug/deps/test-6ddd2ce007566632)
[INFO] [stdout] 
[INFO] [stdout] running 11 tests
[INFO] [stdout] test file_in_place ... ok
[INFO] [stdout] test absolute_file_in_place ... ok
[INFO] [stdout] test absolute_file_to_out_dir ... ok
[INFO] [stdout] test file_out_dir_not_cleared ... ok
[INFO] [stdout] test file_to_out_dir ... ok
[INFO] [stdout] test in_place ... ok
[INFO] [stdout] test in_place_with_out_dir ... ok
[INFO] [stdout] test out_dir_is_cleared ... ok
[INFO] [stdout] test in_to_out_dir ... ok
[INFO] [stdout] test in_dir_not_a_dir - should panic ... ok
[INFO] [stdout] test no_out_dir - should panic ... ok
[INFO] [stdout] 
[INFO] [stdout] test result: ok. 11 passed; 0 failed; 0 ignored; 0 measured; 0 filtered out; finished in 0.01s
[INFO] [stdout] 
[INFO] [stderr]    Doc-tests cache_bust
[INFO] [stdout] 
[INFO] [stdout] running 3 tests
[INFO] [stdout] test src/lib.rs - (line 21) ... ok
[INFO] [stdout] test src/lib.rs - (line 48) ... FAILED
[INFO] [stdout] test src/lib.rs - (line 82) ... FAILED
[INFO] [stdout] 
[INFO] [stdout] failures:
[INFO] [stdout] 
[INFO] [stdout] ---- src/lib.rs - (line 48) stdout ----
[INFO] [stdout] Test executable failed (exit status: 1).
[INFO] [stdout] 
[INFO] [stdout] stdout:
[INFO] [stdout] cargo::rerun-if-changed=/opt/rustwide/workdir/assets
[INFO] [stdout] 
[INFO] [stdout] stderr:
[INFO] [stdout] Error: Os { code: 30, kind: ReadOnlyFilesystem, message: "Read-only file system" }
[INFO] [stdout] 
[INFO] [stdout] 
[INFO] [stdout] ---- src/lib.rs - (line 82) stdout ----
[INFO] [stdout] Test executable failed (exit status: 1).
[INFO] [stdout] 
[INFO] [stdout] stdout:
[INFO] [stdout] cargo::rerun-if-changed=/opt/rustwide/workdir/assets/generated/script.js
[INFO] [stdout] 
[INFO] [stdout] stderr:
[INFO] [stdout] Error: Os { code: 30, kind: ReadOnlyFilesystem, message: "Read-only file system" }
[INFO] [stdout] 
[INFO] [stdout] 
[INFO] [stdout] 
[INFO] [stdout] failures:
[INFO] [stdout]     src/lib.rs - (line 48)
[INFO] [stdout]     src/lib.rs - (line 82)
[INFO] [stdout] 
[INFO] [stdout] test result: FAILED. 1 passed; 2 failed; 0 ignored; 0 measured; 0 filtered out; finished in 0.10s
[INFO] [stdout] 
[INFO] [stderr] error: doctest failed, to rerun pass `--doc`
[INFO] running `Command { std: "docker" "inspect" "6c4549fdb9f46acedb70b09a102ad6acbf6c908bab6d0783d4888918dce850e9", kill_on_drop: false }`
[INFO] running `Command { std: "docker" "rm" "-f" "6c4549fdb9f46acedb70b09a102ad6acbf6c908bab6d0783d4888918dce850e9", kill_on_drop: false }`
[INFO] [stdout] 6c4549fdb9f46acedb70b09a102ad6acbf6c908bab6d0783d4888918dce850e9
