[INFO] fetching crate c_lexer 0.1.1...
[INFO] testing c_lexer-0.1.1 against nightly-2024-10-28+rustflags=-Zrandomize-layout for randomize-layout
[INFO] extracting crate c_lexer 0.1.1 into /workspace/builds/worker-2-tc2/source
[INFO] validating manifest of crates.io crate c_lexer 0.1.1 on toolchain nightly-2024-10-28
[INFO] running `Command { std: CARGO_HOME="/workspace/cargo-home" RUSTUP_HOME="/workspace/rustup-home" "/workspace/cargo-home/bin/cargo" "+nightly-2024-10-28" "metadata" "--manifest-path" "Cargo.toml" "--no-deps", kill_on_drop: false }`
[INFO] started tweaking crates.io crate c_lexer 0.1.1
[INFO] finished tweaking crates.io crate c_lexer 0.1.1
[INFO] tweaked toml for crates.io crate c_lexer 0.1.1 written to /workspace/builds/worker-2-tc2/source/Cargo.toml
[INFO] running `Command { std: CARGO_HOME="/workspace/cargo-home" RUSTUP_HOME="/workspace/rustup-home" "/workspace/cargo-home/bin/cargo" "+nightly-2024-10-28" "generate-lockfile" "--manifest-path" "Cargo.toml", kill_on_drop: false }`
[INFO] [stderr]     Updating crates.io index
[INFO] [stderr]      Locking 36 packages to latest compatible versions
[INFO] [stderr]       Adding phf v0.7.24 (available: v0.11.2)
[INFO] running `Command { std: CARGO_HOME="/workspace/cargo-home" RUSTUP_HOME="/workspace/rustup-home" "/workspace/cargo-home/bin/cargo" "+nightly-2024-10-28" "fetch" "--manifest-path" "Cargo.toml", kill_on_drop: false }`
[INFO] running `Command { std: "docker" "create" "-v" "/var/lib/crater-agent-workspace/builds/worker-2-tc2/target:/opt/rustwide/target:rw,Z" "-v" "/var/lib/crater-agent-workspace/builds/worker-2-tc2/source:/opt/rustwide/workdir:ro,Z" "-v" "/var/lib/crater-agent-workspace/cargo-home:/opt/rustwide/cargo-home:ro,Z" "-v" "/var/lib/crater-agent-workspace/rustup-home:/opt/rustwide/rustup-home:ro,Z" "-e" "SOURCE_DIR=/opt/rustwide/workdir" "-e" "CARGO_TARGET_DIR=/opt/rustwide/target" "-e" "CARGO_HOME=/opt/rustwide/cargo-home" "-e" "RUSTUP_HOME=/opt/rustwide/rustup-home" "-w" "/opt/rustwide/workdir" "-m" "1610612736" "--user" "0:0" "--network" "none" "ghcr.io/rust-lang/crates-build-env/linux@sha256:4a844ea9eb2546a2d2c7022eacef16ef2e8229c7fbb2c7d4d55a9ceca922f72d" "/opt/rustwide/cargo-home/bin/cargo" "+nightly-2024-10-28" "metadata" "--no-deps" "--format-version=1", kill_on_drop: false }`
[INFO] [stdout] 5caf6814eca62b4a771f6495da4939c02149faaf060f87f5bf06402db68bb913
[INFO] running `Command { std: "docker" "start" "-a" "5caf6814eca62b4a771f6495da4939c02149faaf060f87f5bf06402db68bb913", kill_on_drop: false }`
[INFO] running `Command { std: "docker" "inspect" "5caf6814eca62b4a771f6495da4939c02149faaf060f87f5bf06402db68bb913", kill_on_drop: false }`
[INFO] running `Command { std: "docker" "rm" "-f" "5caf6814eca62b4a771f6495da4939c02149faaf060f87f5bf06402db68bb913", kill_on_drop: false }`
[INFO] [stdout] 5caf6814eca62b4a771f6495da4939c02149faaf060f87f5bf06402db68bb913
[INFO] running `Command { std: "docker" "create" "-v" "/var/lib/crater-agent-workspace/builds/worker-2-tc2/target:/opt/rustwide/target:rw,Z" "-v" "/var/lib/crater-agent-workspace/builds/worker-2-tc2/source:/opt/rustwide/workdir:ro,Z" "-v" "/var/lib/crater-agent-workspace/cargo-home:/opt/rustwide/cargo-home:ro,Z" "-v" "/var/lib/crater-agent-workspace/rustup-home:/opt/rustwide/rustup-home:ro,Z" "-e" "SOURCE_DIR=/opt/rustwide/workdir" "-e" "CARGO_TARGET_DIR=/opt/rustwide/target" "-e" "CARGO_INCREMENTAL=0" "-e" "RUST_BACKTRACE=full" "-e" "RUSTFLAGS=--cap-lints=forbid -Zrandomize-layout" "-e" "RUSTDOCFLAGS=--cap-lints=forbid" "-e" "CARGO_HOME=/opt/rustwide/cargo-home" "-e" "RUSTUP_HOME=/opt/rustwide/rustup-home" "-w" "/opt/rustwide/workdir" "-m" "1610612736" "--user" "0:0" "--network" "none" "ghcr.io/rust-lang/crates-build-env/linux@sha256:4a844ea9eb2546a2d2c7022eacef16ef2e8229c7fbb2c7d4d55a9ceca922f72d" "/opt/rustwide/cargo-home/bin/cargo" "+nightly-2024-10-28" "build" "--frozen" "--message-format=json", kill_on_drop: false }`
[INFO] [stdout] a556e2bf68463c9b3937739d7cb86821841eeccbfc0a0d97f012f220a2404e7d
[INFO] running `Command { std: "docker" "start" "-a" "a556e2bf68463c9b3937739d7cb86821841eeccbfc0a0d97f012f220a2404e7d", kill_on_drop: false }`
[INFO] [stderr]    Compiling rand_core v0.4.2
[INFO] [stderr]    Compiling proc-macro2 v0.4.30
[INFO] [stderr]    Compiling unicode-xid v0.1.0
[INFO] [stderr]    Compiling siphasher v0.2.3
[INFO] [stderr]    Compiling rand_pcg v0.1.2
[INFO] [stderr]    Compiling rand_chacha v0.1.1
[INFO] [stderr]    Compiling rand v0.6.5
[INFO] [stderr]    Compiling syn v0.15.44
[INFO] [stderr]    Compiling serde v1.0.214
[INFO] [stderr]    Compiling phf_shared v0.7.24
[INFO] [stderr]    Compiling rand_core v0.3.1
[INFO] [stderr]    Compiling rand_jitter v0.1.4
[INFO] [stderr]    Compiling rand_os v0.1.3
[INFO] [stderr]    Compiling rand_xorshift v0.1.1
[INFO] [stderr]    Compiling rand_hc v0.1.0
[INFO] [stderr]    Compiling rand_isaac v0.1.1
[INFO] [stderr]    Compiling quote v0.6.13
[INFO] [stderr]    Compiling phf_generator v0.7.24
[INFO] [stderr]    Compiling internship v0.6.0
[INFO] [stderr]    Compiling phf_macros v0.7.24
[INFO] [stderr]    Compiling phf v0.7.24
[INFO] [stderr]    Compiling c_lexer v0.1.1 (/opt/rustwide/workdir)
[INFO] [stdout] warning: trait objects without an explicit `dyn` are deprecated
[INFO] [stdout]  --> src/error.rs:9:23
[INFO] [stdout]   |
[INFO] [stdout] 9 |     InternalError(Box<error::Error>),
[INFO] [stdout]   |                       ^^^^^^^^^^^^
[INFO] [stdout]   |
[INFO] [stdout]   = warning: this is accepted in the current edition (Rust 2018) but is a hard error in Rust 2021!
[INFO] [stdout]   = note: for more information, see <https://doc.rust-lang.org/nightly/edition-guide/rust-2021/warnings-promoted-to-error.html>
[INFO] [stdout]   = note: `#[warn(bare_trait_objects)]` on by default
[INFO] [stdout] help: if this is a dyn-compatible trait, use `dyn`
[INFO] [stdout]   |
[INFO] [stdout] 9 |     InternalError(Box<dyn error::Error>),
[INFO] [stdout]   |                       +++
[INFO] [stdout] 
[INFO] [stdout] 
[INFO] [stderr]     Finished `dev` profile [unoptimized + debuginfo] target(s) in 2.63s
[INFO] running `Command { std: "docker" "inspect" "a556e2bf68463c9b3937739d7cb86821841eeccbfc0a0d97f012f220a2404e7d", kill_on_drop: false }`
[INFO] running `Command { std: "docker" "rm" "-f" "a556e2bf68463c9b3937739d7cb86821841eeccbfc0a0d97f012f220a2404e7d", kill_on_drop: false }`
[INFO] [stdout] a556e2bf68463c9b3937739d7cb86821841eeccbfc0a0d97f012f220a2404e7d
[INFO] running `Command { std: "docker" "create" "-v" "/var/lib/crater-agent-workspace/builds/worker-2-tc2/target:/opt/rustwide/target:rw,Z" "-v" "/var/lib/crater-agent-workspace/builds/worker-2-tc2/source:/opt/rustwide/workdir:ro,Z" "-v" "/var/lib/crater-agent-workspace/cargo-home:/opt/rustwide/cargo-home:ro,Z" "-v" "/var/lib/crater-agent-workspace/rustup-home:/opt/rustwide/rustup-home:ro,Z" "-e" "SOURCE_DIR=/opt/rustwide/workdir" "-e" "CARGO_TARGET_DIR=/opt/rustwide/target" "-e" "CARGO_INCREMENTAL=0" "-e" "RUST_BACKTRACE=full" "-e" "RUSTFLAGS=--cap-lints=forbid -Zrandomize-layout" "-e" "RUSTDOCFLAGS=--cap-lints=forbid" "-e" "CARGO_HOME=/opt/rustwide/cargo-home" "-e" "RUSTUP_HOME=/opt/rustwide/rustup-home" "-w" "/opt/rustwide/workdir" "-m" "1610612736" "--user" "0:0" "--network" "none" "ghcr.io/rust-lang/crates-build-env/linux@sha256:4a844ea9eb2546a2d2c7022eacef16ef2e8229c7fbb2c7d4d55a9ceca922f72d" "/opt/rustwide/cargo-home/bin/cargo" "+nightly-2024-10-28" "test" "--frozen" "--no-run" "--message-format=json", kill_on_drop: false }`
[INFO] [stdout] 95044642da1cf95f347fd15bc3974cef021f4f5c95e0d62c8d08ba857bb16fd0
[INFO] running `Command { std: "docker" "start" "-a" "95044642da1cf95f347fd15bc3974cef021f4f5c95e0d62c8d08ba857bb16fd0", kill_on_drop: false }`
[INFO] [stdout] warning: trait objects without an explicit `dyn` are deprecated
[INFO] [stdout]  --> src/error.rs:9:23
[INFO] [stdout]   |
[INFO] [stdout] 9 |     InternalError(Box<error::Error>),
[INFO] [stdout]   |                       ^^^^^^^^^^^^
[INFO] [stdout]   |
[INFO] [stdout]   = warning: this is accepted in the current edition (Rust 2018) but is a hard error in Rust 2021!
[INFO] [stdout]   = note: for more information, see <https://doc.rust-lang.org/nightly/edition-guide/rust-2021/warnings-promoted-to-error.html>
[INFO] [stdout]   = note: `#[warn(bare_trait_objects)]` on by default
[INFO] [stdout] help: if this is a dyn-compatible trait, use `dyn`
[INFO] [stdout]   |
[INFO] [stdout] 9 |     InternalError(Box<dyn error::Error>),
[INFO] [stdout]   |                       +++
[INFO] [stdout] 
[INFO] [stdout] 
[INFO] [stderr]    Compiling c_lexer v0.1.1 (/opt/rustwide/workdir)
[INFO] [stdout] warning: trait objects without an explicit `dyn` are deprecated
[INFO] [stdout]  --> src/error.rs:9:23
[INFO] [stdout]   |
[INFO] [stdout] 9 |     InternalError(Box<error::Error>),
[INFO] [stdout]   |                       ^^^^^^^^^^^^
[INFO] [stdout]   |
[INFO] [stdout]   = warning: this is accepted in the current edition (Rust 2018) but is a hard error in Rust 2021!
[INFO] [stdout]   = note: for more information, see <https://doc.rust-lang.org/nightly/edition-guide/rust-2021/warnings-promoted-to-error.html>
[INFO] [stdout]   = note: `#[warn(bare_trait_objects)]` on by default
[INFO] [stdout] help: if this is a dyn-compatible trait, use `dyn`
[INFO] [stdout]   |
[INFO] [stdout] 9 |     InternalError(Box<dyn error::Error>),
[INFO] [stdout]   |                       +++
[INFO] [stdout] 
[INFO] [stdout] 
[INFO] [stderr]     Finished `test` profile [unoptimized + debuginfo] target(s) in 0.49s
[INFO] running `Command { std: "docker" "inspect" "95044642da1cf95f347fd15bc3974cef021f4f5c95e0d62c8d08ba857bb16fd0", kill_on_drop: false }`
[INFO] running `Command { std: "docker" "rm" "-f" "95044642da1cf95f347fd15bc3974cef021f4f5c95e0d62c8d08ba857bb16fd0", kill_on_drop: false }`
[INFO] [stdout] 95044642da1cf95f347fd15bc3974cef021f4f5c95e0d62c8d08ba857bb16fd0
[INFO] running `Command { std: "docker" "create" "-v" "/var/lib/crater-agent-workspace/builds/worker-2-tc2/target:/opt/rustwide/target:rw,Z" "-v" "/var/lib/crater-agent-workspace/builds/worker-2-tc2/source:/opt/rustwide/workdir:ro,Z" "-v" "/var/lib/crater-agent-workspace/cargo-home:/opt/rustwide/cargo-home:ro,Z" "-v" "/var/lib/crater-agent-workspace/rustup-home:/opt/rustwide/rustup-home:ro,Z" "-e" "SOURCE_DIR=/opt/rustwide/workdir" "-e" "CARGO_TARGET_DIR=/opt/rustwide/target" "-e" "CARGO_INCREMENTAL=0" "-e" "RUST_BACKTRACE=full" "-e" "RUSTFLAGS=--cap-lints=forbid -Zrandomize-layout" "-e" "RUSTDOCFLAGS=--cap-lints=forbid" "-e" "CARGO_HOME=/opt/rustwide/cargo-home" "-e" "RUSTUP_HOME=/opt/rustwide/rustup-home" "-w" "/opt/rustwide/workdir" "-m" "1610612736" "--user" "0:0" "--network" "none" "ghcr.io/rust-lang/crates-build-env/linux@sha256:4a844ea9eb2546a2d2c7022eacef16ef2e8229c7fbb2c7d4d55a9ceca922f72d" "/opt/rustwide/cargo-home/bin/cargo" "+nightly-2024-10-28" "test" "--frozen", kill_on_drop: false }`
[INFO] [stdout] 763d14b657ab6a786396d1512bfd053a83e4cef2af60d854f4dc475676fc4bfa
[INFO] running `Command { std: "docker" "start" "-a" "763d14b657ab6a786396d1512bfd053a83e4cef2af60d854f4dc475676fc4bfa", kill_on_drop: false }`
[INFO] [stderr] warning: trait objects without an explicit `dyn` are deprecated
[INFO] [stderr]  --> src/error.rs:9:23
[INFO] [stderr]   |
[INFO] [stderr] 9 |     InternalError(Box<error::Error>),
[INFO] [stderr]   |                       ^^^^^^^^^^^^
[INFO] [stderr]   |
[INFO] [stderr]   = warning: this is accepted in the current edition (Rust 2018) but is a hard error in Rust 2021!
[INFO] [stderr]   = note: for more information, see <https://doc.rust-lang.org/nightly/edition-guide/rust-2021/warnings-promoted-to-error.html>
[INFO] [stderr]   = note: `#[warn(bare_trait_objects)]` on by default
[INFO] [stderr] help: if this is a dyn-compatible trait, use `dyn`
[INFO] [stderr]   |
[INFO] [stderr] 9 |     InternalError(Box<dyn error::Error>),
[INFO] [stderr]   |                       +++
[INFO] [stderr] 
[INFO] [stderr] warning: `c_lexer` (lib) generated 1 warning (run `cargo fix --lib -p c_lexer` to apply 1 suggestion)
[INFO] [stderr] warning: `c_lexer` (lib test) generated 1 warning (1 duplicate)
[INFO] [stderr]     Finished `test` profile [unoptimized + debuginfo] target(s) in 0.03s
[INFO] [stderr]      Running unittests src/lib.rs (/opt/rustwide/target/debug/deps/c_lexer-9e30d97223ad47e6)
[INFO] [stdout] 
[INFO] [stdout] running 79 tests
[INFO] [stdout] test number::tests::binary ... ok
[INFO] [stdout] test identifier::tests::keyword ... ok
[INFO] [stdout] test identifier::tests::parsing_after_token_2 ... ok
[INFO] [stdout] test number::tests::binary_capital ... ok
[INFO] [stdout] test number::tests::binary_four ... ok
[INFO] [stdout] test number::tests::decimal_exponent_signed ... ok
[INFO] [stdout] test number::tests::decimal_exponent_signed_plus ... ok
[INFO] [stdout] test number::tests::decimal_exponent_unsigneds ... ok
[INFO] [stdout] test number::tests::decimal_ten ... ok
[INFO] [stdout] test number::tests::decimal ... ok
[INFO] [stdout] test identifier::tests::parsing_after_token ... ok
[INFO] [stdout] test number::tests::decimaldigits_exponent_signed ... ok
[INFO] [stdout] test number::tests::hex ... ok
[INFO] [stdout] test number::tests::hex_capital ... ok
[INFO] [stdout] test number::tests::hex_sixteen ... ok
[INFO] [stdout] test number::tests::octal ... ok
[INFO] [stdout] test number::tests::octal_eight ... ok
[INFO] [stdout] test state_machine::tests::and ... ok
[INFO] [stdout] test number::tests::decimaldigits ... ok
[INFO] [stdout] test number::tests::octal_cpaital ... ok
[INFO] [stdout] test state_machine::tests::and_assign ... ok
[INFO] [stdout] test state_machine::tests::assign ... ok
[INFO] [stdout] test state_machine::tests::bigger ... ok
[INFO] [stdout] test state_machine::tests::bigger_double ... ok
[INFO] [stdout] test state_machine::tests::caret_assign ... ok
[INFO] [stdout] test state_machine::tests::bigger_double_equal ... ok
[INFO] [stdout] test state_machine::tests::bigger_equal ... ok
[INFO] [stdout] test state_machine::tests::caret ... ok
[INFO] [stdout] test state_machine::tests::and_double ... ok
[INFO] [stdout] test state_machine::tests::dot ... ok
[INFO] [stdout] test state_machine::tests::exclamation ... ok
[INFO] [stderr] thread 'state_machine::tests::left_curly' panicked at core/src/panicking.rs:227:5:
[INFO] [stderr] unsafe precondition(s) violated: slice::get_unchecked requires that the index is within the slice
[INFO] [stderr] stack backtrace:
[INFO] [stderr]    0:     0x59bcbae19b2a - std::backtrace_rs::backtrace::libunwind::trace::h207520d6e9873551
[INFO] [stderr]                                at /rustc/df4ca44d3fbc9301ee17f30f4d474e6ae4b05252/library/std/src/../../backtrace/src/backtrace/libunwind.rs:116:5
[INFO] [stderr]    1:     0x59bcbae19b2a - std::backtrace_rs::backtrace::trace_unsynchronized::h2ed7433f370e3eca
[INFO] [stderr]                                at /rustc/df4ca44d3fbc9301ee17f30f4d474e6ae4b05252/library/std/src/../../backtrace/src/backtrace/mod.rs:66:5
[INFO] [stderr]    2:     0x59bcbae19b2a - std::sys::backtrace::_print_fmt::h916fac51166b18d7
[INFO] [stderr]                                at /rustc/df4ca44d3fbc9301ee17f30f4d474e6ae4b05252/library/std/src/sys/backtrace.rs:66:9
[INFO] [stderr]    3:     0x59bcbae19b2a - <std::sys::backtrace::BacktraceLock::print::DisplayBacktrace as core::fmt::Display>::fmt::ha0a4c9b8ce3802e6
[INFO] [stderr]                                at /rustc/df4ca44d3fbc9301ee17f30f4d474e6ae4b05252/library/std/src/sys/backtrace.rs:39:26
[INFO] [stderr]    4:     0x59bcbae401c3 - core::fmt::rt::Argument::fmt::h4cfc8587d52b3eb5
[INFO] [stderr]                                at /rustc/df4ca44d3fbc9301ee17f30f4d474e6ae4b05252/library/core/src/fmt/rt.rs:177:76
[INFO] [stderr]    5:     0x59bcbae401c3 - core::fmt::write::h522cc39e5b36ae9f
[INFO] [stderr]                                at /rustc/df4ca44d3fbc9301ee17f30f4d474e6ae4b05252/library/core/src/fmt/mod.rs:1190:21
[INFO] [stderr]    6:     0x59bcbae168c3 - std::io::Write::write_fmt::hf1c1dcc8cc1287f0
[INFO] [stderr]                                at /rustc/df4ca44d3fbc9301ee17f30f4d474e6ae4b05252/library/std/src/io/mod.rs:1839:15
[INFO] [stderr]    7:     0x59bcbae19972 - std::sys::backtrace::BacktraceLock::print::h4b9e00b29e9c0942
[INFO] [stderr]                                at /rustc/df4ca44d3fbc9301ee17f30f4d474e6ae4b05252/library/std/src/sys/backtrace.rs:42:9
[INFO] [stderr]    8:     0x59bcbae1afba - std::panicking::default_hook::{{closure}}::hb59b88280d0324d9
[INFO] [stderr]                                at /rustc/df4ca44d3fbc9301ee17f30f4d474e6ae4b05252/library/std/src/panicking.rs:268:22
[INFO] [stderr]    9:     0x59bcbae1ae00 - std::panicking::default_hook::he1dd496665be4a29
[INFO] [stderr]                                at /rustc/df4ca44d3fbc9301ee17f30f4d474e6ae4b05252/library/std/src/panicking.rs:295:9
[INFO] [stderr]   10:     0x59bcbadd5a99 - <alloc::boxed::Box<F,A> as core::ops::function::Fn<Args>>::call::h4ff71de18744e1dc
[INFO] [stderr]                                at /rustc/df4ca44d3fbc9301ee17f30f4d474e6ae4b05252/library/alloc/src/boxed.rs:2468:9
[INFO] [stderr]   11:     0x59bcbadd5a99 - test::test_main::{{closure}}::hcf7c055ce117aa81
[INFO] [stderr]                                at /rustc/df4ca44d3fbc9301ee17f30f4d474e6ae4b05252/library/test/src/lib.rs:133:21
[INFO] [stderr]   12:     0x59bcbae1b6b8 - <alloc::boxed::Box<F,A> as core::ops::function::Fn<Args>>::call::h1d66c6bbd60c9692
[INFO] [stderr]                                at /rustc/df4ca44d3fbc9301ee17f30f4d474e6ae4b05252/library/alloc/src/boxed.rs:2468:9
[INFO] [stderr]   13:     0x59bcbae1b6b8 - std::panicking::rust_panic_with_hook::h2ff17fe8f26dfcf8
[INFO] [stderr]                                at /rustc/df4ca44d3fbc9301ee17f30f4d474e6ae4b05252/library/std/src/panicking.rs:809:13
[INFO] [stderr]   14:     0x59bcbae1b446 - std::panicking::begin_panic_handler::{{closure}}::h4fad77951c07e101
[INFO] [stderr]                                at /rustc/df4ca44d3fbc9301ee17f30f4d474e6ae4b05252/library/std/src/panicking.rs:667:13
[INFO] [stderr]   15:     0x59bcbae1a009 - std::sys::backtrace::__rust_end_short_backtrace::hb1a25b3da5d0ea08
[INFO] [stderr]                                at /rustc/df4ca44d3fbc9301ee17f30f4d474e6ae4b05252/library/std/src/sys/backtrace.rs:170:18
[INFO] [stderr]   16:     0x59bcbae1b10c - rust_begin_unwind
[INFO] [stderr]                                at /rustc/df4ca44d3fbc9301ee17f30f4d474e6ae4b05252/library/std/src/panicking.rs:665:5
[INFO] [stderr]   17:     0x59bcbae3ebfd - core::panicking::panic_nounwind_fmt::runtime::hb8ceb4e2b8eb64c7
[INFO] [stderr]                                at /rustc/df4ca44d3fbc9301ee17f30f4d474e6ae4b05252/library/core/src/panicking.rs:115:18
[INFO] [stderr]   18:     0x59bcbae3ebfd - core::panicking::panic_nounwind_fmt::hccfae7c58ba60316
[INFO] [stderr]                                at /rustc/df4ca44d3fbc9301ee17f30f4d474e6ae4b05252/library/core/src/panicking.rs:125:5
[INFO] [stderr]   19:     0x59bcbae3ec92 - core::panicking::panic_nounwind::ha9cb41ebc3328049
[INFO] [stderr]                                at /rustc/df4ca44d3fbc9301ee17f30f4d474e6ae4b05252/library/core/src/panicking.rs:227:5
[INFO] [stderr]   20:     0x59bcbad7a6c8 - <usize as core::slice::index::SliceIndex<[T]>>::get_unchecked::precondition_check::h15fbaff872012012
[INFO] [stderr]                                at /rustc/df4ca44d3fbc9301ee17f30f4d474e6ae4b05252/library/core/src/ub_checks.rs:71:21
[INFO] [stderr]   21:     0x59bcbad7a67f - <usize as core::slice::index::SliceIndex<[T]>>::get_unchecked::ha55c2c97d601a598
[INFO] [stderr]                                at /rustc/df4ca44d3fbc9301ee17f30f4d474e6ae4b05252/library/core/src/ub_checks.rs:78:17
[INFO] [stderr]   22:     0x59bcbad89238 - core::slice::<impl [T]>::get_unchecked::h9150204864b2bf21
[INFO] [stderr]                                at /rustc/df4ca44d3fbc9301ee17f30f4d474e6ae4b05252/library/core/src/slice/mod.rs:664:20
[INFO] [stderr]   23:     0x59bcbad83795 - c_lexer::state_machine::parse::hc2ea682fd87e5b4e
[INFO] [stderr]                                at /opt/rustwide/workdir/src/state_machine.rs:518:32
[INFO] [stderr]   24:     0x59bcbad99fea - c_lexer::Lexer::lex::h64a8da87f56d5fc6
[INFO] [stderr]                                at /opt/rustwide/workdir/src/lib.rs:33:26
[INFO] [stderr]   25:     0x59bcbad8d81c - c_lexer::state_machine::tests::left_curly::h3b6af1619a7f26e5
[INFO] [stderr]                                at /opt/rustwide/workdir/src/macros.rs:9:26
[INFO] [stderr]   26:     0x59bcbad8d7c7 - c_lexer::state_machine::tests::left_curly::{{closure}}::hf19e82037d6d1b4a
[INFO] [stderr]                                at /opt/rustwide/workdir/src/macros.rs:5:19
[INFO] [stderr]   27:     0x59bcbad78586 - core::ops::function::FnOnce::call_once::hd6045e2e9b4358d8
[INFO] [stderr]                                at /rustc/df4ca44d3fbc9301ee17f30f4d474e6ae4b05252/library/core/src/ops/function.rs:250:5
[INFO] [stderr]   28:     0x59bcbadda36b - core::ops::function::FnOnce::call_once::h22c3ba5715e93f05
[INFO] [stderr]                                at /rustc/df4ca44d3fbc9301ee17f30f4d474e6ae4b05252/library/core/src/ops/function.rs:250:5
[INFO] [stderr]   29:     0x59bcbadda36b - test::__rust_begin_short_backtrace::h8e82d8113d0da17f
[INFO] [stderr]                                at /rustc/df4ca44d3fbc9301ee17f30f4d474e6ae4b05252/library/test/src/lib.rs:621:18
[INFO] [stderr]   30:     0x59bcbadd9ce7 - test::run_test_in_process::{{closure}}::h33235f4f20b7b7c7
[INFO] [stderr]                                at /rustc/df4ca44d3fbc9301ee17f30f4d474e6ae4b05252/library/test/src/lib.rs:644:60
[INFO] [stderr]   31:     0x59bcbadd9ce7 - <core::panic::unwind_safe::AssertUnwindSafe<F> as core::ops::function::FnOnce<()>>::call_once::hb5043206310c586f
[INFO] [stderr]                                at /rustc/df4ca44d3fbc9301ee17f30f4d474e6ae4b05252/library/core/src/panic/unwind_safe.rs:272:9
[INFO] [stderr]   32:     0x59bcbadd9ce7 - std::panicking::try::do_call::h9ad4731a60ab23e2
[INFO] [stderr]                                at /rustc/df4ca44d3fbc9301ee17f30f4d474e6ae4b05252/library/std/src/panicking.rs:557:40
[INFO] [stderr]   33:     0x59bcbadd9ce7 - std::panicking::try::h3824d23db772a716
[INFO] [stderr]                                at /rustc/df4ca44d3fbc9301ee17f30f4d474e6ae4b05252/library/std/src/panicking.rs:520:19
[INFO] [stderr]   34:     0x59bcbadd9ce7 - std::panic::catch_unwind::h5afd514605fde46b
[INFO] [stderr]                                at /rustc/df4ca44d3fbc9301ee17f30f4d474e6ae4b05252/library/std/src/panic.rs:358:14
[INFO] [stderr]   35:     0x59bcbadd9ce7 - test::run_test_in_process::h0d5cbfa7067d1720
[INFO] [stderr]                                at /rustc/df4ca44d3fbc9301ee17f30f4d474e6ae4b05252/library/test/src/lib.rs:644:27
[INFO] [stderr]   36:     0x59bcbadd9ce7 - test::run_test::{{closure}}::h708eb8872708115d
[INFO] [stderr]                                at /rustc/df4ca44d3fbc9301ee17f30f4d474e6ae4b05252/library/test/src/lib.rs:565:43
[INFO] [stderr]   37:     0x59bcbad9d404 - test::run_test::{{closure}}::h392c51cee94713ab
[INFO] [stderr]                                at /rustc/df4ca44d3fbc9301ee17f30f4d474e6ae4b05252/library/test/src/lib.rs:595:41
[INFO] [stderr]   38:     0x59bcbad9d404 - std::sys::backtrace::__rust_begin_short_backtrace::h2f40290710935a8b
[INFO] [stderr]                                at /rustc/df4ca44d3fbc9301ee17f30f4d474e6ae4b05252/library/std/src/sys/backtrace.rs:154:18
[INFO] [stderr]   39:     0x59bcbada0bae - std::thread::Builder::spawn_unchecked_::{{closure}}::{{closure}}::h3fd968d89053a903
[INFO] [stderr]                                at /rustc/df4ca44d3fbc9301ee17f30f4d474e6ae4b05252/library/std/src/thread/mod.rs:541:17
[INFO] [stderr]   40:     0x59bcbada0bae - <core::panic::unwind_safe::AssertUnwindSafe<F> as core::ops::function::FnOnce<()>>::call_once::h743f637ba4229880
[INFO] [stderr]                                at /rustc/df4ca44d3fbc9301ee17f30f4d474e6ae4b05252/library/core/src/panic/unwind_safe.rs:272:9
[INFO] [stderr]   41:     0x59bcbada0bae - std::panicking::try::do_call::h07440897322525a6
[INFO] [stderr]                                at /rustc/df4ca44d3fbc9301ee17f30f4d474e6ae4b05252/library/std/src/panicking.rs:557:40
[INFO] [stderr]   42:     0x59bcbada0bae - std::panicking::try::he5a2e00188156637
[INFO] [stderr]                                at /rustc/df4ca44d3fbc9301ee17f30f4d474e6ae4b05252/library/std/src/panicking.rs:520:19
[INFO] [stderr]   43:     0x59bcbada0bae - std::panic::catch_unwind::hbaf3cae49b3c6433
[INFO] [stderr]                                at /rustc/df4ca44d3fbc9301ee17f30f4d474e6ae4b05252/library/std/src/panic.rs:358:14
[INFO] [stderr]   44:     0x59bcbada0bae - std::thread::Builder::spawn_unchecked_::{{closure}}::h8e141ea224820bce
[INFO] [stderr]                                at /rustc/df4ca44d3fbc9301ee17f30f4d474e6ae4b05252/library/std/src/thread/mod.rs:540:30
[INFO] [stderr]   45:     0x59bcbada0bae - core::ops::function::FnOnce::call_once{{vtable.shim}}::h90d312fedd7b8ea8
[INFO] [stderr]                                at /rustc/df4ca44d3fbc9301ee17f30f4d474e6ae4b05252/library/core/src/ops/function.rs:250:5
[INFO] [stderr]   46:     0x59bcbae1f4ab - <alloc::boxed::Box<F,A> as core::ops::function::FnOnce<Args>>::call_once::h69aa08ddb6adb8b6
[INFO] [stderr]                                at /rustc/df4ca44d3fbc9301ee17f30f4d474e6ae4b05252/library/alloc/src/boxed.rs:2454:9
[INFO] [stderr]   47:     0x59bcbae1f4ab - <alloc::boxed::Box<F,A> as core::ops::function::FnOnce<Args>>::call_once::h5aa36efdb79c806f
[INFO] [stderr]                                at /rustc/df4ca44d3fbc9301ee17f30f4d474e6ae4b05252/library/alloc/src/boxed.rs:2454:9
[INFO] [stderr]   48:     0x59bcbae1f4ab - std::sys::pal::unix::thread::Thread::new::thread_start::h6cd80a1b4be5158d
[INFO] [stderr]                                at /rustc/df4ca44d3fbc9301ee17f30f4d474e6ae4b05252/library/std/src/sys/pal/unix/thread.rs:105:17
[INFO] [stderr]   49:     0x762b5b0dcac3 - <unknown>
[INFO] [stderr]   50:     0x762b5b16da04 - clone
[INFO] [stderr]   51:                0x0 - <unknown>
[INFO] [stderr] thread caused non-unwinding panic. aborting.
[INFO] [stderr] error: test failed, to rerun pass `--lib`
[INFO] [stderr] 
[INFO] [stderr] Caused by:
[INFO] [stderr]   process didn't exit successfully: `/opt/rustwide/target/debug/deps/c_lexer-9e30d97223ad47e6` (signal: 6, SIGABRT: process abort signal)
[INFO] running `Command { std: "docker" "inspect" "763d14b657ab6a786396d1512bfd053a83e4cef2af60d854f4dc475676fc4bfa", kill_on_drop: false }`
[INFO] running `Command { std: "docker" "rm" "-f" "763d14b657ab6a786396d1512bfd053a83e4cef2af60d854f4dc475676fc4bfa", kill_on_drop: false }`
[INFO] [stdout] 763d14b657ab6a786396d1512bfd053a83e4cef2af60d854f4dc475676fc4bfa
