[INFO] fetching crate c3dio 0.8.0...
[INFO] testing c3dio-0.8.0 against nightly-2024-10-28 for randomize-layout
[INFO] extracting crate c3dio 0.8.0 into /workspace/builds/worker-6-tc1/source
[INFO] validating manifest of crates.io crate c3dio 0.8.0 on toolchain nightly-2024-10-28
[INFO] running `Command { std: CARGO_HOME="/workspace/cargo-home" RUSTUP_HOME="/workspace/rustup-home" "/workspace/cargo-home/bin/cargo" "+nightly-2024-10-28" "metadata" "--manifest-path" "Cargo.toml" "--no-deps", kill_on_drop: false }`
[INFO] removed /workspace/builds/worker-6-tc1/source/.cargo/config.toml
[INFO] started tweaking crates.io crate c3dio 0.8.0
[INFO] removed 2 missing examples
[INFO] finished tweaking crates.io crate c3dio 0.8.0
[INFO] tweaked toml for crates.io crate c3dio 0.8.0 written to /workspace/builds/worker-6-tc1/source/Cargo.toml
[INFO] crate crates.io crate c3dio 0.8.0 already has a lockfile, it will not be regenerated
[INFO] running `Command { std: CARGO_HOME="/workspace/cargo-home" RUSTUP_HOME="/workspace/rustup-home" "/workspace/cargo-home/bin/cargo" "+nightly-2024-10-28" "fetch" "--manifest-path" "Cargo.toml", kill_on_drop: false }`
[INFO] [stderr]     Updating crates.io index
[INFO] [stderr]  Downloading crates ...
[INFO] [stderr]   Downloaded thiserror v1.0.53
[INFO] [stderr]   Downloaded touch v0.0.1
[INFO] [stderr]   Downloaded proc-macro2 v1.0.72
[INFO] [stderr]   Downloaded thiserror-impl v1.0.53
[INFO] [stderr]   Downloaded test-files v0.1.2
[INFO] running `Command { std: "docker" "create" "-v" "/var/lib/crater-agent-workspace/builds/worker-6-tc1/target:/opt/rustwide/target:rw,Z" "-v" "/var/lib/crater-agent-workspace/builds/worker-6-tc1/source:/opt/rustwide/workdir:ro,Z" "-v" "/var/lib/crater-agent-workspace/cargo-home:/opt/rustwide/cargo-home:ro,Z" "-v" "/var/lib/crater-agent-workspace/rustup-home:/opt/rustwide/rustup-home:ro,Z" "-e" "SOURCE_DIR=/opt/rustwide/workdir" "-e" "CARGO_TARGET_DIR=/opt/rustwide/target" "-e" "CARGO_HOME=/opt/rustwide/cargo-home" "-e" "RUSTUP_HOME=/opt/rustwide/rustup-home" "-w" "/opt/rustwide/workdir" "-m" "1610612736" "--user" "0:0" "--network" "none" "ghcr.io/rust-lang/crates-build-env/linux@sha256:4a844ea9eb2546a2d2c7022eacef16ef2e8229c7fbb2c7d4d55a9ceca922f72d" "/opt/rustwide/cargo-home/bin/cargo" "+nightly-2024-10-28" "metadata" "--no-deps" "--format-version=1", kill_on_drop: false }`
[INFO] [stdout] 4471092c0c980e02675629883e65d5b9a315144b9561cd99c397732ff21db6f3
[INFO] running `Command { std: "docker" "start" "-a" "4471092c0c980e02675629883e65d5b9a315144b9561cd99c397732ff21db6f3", kill_on_drop: false }`
[INFO] running `Command { std: "docker" "inspect" "4471092c0c980e02675629883e65d5b9a315144b9561cd99c397732ff21db6f3", kill_on_drop: false }`
[INFO] running `Command { std: "docker" "rm" "-f" "4471092c0c980e02675629883e65d5b9a315144b9561cd99c397732ff21db6f3", kill_on_drop: false }`
[INFO] [stdout] 4471092c0c980e02675629883e65d5b9a315144b9561cd99c397732ff21db6f3
[INFO] running `Command { std: "docker" "create" "-v" "/var/lib/crater-agent-workspace/builds/worker-6-tc1/target:/opt/rustwide/target:rw,Z" "-v" "/var/lib/crater-agent-workspace/builds/worker-6-tc1/source:/opt/rustwide/workdir:ro,Z" "-v" "/var/lib/crater-agent-workspace/cargo-home:/opt/rustwide/cargo-home:ro,Z" "-v" "/var/lib/crater-agent-workspace/rustup-home:/opt/rustwide/rustup-home:ro,Z" "-e" "SOURCE_DIR=/opt/rustwide/workdir" "-e" "CARGO_TARGET_DIR=/opt/rustwide/target" "-e" "CARGO_INCREMENTAL=0" "-e" "RUST_BACKTRACE=full" "-e" "RUSTFLAGS=--cap-lints=forbid" "-e" "RUSTDOCFLAGS=--cap-lints=forbid" "-e" "CARGO_HOME=/opt/rustwide/cargo-home" "-e" "RUSTUP_HOME=/opt/rustwide/rustup-home" "-w" "/opt/rustwide/workdir" "-m" "1610612736" "--user" "0:0" "--network" "none" "ghcr.io/rust-lang/crates-build-env/linux@sha256:4a844ea9eb2546a2d2c7022eacef16ef2e8229c7fbb2c7d4d55a9ceca922f72d" "/opt/rustwide/cargo-home/bin/cargo" "+nightly-2024-10-28" "build" "--frozen" "--message-format=json", kill_on_drop: false }`
[INFO] [stdout] 0916a2826f94f1f4478898479cf92e36542a108bf30bc15ce1c1d7c5e27bc6fe
[INFO] running `Command { std: "docker" "start" "-a" "0916a2826f94f1f4478898479cf92e36542a108bf30bc15ce1c1d7c5e27bc6fe", kill_on_drop: false }`
[INFO] [stderr]    Compiling grid v0.10.0
[INFO] [stderr]    Compiling c3dio v0.8.0 (/opt/rustwide/workdir)
[INFO] [stdout] warning: unused variable: `i`
[INFO] [stdout]   --> src/parameters.rs:66:14
[INFO] [stdout]    |
[INFO] [stdout] 66 |         for (i, (group, (group_description, parameters))) in self.parameters.iter().enumerate() {
[INFO] [stdout]    |              ^ help: if this is intentional, prefix it with an underscore: `_i`
[INFO] [stdout]    |
[INFO] [stdout]    = note: `#[warn(unused_variables)]` on by default
[INFO] [stdout] 
[INFO] [stdout] 
[INFO] [stdout] warning: unused variable: `parameters`
[INFO] [stdout]   --> src/parameters.rs:66:45
[INFO] [stdout]    |
[INFO] [stdout] 66 |         for (i, (group, (group_description, parameters))) in self.parameters.iter().enumerate() {
[INFO] [stdout]    |                                             ^^^^^^^^^^ help: if this is intentional, prefix it with an underscore: `_parameters`
[INFO] [stdout] 
[INFO] [stdout] 
[INFO] [stderr]     Finished `dev` profile [unoptimized + debuginfo] target(s) in 1.80s
[INFO] running `Command { std: "docker" "inspect" "0916a2826f94f1f4478898479cf92e36542a108bf30bc15ce1c1d7c5e27bc6fe", kill_on_drop: false }`
[INFO] running `Command { std: "docker" "rm" "-f" "0916a2826f94f1f4478898479cf92e36542a108bf30bc15ce1c1d7c5e27bc6fe", kill_on_drop: false }`
[INFO] [stdout] 0916a2826f94f1f4478898479cf92e36542a108bf30bc15ce1c1d7c5e27bc6fe
[INFO] running `Command { std: "docker" "create" "-v" "/var/lib/crater-agent-workspace/builds/worker-6-tc1/target:/opt/rustwide/target:rw,Z" "-v" "/var/lib/crater-agent-workspace/builds/worker-6-tc1/source:/opt/rustwide/workdir:ro,Z" "-v" "/var/lib/crater-agent-workspace/cargo-home:/opt/rustwide/cargo-home:ro,Z" "-v" "/var/lib/crater-agent-workspace/rustup-home:/opt/rustwide/rustup-home:ro,Z" "-e" "SOURCE_DIR=/opt/rustwide/workdir" "-e" "CARGO_TARGET_DIR=/opt/rustwide/target" "-e" "CARGO_INCREMENTAL=0" "-e" "RUST_BACKTRACE=full" "-e" "RUSTFLAGS=--cap-lints=forbid" "-e" "RUSTDOCFLAGS=--cap-lints=forbid" "-e" "CARGO_HOME=/opt/rustwide/cargo-home" "-e" "RUSTUP_HOME=/opt/rustwide/rustup-home" "-w" "/opt/rustwide/workdir" "-m" "1610612736" "--user" "0:0" "--network" "none" "ghcr.io/rust-lang/crates-build-env/linux@sha256:4a844ea9eb2546a2d2c7022eacef16ef2e8229c7fbb2c7d4d55a9ceca922f72d" "/opt/rustwide/cargo-home/bin/cargo" "+nightly-2024-10-28" "test" "--frozen" "--no-run" "--message-format=json", kill_on_drop: false }`
[INFO] [stdout] 2f6813235876dfd738c8ef388c1d31ab9f2ffdb95e357854cddb12e51caf5bed
[INFO] running `Command { std: "docker" "start" "-a" "2f6813235876dfd738c8ef388c1d31ab9f2ffdb95e357854cddb12e51caf5bed", kill_on_drop: false }`
[INFO] [stderr]    Compiling proc-macro2 v1.0.72
[INFO] [stderr]    Compiling rustix v0.38.28
[INFO] [stderr]    Compiling bitflags v2.4.1
[INFO] [stderr]    Compiling linux-raw-sys v0.4.12
[INFO] [stderr]    Compiling thiserror v1.0.53
[INFO] [stderr]    Compiling cfg-if v1.0.0
[INFO] [stderr]    Compiling fastrand v2.0.1
[INFO] [stderr]    Compiling log v0.4.20
[INFO] [stdout] warning: unused variable: `i`
[INFO] [stdout]   --> src/parameters.rs:66:14
[INFO] [stdout]    |
[INFO] [stdout] 66 |         for (i, (group, (group_description, parameters))) in self.parameters.iter().enumerate() {
[INFO] [stdout]    |              ^ help: if this is intentional, prefix it with an underscore: `_i`
[INFO] [stdout]    |
[INFO] [stdout]    = note: `#[warn(unused_variables)]` on by default
[INFO] [stdout] 
[INFO] [stdout] 
[INFO] [stdout] warning: unused variable: `parameters`
[INFO] [stdout]   --> src/parameters.rs:66:45
[INFO] [stdout]    |
[INFO] [stdout] 66 |         for (i, (group, (group_description, parameters))) in self.parameters.iter().enumerate() {
[INFO] [stdout]    |                                             ^^^^^^^^^^ help: if this is intentional, prefix it with an underscore: `_parameters`
[INFO] [stdout] 
[INFO] [stdout] 
[INFO] [stderr]    Compiling touch v0.0.1
[INFO] [stderr]    Compiling quote v1.0.33
[INFO] [stderr]    Compiling syn v2.0.43
[INFO] [stderr]    Compiling tempfile v3.9.0
[INFO] [stderr]    Compiling thiserror-impl v1.0.53
[INFO] [stderr]    Compiling test-files v0.1.2
[INFO] [stderr]    Compiling c3dio v0.8.0 (/opt/rustwide/workdir)
[INFO] [stdout] warning: unused variable: `i`
[INFO] [stdout]   --> src/parameters.rs:66:14
[INFO] [stdout]    |
[INFO] [stdout] 66 |         for (i, (group, (group_description, parameters))) in self.parameters.iter().enumerate() {
[INFO] [stdout]    |              ^ help: if this is intentional, prefix it with an underscore: `_i`
[INFO] [stdout]    |
[INFO] [stdout]    = note: `#[warn(unused_variables)]` on by default
[INFO] [stdout] 
[INFO] [stdout] 
[INFO] [stdout] warning: unused variable: `parameters`
[INFO] [stdout]   --> src/parameters.rs:66:45
[INFO] [stdout]    |
[INFO] [stdout] 66 |         for (i, (group, (group_description, parameters))) in self.parameters.iter().enumerate() {
[INFO] [stdout]    |                                             ^^^^^^^^^^ help: if this is intentional, prefix it with an underscore: `_parameters`
[INFO] [stdout] 
[INFO] [stdout] 
[INFO] [stderr]     Finished `test` profile [unoptimized + debuginfo] target(s) in 3.91s
[INFO] running `Command { std: "docker" "inspect" "2f6813235876dfd738c8ef388c1d31ab9f2ffdb95e357854cddb12e51caf5bed", kill_on_drop: false }`
[INFO] running `Command { std: "docker" "rm" "-f" "2f6813235876dfd738c8ef388c1d31ab9f2ffdb95e357854cddb12e51caf5bed", kill_on_drop: false }`
[INFO] [stdout] 2f6813235876dfd738c8ef388c1d31ab9f2ffdb95e357854cddb12e51caf5bed
[INFO] running `Command { std: "docker" "create" "-v" "/var/lib/crater-agent-workspace/builds/worker-6-tc1/target:/opt/rustwide/target:rw,Z" "-v" "/var/lib/crater-agent-workspace/builds/worker-6-tc1/source:/opt/rustwide/workdir:ro,Z" "-v" "/var/lib/crater-agent-workspace/cargo-home:/opt/rustwide/cargo-home:ro,Z" "-v" "/var/lib/crater-agent-workspace/rustup-home:/opt/rustwide/rustup-home:ro,Z" "-e" "SOURCE_DIR=/opt/rustwide/workdir" "-e" "CARGO_TARGET_DIR=/opt/rustwide/target" "-e" "CARGO_INCREMENTAL=0" "-e" "RUST_BACKTRACE=full" "-e" "RUSTFLAGS=--cap-lints=forbid" "-e" "RUSTDOCFLAGS=--cap-lints=forbid" "-e" "CARGO_HOME=/opt/rustwide/cargo-home" "-e" "RUSTUP_HOME=/opt/rustwide/rustup-home" "-w" "/opt/rustwide/workdir" "-m" "1610612736" "--user" "0:0" "--network" "none" "ghcr.io/rust-lang/crates-build-env/linux@sha256:4a844ea9eb2546a2d2c7022eacef16ef2e8229c7fbb2c7d4d55a9ceca922f72d" "/opt/rustwide/cargo-home/bin/cargo" "+nightly-2024-10-28" "test" "--frozen", kill_on_drop: false }`
[INFO] [stdout] 399fe1200fdf3660771f990a733b58268b70b71f0615888531e82437428e0b57
[INFO] running `Command { std: "docker" "start" "-a" "399fe1200fdf3660771f990a733b58268b70b71f0615888531e82437428e0b57", kill_on_drop: false }`
[INFO] [stderr] warning: unused variable: `i`
[INFO] [stderr]   --> src/parameters.rs:66:14
[INFO] [stderr]    |
[INFO] [stderr] 66 |         for (i, (group, (group_description, parameters))) in self.parameters.iter().enumerate() {
[INFO] [stderr]    |              ^ help: if this is intentional, prefix it with an underscore: `_i`
[INFO] [stderr]    |
[INFO] [stderr]    = note: `#[warn(unused_variables)]` on by default
[INFO] [stderr] 
[INFO] [stderr] warning: unused variable: `parameters`
[INFO] [stderr]   --> src/parameters.rs:66:45
[INFO] [stderr]    |
[INFO] [stderr] 66 |         for (i, (group, (group_description, parameters))) in self.parameters.iter().enumerate() {
[INFO] [stderr]    |                                             ^^^^^^^^^^ help: if this is intentional, prefix it with an underscore: `_parameters`
[INFO] [stderr] 
[INFO] [stderr] warning: `c3dio` (lib) generated 2 warnings
[INFO] [stderr] warning: `c3dio` (lib test) generated 2 warnings (2 duplicates)
[INFO] [stderr]     Finished `test` profile [unoptimized + debuginfo] target(s) in 0.02s
[INFO] [stderr]      Running unittests src/lib.rs (/opt/rustwide/target/debug/deps/c3dio-ade8e6a17a8f5777)
[INFO] [stdout] 
[INFO] [stdout] running 0 tests
[INFO] [stdout] 
[INFO] [stdout] test result: ok. 0 passed; 0 failed; 0 ignored; 0 measured; 0 filtered out; finished in 0.00s
[INFO] [stdout] 
[INFO] [stderr]    Doc-tests c3dio
[INFO] [stdout] 
[INFO] [stdout] running 1 test
[INFO] [stdout] test src/lib.rs - (line 7) ... FAILED
[INFO] [stderr] error: doctest failed, to rerun pass `--doc`
[INFO] [stdout] 
[INFO] [stdout] failures:
[INFO] [stdout] 
[INFO] [stdout] ---- src/lib.rs - (line 7) stdout ----
[INFO] [stdout] Test executable failed (exit status: 101).
[INFO] [stdout] 
[INFO] [stdout] stderr:
[INFO] [stdout] thread 'main' panicked at src/lib.rs:8:1:
[INFO] [stdout] assertion failed: c3d.is_ok()
[INFO] [stdout] stack backtrace:
[INFO] [stdout]    0:     0x64064923c92a - std::backtrace_rs::backtrace::libunwind::trace::h207520d6e9873551
[INFO] [stdout]                                at /rustc/df4ca44d3fbc9301ee17f30f4d474e6ae4b05252/library/std/src/../../backtrace/src/backtrace/libunwind.rs:116:5
[INFO] [stdout]    1:     0x64064923c92a - std::backtrace_rs::backtrace::trace_unsynchronized::h2ed7433f370e3eca
[INFO] [stdout]                                at /rustc/df4ca44d3fbc9301ee17f30f4d474e6ae4b05252/library/std/src/../../backtrace/src/backtrace/mod.rs:66:5
[INFO] [stdout]    2:     0x64064923c92a - std::sys::backtrace::_print_fmt::h916fac51166b18d7
[INFO] [stdout]                                at /rustc/df4ca44d3fbc9301ee17f30f4d474e6ae4b05252/library/std/src/sys/backtrace.rs:66:9
[INFO] [stdout]    3:     0x64064923c92a - <std::sys::backtrace::BacktraceLock::print::DisplayBacktrace as core::fmt::Display>::fmt::ha0a4c9b8ce3802e6
[INFO] [stdout]                                at /rustc/df4ca44d3fbc9301ee17f30f4d474e6ae4b05252/library/std/src/sys/backtrace.rs:39:26
[INFO] [stdout]    4:     0x64064925d253 - core::fmt::rt::Argument::fmt::h4cfc8587d52b3eb5
[INFO] [stdout]                                at /rustc/df4ca44d3fbc9301ee17f30f4d474e6ae4b05252/library/core/src/fmt/rt.rs:177:76
[INFO] [stdout]    5:     0x64064925d253 - core::fmt::write::h522cc39e5b36ae9f
[INFO] [stdout]                                at /rustc/df4ca44d3fbc9301ee17f30f4d474e6ae4b05252/library/core/src/fmt/mod.rs:1190:21
[INFO] [stdout]    6:     0x64064923a273 - std::io::Write::write_fmt::hf1c1dcc8cc1287f0
[INFO] [stdout]                                at /rustc/df4ca44d3fbc9301ee17f30f4d474e6ae4b05252/library/std/src/io/mod.rs:1839:15
[INFO] [stdout]    7:     0x64064923c772 - std::sys::backtrace::BacktraceLock::print::h4b9e00b29e9c0942
[INFO] [stdout]                                at /rustc/df4ca44d3fbc9301ee17f30f4d474e6ae4b05252/library/std/src/sys/backtrace.rs:42:9
[INFO] [stdout]    8:     0x64064923d73c - std::panicking::default_hook::{{closure}}::hb59b88280d0324d9
[INFO] [stdout]                                at /rustc/df4ca44d3fbc9301ee17f30f4d474e6ae4b05252/library/std/src/panicking.rs:268:22
[INFO] [stdout]    9:     0x64064923d582 - std::panicking::default_hook::he1dd496665be4a29
[INFO] [stdout]                                at /rustc/df4ca44d3fbc9301ee17f30f4d474e6ae4b05252/library/std/src/panicking.rs:295:9
[INFO] [stdout]   10:     0x64064923dd37 - std::panicking::rust_panic_with_hook::h2ff17fe8f26dfcf8
[INFO] [stdout]                                at /rustc/df4ca44d3fbc9301ee17f30f4d474e6ae4b05252/library/std/src/panicking.rs:801:13
[INFO] [stdout]   11:     0x64064923db96 - std::panicking::begin_panic_handler::{{closure}}::h4fad77951c07e101
[INFO] [stdout]                                at /rustc/df4ca44d3fbc9301ee17f30f4d474e6ae4b05252/library/std/src/panicking.rs:667:13
[INFO] [stdout]   12:     0x64064923ce09 - std::sys::backtrace::__rust_end_short_backtrace::hb1a25b3da5d0ea08
[INFO] [stdout]                                at /rustc/df4ca44d3fbc9301ee17f30f4d474e6ae4b05252/library/std/src/sys/backtrace.rs:170:18
[INFO] [stdout]   13:     0x64064923d85c - rust_begin_unwind
[INFO] [stdout]                                at /rustc/df4ca44d3fbc9301ee17f30f4d474e6ae4b05252/library/std/src/panicking.rs:665:5
[INFO] [stdout]   14:     0x64064925ba60 - core::panicking::panic_fmt::ha9db07b529f9b256
[INFO] [stdout]                                at /rustc/df4ca44d3fbc9301ee17f30f4d474e6ae4b05252/library/core/src/panicking.rs:75:14
[INFO] [stdout]   15:     0x64064925baec - core::panicking::panic::h993086813d94accc
[INFO] [stdout]                                at /rustc/df4ca44d3fbc9301ee17f30f4d474e6ae4b05252/library/core/src/panicking.rs:152:5
[INFO] [stdout]   16:     0x6406491c804c - rust_out::main::_doctest_main_src_lib_rs_7_0::h830c10adb983d4d3
[INFO] [stdout]   17:     0x6406491c7fc6 - rust_out::main::ha213a30daa5df4da
[INFO] [stdout]   18:     0x6406491c7f33 - core::ops::function::FnOnce::call_once::hf7edf7132571051c
[INFO] [stdout]   19:     0x6406491c7ed6 - std::sys::backtrace::__rust_begin_short_backtrace::h32fd822fd2ba4079
[INFO] [stdout]   20:     0x6406491c7eb9 - std::rt::lang_start::{{closure}}::h4039a1c394ed4f7c
[INFO] [stdout]   21:     0x640649238297 - core::ops::function::impls::<impl core::ops::function::FnOnce<A> for &F>::call_once::hd87d66b906e0ccaf
[INFO] [stdout]                                at /rustc/df4ca44d3fbc9301ee17f30f4d474e6ae4b05252/library/core/src/ops/function.rs:284:13
[INFO] [stdout]   22:     0x640649238297 - std::panicking::try::do_call::hae3703de71fc9e3a
[INFO] [stdout]                                at /rustc/df4ca44d3fbc9301ee17f30f4d474e6ae4b05252/library/std/src/panicking.rs:557:40
[INFO] [stdout]   23:     0x640649238297 - std::panicking::try::h1178330e9a2b2645
[INFO] [stdout]                                at /rustc/df4ca44d3fbc9301ee17f30f4d474e6ae4b05252/library/std/src/panicking.rs:520:19
[INFO] [stdout]   24:     0x640649238297 - std::panic::catch_unwind::h0acf49d2305d32ad
[INFO] [stdout]                                at /rustc/df4ca44d3fbc9301ee17f30f4d474e6ae4b05252/library/std/src/panic.rs:358:14
[INFO] [stdout]   25:     0x640649238297 - std::rt::lang_start_internal::{{closure}}::h2d95182d798177be
[INFO] [stdout]                                at /rustc/df4ca44d3fbc9301ee17f30f4d474e6ae4b05252/library/std/src/rt.rs:174:48
[INFO] [stdout]   26:     0x640649238297 - std::panicking::try::do_call::hb506f5bfe11fd30c
[INFO] [stdout]                                at /rustc/df4ca44d3fbc9301ee17f30f4d474e6ae4b05252/library/std/src/panicking.rs:557:40
[INFO] [stdout]   27:     0x640649238297 - std::panicking::try::h54d825c46bd0fa95
[INFO] [stdout]                                at /rustc/df4ca44d3fbc9301ee17f30f4d474e6ae4b05252/library/std/src/panicking.rs:520:19
[INFO] [stdout]   28:     0x640649238297 - std::panic::catch_unwind::hffbb0ad20c4e9fac
[INFO] [stdout]                                at /rustc/df4ca44d3fbc9301ee17f30f4d474e6ae4b05252/library/std/src/panic.rs:358:14
[INFO] [stdout]   29:     0x640649238297 - std::rt::lang_start_internal::h52c291ef1962c925
[INFO] [stdout]                                at /rustc/df4ca44d3fbc9301ee17f30f4d474e6ae4b05252/library/std/src/rt.rs:174:20
[INFO] [stdout]   30:     0x6406491c7e97 - std::rt::lang_start::h8c6075cd6f225ba1
[INFO] [stdout]   31:     0x6406491c8095 - main
[INFO] [stdout]   32:     0x7b0898cf7d90 - <unknown>
[INFO] [stdout]   33:     0x7b0898cf7e40 - __libc_start_main
[INFO] [stdout]   34:     0x6406491c7da5 - _start
[INFO] [stdout]   35:                0x0 - <unknown>
[INFO] [stdout] 
[INFO] [stdout] 
[INFO] [stdout] 
[INFO] [stdout] failures:
[INFO] [stdout]     src/lib.rs - (line 7)
[INFO] [stdout] 
[INFO] [stdout] test result: FAILED. 0 passed; 1 failed; 0 ignored; 0 measured; 0 filtered out; finished in 0.22s
[INFO] [stdout] 
[INFO] running `Command { std: "docker" "inspect" "399fe1200fdf3660771f990a733b58268b70b71f0615888531e82437428e0b57", kill_on_drop: false }`
[INFO] running `Command { std: "docker" "rm" "-f" "399fe1200fdf3660771f990a733b58268b70b71f0615888531e82437428e0b57", kill_on_drop: false }`
[INFO] [stdout] 399fe1200fdf3660771f990a733b58268b70b71f0615888531e82437428e0b57
