[INFO] fetching crate bybit-async 0.1.0...
[INFO] testing bybit-async-0.1.0 against nightly-2024-10-28 for randomize-layout
[INFO] extracting crate bybit-async 0.1.0 into /workspace/builds/worker-3-tc1/source
[INFO] validating manifest of crates.io crate bybit-async 0.1.0 on toolchain nightly-2024-10-28
[INFO] running `Command { std: CARGO_HOME="/workspace/cargo-home" RUSTUP_HOME="/workspace/rustup-home" "/workspace/cargo-home/bin/cargo" "+nightly-2024-10-28" "metadata" "--manifest-path" "Cargo.toml" "--no-deps", kill_on_drop: false }`
[INFO] started tweaking crates.io crate bybit-async 0.1.0
[INFO] finished tweaking crates.io crate bybit-async 0.1.0
[INFO] tweaked toml for crates.io crate bybit-async 0.1.0 written to /workspace/builds/worker-3-tc1/source/Cargo.toml
[INFO] crate crates.io crate bybit-async 0.1.0 already has a lockfile, it will not be regenerated
[INFO] running `Command { std: CARGO_HOME="/workspace/cargo-home" RUSTUP_HOME="/workspace/rustup-home" "/workspace/cargo-home/bin/cargo" "+nightly-2024-10-28" "fetch" "--manifest-path" "Cargo.toml", kill_on_drop: false }`
[INFO] [stderr]     Updating crates.io index
[INFO] [stderr]  Downloading crates ...
[INFO] [stderr]   Downloaded proc-macro2 v1.0.79
[INFO] [stderr]   Downloaded windows-targets v0.52.4
[INFO] [stderr]   Downloaded thiserror-impl v1.0.58
[INFO] [stderr]   Downloaded darling_macro v0.20.8
[INFO] [stderr]   Downloaded fehler-macros v1.0.0
[INFO] [stderr]   Downloaded thiserror v1.0.58
[INFO] [stderr]   Downloaded fehler v1.0.0
[INFO] [stderr]   Downloaded rkyv_derive v0.7.44
[INFO] [stderr]   Downloaded serde_with_macros v3.7.0
[INFO] [stderr]   Downloaded borsh-derive v1.4.0
[INFO] [stderr]   Downloaded anyhow v1.0.81
[INFO] [stderr]   Downloaded borsh v1.4.0
[INFO] [stderr]   Downloaded bumpalo v3.15.4
[INFO] [stderr]   Downloaded security-framework v2.10.0
[INFO] [stderr]   Downloaded rkyv v0.7.44
[INFO] [stderr]   Downloaded rust_decimal v1.35.0
[INFO] [stderr]   Downloaded h2 v0.4.3
[INFO] [stderr]   Downloaded hyper v1.2.0
[INFO] [stderr]   Downloaded reqwest v0.12.2
[INFO] [stderr]   Downloaded serde_json v1.0.115
[INFO] [stderr]   Downloaded chrono v0.4.37
[INFO] [stderr]   Downloaded syn v2.0.57
[INFO] [stderr]   Downloaded time v0.3.34
[INFO] [stderr]   Downloaded serde_with v3.7.0
[INFO] [stderr]   Downloaded rustls v0.22.3
[INFO] [stderr]   Downloaded cc v1.0.90
[INFO] [stderr]   Downloaded rustls-webpki v0.102.2
[INFO] [stderr]   Downloaded darling_core v0.20.8
[INFO] [stderr]   Downloaded rustix v0.38.32
[INFO] [stderr]   Downloaded serde_qs v0.12.0
[INFO] [stderr]   Downloaded windows_aarch64_gnullvm v0.52.4
[INFO] [stderr]   Downloaded socket2 v0.5.6
[INFO] [stderr]   Downloaded windows_x86_64_gnullvm v0.52.4
[INFO] [stderr]   Downloaded tokio-rustls v0.25.0
[INFO] [stderr]   Downloaded uuid v1.8.0
[INFO] [stderr]   Downloaded darling v0.20.8
[INFO] [stderr]   Downloaded rustls-pemfile v2.1.1
[INFO] [stderr]   Downloaded rustls-native-certs v0.7.0
[INFO] [stderr]   Downloaded time-macros v0.2.17
[INFO] [stderr]   Downloaded rustls-pki-types v1.4.1
[INFO] [stderr]   Downloaded owning_ref v0.4.1
[INFO] [stderr]   Downloaded fastrand v2.0.2
[INFO] [stderr]   Downloaded autocfg v1.2.0
[INFO] [stderr]   Downloaded security-framework-sys v2.10.0
[INFO] [stderr]   Downloaded windows_aarch64_msvc v0.52.4
[INFO] [stderr]   Downloaded windows_i686_msvc v0.52.4
[INFO] [stderr]   Downloaded windows_i686_gnu v0.52.4
[INFO] [stderr]   Downloaded windows_x86_64_gnu v0.52.4
[INFO] [stderr]   Downloaded windows_x86_64_msvc v0.52.4
[INFO] running `Command { std: "docker" "create" "-v" "/var/lib/crater-agent-workspace/builds/worker-3-tc1/target:/opt/rustwide/target:rw,Z" "-v" "/var/lib/crater-agent-workspace/builds/worker-3-tc1/source:/opt/rustwide/workdir:ro,Z" "-v" "/var/lib/crater-agent-workspace/cargo-home:/opt/rustwide/cargo-home:ro,Z" "-v" "/var/lib/crater-agent-workspace/rustup-home:/opt/rustwide/rustup-home:ro,Z" "-e" "SOURCE_DIR=/opt/rustwide/workdir" "-e" "CARGO_TARGET_DIR=/opt/rustwide/target" "-e" "CARGO_HOME=/opt/rustwide/cargo-home" "-e" "RUSTUP_HOME=/opt/rustwide/rustup-home" "-w" "/opt/rustwide/workdir" "-m" "1610612736" "--user" "0:0" "--network" "none" "ghcr.io/rust-lang/crates-build-env/linux@sha256:4a844ea9eb2546a2d2c7022eacef16ef2e8229c7fbb2c7d4d55a9ceca922f72d" "/opt/rustwide/cargo-home/bin/cargo" "+nightly-2024-10-28" "metadata" "--no-deps" "--format-version=1", kill_on_drop: false }`
[INFO] [stdout] 8efc9fdf8e2b80884903dba7861b338f4b84f165087d70c48b9f9532cdf72452
[INFO] running `Command { std: "docker" "start" "-a" "8efc9fdf8e2b80884903dba7861b338f4b84f165087d70c48b9f9532cdf72452", kill_on_drop: false }`
[INFO] running `Command { std: "docker" "inspect" "8efc9fdf8e2b80884903dba7861b338f4b84f165087d70c48b9f9532cdf72452", kill_on_drop: false }`
[INFO] running `Command { std: "docker" "rm" "-f" "8efc9fdf8e2b80884903dba7861b338f4b84f165087d70c48b9f9532cdf72452", kill_on_drop: false }`
[INFO] [stdout] 8efc9fdf8e2b80884903dba7861b338f4b84f165087d70c48b9f9532cdf72452
[INFO] running `Command { std: "docker" "create" "-v" "/var/lib/crater-agent-workspace/builds/worker-3-tc1/target:/opt/rustwide/target:rw,Z" "-v" "/var/lib/crater-agent-workspace/builds/worker-3-tc1/source:/opt/rustwide/workdir:ro,Z" "-v" "/var/lib/crater-agent-workspace/cargo-home:/opt/rustwide/cargo-home:ro,Z" "-v" "/var/lib/crater-agent-workspace/rustup-home:/opt/rustwide/rustup-home:ro,Z" "-e" "SOURCE_DIR=/opt/rustwide/workdir" "-e" "CARGO_TARGET_DIR=/opt/rustwide/target" "-e" "CARGO_INCREMENTAL=0" "-e" "RUST_BACKTRACE=full" "-e" "RUSTFLAGS=--cap-lints=forbid" "-e" "RUSTDOCFLAGS=--cap-lints=forbid" "-e" "CARGO_HOME=/opt/rustwide/cargo-home" "-e" "RUSTUP_HOME=/opt/rustwide/rustup-home" "-w" "/opt/rustwide/workdir" "-m" "1610612736" "--user" "0:0" "--network" "none" "ghcr.io/rust-lang/crates-build-env/linux@sha256:4a844ea9eb2546a2d2c7022eacef16ef2e8229c7fbb2c7d4d55a9ceca922f72d" "/opt/rustwide/cargo-home/bin/cargo" "+nightly-2024-10-28" "build" "--frozen" "--message-format=json", kill_on_drop: false }`
[INFO] [stdout] 1d37e6c2c404c5f400941502bb107a89a70733963c9b67d69df7ed9e12231089
[INFO] running `Command { std: "docker" "start" "-a" "1d37e6c2c404c5f400941502bb107a89a70733963c9b67d69df7ed9e12231089", kill_on_drop: false }`
[INFO] [stderr]    Compiling proc-macro2 v1.0.79
[INFO] [stderr]    Compiling unicode-ident v1.0.12
[INFO] [stderr]    Compiling libc v0.2.153
[INFO] [stderr]    Compiling cc v1.0.90
[INFO] [stderr]    Compiling autocfg v1.2.0
[INFO] [stderr]    Compiling cfg-if v1.0.0
[INFO] [stderr]    Compiling pin-project-lite v0.2.14
[INFO] [stderr]    Compiling bytes v1.6.0
[INFO] [stderr]    Compiling fnv v1.0.7
[INFO] [stderr]    Compiling log v0.4.21
[INFO] [stderr]    Compiling futures-core v0.3.30
[INFO] [stderr]    Compiling futures-sink v0.3.30
[INFO] [stderr]    Compiling once_cell v1.19.0
[INFO] [stderr]    Compiling itoa v1.0.11
[INFO] [stderr]    Compiling version_check v0.9.4
[INFO] [stderr]    Compiling slab v0.4.9
[INFO] [stderr]    Compiling typenum v1.17.0
[INFO] [stderr]    Compiling futures-channel v0.3.30
[INFO] [stderr]    Compiling pkg-config v0.3.30
[INFO] [stderr]    Compiling quote v1.0.35
[INFO] [stderr]    Compiling generic-array v0.14.7
[INFO] [stderr]    Compiling vcpkg v0.2.15
[INFO] [stderr]    Compiling memchr v2.7.2
[INFO] [stderr]    Compiling syn v2.0.57
[INFO] [stderr]    Compiling futures-io v0.3.30
[INFO] [stderr]    Compiling pin-utils v0.1.0
[INFO] [stderr]    Compiling futures-task v0.3.30
[INFO] [stderr]    Compiling http v1.1.0
[INFO] [stderr]    Compiling serde v1.0.197
[INFO] [stderr]    Compiling ring v0.17.8
[INFO] [stderr]    Compiling mio v0.8.11
[INFO] [stderr]    Compiling socket2 v0.5.6
[INFO] [stderr]    Compiling getrandom v0.2.12
[INFO] [stderr]    Compiling openssl-sys v0.9.102
[INFO] [stderr]    Compiling tokio v1.37.0
[INFO] [stderr]    Compiling tracing-core v0.1.32
[INFO] [stderr]    Compiling httparse v1.8.0
[INFO] [stderr]    Compiling subtle v2.5.0
[INFO] [stderr]    Compiling rustls-pki-types v1.4.1
[INFO] [stderr]    Compiling tinyvec_macros v0.1.1
[INFO] [stderr]    Compiling percent-encoding v2.3.1
[INFO] [stderr]    Compiling crypto-common v0.1.6
[INFO] [stderr]    Compiling block-buffer v0.10.4
[INFO] [stderr]    Compiling tracing v0.1.40
[INFO] [stderr]    Compiling tinyvec v1.6.0
[INFO] [stderr]    Compiling openssl v0.10.64
[INFO] [stderr]    Compiling hashbrown v0.14.3
[INFO] [stderr]    Compiling equivalent v1.0.1
[INFO] [stderr]    Compiling foreign-types-shared v0.1.1
[INFO] [stderr]    Compiling untrusted v0.9.0
[INFO] [stderr]    Compiling openssl-probe v0.1.5
[INFO] [stderr]    Compiling spin v0.9.8
[INFO] [stderr]    Compiling foreign-types v0.3.2
[INFO] [stderr]    Compiling digest v0.10.7
[INFO] [stderr]    Compiling form_urlencoded v1.2.1
[INFO] [stderr]    Compiling http-body v1.0.0
[INFO] [stderr]    Compiling unicode-bidi v0.3.15
[INFO] [stderr]    Compiling strsim v0.10.0
[INFO] [stderr]    Compiling unicode-normalization v0.1.23
[INFO] [stderr]    Compiling indexmap v2.2.6
[INFO] [stderr]    Compiling thiserror v1.0.58
[INFO] [stderr]    Compiling rustls v0.22.3
[INFO] [stderr]    Compiling bitflags v2.5.0
[INFO] [stderr]    Compiling ident_case v1.0.1
[INFO] [stderr]    Compiling native-tls v0.2.11
[INFO] [stderr]    Compiling base64 v0.21.7
[INFO] [stderr]    Compiling try-lock v0.2.5
[INFO] [stderr]    Compiling want v0.3.1
[INFO] [stderr]    Compiling darling_core v0.20.8
[INFO] [stderr]    Compiling idna v0.5.0
[INFO] [stderr]    Compiling rand_core v0.6.4
[INFO] [stderr]    Compiling num-traits v0.2.18
[INFO] [stderr]    Compiling zeroize v1.7.0
[INFO] [stderr]    Compiling tower-layer v0.3.2
[INFO] [stderr]    Compiling tower-service v0.3.2
[INFO] [stderr]    Compiling ppv-lite86 v0.2.17
[INFO] [stderr]    Compiling smallvec v1.13.2
[INFO] [stderr]    Compiling cpufeatures v0.2.12
[INFO] [stderr]    Compiling syn v1.0.109
[INFO] [stderr]    Compiling url v2.5.0
[INFO] [stderr]    Compiling tokio-util v0.7.10
[INFO] [stderr]    Compiling rand_chacha v0.3.1
[INFO] [stderr]    Compiling ryu v1.0.17
[INFO] [stderr]    Compiling rand v0.8.5
[INFO] [stderr]    Compiling futures-macro v0.3.30
[INFO] [stderr]    Compiling serde_derive v1.0.197
[INFO] [stderr]    Compiling pin-project-internal v1.1.5
[INFO] [stderr]    Compiling openssl-macros v0.1.1
[INFO] [stderr]    Compiling futures-util v0.3.30
[INFO] [stderr]    Compiling thiserror-impl v1.0.58
[INFO] [stderr]    Compiling rustls-webpki v0.102.2
[INFO] [stderr]    Compiling darling_macro v0.20.8
[INFO] [stderr]    Compiling pin-project v1.1.5
[INFO] [stderr]    Compiling darling v0.20.8
[INFO] [stderr]    Compiling sha1 v0.10.6
[INFO] [stderr]    Compiling rustls-pemfile v2.1.1
[INFO] [stderr]    Compiling http-body-util v0.1.1
[INFO] [stderr]    Compiling data-encoding v2.5.0
[INFO] [stderr]    Compiling rust_decimal v1.35.0
[INFO] [stderr]    Compiling utf-8 v0.7.6
[INFO] [stderr]    Compiling serde_json v1.0.115
[INFO] [stderr]    Compiling byteorder v1.5.0
[INFO] [stderr]    Compiling paste v1.0.14
[INFO] [stderr]    Compiling rustls-native-certs v0.7.0
[INFO] [stderr]    Compiling serde_with_macros v3.7.0
[INFO] [stderr]    Compiling rustls-pemfile v1.0.4
[INFO] [stderr]    Compiling encoding_rs v0.8.33
[INFO] [stderr]    Compiling arrayvec v0.7.4
[INFO] [stderr]    Compiling mime v0.3.17
[INFO] [stderr]    Compiling iana-time-zone v0.1.60
[INFO] [stderr]    Compiling h2 v0.4.3
[INFO] [stderr]    Compiling tower v0.4.13
[INFO] [stderr]    Compiling tokio-rustls v0.25.0
[INFO] [stderr]    Compiling fehler-macros v1.0.0
[INFO] [stderr]    Compiling tokio-native-tls v0.3.1
[INFO] [stderr]    Compiling tungstenite v0.21.0
[INFO] [stderr]    Compiling futures-executor v0.3.30
[INFO] [stderr]    Compiling serde_urlencoded v0.7.1
[INFO] [stderr]    Compiling sync_wrapper v0.1.2
[INFO] [stderr]    Compiling ipnet v2.9.0
[INFO] [stderr]    Compiling tokio-tungstenite v0.21.0
[INFO] [stderr]    Compiling serde_qs v0.12.0
[INFO] [stderr]    Compiling serde_with v3.7.0
[INFO] [stderr]    Compiling fehler v1.0.0
[INFO] [stderr]    Compiling chrono v0.4.37
[INFO] [stderr]    Compiling futures v0.3.30
[INFO] [stderr]    Compiling sha2 v0.10.8
[INFO] [stderr]    Compiling hmac v0.12.1
[INFO] [stderr]    Compiling hex v0.4.3
[INFO] [stderr]    Compiling hyper v1.2.0
[INFO] [stderr]    Compiling hyper-util v0.1.3
[INFO] [stderr]    Compiling hyper-tls v0.6.0
[INFO] [stderr]    Compiling reqwest v0.12.2
[INFO] [stderr]    Compiling bybit-async v0.1.0 (/opt/rustwide/workdir)
[INFO] [stdout] warning: unused import: `Serialize`
[INFO] [stdout]   --> src/websocket/mod.rs:12:26
[INFO] [stdout]    |
[INFO] [stdout] 12 | use serde::{Deserialize, Serialize};
[INFO] [stdout]    |                          ^^^^^^^^^
[INFO] [stdout]    |
[INFO] [stdout]    = note: `#[warn(unused_imports)]` on by default
[INFO] [stdout] 
[INFO] [stdout] 
[INFO] [stdout] warning: fields `type_` and `ts` are never read
[INFO] [stdout]    --> src/websocket/mod.rs:115:9
[INFO] [stdout]     |
[INFO] [stdout] 112 | struct PublicMessage<'a> {
[INFO] [stdout]     |        ------------- fields in this struct
[INFO] [stdout] ...
[INFO] [stdout] 115 |     pub type_: String,
[INFO] [stdout]     |         ^^^^^
[INFO] [stdout] 116 |     pub ts: u64,
[INFO] [stdout]     |         ^^
[INFO] [stdout]     |
[INFO] [stdout]     = note: `#[warn(dead_code)]` on by default
[INFO] [stdout] 
[INFO] [stdout] 
[INFO] [stdout] warning: fields `id` and `creation_time` are never read
[INFO] [stdout]    --> src/websocket/mod.rs:123:9
[INFO] [stdout]     |
[INFO] [stdout] 122 | struct PrivateMessage<'a> {
[INFO] [stdout]     |        -------------- fields in this struct
[INFO] [stdout] 123 |     pub id: String,
[INFO] [stdout]     |         ^^
[INFO] [stdout] ...
[INFO] [stdout] 126 |     pub creation_time: u64,
[INFO] [stdout]     |         ^^^^^^^^^^^^^
[INFO] [stdout] 
[INFO] [stdout] 
[INFO] [stderr]     Finished `dev` profile [unoptimized + debuginfo] target(s) in 47.99s
[INFO] running `Command { std: "docker" "inspect" "1d37e6c2c404c5f400941502bb107a89a70733963c9b67d69df7ed9e12231089", kill_on_drop: false }`
[INFO] running `Command { std: "docker" "rm" "-f" "1d37e6c2c404c5f400941502bb107a89a70733963c9b67d69df7ed9e12231089", kill_on_drop: false }`
[INFO] [stdout] 1d37e6c2c404c5f400941502bb107a89a70733963c9b67d69df7ed9e12231089
[INFO] running `Command { std: "docker" "create" "-v" "/var/lib/crater-agent-workspace/builds/worker-3-tc1/target:/opt/rustwide/target:rw,Z" "-v" "/var/lib/crater-agent-workspace/builds/worker-3-tc1/source:/opt/rustwide/workdir:ro,Z" "-v" "/var/lib/crater-agent-workspace/cargo-home:/opt/rustwide/cargo-home:ro,Z" "-v" "/var/lib/crater-agent-workspace/rustup-home:/opt/rustwide/rustup-home:ro,Z" "-e" "SOURCE_DIR=/opt/rustwide/workdir" "-e" "CARGO_TARGET_DIR=/opt/rustwide/target" "-e" "CARGO_INCREMENTAL=0" "-e" "RUST_BACKTRACE=full" "-e" "RUSTFLAGS=--cap-lints=forbid" "-e" "RUSTDOCFLAGS=--cap-lints=forbid" "-e" "CARGO_HOME=/opt/rustwide/cargo-home" "-e" "RUSTUP_HOME=/opt/rustwide/rustup-home" "-w" "/opt/rustwide/workdir" "-m" "1610612736" "--user" "0:0" "--network" "none" "ghcr.io/rust-lang/crates-build-env/linux@sha256:4a844ea9eb2546a2d2c7022eacef16ef2e8229c7fbb2c7d4d55a9ceca922f72d" "/opt/rustwide/cargo-home/bin/cargo" "+nightly-2024-10-28" "test" "--frozen" "--no-run" "--message-format=json", kill_on_drop: false }`
[INFO] [stdout] 72183a92fe99a6094cbbfbbb51e42860dbed73f20e49cea9a2a62a497c197ded
[INFO] running `Command { std: "docker" "start" "-a" "72183a92fe99a6094cbbfbbb51e42860dbed73f20e49cea9a2a62a497c197ded", kill_on_drop: false }`
[INFO] [stderr]    Compiling log v0.4.21
[INFO] [stderr]    Compiling num_cpus v1.16.0
[INFO] [stderr]    Compiling tokio-macros v2.2.0
[INFO] [stderr]    Compiling backtrace v0.3.71
[INFO] [stderr]    Compiling aho-corasick v1.1.3
[INFO] [stderr]    Compiling regex-syntax v0.8.3
[INFO] [stderr]    Compiling gimli v0.28.1
[INFO] [stderr]    Compiling adler v1.0.2
[INFO] [stderr]    Compiling miniz_oxide v0.7.2
[INFO] [stderr]    Compiling tracing v0.1.40
[INFO] [stderr]    Compiling native-tls v0.2.11
[INFO] [stderr]    Compiling rustls v0.22.3
[INFO] [stderr]    Compiling object v0.32.2
[INFO] [stderr]    Compiling rustc-demangle v0.1.23
[INFO] [stderr]    Compiling anyhow v1.0.81
[INFO] [stderr]    Compiling tokio v1.37.0
[INFO] [stderr]    Compiling is-terminal v0.4.12
[INFO] [stderr]    Compiling termcolor v1.4.1
[INFO] [stderr]    Compiling humantime v2.1.0
[INFO] [stderr]    Compiling regex-automata v0.4.6
[INFO] [stderr]    Compiling addr2line v0.21.0
[INFO] [stderr]    Compiling tungstenite v0.21.0
[INFO] [stderr]    Compiling regex v1.10.4
[INFO] [stderr]    Compiling env_logger v0.10.2
[INFO] [stderr]    Compiling tokio-util v0.7.10
[INFO] [stderr]    Compiling tower v0.4.13
[INFO] [stderr]    Compiling tokio-native-tls v0.3.1
[INFO] [stderr]    Compiling tokio-rustls v0.25.0
[INFO] [stderr]    Compiling tokio-tungstenite v0.21.0
[INFO] [stderr]    Compiling h2 v0.4.3
[INFO] [stderr]    Compiling hyper v1.2.0
[INFO] [stderr]    Compiling hyper-util v0.1.3
[INFO] [stderr]    Compiling hyper-tls v0.6.0
[INFO] [stderr]    Compiling reqwest v0.12.2
[INFO] [stderr]    Compiling bybit-async v0.1.0 (/opt/rustwide/workdir)
[INFO] [stdout] warning: unused import: `Serialize`
[INFO] [stdout]   --> src/websocket/mod.rs:12:26
[INFO] [stdout]    |
[INFO] [stdout] 12 | use serde::{Deserialize, Serialize};
[INFO] [stdout]    |                          ^^^^^^^^^
[INFO] [stdout]    |
[INFO] [stdout]    = note: `#[warn(unused_imports)]` on by default
[INFO] [stdout] 
[INFO] [stdout] 
[INFO] [stdout] warning: unused import: `Serialize`
[INFO] [stdout]   --> src/websocket/mod.rs:12:26
[INFO] [stdout]    |
[INFO] [stdout] 12 | use serde::{Deserialize, Serialize};
[INFO] [stdout]    |                          ^^^^^^^^^
[INFO] [stdout]    |
[INFO] [stdout]    = note: `#[warn(unused_imports)]` on by default
[INFO] [stdout] 
[INFO] [stdout] 
[INFO] [stdout] warning: fields `type_` and `ts` are never read
[INFO] [stdout]    --> src/websocket/mod.rs:115:9
[INFO] [stdout]     |
[INFO] [stdout] 112 | struct PublicMessage<'a> {
[INFO] [stdout]     |        ------------- fields in this struct
[INFO] [stdout] ...
[INFO] [stdout] 115 |     pub type_: String,
[INFO] [stdout]     |         ^^^^^
[INFO] [stdout] 116 |     pub ts: u64,
[INFO] [stdout]     |         ^^
[INFO] [stdout]     |
[INFO] [stdout]     = note: `#[warn(dead_code)]` on by default
[INFO] [stdout] 
[INFO] [stdout] 
[INFO] [stdout] warning: fields `id` and `creation_time` are never read
[INFO] [stdout]    --> src/websocket/mod.rs:123:9
[INFO] [stdout]     |
[INFO] [stdout] 122 | struct PrivateMessage<'a> {
[INFO] [stdout]     |        -------------- fields in this struct
[INFO] [stdout] 123 |     pub id: String,
[INFO] [stdout]     |         ^^
[INFO] [stdout] ...
[INFO] [stdout] 126 |     pub creation_time: u64,
[INFO] [stdout]     |         ^^^^^^^^^^^^^
[INFO] [stdout] 
[INFO] [stdout] 
[INFO] [stdout] warning: unused import: `bybit_async::rest`
[INFO] [stdout]  --> examples/debug_deserialize.rs:1:5
[INFO] [stdout]   |
[INFO] [stdout] 1 | use bybit_async::rest;
[INFO] [stdout]   |     ^^^^^^^^^^^^^^^^^
[INFO] [stdout]   |
[INFO] [stdout]   = note: `#[warn(unused_imports)]` on by default
[INFO] [stdout] 
[INFO] [stdout] 
[INFO] [stdout] warning: unused import: `serde_json::from_str`
[INFO] [stdout]  --> examples/debug_deserialize.rs:2:5
[INFO] [stdout]   |
[INFO] [stdout] 2 | use serde_json::from_str;
[INFO] [stdout]   |     ^^^^^^^^^^^^^^^^^^^^
[INFO] [stdout] 
[INFO] [stdout] 
[INFO] [stdout] warning: unused import: `rest`
[INFO] [stdout]  --> examples/funding_rate.rs:3:5
[INFO] [stdout]   |
[INFO] [stdout] 3 |     rest,
[INFO] [stdout]   |     ^^^^
[INFO] [stdout]   |
[INFO] [stdout]   = note: `#[warn(unused_imports)]` on by default
[INFO] [stdout] 
[INFO] [stdout] 
[INFO] [stdout] warning: unused imports: `DateTime` and `Utc`
[INFO] [stdout]  --> examples/funding_rate.rs:6:14
[INFO] [stdout]   |
[INFO] [stdout] 6 | use chrono::{DateTime, Utc};
[INFO] [stdout]   |              ^^^^^^^^  ^^^
[INFO] [stdout] 
[INFO] [stdout] 
[INFO] [stdout] warning: unused imports: `Bybit` and `rest`
[INFO] [stdout]  --> tests/market.rs:2:19
[INFO] [stdout]   |
[INFO] [stdout] 2 | use bybit_async::{rest, Bybit};
[INFO] [stdout]   |                   ^^^^  ^^^^^
[INFO] [stdout]   |
[INFO] [stdout]   = note: `#[warn(unused_imports)]` on by default
[INFO] [stdout] 
[INFO] [stdout] 
[INFO] [stdout] warning: unused imports: `Bybit` and `rest`
[INFO] [stdout]  --> tests/ping.rs:2:19
[INFO] [stdout]   |
[INFO] [stdout] 2 | use bybit_async::{rest, Bybit};
[INFO] [stdout]   |                   ^^^^  ^^^^^
[INFO] [stdout]   |
[INFO] [stdout]   = note: `#[warn(unused_imports)]` on by default
[INFO] [stdout] 
[INFO] [stdout] 
[INFO] [stdout] warning: unused variable: `bybit`
[INFO] [stdout]   --> examples/funding_rate.rs:14:9
[INFO] [stdout]    |
[INFO] [stdout] 14 |     let bybit = Bybit::new();
[INFO] [stdout]    |         ^^^^^ help: if this is intentional, prefix it with an underscore: `_bybit`
[INFO] [stdout]    |
[INFO] [stdout]    = note: `#[warn(unused_variables)]` on by default
[INFO] [stdout] 
[INFO] [stdout] 
[INFO] [stdout] warning: unused variable: `s`
[INFO] [stdout]  --> examples/debug_deserialize.rs:5:9
[INFO] [stdout]   |
[INFO] [stdout] 5 |     let s = r#"{"timezone":"UTC","serverTime":1680258725440,"futuresType":"U_MARGINED","rateLimits":[{"rateLimitType":"REQUEST_WEIGHT","i...
[INFO] [stdout]   |         ^ help: if this is intentional, prefix it with an underscore: `_s`
[INFO] [stdout]   |
[INFO] [stdout]   = note: `#[warn(unused_variables)]` on by default
[INFO] [stdout] 
[INFO] [stdout] 
[INFO] [stdout] warning: unused imports: `Bybit` and `rest`
[INFO] [stdout]  --> tests/get_current_position_mode.rs:2:19
[INFO] [stdout]   |
[INFO] [stdout] 2 | use bybit_async::{rest, Bybit};
[INFO] [stdout]   |                   ^^^^  ^^^^^
[INFO] [stdout]   |
[INFO] [stdout]   = note: `#[warn(unused_imports)]` on by default
[INFO] [stdout] 
[INFO] [stdout] 
[INFO] [stdout] warning: unused import: `std::env::var`
[INFO] [stdout]  --> tests/get_current_position_mode.rs:4:5
[INFO] [stdout]   |
[INFO] [stdout] 4 | use std::env::var;
[INFO] [stdout]   |     ^^^^^^^^^^^^^
[INFO] [stdout] 
[INFO] [stdout] 
[INFO] [stdout] warning: unused import: `std::time::Duration`
[INFO] [stdout]  --> tests/ws_public.rs:7:5
[INFO] [stdout]   |
[INFO] [stdout] 7 | use std::time::Duration;
[INFO] [stdout]   |     ^^^^^^^^^^^^^^^^^^^
[INFO] [stdout]   |
[INFO] [stdout]   = note: `#[warn(unused_imports)]` on by default
[INFO] [stdout] 
[INFO] [stdout] 
[INFO] [stdout] warning: unused import: `tokio::time::timeout`
[INFO] [stdout]  --> tests/ws_public.rs:8:5
[INFO] [stdout]   |
[INFO] [stdout] 8 | use tokio::time::timeout;
[INFO] [stdout]   |     ^^^^^^^^^^^^^^^^^^^^
[INFO] [stdout] 
[INFO] [stdout] 
[INFO] [stdout] warning: unused imports: `Bybit` and `rest`
[INFO] [stdout]  --> tests/account.rs:3:5
[INFO] [stdout]   |
[INFO] [stdout] 3 |     rest,
[INFO] [stdout]   |     ^^^^
[INFO] [stdout] 4 |     Bybit,
[INFO] [stdout]   |     ^^^^^
[INFO] [stdout]   |
[INFO] [stdout]   = note: `#[warn(unused_imports)]` on by default
[INFO] [stdout] 
[INFO] [stdout] 
[INFO] [stdout] warning: unused import: `std::env::var`
[INFO] [stdout]  --> tests/account.rs:7:5
[INFO] [stdout]   |
[INFO] [stdout] 7 | use std::env::var;
[INFO] [stdout]   |     ^^^^^^^^^^^^^
[INFO] [stdout] 
[INFO] [stdout] 
[INFO] [stdout] warning: fields `type_` and `ts` are never read
[INFO] [stdout]    --> src/websocket/mod.rs:115:9
[INFO] [stdout]     |
[INFO] [stdout] 112 | struct PublicMessage<'a> {
[INFO] [stdout]     |        ------------- fields in this struct
[INFO] [stdout] ...
[INFO] [stdout] 115 |     pub type_: String,
[INFO] [stdout]     |         ^^^^^
[INFO] [stdout] 116 |     pub ts: u64,
[INFO] [stdout]     |         ^^
[INFO] [stdout]     |
[INFO] [stdout]     = note: `#[warn(dead_code)]` on by default
[INFO] [stdout] 
[INFO] [stdout] 
[INFO] [stdout] warning: fields `id` and `creation_time` are never read
[INFO] [stdout]    --> src/websocket/mod.rs:123:9
[INFO] [stdout]     |
[INFO] [stdout] 122 | struct PrivateMessage<'a> {
[INFO] [stdout]     |        -------------- fields in this struct
[INFO] [stdout] 123 |     pub id: String,
[INFO] [stdout]     |         ^^
[INFO] [stdout] ...
[INFO] [stdout] 126 |     pub creation_time: u64,
[INFO] [stdout]     |         ^^^^^^^^^^^^^
[INFO] [stdout] 
[INFO] [stdout] 
[INFO] [stderr]     Finished `test` profile [unoptimized + debuginfo] target(s) in 16.30s
[INFO] running `Command { std: "docker" "inspect" "72183a92fe99a6094cbbfbbb51e42860dbed73f20e49cea9a2a62a497c197ded", kill_on_drop: false }`
[INFO] running `Command { std: "docker" "rm" "-f" "72183a92fe99a6094cbbfbbb51e42860dbed73f20e49cea9a2a62a497c197ded", kill_on_drop: false }`
[INFO] [stdout] 72183a92fe99a6094cbbfbbb51e42860dbed73f20e49cea9a2a62a497c197ded
[INFO] running `Command { std: "docker" "create" "-v" "/var/lib/crater-agent-workspace/builds/worker-3-tc1/target:/opt/rustwide/target:rw,Z" "-v" "/var/lib/crater-agent-workspace/builds/worker-3-tc1/source:/opt/rustwide/workdir:ro,Z" "-v" "/var/lib/crater-agent-workspace/cargo-home:/opt/rustwide/cargo-home:ro,Z" "-v" "/var/lib/crater-agent-workspace/rustup-home:/opt/rustwide/rustup-home:ro,Z" "-e" "SOURCE_DIR=/opt/rustwide/workdir" "-e" "CARGO_TARGET_DIR=/opt/rustwide/target" "-e" "CARGO_INCREMENTAL=0" "-e" "RUST_BACKTRACE=full" "-e" "RUSTFLAGS=--cap-lints=forbid" "-e" "RUSTDOCFLAGS=--cap-lints=forbid" "-e" "CARGO_HOME=/opt/rustwide/cargo-home" "-e" "RUSTUP_HOME=/opt/rustwide/rustup-home" "-w" "/opt/rustwide/workdir" "-m" "1610612736" "--user" "0:0" "--network" "none" "ghcr.io/rust-lang/crates-build-env/linux@sha256:4a844ea9eb2546a2d2c7022eacef16ef2e8229c7fbb2c7d4d55a9ceca922f72d" "/opt/rustwide/cargo-home/bin/cargo" "+nightly-2024-10-28" "test" "--frozen", kill_on_drop: false }`
[INFO] [stdout] aa606258f6c1f49dddc802da8251dba0c628dc10ea585e026b45df142c69572c
[INFO] running `Command { std: "docker" "start" "-a" "aa606258f6c1f49dddc802da8251dba0c628dc10ea585e026b45df142c69572c", kill_on_drop: false }`
[INFO] [stderr] warning: unused import: `Serialize`
[INFO] [stderr]   --> src/websocket/mod.rs:12:26
[INFO] [stderr]    |
[INFO] [stderr] 12 | use serde::{Deserialize, Serialize};
[INFO] [stderr]    |                          ^^^^^^^^^
[INFO] [stderr]    |
[INFO] [stderr]    = note: `#[warn(unused_imports)]` on by default
[INFO] [stderr] 
[INFO] [stderr] warning: fields `type_` and `ts` are never read
[INFO] [stderr]    --> src/websocket/mod.rs:115:9
[INFO] [stderr]     |
[INFO] [stderr] 112 | struct PublicMessage<'a> {
[INFO] [stderr]     |        ------------- fields in this struct
[INFO] [stderr] ...
[INFO] [stderr] 115 |     pub type_: String,
[INFO] [stderr]     |         ^^^^^
[INFO] [stderr] 116 |     pub ts: u64,
[INFO] [stderr]     |         ^^
[INFO] [stderr]     |
[INFO] [stderr]     = note: `#[warn(dead_code)]` on by default
[INFO] [stderr] 
[INFO] [stderr] warning: fields `id` and `creation_time` are never read
[INFO] [stderr]    --> src/websocket/mod.rs:123:9
[INFO] [stderr]     |
[INFO] [stderr] 122 | struct PrivateMessage<'a> {
[INFO] [stderr]     |        -------------- fields in this struct
[INFO] [stderr] 123 |     pub id: String,
[INFO] [stderr]     |         ^^
[INFO] [stderr] ...
[INFO] [stderr] 126 |     pub creation_time: u64,
[INFO] [stderr]     |         ^^^^^^^^^^^^^
[INFO] [stderr] 
[INFO] [stderr] warning: `bybit-async` (lib) generated 3 warnings (run `cargo fix --lib -p bybit-async` to apply 1 suggestion)
[INFO] [stderr] warning: unused import: `rest`
[INFO] [stderr]  --> examples/funding_rate.rs:3:5
[INFO] [stderr]   |
[INFO] [stderr] 3 |     rest,
[INFO] [stderr]   |     ^^^^
[INFO] [stderr]   |
[INFO] [stderr]   = note: `#[warn(unused_imports)]` on by default
[INFO] [stderr] 
[INFO] [stderr] warning: unused imports: `DateTime` and `Utc`
[INFO] [stderr]  --> examples/funding_rate.rs:6:14
[INFO] [stderr]   |
[INFO] [stderr] 6 | use chrono::{DateTime, Utc};
[INFO] [stderr]   |              ^^^^^^^^  ^^^
[INFO] [stderr] 
[INFO] [stderr] warning: unused variable: `bybit`
[INFO] [stderr]   --> examples/funding_rate.rs:14:9
[INFO] [stderr]    |
[INFO] [stderr] 14 |     let bybit = Bybit::new();
[INFO] [stderr]    |         ^^^^^ help: if this is intentional, prefix it with an underscore: `_bybit`
[INFO] [stderr]    |
[INFO] [stderr]    = note: `#[warn(unused_variables)]` on by default
[INFO] [stderr] 
[INFO] [stderr] warning: unused imports: `Bybit` and `rest`
[INFO] [stderr]  --> tests/account.rs:3:5
[INFO] [stderr]   |
[INFO] [stderr] 3 |     rest,
[INFO] [stderr]   |     ^^^^
[INFO] [stderr] 4 |     Bybit,
[INFO] [stderr]   |     ^^^^^
[INFO] [stderr]   |
[INFO] [stderr]   = note: `#[warn(unused_imports)]` on by default
[INFO] [stderr] 
[INFO] [stderr] warning: unused import: `std::env::var`
[INFO] [stderr]  --> tests/account.rs:7:5
[INFO] [stderr]   |
[INFO] [stderr] 7 | use std::env::var;
[INFO] [stderr]   |     ^^^^^^^^^^^^^
[INFO] [stderr] 
[INFO] [stderr] warning: unused imports: `Bybit` and `rest`
[INFO] [stderr]  --> tests/get_current_position_mode.rs:2:19
[INFO] [stderr]   |
[INFO] [stderr] 2 | use bybit_async::{rest, Bybit};
[INFO] [stderr]   |                   ^^^^  ^^^^^
[INFO] [stderr]   |
[INFO] [stderr]   = note: `#[warn(unused_imports)]` on by default
[INFO] [stderr] 
[INFO] [stderr] warning: unused import: `std::env::var`
[INFO] [stderr]  --> tests/get_current_position_mode.rs:4:5
[INFO] [stderr]   |
[INFO] [stderr] 4 | use std::env::var;
[INFO] [stderr]   |     ^^^^^^^^^^^^^
[INFO] [stderr] 
[INFO] [stderr] warning: unused import: `std::time::Duration`
[INFO] [stderr]  --> tests/ws_public.rs:7:5
[INFO] [stderr]   |
[INFO] [stderr] 7 | use std::time::Duration;
[INFO] [stderr]   |     ^^^^^^^^^^^^^^^^^^^
[INFO] [stderr]   |
[INFO] [stderr]   = note: `#[warn(unused_imports)]` on by default
[INFO] [stderr] 
[INFO] [stderr] warning: unused import: `tokio::time::timeout`
[INFO] [stderr]  --> tests/ws_public.rs:8:5
[INFO] [stderr]   |
[INFO] [stderr] 8 | use tokio::time::timeout;
[INFO] [stderr]   |     ^^^^^^^^^^^^^^^^^^^^
[INFO] [stderr] 
[INFO] [stderr] warning: `bybit-async` (example "funding_rate") generated 3 warnings (run `cargo fix --example "funding_rate"` to apply 2 suggestions)
[INFO] [stderr] warning: `bybit-async` (test "account") generated 2 warnings (run `cargo fix --test "account"` to apply 2 suggestions)
[INFO] [stderr] warning: `bybit-async` (test "get_current_position_mode") generated 2 warnings (run `cargo fix --test "get_current_position_mode"` to apply 2 suggestions)
[INFO] [stderr] warning: `bybit-async` (test "ws_public") generated 2 warnings (run `cargo fix --test "ws_public"` to apply 2 suggestions)
[INFO] [stderr] warning: unused import: `bybit_async::rest`
[INFO] [stderr]  --> examples/debug_deserialize.rs:1:5
[INFO] [stderr]   |
[INFO] [stderr] 1 | use bybit_async::rest;
[INFO] [stderr]   |     ^^^^^^^^^^^^^^^^^
[INFO] [stderr]   |
[INFO] [stderr]   = note: `#[warn(unused_imports)]` on by default
[INFO] [stderr] 
[INFO] [stderr] warning: unused import: `serde_json::from_str`
[INFO] [stderr]  --> examples/debug_deserialize.rs:2:5
[INFO] [stderr]   |
[INFO] [stderr] 2 | use serde_json::from_str;
[INFO] [stderr]   |     ^^^^^^^^^^^^^^^^^^^^
[INFO] [stderr] 
[INFO] [stderr] warning: unused variable: `s`
[INFO] [stderr]  --> examples/debug_deserialize.rs:5:9
[INFO] [stderr]   |
[INFO] [stderr] 5 |     let s = r#"{"timezone":"UTC","serverTime":1680258725440,"futuresType":"U_MARGINED","rateLimits":[{"rateLimitType":"REQUEST_WEIGHT","i...
[INFO] [stderr]   |         ^ help: if this is intentional, prefix it with an underscore: `_s`
[INFO] [stderr]   |
[INFO] [stderr]   = note: `#[warn(unused_variables)]` on by default
[INFO] [stderr] 
[INFO] [stderr] warning: unused imports: `Bybit` and `rest`
[INFO] [stderr]  --> tests/ping.rs:2:19
[INFO] [stderr]   |
[INFO] [stderr] 2 | use bybit_async::{rest, Bybit};
[INFO] [stderr]   |                   ^^^^  ^^^^^
[INFO] [stderr]   |
[INFO] [stderr]   = note: `#[warn(unused_imports)]` on by default
[INFO] [stderr] 
[INFO] [stderr] warning: unused imports: `Bybit` and `rest`
[INFO] [stderr]  --> tests/market.rs:2:19
[INFO] [stderr]   |
[INFO] [stderr] 2 | use bybit_async::{rest, Bybit};
[INFO] [stderr]   |                   ^^^^  ^^^^^
[INFO] [stderr]   |
[INFO] [stderr]   = note: `#[warn(unused_imports)]` on by default
[INFO] [stderr] 
[INFO] [stderr] warning: `bybit-async` (lib test) generated 3 warnings (3 duplicates)
[INFO] [stderr] warning: `bybit-async` (example "debug_deserialize") generated 3 warnings (run `cargo fix --example "debug_deserialize"` to apply 2 suggestions)
[INFO] [stderr] warning: `bybit-async` (test "ping") generated 1 warning (run `cargo fix --test "ping"` to apply 1 suggestion)
[INFO] [stderr] warning: `bybit-async` (test "market") generated 1 warning (run `cargo fix --test "market"` to apply 1 suggestion)
[INFO] [stderr]     Finished `test` profile [unoptimized + debuginfo] target(s) in 0.13s
[INFO] [stderr]      Running unittests src/lib.rs (/opt/rustwide/target/debug/deps/bybit_async-9bee6307edc1dd8f)
[INFO] [stdout] 
[INFO] [stdout] running 4 tests
[INFO] [stdout] test rest::test::signature_body2 ... ok
[INFO] [stdout] test rest::test::signature_body ... ok
[INFO] [stdout] test rest::test::signature_query_body ... ok
[INFO] [stdout] test rest::test::signature_query ... ok
[INFO] [stdout] 
[INFO] [stdout] test result: ok. 4 passed; 0 failed; 0 ignored; 0 measured; 0 filtered out; finished in 0.10s
[INFO] [stdout] 
[INFO] [stderr]      Running tests/account.rs (/opt/rustwide/target/debug/deps/account-04897a9216facf38)
[INFO] [stdout] 
[INFO] [stdout] running 2 tests
[INFO] [stdout] test get_account_spot ... ok
[INFO] [stdout] test get_account_usdm ... FAILED
[INFO] [stdout] 
[INFO] [stdout] failures:
[INFO] [stdout] 
[INFO] [stdout] ---- get_account_usdm stdout ----
[INFO] [stdout] thread 'get_account_usdm' panicked at /opt/rustwide/cargo-home/registry/src/index.crates.io-6f17d22bba15001f/env_logger-0.10.2/src/logger.rs:859:16:
[INFO] [stdout] env_logger::init should not be called after logger initialized: SetLoggerError(())
[INFO] [stdout] stack backtrace:
[INFO] [stdout]    0:     0x62cfd170fb7a - std::backtrace_rs::backtrace::libunwind::trace::h207520d6e9873551
[INFO] [stdout]                                at /rustc/df4ca44d3fbc9301ee17f30f4d474e6ae4b05252/library/std/src/../../backtrace/src/backtrace/libunwind.rs:116:5
[INFO] [stdout]    1:     0x62cfd170fb7a - std::backtrace_rs::backtrace::trace_unsynchronized::h2ed7433f370e3eca
[INFO] [stdout]                                at /rustc/df4ca44d3fbc9301ee17f30f4d474e6ae4b05252/library/std/src/../../backtrace/src/backtrace/mod.rs:66:5
[INFO] [stdout]    2:     0x62cfd170fb7a - std::sys::backtrace::_print_fmt::h916fac51166b18d7
[INFO] [stdout]                                at /rustc/df4ca44d3fbc9301ee17f30f4d474e6ae4b05252/library/std/src/sys/backtrace.rs:66:9
[INFO] [stdout]    3:     0x62cfd170fb7a - <std::sys::backtrace::BacktraceLock::print::DisplayBacktrace as core::fmt::Display>::fmt::ha0a4c9b8ce3802e6
[INFO] [stdout]                                at /rustc/df4ca44d3fbc9301ee17f30f4d474e6ae4b05252/library/std/src/sys/backtrace.rs:39:26
[INFO] [stdout]    4:     0x62cfd1737023 - core::fmt::rt::Argument::fmt::h4cfc8587d52b3eb5
[INFO] [stdout]                                at /rustc/df4ca44d3fbc9301ee17f30f4d474e6ae4b05252/library/core/src/fmt/rt.rs:177:76
[INFO] [stdout]    5:     0x62cfd1737023 - core::fmt::write::h522cc39e5b36ae9f
[INFO] [stdout]                                at /rustc/df4ca44d3fbc9301ee17f30f4d474e6ae4b05252/library/core/src/fmt/mod.rs:1190:21
[INFO] [stdout]    6:     0x62cfd170c3d3 - std::io::Write::write_fmt::h7d3c26752da97734
[INFO] [stdout]                                at /rustc/df4ca44d3fbc9301ee17f30f4d474e6ae4b05252/library/std/src/io/mod.rs:1839:15
[INFO] [stdout]    7:     0x62cfd170f9c2 - std::sys::backtrace::BacktraceLock::print::h4b9e00b29e9c0942
[INFO] [stdout]                                at /rustc/df4ca44d3fbc9301ee17f30f4d474e6ae4b05252/library/std/src/sys/backtrace.rs:42:9
[INFO] [stdout]    8:     0x62cfd171100a - std::panicking::default_hook::{{closure}}::hb59b88280d0324d9
[INFO] [stdout]                                at /rustc/df4ca44d3fbc9301ee17f30f4d474e6ae4b05252/library/std/src/panicking.rs:268:22
[INFO] [stdout]    9:     0x62cfd1710e14 - std::panicking::default_hook::he1dd496665be4a29
[INFO] [stdout]                                at /rustc/df4ca44d3fbc9301ee17f30f4d474e6ae4b05252/library/std/src/panicking.rs:292:9
[INFO] [stdout]   10:     0x62cfd163d679 - <alloc::boxed::Box<F,A> as core::ops::function::Fn<Args>>::call::h4ff71de18744e1dc
[INFO] [stdout]                                at /rustc/df4ca44d3fbc9301ee17f30f4d474e6ae4b05252/library/alloc/src/boxed.rs:2468:9
[INFO] [stdout]   11:     0x62cfd163d679 - test::test_main::{{closure}}::hcf7c055ce117aa81
[INFO] [stdout]                                at /rustc/df4ca44d3fbc9301ee17f30f4d474e6ae4b05252/library/test/src/lib.rs:133:21
[INFO] [stdout]   12:     0x62cfd1711708 - <alloc::boxed::Box<F,A> as core::ops::function::Fn<Args>>::call::h1d66c6bbd60c9692
[INFO] [stdout]                                at /rustc/df4ca44d3fbc9301ee17f30f4d474e6ae4b05252/library/alloc/src/boxed.rs:2468:9
[INFO] [stdout]   13:     0x62cfd1711708 - std::panicking::rust_panic_with_hook::h2ff17fe8f26dfcf8
[INFO] [stdout]                                at /rustc/df4ca44d3fbc9301ee17f30f4d474e6ae4b05252/library/std/src/panicking.rs:809:13
[INFO] [stdout]   14:     0x62cfd17114ca - std::panicking::begin_panic_handler::{{closure}}::h4fad77951c07e101
[INFO] [stdout]                                at /rustc/df4ca44d3fbc9301ee17f30f4d474e6ae4b05252/library/std/src/panicking.rs:674:13
[INFO] [stdout]   15:     0x62cfd1710059 - std::sys::backtrace::__rust_end_short_backtrace::hb1a25b3da5d0ea08
[INFO] [stdout]                                at /rustc/df4ca44d3fbc9301ee17f30f4d474e6ae4b05252/library/std/src/sys/backtrace.rs:170:18
[INFO] [stdout]   16:     0x62cfd171115c - rust_begin_unwind
[INFO] [stdout]                                at /rustc/df4ca44d3fbc9301ee17f30f4d474e6ae4b05252/library/std/src/panicking.rs:665:5
[INFO] [stdout]   17:     0x62cfd17355f0 - core::panicking::panic_fmt::ha9db07b529f9b256
[INFO] [stdout]                                at /rustc/df4ca44d3fbc9301ee17f30f4d474e6ae4b05252/library/core/src/panicking.rs:75:14
[INFO] [stdout]   18:     0x62cfd1735ad6 - core::result::unwrap_failed::h5e8218e4d4338b8a
[INFO] [stdout]                                at /rustc/df4ca44d3fbc9301ee17f30f4d474e6ae4b05252/library/core/src/result.rs:1698:5
[INFO] [stdout]   19:     0x62cfd1398fbe - core::result::Result<T,E>::expect::hd4f1ef5e8db9bda5
[INFO] [stdout]                                at /rustc/df4ca44d3fbc9301ee17f30f4d474e6ae4b05252/library/core/src/result.rs:1060:23
[INFO] [stdout]   20:     0x62cfd13803d9 - env_logger::logger::init::h7c19de67b1b9a5d6
[INFO] [stdout]                                at /opt/rustwide/cargo-home/registry/src/index.crates.io-6f17d22bba15001f/env_logger-0.10.2/src/logger.rs:859:5
[INFO] [stdout]   21:     0x62cfd137cf88 - account::get_account_usdm::{{closure}}::h3452b7ab2e647641
[INFO] [stdout]                                at /opt/rustwide/workdir/tests/account.rs:22:5
[INFO] [stdout]   22:     0x62cfd137c925 - <core::pin::Pin<P> as core::future::future::Future>::poll::h2f5cbd5440283853
[INFO] [stdout]                                at /rustc/df4ca44d3fbc9301ee17f30f4d474e6ae4b05252/library/core/src/future/future.rs:123:9
[INFO] [stdout]   23:     0x62cfd137c95d - <core::pin::Pin<P> as core::future::future::Future>::poll::h5c7c6cf0adcabb02
[INFO] [stdout]                                at /rustc/df4ca44d3fbc9301ee17f30f4d474e6ae4b05252/library/core/src/future/future.rs:123:9
[INFO] [stdout]   24:     0x62cfd137c88f - tokio::runtime::scheduler::current_thread::CoreGuard::block_on::{{closure}}::{{closure}}::{{closure}}::hd4e528646d18bd93
[INFO] [stdout]                                at /opt/rustwide/cargo-home/registry/src/index.crates.io-6f17d22bba15001f/tokio-1.37.0/src/runtime/scheduler/current_thread/mod.rs:659:57
[INFO] [stdout]   25:     0x62cfd137c7c6 - tokio::runtime::coop::with_budget::hee95bb61a7dc179e
[INFO] [stdout]                                at /opt/rustwide/cargo-home/registry/src/index.crates.io-6f17d22bba15001f/tokio-1.37.0/src/runtime/coop.rs:107:5
[INFO] [stdout]   26:     0x62cfd137c7c6 - tokio::runtime::coop::budget::h59473440d7af32fc
[INFO] [stdout]                                at /opt/rustwide/cargo-home/registry/src/index.crates.io-6f17d22bba15001f/tokio-1.37.0/src/runtime/coop.rs:73:5
[INFO] [stdout]   27:     0x62cfd137c7c6 - tokio::runtime::scheduler::current_thread::CoreGuard::block_on::{{closure}}::{{closure}}::hdca9c21e56de088a
[INFO] [stdout]                                at /opt/rustwide/cargo-home/registry/src/index.crates.io-6f17d22bba15001f/tokio-1.37.0/src/runtime/scheduler/current_thread/mod.rs:659:25
[INFO] [stdout]   28:     0x62cfd137b46a - tokio::runtime::scheduler::current_thread::Context::enter::hc8fff6083d70a550
[INFO] [stdout]                                at /opt/rustwide/cargo-home/registry/src/index.crates.io-6f17d22bba15001f/tokio-1.37.0/src/runtime/scheduler/current_thread/mod.rs:404:19
[INFO] [stdout]   29:     0x62cfd137bfbb - tokio::runtime::scheduler::current_thread::CoreGuard::block_on::{{closure}}::h853d3e5c9578fe38
[INFO] [stdout]                                at /opt/rustwide/cargo-home/registry/src/index.crates.io-6f17d22bba15001f/tokio-1.37.0/src/runtime/scheduler/current_thread/mod.rs:658:36
[INFO] [stdout]   30:     0x62cfd137bd0b - tokio::runtime::scheduler::current_thread::CoreGuard::enter::{{closure}}::he70c18da064f1633
[INFO] [stdout]                                at /opt/rustwide/cargo-home/registry/src/index.crates.io-6f17d22bba15001f/tokio-1.37.0/src/runtime/scheduler/current_thread/mod.rs:737:68
[INFO] [stdout]   31:     0x62cfd1379faa - tokio::runtime::context::scoped::Scoped<T>::set::h70d966816cbaaab7
[INFO] [stdout]                                at /opt/rustwide/cargo-home/registry/src/index.crates.io-6f17d22bba15001f/tokio-1.37.0/src/runtime/context/scoped.rs:40:9
[INFO] [stdout]   32:     0x62cfd1379dca - tokio::runtime::context::set_scheduler::{{closure}}::h9d5f694fde18a07d
[INFO] [stdout]                                at /opt/rustwide/cargo-home/registry/src/index.crates.io-6f17d22bba15001f/tokio-1.37.0/src/runtime/context.rs:176:26
[INFO] [stdout]   33:     0x62cfd1378401 - std::thread::local::LocalKey<T>::try_with::h464031a019969ade
[INFO] [stdout]                                at /rustc/df4ca44d3fbc9301ee17f30f4d474e6ae4b05252/library/std/src/thread/local.rs:283:12
[INFO] [stdout]   34:     0x62cfd1377fcd - std::thread::local::LocalKey<T>::with::h5db9377f872d82c1
[INFO] [stdout]                                at /rustc/df4ca44d3fbc9301ee17f30f4d474e6ae4b05252/library/std/src/thread/local.rs:260:9
[INFO] [stdout]   35:     0x62cfd1379d71 - tokio::runtime::context::set_scheduler::hc8248f9503b86144
[INFO] [stdout]                                at /opt/rustwide/cargo-home/registry/src/index.crates.io-6f17d22bba15001f/tokio-1.37.0/src/runtime/context.rs:176:9
[INFO] [stdout]   36:     0x62cfd137ba79 - tokio::runtime::scheduler::current_thread::CoreGuard::enter::h51940f8ab37da432
[INFO] [stdout]                                at /opt/rustwide/cargo-home/registry/src/index.crates.io-6f17d22bba15001f/tokio-1.37.0/src/runtime/scheduler/current_thread/mod.rs:737:27
[INFO] [stdout]   37:     0x62cfd137bd33 - tokio::runtime::scheduler::current_thread::CoreGuard::block_on::h6b7f46d9ff267835
[INFO] [stdout]                                at /opt/rustwide/cargo-home/registry/src/index.crates.io-6f17d22bba15001f/tokio-1.37.0/src/runtime/scheduler/current_thread/mod.rs:646:19
[INFO] [stdout]   38:     0x62cfd137abf3 - tokio::runtime::scheduler::current_thread::CurrentThread::block_on::{{closure}}::hb0c71305204b0430
[INFO] [stdout]                                at /opt/rustwide/cargo-home/registry/src/index.crates.io-6f17d22bba15001f/tokio-1.37.0/src/runtime/scheduler/current_thread/mod.rs:175:28
[INFO] [stdout]   39:     0x62cfd137a2d6 - tokio::runtime::context::runtime::enter_runtime::hc75c8dce4756fee4
[INFO] [stdout]                                at /opt/rustwide/cargo-home/registry/src/index.crates.io-6f17d22bba15001f/tokio-1.37.0/src/runtime/context/runtime.rs:65:16
[INFO] [stdout]   40:     0x62cfd137aaf1 - tokio::runtime::scheduler::current_thread::CurrentThread::block_on::h76d565c0b54537ed
[INFO] [stdout]                                at /opt/rustwide/cargo-home/registry/src/index.crates.io-6f17d22bba15001f/tokio-1.37.0/src/runtime/scheduler/current_thread/mod.rs:167:9
[INFO] [stdout]   41:     0x62cfd137a919 - tokio::runtime::runtime::Runtime::block_on::h369e6b0c22a0d848
[INFO] [stdout]                                at /opt/rustwide/cargo-home/registry/src/index.crates.io-6f17d22bba15001f/tokio-1.37.0/src/runtime/runtime.rs:349:47
[INFO] [stdout]   42:     0x62cfd137cec9 - account::get_account_usdm::hf0ca6f0ea16fbd03
[INFO] [stdout]                                at /opt/rustwide/workdir/tests/account.rs:19:1
[INFO] [stdout]   43:     0x62cfd137cd97 - account::get_account_usdm::{{closure}}::h408a8f8a69be56b4
[INFO] [stdout]                                at /opt/rustwide/workdir/tests/account.rs:19:1
[INFO] [stdout]   44:     0x62cfd1378936 - core::ops::function::FnOnce::call_once::h9d3ad7078a3c2b41
[INFO] [stdout]                                at /rustc/df4ca44d3fbc9301ee17f30f4d474e6ae4b05252/library/core/src/ops/function.rs:250:5
[INFO] [stdout]   45:     0x62cfd1641f4b - core::ops::function::FnOnce::call_once::h22c3ba5715e93f05
[INFO] [stdout]                                at /rustc/df4ca44d3fbc9301ee17f30f4d474e6ae4b05252/library/core/src/ops/function.rs:250:5
[INFO] [stdout]   46:     0x62cfd1641f4b - test::__rust_begin_short_backtrace::h8e82d8113d0da17f
[INFO] [stdout]                                at /rustc/df4ca44d3fbc9301ee17f30f4d474e6ae4b05252/library/test/src/lib.rs:621:18
[INFO] [stdout]   47:     0x62cfd16418c7 - test::run_test_in_process::{{closure}}::h33235f4f20b7b7c7
[INFO] [stdout]                                at /rustc/df4ca44d3fbc9301ee17f30f4d474e6ae4b05252/library/test/src/lib.rs:644:60
[INFO] [stdout]   48:     0x62cfd16418c7 - <core::panic::unwind_safe::AssertUnwindSafe<F> as core::ops::function::FnOnce<()>>::call_once::hb5043206310c586f
[INFO] [stdout]                                at /rustc/df4ca44d3fbc9301ee17f30f4d474e6ae4b05252/library/core/src/panic/unwind_safe.rs:272:9
[INFO] [stdout]   49:     0x62cfd16418c7 - std::panicking::try::do_call::h9ad4731a60ab23e2
[INFO] [stdout]                                at /rustc/df4ca44d3fbc9301ee17f30f4d474e6ae4b05252/library/std/src/panicking.rs:557:40
[INFO] [stdout]   50:     0x62cfd16418c7 - std::panicking::try::h3824d23db772a716
[INFO] [stdout]                                at /rustc/df4ca44d3fbc9301ee17f30f4d474e6ae4b05252/library/std/src/panicking.rs:520:19
[INFO] [stdout]   51:     0x62cfd16418c7 - std::panic::catch_unwind::h5afd514605fde46b
[INFO] [stdout]                                at /rustc/df4ca44d3fbc9301ee17f30f4d474e6ae4b05252/library/std/src/panic.rs:358:14
[INFO] [stdout]   52:     0x62cfd16418c7 - test::run_test_in_process::h0d5cbfa7067d1720
[INFO] [stdout]                                at /rustc/df4ca44d3fbc9301ee17f30f4d474e6ae4b05252/library/test/src/lib.rs:644:27
[INFO] [stdout]   53:     0x62cfd16418c7 - test::run_test::{{closure}}::h708eb8872708115d
[INFO] [stdout]                                at /rustc/df4ca44d3fbc9301ee17f30f4d474e6ae4b05252/library/test/src/lib.rs:565:43
[INFO] [stdout]   54:     0x62cfd1604fe4 - test::run_test::{{closure}}::h392c51cee94713ab
[INFO] [stdout]                                at /rustc/df4ca44d3fbc9301ee17f30f4d474e6ae4b05252/library/test/src/lib.rs:595:41
[INFO] [stdout]   55:     0x62cfd1604fe4 - std::sys::backtrace::__rust_begin_short_backtrace::h2f40290710935a8b
[INFO] [stdout]                                at /rustc/df4ca44d3fbc9301ee17f30f4d474e6ae4b05252/library/std/src/sys/backtrace.rs:154:18
[INFO] [stdout]   56:     0x62cfd160878e - std::thread::Builder::spawn_unchecked_::{{closure}}::{{closure}}::h3fd968d89053a903
[INFO] [stdout]                                at /rustc/df4ca44d3fbc9301ee17f30f4d474e6ae4b05252/library/std/src/thread/mod.rs:541:17
[INFO] [stdout]   57:     0x62cfd160878e - <core::panic::unwind_safe::AssertUnwindSafe<F> as core::ops::function::FnOnce<()>>::call_once::h743f637ba4229880
[INFO] [stdout]                                at /rustc/df4ca44d3fbc9301ee17f30f4d474e6ae4b05252/library/core/src/panic/unwind_safe.rs:272:9
[INFO] [stdout]   58:     0x62cfd160878e - std::panicking::try::do_call::h07440897322525a6
[INFO] [stdout]                                at /rustc/df4ca44d3fbc9301ee17f30f4d474e6ae4b05252/library/std/src/panicking.rs:557:40
[INFO] [stdout]   59:     0x62cfd160878e - std::panicking::try::he5a2e00188156637
[INFO] [stdout]                                at /rustc/df4ca44d3fbc9301ee17f30f4d474e6ae4b05252/library/std/src/panicking.rs:520:19
[INFO] [stdout]   60:     0x62cfd160878e - std::panic::catch_unwind::hbaf3cae49b3c6433
[INFO] [stdout]                                at /rustc/df4ca44d3fbc9301ee17f30f4d474e6ae4b05252/library/std/src/panic.rs:358:14
[INFO] [stdout]   61:     0x62cfd160878e - std::thread::Builder::spawn_unchecked_::{{closure}}::h8e141ea224820bce
[INFO] [stdout]                                at /rustc/df4ca44d3fbc9301ee17f30f4d474e6ae4b05252/library/std/src/thread/mod.rs:540:30
[INFO] [stdout]   62:     0x62cfd160878e - core::ops::function::FnOnce::call_once{{vtable.shim}}::h90d312fedd7b8ea8
[INFO] [stdout]                                at /rustc/df4ca44d3fbc9301ee17f30f4d474e6ae4b05252/library/core/src/ops/function.rs:250:5
[INFO] [stdout]   63:     0x62cfd171555b - <alloc::boxed::Box<F,A> as core::ops::function::FnOnce<Args>>::call_once::h69aa08ddb6adb8b6
[INFO] [stdout]                                at /rustc/df4ca44d3fbc9301ee17f30f4d474e6ae4b05252/library/alloc/src/boxed.rs:2454:9
[INFO] [stdout]   64:     0x62cfd171555b - <alloc::boxed::Box<F,A> as core::ops::function::FnOnce<Args>>::call_once::h5aa36efdb79c806f
[INFO] [stdout]                                at /rustc/df4ca44d3fbc9301ee17f30f4d474e6ae4b05252/library/alloc/src/boxed.rs:2454:9
[INFO] [stdout]   65:     0x62cfd171555b - std::sys::pal::unix::thread::Thread::new::thread_start::h6cd80a1b4be5158d
[INFO] [stdout]                                at /rustc/df4ca44d3fbc9301ee17f30f4d474e6ae4b05252/library/std/src/sys/pal/unix/thread.rs:105:17
[INFO] [stdout]   66:     0x73b84f10aac3 - <unknown>
[INFO] [stdout]   67:     0x73b84f19ba04 - clone
[INFO] [stdout]   68:                0x0 - <unknown>
[INFO] [stdout] 
[INFO] [stdout] 
[INFO] [stdout] failures:
[INFO] [stdout]     get_account_usdm
[INFO] [stdout] 
[INFO] [stdout] test result: FAILED. 1 passed; 1 failed; 0 ignored; 0 measured; 0 filtered out; finished in 0.02s
[INFO] [stdout] 
[INFO] [stderr] error: test failed, to rerun pass `--test account`
[INFO] running `Command { std: "docker" "inspect" "aa606258f6c1f49dddc802da8251dba0c628dc10ea585e026b45df142c69572c", kill_on_drop: false }`
[INFO] running `Command { std: "docker" "rm" "-f" "aa606258f6c1f49dddc802da8251dba0c628dc10ea585e026b45df142c69572c", kill_on_drop: false }`
[INFO] [stdout] aa606258f6c1f49dddc802da8251dba0c628dc10ea585e026b45df142c69572c
