[INFO] fetching crate bumpalo_try 0.1.0...
[INFO] testing bumpalo_try-0.1.0 against nightly-2024-10-28+rustflags=-Zrandomize-layout for randomize-layout
[INFO] extracting crate bumpalo_try 0.1.0 into /workspace/builds/worker-7-tc2/source
[INFO] validating manifest of crates.io crate bumpalo_try 0.1.0 on toolchain nightly-2024-10-28
[INFO] running `Command { std: CARGO_HOME="/workspace/cargo-home" RUSTUP_HOME="/workspace/rustup-home" "/workspace/cargo-home/bin/cargo" "+nightly-2024-10-28" "metadata" "--manifest-path" "Cargo.toml" "--no-deps", kill_on_drop: false }`
[INFO] started tweaking crates.io crate bumpalo_try 0.1.0
[INFO] finished tweaking crates.io crate bumpalo_try 0.1.0
[INFO] tweaked toml for crates.io crate bumpalo_try 0.1.0 written to /workspace/builds/worker-7-tc2/source/Cargo.toml
[INFO] running `Command { std: CARGO_HOME="/workspace/cargo-home" RUSTUP_HOME="/workspace/rustup-home" "/workspace/cargo-home/bin/cargo" "+nightly-2024-10-28" "generate-lockfile" "--manifest-path" "Cargo.toml", kill_on_drop: false }`
[INFO] [stderr]     Updating crates.io index
[INFO] [stderr]      Locking 1 package to latest compatible version
[INFO] running `Command { std: CARGO_HOME="/workspace/cargo-home" RUSTUP_HOME="/workspace/rustup-home" "/workspace/cargo-home/bin/cargo" "+nightly-2024-10-28" "fetch" "--manifest-path" "Cargo.toml", kill_on_drop: false }`
[INFO] running `Command { std: "docker" "create" "-v" "/var/lib/crater-agent-workspace/builds/worker-7-tc2/target:/opt/rustwide/target:rw,Z" "-v" "/var/lib/crater-agent-workspace/builds/worker-7-tc2/source:/opt/rustwide/workdir:ro,Z" "-v" "/var/lib/crater-agent-workspace/cargo-home:/opt/rustwide/cargo-home:ro,Z" "-v" "/var/lib/crater-agent-workspace/rustup-home:/opt/rustwide/rustup-home:ro,Z" "-e" "SOURCE_DIR=/opt/rustwide/workdir" "-e" "CARGO_TARGET_DIR=/opt/rustwide/target" "-e" "CARGO_HOME=/opt/rustwide/cargo-home" "-e" "RUSTUP_HOME=/opt/rustwide/rustup-home" "-w" "/opt/rustwide/workdir" "-m" "1610612736" "--user" "0:0" "--network" "none" "ghcr.io/rust-lang/crates-build-env/linux@sha256:4a844ea9eb2546a2d2c7022eacef16ef2e8229c7fbb2c7d4d55a9ceca922f72d" "/opt/rustwide/cargo-home/bin/cargo" "+nightly-2024-10-28" "metadata" "--no-deps" "--format-version=1", kill_on_drop: false }`
[INFO] [stdout] ee3a7c3f42db1f9f222462c682de76fc789f6637a46f6e2289ec565c5be650a9
[INFO] running `Command { std: "docker" "start" "-a" "ee3a7c3f42db1f9f222462c682de76fc789f6637a46f6e2289ec565c5be650a9", kill_on_drop: false }`
[INFO] running `Command { std: "docker" "inspect" "ee3a7c3f42db1f9f222462c682de76fc789f6637a46f6e2289ec565c5be650a9", kill_on_drop: false }`
[INFO] running `Command { std: "docker" "rm" "-f" "ee3a7c3f42db1f9f222462c682de76fc789f6637a46f6e2289ec565c5be650a9", kill_on_drop: false }`
[INFO] [stdout] ee3a7c3f42db1f9f222462c682de76fc789f6637a46f6e2289ec565c5be650a9
[INFO] running `Command { std: "docker" "create" "-v" "/var/lib/crater-agent-workspace/builds/worker-7-tc2/target:/opt/rustwide/target:rw,Z" "-v" "/var/lib/crater-agent-workspace/builds/worker-7-tc2/source:/opt/rustwide/workdir:ro,Z" "-v" "/var/lib/crater-agent-workspace/cargo-home:/opt/rustwide/cargo-home:ro,Z" "-v" "/var/lib/crater-agent-workspace/rustup-home:/opt/rustwide/rustup-home:ro,Z" "-e" "SOURCE_DIR=/opt/rustwide/workdir" "-e" "CARGO_TARGET_DIR=/opt/rustwide/target" "-e" "CARGO_INCREMENTAL=0" "-e" "RUST_BACKTRACE=full" "-e" "RUSTFLAGS=--cap-lints=forbid -Zrandomize-layout" "-e" "RUSTDOCFLAGS=--cap-lints=forbid" "-e" "CARGO_HOME=/opt/rustwide/cargo-home" "-e" "RUSTUP_HOME=/opt/rustwide/rustup-home" "-w" "/opt/rustwide/workdir" "-m" "1610612736" "--user" "0:0" "--network" "none" "ghcr.io/rust-lang/crates-build-env/linux@sha256:4a844ea9eb2546a2d2c7022eacef16ef2e8229c7fbb2c7d4d55a9ceca922f72d" "/opt/rustwide/cargo-home/bin/cargo" "+nightly-2024-10-28" "build" "--frozen" "--message-format=json", kill_on_drop: false }`
[INFO] [stdout] 73ee2af8a424db71591d7b82a68a43a486f882dbec13ee9a0ce2de48fbc406d5
[INFO] running `Command { std: "docker" "start" "-a" "73ee2af8a424db71591d7b82a68a43a486f882dbec13ee9a0ce2de48fbc406d5", kill_on_drop: false }`
[INFO] [stderr]    Compiling bumpalo v3.16.0
[INFO] [stderr]    Compiling bumpalo_try v0.1.0 (/opt/rustwide/workdir)
[INFO] [stderr]     Finished `dev` profile [unoptimized + debuginfo] target(s) in 0.26s
[INFO] running `Command { std: "docker" "inspect" "73ee2af8a424db71591d7b82a68a43a486f882dbec13ee9a0ce2de48fbc406d5", kill_on_drop: false }`
[INFO] running `Command { std: "docker" "rm" "-f" "73ee2af8a424db71591d7b82a68a43a486f882dbec13ee9a0ce2de48fbc406d5", kill_on_drop: false }`
[INFO] [stdout] 73ee2af8a424db71591d7b82a68a43a486f882dbec13ee9a0ce2de48fbc406d5
[INFO] running `Command { std: "docker" "create" "-v" "/var/lib/crater-agent-workspace/builds/worker-7-tc2/target:/opt/rustwide/target:rw,Z" "-v" "/var/lib/crater-agent-workspace/builds/worker-7-tc2/source:/opt/rustwide/workdir:ro,Z" "-v" "/var/lib/crater-agent-workspace/cargo-home:/opt/rustwide/cargo-home:ro,Z" "-v" "/var/lib/crater-agent-workspace/rustup-home:/opt/rustwide/rustup-home:ro,Z" "-e" "SOURCE_DIR=/opt/rustwide/workdir" "-e" "CARGO_TARGET_DIR=/opt/rustwide/target" "-e" "CARGO_INCREMENTAL=0" "-e" "RUST_BACKTRACE=full" "-e" "RUSTFLAGS=--cap-lints=forbid -Zrandomize-layout" "-e" "RUSTDOCFLAGS=--cap-lints=forbid" "-e" "CARGO_HOME=/opt/rustwide/cargo-home" "-e" "RUSTUP_HOME=/opt/rustwide/rustup-home" "-w" "/opt/rustwide/workdir" "-m" "1610612736" "--user" "0:0" "--network" "none" "ghcr.io/rust-lang/crates-build-env/linux@sha256:4a844ea9eb2546a2d2c7022eacef16ef2e8229c7fbb2c7d4d55a9ceca922f72d" "/opt/rustwide/cargo-home/bin/cargo" "+nightly-2024-10-28" "test" "--frozen" "--no-run" "--message-format=json", kill_on_drop: false }`
[INFO] [stdout] 9df49d5e26422a09bddecc1768f7be4220b9123e9eadf158f837f493524224b7
[INFO] running `Command { std: "docker" "start" "-a" "9df49d5e26422a09bddecc1768f7be4220b9123e9eadf158f837f493524224b7", kill_on_drop: false }`
[INFO] [stderr]    Compiling bumpalo_try v0.1.0 (/opt/rustwide/workdir)
[INFO] [stderr]     Finished `test` profile [unoptimized + debuginfo] target(s) in 0.21s
[INFO] running `Command { std: "docker" "inspect" "9df49d5e26422a09bddecc1768f7be4220b9123e9eadf158f837f493524224b7", kill_on_drop: false }`
[INFO] running `Command { std: "docker" "rm" "-f" "9df49d5e26422a09bddecc1768f7be4220b9123e9eadf158f837f493524224b7", kill_on_drop: false }`
[INFO] [stdout] 9df49d5e26422a09bddecc1768f7be4220b9123e9eadf158f837f493524224b7
[INFO] running `Command { std: "docker" "create" "-v" "/var/lib/crater-agent-workspace/builds/worker-7-tc2/target:/opt/rustwide/target:rw,Z" "-v" "/var/lib/crater-agent-workspace/builds/worker-7-tc2/source:/opt/rustwide/workdir:ro,Z" "-v" "/var/lib/crater-agent-workspace/cargo-home:/opt/rustwide/cargo-home:ro,Z" "-v" "/var/lib/crater-agent-workspace/rustup-home:/opt/rustwide/rustup-home:ro,Z" "-e" "SOURCE_DIR=/opt/rustwide/workdir" "-e" "CARGO_TARGET_DIR=/opt/rustwide/target" "-e" "CARGO_INCREMENTAL=0" "-e" "RUST_BACKTRACE=full" "-e" "RUSTFLAGS=--cap-lints=forbid -Zrandomize-layout" "-e" "RUSTDOCFLAGS=--cap-lints=forbid" "-e" "CARGO_HOME=/opt/rustwide/cargo-home" "-e" "RUSTUP_HOME=/opt/rustwide/rustup-home" "-w" "/opt/rustwide/workdir" "-m" "1610612736" "--user" "0:0" "--network" "none" "ghcr.io/rust-lang/crates-build-env/linux@sha256:4a844ea9eb2546a2d2c7022eacef16ef2e8229c7fbb2c7d4d55a9ceca922f72d" "/opt/rustwide/cargo-home/bin/cargo" "+nightly-2024-10-28" "test" "--frozen", kill_on_drop: false }`
[INFO] [stdout] 972dc9dabc2e873e69125e8a7f7327bac05af346bffc8b13f0dfde57507e8485
[INFO] running `Command { std: "docker" "start" "-a" "972dc9dabc2e873e69125e8a7f7327bac05af346bffc8b13f0dfde57507e8485", kill_on_drop: false }`
[INFO] [stderr]     Finished `test` profile [unoptimized + debuginfo] target(s) in 0.01s
[INFO] [stderr]      Running unittests src/lib.rs (/opt/rustwide/target/debug/deps/bumpalo_try-320e74b6d12fdac7)
[INFO] [stdout] 
[INFO] [stdout] running 0 tests
[INFO] [stdout] 
[INFO] [stdout] test result: ok. 0 passed; 0 failed; 0 ignored; 0 measured; 0 filtered out; finished in 0.00s
[INFO] [stdout] 
[INFO] [stderr]    Doc-tests bumpalo_try
[INFO] [stdout] 
[INFO] [stdout] running 8 tests
[INFO] [stdout] test src/lib.rs - BumpaloExtend::alloc_slice_fill_iter_option (line 115) ... FAILED
[INFO] [stdout] test src/lib.rs - BumpaloExtend::alloc_slice_fill_with_result (line 25) ... ok
[INFO] [stdout] test src/lib.rs - BumpaloExtend::alloc_slice_fill_iter_result (line 80) ... ok
[INFO] [stdout] test src/lib.rs - BumpaloExtend::alloc_slice_fill_iter_result (line 87) ... ok
[INFO] [stdout] test src/lib.rs - BumpaloExtend::alloc_slice_fill_with_option (line 54) ... ok
[INFO] [stdout] test src/lib.rs - BumpaloExtend::alloc_slice_fill_with_option (line 47) ... ok
[INFO] [stdout] test src/lib.rs - BumpaloExtend::alloc_slice_fill_with_result (line 18) ... ok
[INFO] [stdout] test src/lib.rs - BumpaloExtend::alloc_slice_fill_iter_option (line 122) ... ok
[INFO] [stdout] 
[INFO] [stdout] failures:
[INFO] [stdout] 
[INFO] [stdout] ---- src/lib.rs - BumpaloExtend::alloc_slice_fill_iter_option (line 115) stdout ----
[INFO] [stdout] error[E0689]: can't call method `checked_pow` on ambiguous numeric type `{integer}`
[INFO] [stdout]  --> src/lib.rs:119:99
[INFO] [stdout]   |
[INFO] [stdout] 7 | let x: Option<&mut [i32]> = bump.alloc_slice_fill_iter_option([2, 3, 5].iter().cloned().map(|i| i.checked_pow(2)));
[INFO] [stdout]   |                                                                                              -    ^^^^^^^^^^^
[INFO] [stdout]   |                                                                                              |
[INFO] [stdout]   |                                                                                              you must specify a type for this binding, like `i32`
[INFO] [stdout] 
[INFO] [stdout] error: aborting due to 1 previous error
[INFO] [stdout] 
[INFO] [stdout] For more information about this error, try `rustc --explain E0689`.
[INFO] [stdout] Couldn't compile the test.
[INFO] [stdout] 
[INFO] [stdout] failures:
[INFO] [stdout]     src/lib.rs - BumpaloExtend::alloc_slice_fill_iter_option (line 115)
[INFO] [stdout] 
[INFO] [stdout] test result: FAILED. 7 passed; 1 failed; 0 ignored; 0 measured; 0 filtered out; finished in 0.51s
[INFO] [stdout] 
[INFO] [stderr] error: doctest failed, to rerun pass `--doc`
[INFO] running `Command { std: "docker" "inspect" "972dc9dabc2e873e69125e8a7f7327bac05af346bffc8b13f0dfde57507e8485", kill_on_drop: false }`
[INFO] running `Command { std: "docker" "rm" "-f" "972dc9dabc2e873e69125e8a7f7327bac05af346bffc8b13f0dfde57507e8485", kill_on_drop: false }`
[INFO] [stdout] 972dc9dabc2e873e69125e8a7f7327bac05af346bffc8b13f0dfde57507e8485
