[INFO] fetching crate breakpad 0.1.0...
[INFO] testing breakpad-0.1.0 against nightly-2024-10-28+rustflags=-Zrandomize-layout for randomize-layout
[INFO] extracting crate breakpad 0.1.0 into /workspace/builds/worker-0-tc2/source
[INFO] validating manifest of crates.io crate breakpad 0.1.0 on toolchain nightly-2024-10-28
[INFO] running `Command { std: CARGO_HOME="/workspace/cargo-home" RUSTUP_HOME="/workspace/rustup-home" "/workspace/cargo-home/bin/cargo" "+nightly-2024-10-28" "metadata" "--manifest-path" "Cargo.toml" "--no-deps", kill_on_drop: false }`
[INFO] started tweaking crates.io crate breakpad 0.1.0
[INFO] finished tweaking crates.io crate breakpad 0.1.0
[INFO] tweaked toml for crates.io crate breakpad 0.1.0 written to /workspace/builds/worker-0-tc2/source/Cargo.toml
[INFO] running `Command { std: CARGO_HOME="/workspace/cargo-home" RUSTUP_HOME="/workspace/rustup-home" "/workspace/cargo-home/bin/cargo" "+nightly-2024-10-28" "generate-lockfile" "--manifest-path" "Cargo.toml", kill_on_drop: false }`
[INFO] [stderr]     Updating crates.io index
[INFO] [stderr]      Locking 22 packages to latest compatible versions
[INFO] [stderr]       Adding difference v1.0.0 (available: v2.0.0)
[INFO] [stderr]       Adding error-chain v0.11.0 (available: v0.12.4)
[INFO] [stderr]       Adding uuid v0.5.1 (available: v1.11.0)
[INFO] running `Command { std: CARGO_HOME="/workspace/cargo-home" RUSTUP_HOME="/workspace/rustup-home" "/workspace/cargo-home/bin/cargo" "+nightly-2024-10-28" "fetch" "--manifest-path" "Cargo.toml", kill_on_drop: false }`
[INFO] [stderr] warning: no edition set: defaulting to the 2015 edition while the latest is 2021
[INFO] running `Command { std: "docker" "create" "-v" "/var/lib/crater-agent-workspace/builds/worker-0-tc2/target:/opt/rustwide/target:rw,Z" "-v" "/var/lib/crater-agent-workspace/builds/worker-0-tc2/source:/opt/rustwide/workdir:ro,Z" "-v" "/var/lib/crater-agent-workspace/cargo-home:/opt/rustwide/cargo-home:ro,Z" "-v" "/var/lib/crater-agent-workspace/rustup-home:/opt/rustwide/rustup-home:ro,Z" "-e" "SOURCE_DIR=/opt/rustwide/workdir" "-e" "CARGO_TARGET_DIR=/opt/rustwide/target" "-e" "CARGO_HOME=/opt/rustwide/cargo-home" "-e" "RUSTUP_HOME=/opt/rustwide/rustup-home" "-w" "/opt/rustwide/workdir" "-m" "1610612736" "--user" "0:0" "--network" "none" "ghcr.io/rust-lang/crates-build-env/linux@sha256:4a844ea9eb2546a2d2c7022eacef16ef2e8229c7fbb2c7d4d55a9ceca922f72d" "/opt/rustwide/cargo-home/bin/cargo" "+nightly-2024-10-28" "metadata" "--no-deps" "--format-version=1", kill_on_drop: false }`
[INFO] [stdout] f08699b04543d6b73be3b6d9f03445b693c3f4d982b98e881db9f3550b9d8ba5
[INFO] running `Command { std: "docker" "start" "-a" "f08699b04543d6b73be3b6d9f03445b693c3f4d982b98e881db9f3550b9d8ba5", kill_on_drop: false }`
[INFO] running `Command { std: "docker" "inspect" "f08699b04543d6b73be3b6d9f03445b693c3f4d982b98e881db9f3550b9d8ba5", kill_on_drop: false }`
[INFO] running `Command { std: "docker" "rm" "-f" "f08699b04543d6b73be3b6d9f03445b693c3f4d982b98e881db9f3550b9d8ba5", kill_on_drop: false }`
[INFO] [stdout] f08699b04543d6b73be3b6d9f03445b693c3f4d982b98e881db9f3550b9d8ba5
[INFO] running `Command { std: "docker" "create" "-v" "/var/lib/crater-agent-workspace/builds/worker-0-tc2/target:/opt/rustwide/target:rw,Z" "-v" "/var/lib/crater-agent-workspace/builds/worker-0-tc2/source:/opt/rustwide/workdir:ro,Z" "-v" "/var/lib/crater-agent-workspace/cargo-home:/opt/rustwide/cargo-home:ro,Z" "-v" "/var/lib/crater-agent-workspace/rustup-home:/opt/rustwide/rustup-home:ro,Z" "-e" "SOURCE_DIR=/opt/rustwide/workdir" "-e" "CARGO_TARGET_DIR=/opt/rustwide/target" "-e" "CARGO_INCREMENTAL=0" "-e" "RUST_BACKTRACE=full" "-e" "RUSTFLAGS=--cap-lints=forbid -Zrandomize-layout" "-e" "RUSTDOCFLAGS=--cap-lints=forbid" "-e" "CARGO_HOME=/opt/rustwide/cargo-home" "-e" "RUSTUP_HOME=/opt/rustwide/rustup-home" "-w" "/opt/rustwide/workdir" "-m" "1610612736" "--user" "0:0" "--network" "none" "ghcr.io/rust-lang/crates-build-env/linux@sha256:4a844ea9eb2546a2d2c7022eacef16ef2e8229c7fbb2c7d4d55a9ceca922f72d" "/opt/rustwide/cargo-home/bin/cargo" "+nightly-2024-10-28" "build" "--frozen" "--message-format=json", kill_on_drop: false }`
[INFO] [stdout] 2c88b368c2a0ffbf0f7122a69f06e0bc2b35e9f782416546c0a2ed15f55949a8
[INFO] running `Command { std: "docker" "start" "-a" "2c88b368c2a0ffbf0f7122a69f06e0bc2b35e9f782416546c0a2ed15f55949a8", kill_on_drop: false }`
[INFO] [stderr] warning: no edition set: defaulting to the 2015 edition while the latest is 2021
[INFO] [stderr]    Compiling libc v0.2.161
[INFO] [stderr]    Compiling adler2 v2.0.0
[INFO] [stderr]    Compiling memchr v2.7.4
[INFO] [stderr]    Compiling gimli v0.31.1
[INFO] [stderr]    Compiling rustc-demangle v0.1.24
[INFO] [stderr]    Compiling breakpad v0.1.0 (/opt/rustwide/workdir)
[INFO] [stderr]    Compiling uuid v0.5.1
[INFO] [stderr]    Compiling miniz_oxide v0.8.0
[INFO] [stderr]    Compiling object v0.36.5
[INFO] [stderr]    Compiling addr2line v0.24.2
[INFO] [stderr]    Compiling backtrace v0.3.74
[INFO] [stderr]    Compiling error-chain v0.11.0
[INFO] [stdout] warning: use of deprecated method `std::error::Error::description`: use the Display impl or to_string()
[INFO] [stdout]   --> src/errors.rs:3:1
[INFO] [stdout]    |
[INFO] [stdout] 3  | / error_chain! {
[INFO] [stdout] 4  | |     foreign_links {
[INFO] [stdout] 5  | |         IoError(::std::io::Error);
[INFO] [stdout] 6  | |         UuidParseError(::uuid::ParseError);
[INFO] [stdout] ...  |
[INFO] [stdout] 28 | |     }
[INFO] [stdout] 29 | | }
[INFO] [stdout]    | |_^
[INFO] [stdout]    |
[INFO] [stdout]    = note: `#[warn(deprecated)]` on by default
[INFO] [stdout]    = note: this warning originates in the macro `impl_error_chain_processed` which comes from the expansion of the macro `error_chain` (in Nightly builds, run with -Z macro-backtrace for more info)
[INFO] [stdout] 
[INFO] [stdout] 
[INFO] [stdout] warning: use of deprecated method `std::error::Error::cause`: replaced by Error::source, which can support downcasting
[INFO] [stdout]   --> src/errors.rs:3:1
[INFO] [stdout]    |
[INFO] [stdout] 3  | / error_chain! {
[INFO] [stdout] 4  | |     foreign_links {
[INFO] [stdout] 5  | |         IoError(::std::io::Error);
[INFO] [stdout] 6  | |         UuidParseError(::uuid::ParseError);
[INFO] [stdout] ...  |
[INFO] [stdout] 28 | |     }
[INFO] [stdout] 29 | | }
[INFO] [stdout]    | |_^
[INFO] [stdout]    |
[INFO] [stdout]    = note: this warning originates in the macro `impl_error_chain_processed` which comes from the expansion of the macro `error_chain` (in Nightly builds, run with -Z macro-backtrace for more info)
[INFO] [stdout] 
[INFO] [stdout] 
[INFO] [stderr]     Finished `dev` profile [unoptimized + debuginfo] target(s) in 8.45s
[INFO] running `Command { std: "docker" "inspect" "2c88b368c2a0ffbf0f7122a69f06e0bc2b35e9f782416546c0a2ed15f55949a8", kill_on_drop: false }`
[INFO] running `Command { std: "docker" "rm" "-f" "2c88b368c2a0ffbf0f7122a69f06e0bc2b35e9f782416546c0a2ed15f55949a8", kill_on_drop: false }`
[INFO] [stdout] 2c88b368c2a0ffbf0f7122a69f06e0bc2b35e9f782416546c0a2ed15f55949a8
[INFO] running `Command { std: "docker" "create" "-v" "/var/lib/crater-agent-workspace/builds/worker-0-tc2/target:/opt/rustwide/target:rw,Z" "-v" "/var/lib/crater-agent-workspace/builds/worker-0-tc2/source:/opt/rustwide/workdir:ro,Z" "-v" "/var/lib/crater-agent-workspace/cargo-home:/opt/rustwide/cargo-home:ro,Z" "-v" "/var/lib/crater-agent-workspace/rustup-home:/opt/rustwide/rustup-home:ro,Z" "-e" "SOURCE_DIR=/opt/rustwide/workdir" "-e" "CARGO_TARGET_DIR=/opt/rustwide/target" "-e" "CARGO_INCREMENTAL=0" "-e" "RUST_BACKTRACE=full" "-e" "RUSTFLAGS=--cap-lints=forbid -Zrandomize-layout" "-e" "RUSTDOCFLAGS=--cap-lints=forbid" "-e" "CARGO_HOME=/opt/rustwide/cargo-home" "-e" "RUSTUP_HOME=/opt/rustwide/rustup-home" "-w" "/opt/rustwide/workdir" "-m" "1610612736" "--user" "0:0" "--network" "none" "ghcr.io/rust-lang/crates-build-env/linux@sha256:4a844ea9eb2546a2d2c7022eacef16ef2e8229c7fbb2c7d4d55a9ceca922f72d" "/opt/rustwide/cargo-home/bin/cargo" "+nightly-2024-10-28" "test" "--frozen" "--no-run" "--message-format=json", kill_on_drop: false }`
[INFO] [stdout] c9eb41c95d40c4c7d8a7f8f110fe7c2f90e93080ff1b75999fdc92bf8c7c00fc
[INFO] running `Command { std: "docker" "start" "-a" "c9eb41c95d40c4c7d8a7f8f110fe7c2f90e93080ff1b75999fdc92bf8c7c00fc", kill_on_drop: false }`
[INFO] [stderr] warning: no edition set: defaulting to the 2015 edition while the latest is 2021
[INFO] [stderr]    Compiling difference v1.0.0
[INFO] [stdout] warning: use of deprecated method `std::error::Error::description`: use the Display impl or to_string()
[INFO] [stdout]   --> src/errors.rs:3:1
[INFO] [stdout]    |
[INFO] [stdout] 3  | / error_chain! {
[INFO] [stdout] 4  | |     foreign_links {
[INFO] [stdout] 5  | |         IoError(::std::io::Error);
[INFO] [stdout] 6  | |         UuidParseError(::uuid::ParseError);
[INFO] [stdout] ...  |
[INFO] [stdout] 28 | |     }
[INFO] [stdout] 29 | | }
[INFO] [stdout]    | |_^
[INFO] [stdout]    |
[INFO] [stdout]    = note: `#[warn(deprecated)]` on by default
[INFO] [stdout]    = note: this warning originates in the macro `impl_error_chain_processed` which comes from the expansion of the macro `error_chain` (in Nightly builds, run with -Z macro-backtrace for more info)
[INFO] [stdout] 
[INFO] [stdout] 
[INFO] [stdout] warning: use of deprecated method `std::error::Error::cause`: replaced by Error::source, which can support downcasting
[INFO] [stdout]   --> src/errors.rs:3:1
[INFO] [stdout]    |
[INFO] [stdout] 3  | / error_chain! {
[INFO] [stdout] 4  | |     foreign_links {
[INFO] [stdout] 5  | |         IoError(::std::io::Error);
[INFO] [stdout] 6  | |         UuidParseError(::uuid::ParseError);
[INFO] [stdout] ...  |
[INFO] [stdout] 28 | |     }
[INFO] [stdout] 29 | | }
[INFO] [stdout]    | |_^
[INFO] [stdout]    |
[INFO] [stdout]    = note: this warning originates in the macro `impl_error_chain_processed` which comes from the expansion of the macro `error_chain` (in Nightly builds, run with -Z macro-backtrace for more info)
[INFO] [stdout] 
[INFO] [stdout] 
[INFO] [stderr]    Compiling breakpad v0.1.0 (/opt/rustwide/workdir)
[INFO] [stdout] warning: use of deprecated method `std::error::Error::description`: use the Display impl or to_string()
[INFO] [stdout]   --> src/errors.rs:3:1
[INFO] [stdout]    |
[INFO] [stdout] 3  | / error_chain! {
[INFO] [stdout] 4  | |     foreign_links {
[INFO] [stdout] 5  | |         IoError(::std::io::Error);
[INFO] [stdout] 6  | |         UuidParseError(::uuid::ParseError);
[INFO] [stdout] ...  |
[INFO] [stdout] 28 | |     }
[INFO] [stdout] 29 | | }
[INFO] [stdout]    | |_^
[INFO] [stdout]    |
[INFO] [stdout]    = note: `#[warn(deprecated)]` on by default
[INFO] [stdout]    = note: this warning originates in the macro `impl_error_chain_processed` which comes from the expansion of the macro `error_chain` (in Nightly builds, run with -Z macro-backtrace for more info)
[INFO] [stdout] 
[INFO] [stdout] 
[INFO] [stdout] warning: use of deprecated method `std::error::Error::cause`: replaced by Error::source, which can support downcasting
[INFO] [stdout]   --> src/errors.rs:3:1
[INFO] [stdout]    |
[INFO] [stdout] 3  | / error_chain! {
[INFO] [stdout] 4  | |     foreign_links {
[INFO] [stdout] 5  | |         IoError(::std::io::Error);
[INFO] [stdout] 6  | |         UuidParseError(::uuid::ParseError);
[INFO] [stdout] ...  |
[INFO] [stdout] 28 | |     }
[INFO] [stdout] 29 | | }
[INFO] [stdout]    | |_^
[INFO] [stdout]    |
[INFO] [stdout]    = note: this warning originates in the macro `impl_error_chain_processed` which comes from the expansion of the macro `error_chain` (in Nightly builds, run with -Z macro-backtrace for more info)
[INFO] [stdout] 
[INFO] [stdout] 
[INFO] [stderr]     Finished `test` profile [unoptimized + debuginfo] target(s) in 0.53s
[INFO] running `Command { std: "docker" "inspect" "c9eb41c95d40c4c7d8a7f8f110fe7c2f90e93080ff1b75999fdc92bf8c7c00fc", kill_on_drop: false }`
[INFO] running `Command { std: "docker" "rm" "-f" "c9eb41c95d40c4c7d8a7f8f110fe7c2f90e93080ff1b75999fdc92bf8c7c00fc", kill_on_drop: false }`
[INFO] [stdout] c9eb41c95d40c4c7d8a7f8f110fe7c2f90e93080ff1b75999fdc92bf8c7c00fc
[INFO] running `Command { std: "docker" "create" "-v" "/var/lib/crater-agent-workspace/builds/worker-0-tc2/target:/opt/rustwide/target:rw,Z" "-v" "/var/lib/crater-agent-workspace/builds/worker-0-tc2/source:/opt/rustwide/workdir:ro,Z" "-v" "/var/lib/crater-agent-workspace/cargo-home:/opt/rustwide/cargo-home:ro,Z" "-v" "/var/lib/crater-agent-workspace/rustup-home:/opt/rustwide/rustup-home:ro,Z" "-e" "SOURCE_DIR=/opt/rustwide/workdir" "-e" "CARGO_TARGET_DIR=/opt/rustwide/target" "-e" "CARGO_INCREMENTAL=0" "-e" "RUST_BACKTRACE=full" "-e" "RUSTFLAGS=--cap-lints=forbid -Zrandomize-layout" "-e" "RUSTDOCFLAGS=--cap-lints=forbid" "-e" "CARGO_HOME=/opt/rustwide/cargo-home" "-e" "RUSTUP_HOME=/opt/rustwide/rustup-home" "-w" "/opt/rustwide/workdir" "-m" "1610612736" "--user" "0:0" "--network" "none" "ghcr.io/rust-lang/crates-build-env/linux@sha256:4a844ea9eb2546a2d2c7022eacef16ef2e8229c7fbb2c7d4d55a9ceca922f72d" "/opt/rustwide/cargo-home/bin/cargo" "+nightly-2024-10-28" "test" "--frozen", kill_on_drop: false }`
[INFO] [stdout] 7c3ba4067cd648a7e0b7ac93b40b01c332166e2f0ee6bee55714c354edfed2ea
[INFO] running `Command { std: "docker" "start" "-a" "7c3ba4067cd648a7e0b7ac93b40b01c332166e2f0ee6bee55714c354edfed2ea", kill_on_drop: false }`
[INFO] [stderr] warning: no edition set: defaulting to the 2015 edition while the latest is 2021
[INFO] [stderr] warning: use of deprecated method `std::error::Error::description`: use the Display impl or to_string()
[INFO] [stderr]   --> src/errors.rs:3:1
[INFO] [stderr]    |
[INFO] [stderr] 3  | / error_chain! {
[INFO] [stderr] 4  | |     foreign_links {
[INFO] [stderr] 5  | |         IoError(::std::io::Error);
[INFO] [stderr] 6  | |         UuidParseError(::uuid::ParseError);
[INFO] [stderr] ...  |
[INFO] [stderr] 28 | |     }
[INFO] [stderr] 29 | | }
[INFO] [stderr]    | |_^
[INFO] [stderr]    |
[INFO] [stderr]    = note: `#[warn(deprecated)]` on by default
[INFO] [stderr]    = note: this warning originates in the macro `impl_error_chain_processed` which comes from the expansion of the macro `error_chain` (in Nightly builds, run with -Z macro-backtrace for more info)
[INFO] [stderr] 
[INFO] [stderr] warning: use of deprecated method `std::error::Error::cause`: replaced by Error::source, which can support downcasting
[INFO] [stderr]   --> src/errors.rs:3:1
[INFO] [stderr]    |
[INFO] [stderr] 3  | / error_chain! {
[INFO] [stderr] 4  | |     foreign_links {
[INFO] [stderr] 5  | |         IoError(::std::io::Error);
[INFO] [stderr] 6  | |         UuidParseError(::uuid::ParseError);
[INFO] [stderr] ...  |
[INFO] [stderr] 28 | |     }
[INFO] [stderr] 29 | | }
[INFO] [stderr]    | |_^
[INFO] [stderr]    |
[INFO] [stderr]    = note: this warning originates in the macro `impl_error_chain_processed` which comes from the expansion of the macro `error_chain` (in Nightly builds, run with -Z macro-backtrace for more info)
[INFO] [stderr] 
[INFO] [stderr] warning: `breakpad` (lib) generated 2 warnings
[INFO] [stderr] warning: `breakpad` (lib test) generated 2 warnings (2 duplicates)
[INFO] [stderr]     Finished `test` profile [unoptimized + debuginfo] target(s) in 0.02s
[INFO] [stderr]      Running unittests src/lib.rs (/opt/rustwide/target/debug/deps/breakpad-279d67ccac459644)
[INFO] [stdout] 
[INFO] [stdout] running 3 tests
[INFO] [stdout] test processor::test_parse ... ok
[INFO] [stdout] test processor::test_to_string ... ok
[INFO] [stdout] test processor::test_parse_error ... ok
[INFO] [stdout] 
[INFO] [stdout] test result: ok. 3 passed; 0 failed; 0 ignored; 0 measured; 0 filtered out; finished in 0.11s
[INFO] [stdout] 
[INFO] [stderr]      Running tests/processor.rs (/opt/rustwide/target/debug/deps/processor-d82be41dd07780b6)
[INFO] [stdout] 
[INFO] [stdout] running 4 tests
[INFO] [stdout] test obtain_referenced_modules ... FAILED
[INFO] [stdout] test get_minidump_process_state_cfi ... FAILED
[INFO] [stdout] test process_minidump_from_buffer ... FAILED
[INFO] [stdout] test process_minidump_from_path ... FAILED
[INFO] [stdout] 
[INFO] [stdout] failures:
[INFO] [stdout] 
[INFO] [stdout] ---- obtain_referenced_modules stdout ----
[INFO] [stdout] thread 'obtain_referenced_modules' panicked at tests/common/mod.rs:52:5:
[INFO] [stdout] Value does not match stored snapshot referenced_modules.txt:
[INFO] [stdout] 
[INFO] [stdout] {
[INFO] [stdout]     CodeModule {
[INFO] [stdout]         id: CodeModuleId {
[INFO] [stdout]             uuid: Uuid("dfb8e43a-f242-3d73-a453-aeb6a777ef75"),
[INFO] [stdout] [91m            age: 0[0m
[INFO] [stdout] [92m            age: 0,[0m
[INFO] [stdout]         },
[INFO] [stdout]         base_address: 4554190848,
[INFO] [stdout]         size: 176128,
[INFO] [stdout]         code_file: "/Users/jauer/Coding/breakpad/examples/./target/crash_macos",
[INFO] [stdout]         code_identifier: "id",
[INFO] [stdout]         debug_file: "crash_macos",
[INFO] [stdout] [91m        debug_identifier: "DFB8E43AF2423D73A453AEB6A777EF750"
[INFO] [stdout]     }[0m
[INFO] [stdout] [92m        debug_identifier: "DFB8E43AF2423D73A453AEB6A777EF750",
[INFO] [stdout]     },[0m
[INFO] [stdout] }
[INFO] [stdout] 
[INFO] [stdout] stack backtrace:
[INFO] [stdout]    0:     0x6474c1f6b99a - std::backtrace_rs::backtrace::libunwind::trace::h207520d6e9873551
[INFO] [stdout]                                at /rustc/df4ca44d3fbc9301ee17f30f4d474e6ae4b05252/library/std/src/../../backtrace/src/backtrace/libunwind.rs:116:5
[INFO] [stdout]    1:     0x6474c1f6b99a - std::backtrace_rs::backtrace::trace_unsynchronized::h2ed7433f370e3eca
[INFO] [stdout]                                at /rustc/df4ca44d3fbc9301ee17f30f4d474e6ae4b05252/library/std/src/../../backtrace/src/backtrace/mod.rs:66:5
[INFO] [stdout]    2:     0x6474c1f6b99a - std::sys::backtrace::_print_fmt::h916fac51166b18d7
[INFO] [stdout]                                at /rustc/df4ca44d3fbc9301ee17f30f4d474e6ae4b05252/library/std/src/sys/backtrace.rs:66:9
[INFO] [stdout]    3:     0x6474c1f6b99a - <std::sys::backtrace::BacktraceLock::print::DisplayBacktrace as core::fmt::Display>::fmt::ha0a4c9b8ce3802e6
[INFO] [stdout]                                at /rustc/df4ca44d3fbc9301ee17f30f4d474e6ae4b05252/library/std/src/sys/backtrace.rs:39:26
[INFO] [stdout]    4:     0x6474c1f929f3 - core::fmt::rt::Argument::fmt::h4cfc8587d52b3eb5
[INFO] [stdout]                                at /rustc/df4ca44d3fbc9301ee17f30f4d474e6ae4b05252/library/core/src/fmt/rt.rs:177:76
[INFO] [stdout]    5:     0x6474c1f929f3 - core::fmt::write::h522cc39e5b36ae9f
[INFO] [stdout]                                at /rustc/df4ca44d3fbc9301ee17f30f4d474e6ae4b05252/library/core/src/fmt/mod.rs:1190:21
[INFO] [stdout]    6:     0x6474c1f682b3 - std::io::Write::write_fmt::h7d3c26752da97734
[INFO] [stdout]                                at /rustc/df4ca44d3fbc9301ee17f30f4d474e6ae4b05252/library/std/src/io/mod.rs:1839:15
[INFO] [stdout]    7:     0x6474c1f6b7e2 - std::sys::backtrace::BacktraceLock::print::h4b9e00b29e9c0942
[INFO] [stdout]                                at /rustc/df4ca44d3fbc9301ee17f30f4d474e6ae4b05252/library/std/src/sys/backtrace.rs:42:9
[INFO] [stdout]    8:     0x6474c1f6ce2a - std::panicking::default_hook::{{closure}}::hb59b88280d0324d9
[INFO] [stdout]                                at /rustc/df4ca44d3fbc9301ee17f30f4d474e6ae4b05252/library/std/src/panicking.rs:268:22
[INFO] [stdout]    9:     0x6474c1f6cc34 - std::panicking::default_hook::he1dd496665be4a29
[INFO] [stdout]                                at /rustc/df4ca44d3fbc9301ee17f30f4d474e6ae4b05252/library/std/src/panicking.rs:292:9
[INFO] [stdout]   10:     0x6474c1db32e9 - <alloc::boxed::Box<F,A> as core::ops::function::Fn<Args>>::call::h4ff71de18744e1dc
[INFO] [stdout]                                at /rustc/df4ca44d3fbc9301ee17f30f4d474e6ae4b05252/library/alloc/src/boxed.rs:2468:9
[INFO] [stdout]   11:     0x6474c1db32e9 - test::test_main::{{closure}}::hcf7c055ce117aa81
[INFO] [stdout]                                at /rustc/df4ca44d3fbc9301ee17f30f4d474e6ae4b05252/library/test/src/lib.rs:133:21
[INFO] [stdout]   12:     0x6474c1f6d528 - <alloc::boxed::Box<F,A> as core::ops::function::Fn<Args>>::call::h1d66c6bbd60c9692
[INFO] [stdout]                                at /rustc/df4ca44d3fbc9301ee17f30f4d474e6ae4b05252/library/alloc/src/boxed.rs:2468:9
[INFO] [stdout]   13:     0x6474c1f6d528 - std::panicking::rust_panic_with_hook::h2ff17fe8f26dfcf8
[INFO] [stdout]                                at /rustc/df4ca44d3fbc9301ee17f30f4d474e6ae4b05252/library/std/src/panicking.rs:809:13
[INFO] [stdout]   14:     0x6474c1f6d2ea - std::panicking::begin_panic_handler::{{closure}}::h4fad77951c07e101
[INFO] [stdout]                                at /rustc/df4ca44d3fbc9301ee17f30f4d474e6ae4b05252/library/std/src/panicking.rs:674:13
[INFO] [stdout]   15:     0x6474c1f6be79 - std::sys::backtrace::__rust_end_short_backtrace::hb1a25b3da5d0ea08
[INFO] [stdout]                                at /rustc/df4ca44d3fbc9301ee17f30f4d474e6ae4b05252/library/std/src/sys/backtrace.rs:170:18
[INFO] [stdout]   16:     0x6474c1f6cf7c - rust_begin_unwind
[INFO] [stdout]                                at /rustc/df4ca44d3fbc9301ee17f30f4d474e6ae4b05252/library/std/src/panicking.rs:665:5
[INFO] [stdout]   17:     0x6474c1f913b0 - core::panicking::panic_fmt::ha9db07b529f9b256
[INFO] [stdout]                                at /rustc/df4ca44d3fbc9301ee17f30f4d474e6ae4b05252/library/core/src/panicking.rs:75:14
[INFO] [stdout]   18:     0x6474c1d75beb - processor::common::assert_snapshot_plain::h72c7758db897847a
[INFO] [stdout]                                at /opt/rustwide/workdir/tests/common/mod.rs:52:5
[INFO] [stdout]   19:     0x6474c1d752fc - processor::common::assert_snapshot::hf1a4dcef33f2c343
[INFO] [stdout]                                at /opt/rustwide/workdir/tests/common/mod.rs:35:5
[INFO] [stdout]   20:     0x6474c1d7615a - processor::obtain_referenced_modules::h97158157129b6aec
[INFO] [stdout]                                at /opt/rustwide/workdir/tests/processor.rs:40:5
[INFO] [stdout]   21:     0x6474c1d75fe7 - processor::obtain_referenced_modules::{{closure}}::h587348fedf1f21d3
[INFO] [stdout]                                at /opt/rustwide/workdir/tests/processor.rs:35:31
[INFO] [stdout]   22:     0x6474c1d727b6 - core::ops::function::FnOnce::call_once::h5540f97aea63db18
[INFO] [stdout]                                at /rustc/df4ca44d3fbc9301ee17f30f4d474e6ae4b05252/library/core/src/ops/function.rs:250:5
[INFO] [stdout]   23:     0x6474c1db7bbb - core::ops::function::FnOnce::call_once::h22c3ba5715e93f05
[INFO] [stdout]                                at /rustc/df4ca44d3fbc9301ee17f30f4d474e6ae4b05252/library/core/src/ops/function.rs:250:5
[INFO] [stdout]   24:     0x6474c1db7bbb - test::__rust_begin_short_backtrace::h8e82d8113d0da17f
[INFO] [stdout]                                at /rustc/df4ca44d3fbc9301ee17f30f4d474e6ae4b05252/library/test/src/lib.rs:621:18
[INFO] [stdout]   25:     0x6474c1db7537 - test::run_test_in_process::{{closure}}::h33235f4f20b7b7c7
[INFO] [stdout]                                at /rustc/df4ca44d3fbc9301ee17f30f4d474e6ae4b05252/library/test/src/lib.rs:644:60
[INFO] [stdout]   26:     0x6474c1db7537 - <core::panic::unwind_safe::AssertUnwindSafe<F> as core::ops::function::FnOnce<()>>::call_once::hb5043206310c586f
[INFO] [stdout]                                at /rustc/df4ca44d3fbc9301ee17f30f4d474e6ae4b05252/library/core/src/panic/unwind_safe.rs:272:9
[INFO] [stdout]   27:     0x6474c1db7537 - std::panicking::try::do_call::h9ad4731a60ab23e2
[INFO] [stdout]                                at /rustc/df4ca44d3fbc9301ee17f30f4d474e6ae4b05252/library/std/src/panicking.rs:557:40
[INFO] [stdout]   28:     0x6474c1db7537 - std::panicking::try::h3824d23db772a716
[INFO] [stdout]                                at /rustc/df4ca44d3fbc9301ee17f30f4d474e6ae4b05252/library/std/src/panicking.rs:520:19
[INFO] [stdout]   29:     0x6474c1db7537 - std::panic::catch_unwind::h5afd514605fde46b
[INFO] [stdout]                                at /rustc/df4ca44d3fbc9301ee17f30f4d474e6ae4b05252/library/std/src/panic.rs:358:14
[INFO] [stdout]   30:     0x6474c1db7537 - test::run_test_in_process::h0d5cbfa7067d1720
[INFO] [stdout]                                at /rustc/df4ca44d3fbc9301ee17f30f4d474e6ae4b05252/library/test/src/lib.rs:644:27
[INFO] [stdout]   31:     0x6474c1db7537 - test::run_test::{{closure}}::h708eb8872708115d
[INFO] [stdout]                                at /rustc/df4ca44d3fbc9301ee17f30f4d474e6ae4b05252/library/test/src/lib.rs:565:43
[INFO] [stdout]   32:     0x6474c1d7ac54 - test::run_test::{{closure}}::h392c51cee94713ab
[INFO] [stdout]                                at /rustc/df4ca44d3fbc9301ee17f30f4d474e6ae4b05252/library/test/src/lib.rs:595:41
[INFO] [stdout]   33:     0x6474c1d7ac54 - std::sys::backtrace::__rust_begin_short_backtrace::h2f40290710935a8b
[INFO] [stdout]                                at /rustc/df4ca44d3fbc9301ee17f30f4d474e6ae4b05252/library/std/src/sys/backtrace.rs:154:18
[INFO] [stdout]   34:     0x6474c1d7e3fe - std::thread::Builder::spawn_unchecked_::{{closure}}::{{closure}}::h3fd968d89053a903
[INFO] [stdout]                                at /rustc/df4ca44d3fbc9301ee17f30f4d474e6ae4b05252/library/std/src/thread/mod.rs:541:17
[INFO] [stdout]   35:     0x6474c1d7e3fe - <core::panic::unwind_safe::AssertUnwindSafe<F> as core::ops::function::FnOnce<()>>::call_once::h743f637ba4229880
[INFO] [stdout]                                at /rustc/df4ca44d3fbc9301ee17f30f4d474e6ae4b05252/library/core/src/panic/unwind_safe.rs:272:9
[INFO] [stdout]   36:     0x6474c1d7e3fe - std::panicking::try::do_call::h07440897322525a6
[INFO] [stdout]                                at /rustc/df4ca44d3fbc9301ee17f30f4d474e6ae4b05252/library/std/src/panicking.rs:557:40
[INFO] [stdout]   37:     0x6474c1d7e3fe - std::panicking::try::he5a2e00188156637
[INFO] [stdout]                                at /rustc/df4ca44d3fbc9301ee17f30f4d474e6ae4b05252/library/std/src/panicking.rs:520:19
[INFO] [stdout]   38:     0x6474c1d7e3fe - std::panic::catch_unwind::hbaf3cae49b3c6433
[INFO] [stdout]                                at /rustc/df4ca44d3fbc9301ee17f30f4d474e6ae4b05252/library/std/src/panic.rs:358:14
[INFO] [stdout]   39:     0x6474c1d7e3fe - std::thread::Builder::spawn_unchecked_::{{closure}}::h8e141ea224820bce
[INFO] [stdout]                                at /rustc/df4ca44d3fbc9301ee17f30f4d474e6ae4b05252/library/std/src/thread/mod.rs:540:30
[INFO] [stdout]   40:     0x6474c1d7e3fe - core::ops::function::FnOnce::call_once{{vtable.shim}}::h90d312fedd7b8ea8
[INFO] [stdout]                                at /rustc/df4ca44d3fbc9301ee17f30f4d474e6ae4b05252/library/core/src/ops/function.rs:250:5
[INFO] [stdout]   41:     0x6474c1f713bb - <alloc::boxed::Box<F,A> as core::ops::function::FnOnce<Args>>::call_once::h69aa08ddb6adb8b6
[INFO] [stdout]                                at /rustc/df4ca44d3fbc9301ee17f30f4d474e6ae4b05252/library/alloc/src/boxed.rs:2454:9
[INFO] [stdout]   42:     0x6474c1f713bb - <alloc::boxed::Box<F,A> as core::ops::function::FnOnce<Args>>::call_once::h5aa36efdb79c806f
[INFO] [stdout]                                at /rustc/df4ca44d3fbc9301ee17f30f4d474e6ae4b05252/library/alloc/src/boxed.rs:2454:9
[INFO] [stdout]   43:     0x6474c1f713bb - std::sys::pal::unix::thread::Thread::new::thread_start::h6cd80a1b4be5158d
[INFO] [stdout]                                at /rustc/df4ca44d3fbc9301ee17f30f4d474e6ae4b05252/library/std/src/sys/pal/unix/thread.rs:105:17
[INFO] [stdout]   44:     0x7c4de8e13ac3 - <unknown>
[INFO] [stdout]   45:     0x7c4de8ea4a04 - clone
[INFO] [stdout]   46:                0x0 - <unknown>
[INFO] [stdout] 
[INFO] [stdout] ---- get_minidump_process_state_cfi stdout ----
[INFO] [stdout] thread 'get_minidump_process_state_cfi' panicked at tests/common/mod.rs:52:5:
[INFO] [stdout] Value does not match stored snapshot process_state_cfi.txt:
[INFO] [stdout] 
[INFO] [stdout] ProcessState {
[INFO] [stdout]     threads: [
[INFO] [stdout]         CallStack {
[INFO] [stdout]             thread_id: 775,
[INFO] [stdout]             frames: [
[INFO] [stdout]                 StackFrame {
[INFO] [stdout]                     instruction: 4554197441,
[INFO] [stdout]                     trust: Context,
[INFO] [stdout]                     module: Some(
[INFO] [stdout]                         CodeModule {
[INFO] [stdout]                             id: CodeModuleId {
[INFO] [stdout]                                 uuid: Uuid("dfb8e43a-f242-3d73-a453-aeb6a777ef75"),
[INFO] [stdout] [91m                                age: 0[0m
[INFO] [stdout] [92m                                age: 0,[0m
[INFO] [stdout]                             },
[INFO] [stdout]                             base_address: 4554190848,
[INFO] [stdout]                             size: 176128,
[INFO] [stdout]                             code_file: "/Users/jauer/Coding/breakpad/examples/./target/crash_macos",
[INFO] [stdout]                             code_identifier: "id",
[INFO] [stdout]                             debug_file: "crash_macos",
[INFO] [stdout] [91m                            debug_identifier: "DFB8E43AF2423D73A453AEB6A777EF750"
[INFO] [stdout]                         }
[INFO] [stdout]                     )[0m
[INFO] [stdout] [92m                            debug_identifier: "DFB8E43AF2423D73A453AEB6A777EF750",
[INFO] [stdout]                         },
[INFO] [stdout]                     ),[0m
[INFO] [stdout]                 },
[INFO] [stdout]                 StackFrame {
[INFO] [stdout]                     instruction: 4554197413,
[INFO] [stdout]                     trust: CFI,
[INFO] [stdout]                     module: Some(
[INFO] [stdout]                         CodeModule {
[INFO] [stdout]                             id: CodeModuleId {
[INFO] [stdout]                                 uuid: Uuid("dfb8e43a-f242-3d73-a453-aeb6a777ef75"),
[INFO] [stdout] [91m                                age: 0[0m
[INFO] [stdout] [92m                                age: 0,[0m
[INFO] [stdout]                             },
[INFO] [stdout]                             base_address: 4554190848,
[INFO] [stdout]                             size: 176128,
[INFO] [stdout]                             code_file: "/Users/jauer/Coding/breakpad/examples/./target/crash_macos",
[INFO] [stdout]                             code_identifier: "id",
[INFO] [stdout]                             debug_file: "crash_macos",
[INFO] [stdout] [91m                            debug_identifier: "DFB8E43AF2423D73A453AEB6A777EF750"
[INFO] [stdout]                         }
[INFO] [stdout]                     )[0m
[INFO] [stdout] [92m                            debug_identifier: "DFB8E43AF2423D73A453AEB6A777EF750",
[INFO] [stdout]                         },
[INFO] [stdout]                     ),[0m
[INFO] [stdout]                 },
[INFO] [stdout]                 StackFrame {
[INFO] [stdout]                     instruction: 4554197204,
[INFO] [stdout]                     trust: CFI,
[INFO] [stdout]                     module: Some(
[INFO] [stdout]                         CodeModule {
[INFO] [stdout]                             id: CodeModuleId {
[INFO] [stdout]                                 uuid: Uuid("dfb8e43a-f242-3d73-a453-aeb6a777ef75"),
[INFO] [stdout] [91m                                age: 0[0m
[INFO] [stdout] [92m                                age: 0,[0m
[INFO] [stdout]                             },
[INFO] [stdout]                             base_address: 4554190848,
[INFO] [stdout]                             size: 176128,
[INFO] [stdout]                             code_file: "/Users/jauer/Coding/breakpad/examples/./target/crash_macos",
[INFO] [stdout]                             code_identifier: "id",
[INFO] [stdout]                             debug_file: "crash_macos",
[INFO] [stdout] [91m                            debug_identifier: "DFB8E43AF2423D73A453AEB6A777EF750"
[INFO] [stdout]                         }
[INFO] [stdout]                     )
[INFO] [stdout]                 }
[INFO] [stdout]             ]
[INFO] [stdout]         }
[INFO] [stdout]     ][0m
[INFO] [stdout] [92m                            debug_identifier: "DFB8E43AF2423D73A453AEB6A777EF750",
[INFO] [stdout]                         },
[INFO] [stdout]                     ),
[INFO] [stdout]                 },
[INFO] [stdout]             ],
[INFO] [stdout]         },
[INFO] [stdout]     ],[0m
[INFO] [stdout] }
[INFO] [stdout] 
[INFO] [stdout] stack backtrace:
[INFO] [stdout]    0:     0x6474c1f6b99a - std::backtrace_rs::backtrace::libunwind::trace::h207520d6e9873551
[INFO] [stdout]                                at /rustc/df4ca44d3fbc9301ee17f30f4d474e6ae4b05252/library/std/src/../../backtrace/src/backtrace/libunwind.rs:116:5
[INFO] [stdout]    1:     0x6474c1f6b99a - std::backtrace_rs::backtrace::trace_unsynchronized::h2ed7433f370e3eca
[INFO] [stdout]                                at /rustc/df4ca44d3fbc9301ee17f30f4d474e6ae4b05252/library/std/src/../../backtrace/src/backtrace/mod.rs:66:5
[INFO] [stdout]    2:     0x6474c1f6b99a - std::sys::backtrace::_print_fmt::h916fac51166b18d7
[INFO] [stdout]                                at /rustc/df4ca44d3fbc9301ee17f30f4d474e6ae4b05252/library/std/src/sys/backtrace.rs:66:9
[INFO] [stdout]    3:     0x6474c1f6b99a - <std::sys::backtrace::BacktraceLock::print::DisplayBacktrace as core::fmt::Display>::fmt::ha0a4c9b8ce3802e6
[INFO] [stdout]                                at /rustc/df4ca44d3fbc9301ee17f30f4d474e6ae4b05252/library/std/src/sys/backtrace.rs:39:26
[INFO] [stdout]    4:     0x6474c1f929f3 - core::fmt::rt::Argument::fmt::h4cfc8587d52b3eb5
[INFO] [stdout]                                at /rustc/df4ca44d3fbc9301ee17f30f4d474e6ae4b05252/library/core/src/fmt/rt.rs:177:76
[INFO] [stdout]    5:     0x6474c1f929f3 - core::fmt::write::h522cc39e5b36ae9f
[INFO] [stdout]                                at /rustc/df4ca44d3fbc9301ee17f30f4d474e6ae4b05252/library/core/src/fmt/mod.rs:1190:21
[INFO] [stdout]    6:     0x6474c1f682b3 - std::io::Write::write_fmt::h7d3c26752da97734
[INFO] [stdout]                                at /rustc/df4ca44d3fbc9301ee17f30f4d474e6ae4b05252/library/std/src/io/mod.rs:1839:15
[INFO] [stdout]    7:     0x6474c1f6b7e2 - std::sys::backtrace::BacktraceLock::print::h4b9e00b29e9c0942
[INFO] [stdout]                                at /rustc/df4ca44d3fbc9301ee17f30f4d474e6ae4b05252/library/std/src/sys/backtrace.rs:42:9
[INFO] [stdout]    8:     0x6474c1f6ce2a - std::panicking::default_hook::{{closure}}::hb59b88280d0324d9
[INFO] [stdout]                                at /rustc/df4ca44d3fbc9301ee17f30f4d474e6ae4b05252/library/std/src/panicking.rs:268:22
[INFO] [stdout]    9:     0x6474c1f6cc34 - std::panicking::default_hook::he1dd496665be4a29
[INFO] [stdout]                                at /rustc/df4ca44d3fbc9301ee17f30f4d474e6ae4b05252/library/std/src/panicking.rs:292:9
[INFO] [stdout]   10:     0x6474c1db32e9 - <alloc::boxed::Box<F,A> as core::ops::function::Fn<Args>>::call::h4ff71de18744e1dc
[INFO] [stdout]                                at /rustc/df4ca44d3fbc9301ee17f30f4d474e6ae4b05252/library/alloc/src/boxed.rs:2468:9
[INFO] [stdout]   11:     0x6474c1db32e9 - test::test_main::{{closure}}::hcf7c055ce117aa81
[INFO] [stdout]                                at /rustc/df4ca44d3fbc9301ee17f30f4d474e6ae4b05252/library/test/src/lib.rs:133:21
[INFO] [stdout]   12:     0x6474c1f6d528 - <alloc::boxed::Box<F,A> as core::ops::function::Fn<Args>>::call::h1d66c6bbd60c9692
[INFO] [stdout]                                at /rustc/df4ca44d3fbc9301ee17f30f4d474e6ae4b05252/library/alloc/src/boxed.rs:2468:9
[INFO] [stdout]   13:     0x6474c1f6d528 - std::panicking::rust_panic_with_hook::h2ff17fe8f26dfcf8
[INFO] [stdout]                                at /rustc/df4ca44d3fbc9301ee17f30f4d474e6ae4b05252/library/std/src/panicking.rs:809:13
[INFO] [stdout]   14:     0x6474c1f6d2ea - std::panicking::begin_panic_handler::{{closure}}::h4fad77951c07e101
[INFO] [stdout]                                at /rustc/df4ca44d3fbc9301ee17f30f4d474e6ae4b05252/library/std/src/panicking.rs:674:13
[INFO] [stdout]   15:     0x6474c1f6be79 - std::sys::backtrace::__rust_end_short_backtrace::hb1a25b3da5d0ea08
[INFO] [stdout]                                at /rustc/df4ca44d3fbc9301ee17f30f4d474e6ae4b05252/library/std/src/sys/backtrace.rs:170:18
[INFO] [stdout]   16:     0x6474c1f6cf7c - rust_begin_unwind
[INFO] [stdout]                                at /rustc/df4ca44d3fbc9301ee17f30f4d474e6ae4b05252/library/std/src/panicking.rs:665:5
[INFO] [stdout]   17:     0x6474c1f913b0 - core::panicking::panic_fmt::ha9db07b529f9b256
[INFO] [stdout]                                at /rustc/df4ca44d3fbc9301ee17f30f4d474e6ae4b05252/library/core/src/panicking.rs:75:14
[INFO] [stdout]   18:     0x6474c1d75beb - processor::common::assert_snapshot_plain::h72c7758db897847a
[INFO] [stdout]                                at /opt/rustwide/workdir/tests/common/mod.rs:52:5
[INFO] [stdout]   19:     0x6474c1d755dc - processor::common::assert_snapshot::hf492d977c5a63e6e
[INFO] [stdout]                                at /opt/rustwide/workdir/tests/common/mod.rs:35:5
[INFO] [stdout]   20:     0x6474c1d76389 - processor::get_minidump_process_state_cfi::hf2cc2b9150bac11a
[INFO] [stdout]                                at /opt/rustwide/workdir/tests/processor.rs:55:5
[INFO] [stdout]   21:     0x6474c1d761a7 - processor::get_minidump_process_state_cfi::{{closure}}::hc9f0db631f94326e
[INFO] [stdout]                                at /opt/rustwide/workdir/tests/processor.rs:44:36
[INFO] [stdout]   22:     0x6474c1d728b6 - core::ops::function::FnOnce::call_once::he7d740d09cad7093
[INFO] [stdout]                                at /rustc/df4ca44d3fbc9301ee17f30f4d474e6ae4b05252/library/core/src/ops/function.rs:250:5
[INFO] [stdout]   23:     0x6474c1db7bbb - core::ops::function::FnOnce::call_once::h22c3ba5715e93f05
[INFO] [stdout]                                at /rustc/df4ca44d3fbc9301ee17f30f4d474e6ae4b05252/library/core/src/ops/function.rs:250:5
[INFO] [stdout]   24:     0x6474c1db7bbb - test::__rust_begin_short_backtrace::h8e82d8113d0da17f
[INFO] [stdout]                                at /rustc/df4ca44d3fbc9301ee17f30f4d474e6ae4b05252/library/test/src/lib.rs:621:18
[INFO] [stdout]   25:     0x6474c1db7537 - test::run_test_in_process::{{closure}}::h33235f4f20b7b7c7
[INFO] [stdout]                                at /rustc/df4ca44d3fbc9301ee17f30f4d474e6ae4b05252/library/test/src/lib.rs:644:60
[INFO] [stdout]   26:     0x6474c1db7537 - <core::panic::unwind_safe::AssertUnwindSafe<F> as core::ops::function::FnOnce<()>>::call_once::hb5043206310c586f
[INFO] [stdout]                                at /rustc/df4ca44d3fbc9301ee17f30f4d474e6ae4b05252/library/core/src/panic/unwind_safe.rs:272:9
[INFO] [stdout]   27:     0x6474c1db7537 - std::panicking::try::do_call::h9ad4731a60ab23e2
[INFO] [stdout]                                at /rustc/df4ca44d3fbc9301ee17f30f4d474e6ae4b05252/library/std/src/panicking.rs:557:40
[INFO] [stdout]   28:     0x6474c1db7537 - std::panicking::try::h3824d23db772a716
[INFO] [stdout]                                at /rustc/df4ca44d3fbc9301ee17f30f4d474e6ae4b05252/library/std/src/panicking.rs:520:19
[INFO] [stdout]   29:     0x6474c1db7537 - std::panic::catch_unwind::h5afd514605fde46b
[INFO] [stdout]                                at /rustc/df4ca44d3fbc9301ee17f30f4d474e6ae4b05252/library/std/src/panic.rs:358:14
[INFO] [stdout]   30:     0x6474c1db7537 - test::run_test_in_process::h0d5cbfa7067d1720
[INFO] [stdout]                                at /rustc/df4ca44d3fbc9301ee17f30f4d474e6ae4b05252/library/test/src/lib.rs:644:27
[INFO] [stdout]   31:     0x6474c1db7537 - test::run_test::{{closure}}::h708eb8872708115d
[INFO] [stdout]                                at /rustc/df4ca44d3fbc9301ee17f30f4d474e6ae4b05252/library/test/src/lib.rs:565:43
[INFO] [stdout]   32:     0x6474c1d7ac54 - test::run_test::{{closure}}::h392c51cee94713ab
[INFO] [stdout]                                at /rustc/df4ca44d3fbc9301ee17f30f4d474e6ae4b05252/library/test/src/lib.rs:595:41
[INFO] [stdout]   33:     0x6474c1d7ac54 - std::sys::backtrace::__rust_begin_short_backtrace::h2f40290710935a8b
[INFO] [stdout]                                at /rustc/df4ca44d3fbc9301ee17f30f4d474e6ae4b05252/library/std/src/sys/backtrace.rs:154:18
[INFO] [stdout]   34:     0x6474c1d7e3fe - std::thread::Builder::spawn_unchecked_::{{closure}}::{{closure}}::h3fd968d89053a903
[INFO] [stdout]                                at /rustc/df4ca44d3fbc9301ee17f30f4d474e6ae4b05252/library/std/src/thread/mod.rs:541:17
[INFO] [stdout]   35:     0x6474c1d7e3fe - <core::panic::unwind_safe::AssertUnwindSafe<F> as core::ops::function::FnOnce<()>>::call_once::h743f637ba4229880
[INFO] [stdout]                                at /rustc/df4ca44d3fbc9301ee17f30f4d474e6ae4b05252/library/core/src/panic/unwind_safe.rs:272:9
[INFO] [stdout]   36:     0x6474c1d7e3fe - std::panicking::try::do_call::h07440897322525a6
[INFO] [stdout]                                at /rustc/df4ca44d3fbc9301ee17f30f4d474e6ae4b05252/library/std/src/panicking.rs:557:40
[INFO] [stdout]   37:     0x6474c1d7e3fe - std::panicking::try::he5a2e00188156637
[INFO] [stdout]                                at /rustc/df4ca44d3fbc9301ee17f30f4d474e6ae4b05252/library/std/src/panicking.rs:520:19
[INFO] [stdout]   38:     0x6474c1d7e3fe - std::panic::catch_unwind::hbaf3cae49b3c6433
[INFO] [stdout]                                at /rustc/df4ca44d3fbc9301ee17f30f4d474e6ae4b05252/library/std/src/panic.rs:358:14
[INFO] [stdout]   39:     0x6474c1d7e3fe - std::thread::Builder::spawn_unchecked_::{{closure}}::h8e141ea224820bce
[INFO] [stdout]                                at /rustc/df4ca44d3fbc9301ee17f30f4d474e6ae4b05252/library/std/src/thread/mod.rs:540:30
[INFO] [stdout]   40:     0x6474c1d7e3fe - core::ops::function::FnOnce::call_once{{vtable.shim}}::h90d312fedd7b8ea8
[INFO] [stdout]                                at /rustc/df4ca44d3fbc9301ee17f30f4d474e6ae4b05252/library/core/src/ops/function.rs:250:5
[INFO] [stdout]   41:     0x6474c1f713bb - <alloc::boxed::Box<F,A> as core::ops::function::FnOnce<Args>>::call_once::h69aa08ddb6adb8b6
[INFO] [stdout]                                at /rustc/df4ca44d3fbc9301ee17f30f4d474e6ae4b05252/library/alloc/src/boxed.rs:2454:9
[INFO] [stdout]   42:     0x6474c1f713bb - <alloc::boxed::Box<F,A> as core::ops::function::FnOnce<Args>>::call_once::h5aa36efdb79c806f
[INFO] [stdout]                                at /rustc/df4ca44d3fbc9301ee17f30f4d474e6ae4b05252/library/alloc/src/boxed.rs:2454:9
[INFO] [stdout]   43:     0x6474c1f713bb - std::sys::pal::unix::thread::Thread::new::thread_start::h6cd80a1b4be5158d
[INFO] [stdout]                                at /rustc/df4ca44d3fbc9301ee17f30f4d474e6ae4b05252/library/std/src/sys/pal/unix/thread.rs:105:17
[INFO] [stdout]   44:     0x7c4de8e13ac3 - <unknown>
[INFO] [stdout]   45:     0x7c4de8ea4a04 - clone
[INFO] [stdout]   46:                0x0 - <unknown>
[INFO] [stdout] 
[INFO] [stdout] ---- process_minidump_from_buffer stdout ----
[INFO] [stdout] thread 'process_minidump_from_buffer' panicked at tests/common/mod.rs:52:5:
[INFO] [stdout] Value does not match stored snapshot process_state.txt:
[INFO] [stdout] 
[INFO] [stdout] ProcessState {
[INFO] [stdout]     threads: [
[INFO] [stdout]         CallStack {
[INFO] [stdout]             thread_id: 775,
[INFO] [stdout]             frames: [
[INFO] [stdout]                 StackFrame {
[INFO] [stdout]                     instruction: 4554197441,
[INFO] [stdout]                     trust: Context,
[INFO] [stdout]                     module: Some(
[INFO] [stdout]                         CodeModule {
[INFO] [stdout]                             id: CodeModuleId {
[INFO] [stdout]                                 uuid: Uuid("dfb8e43a-f242-3d73-a453-aeb6a777ef75"),
[INFO] [stdout] [91m                                age: 0[0m
[INFO] [stdout] [92m                                age: 0,[0m
[INFO] [stdout]                             },
[INFO] [stdout]                             base_address: 4554190848,
[INFO] [stdout]                             size: 176128,
[INFO] [stdout]                             code_file: "/Users/jauer/Coding/breakpad/examples/./target/crash_macos",
[INFO] [stdout]                             code_identifier: "id",
[INFO] [stdout]                             debug_file: "crash_macos",
[INFO] [stdout] [91m                            debug_identifier: "DFB8E43AF2423D73A453AEB6A777EF750"
[INFO] [stdout]                         }
[INFO] [stdout]                     )[0m
[INFO] [stdout] [92m                            debug_identifier: "DFB8E43AF2423D73A453AEB6A777EF750",
[INFO] [stdout]                         },
[INFO] [stdout]                     ),[0m
[INFO] [stdout]                 },
[INFO] [stdout]                 StackFrame {
[INFO] [stdout]                     instruction: 4554197413,
[INFO] [stdout]                     trust: Scan,
[INFO] [stdout]                     module: Some(
[INFO] [stdout]                         CodeModule {
[INFO] [stdout]                             id: CodeModuleId {
[INFO] [stdout]                                 uuid: Uuid("dfb8e43a-f242-3d73-a453-aeb6a777ef75"),
[INFO] [stdout] [91m                                age: 0[0m
[INFO] [stdout] [92m                                age: 0,[0m
[INFO] [stdout]                             },
[INFO] [stdout]                             base_address: 4554190848,
[INFO] [stdout]                             size: 176128,
[INFO] [stdout]                             code_file: "/Users/jauer/Coding/breakpad/examples/./target/crash_macos",
[INFO] [stdout]                             code_identifier: "id",
[INFO] [stdout]                             debug_file: "crash_macos",
[INFO] [stdout] [91m                            debug_identifier: "DFB8E43AF2423D73A453AEB6A777EF750"
[INFO] [stdout]                         }
[INFO] [stdout]                     )[0m
[INFO] [stdout] [92m                            debug_identifier: "DFB8E43AF2423D73A453AEB6A777EF750",
[INFO] [stdout]                         },
[INFO] [stdout]                     ),[0m
[INFO] [stdout]                 },
[INFO] [stdout]                 StackFrame {
[INFO] [stdout]                     instruction: 4554197204,
[INFO] [stdout]                     trust: Scan,
[INFO] [stdout]                     module: Some(
[INFO] [stdout]                         CodeModule {
[INFO] [stdout]                             id: CodeModuleId {
[INFO] [stdout]                                 uuid: Uuid("dfb8e43a-f242-3d73-a453-aeb6a777ef75"),
[INFO] [stdout] [91m                                age: 0[0m
[INFO] [stdout] [92m                                age: 0,[0m
[INFO] [stdout]                             },
[INFO] [stdout]                             base_address: 4554190848,
[INFO] [stdout]                             size: 176128,
[INFO] [stdout]                             code_file: "/Users/jauer/Coding/breakpad/examples/./target/crash_macos",
[INFO] [stdout]                             code_identifier: "id",
[INFO] [stdout]                             debug_file: "crash_macos",
[INFO] [stdout] [91m                            debug_identifier: "DFB8E43AF2423D73A453AEB6A777EF750"
[INFO] [stdout]                         }
[INFO] [stdout]                     )[0m
[INFO] [stdout] [92m                            debug_identifier: "DFB8E43AF2423D73A453AEB6A777EF750",
[INFO] [stdout]                         },
[INFO] [stdout]                     ),[0m
[INFO] [stdout]                 },
[INFO] [stdout]                 StackFrame {
[INFO] [stdout]                     instruction: 4554353547,
[INFO] [stdout]                     trust: Scan,
[INFO] [stdout]                     module: Some(
[INFO] [stdout]                         CodeModule {
[INFO] [stdout]                             id: CodeModuleId {
[INFO] [stdout]                                 uuid: Uuid("dfb8e43a-f242-3d73-a453-aeb6a777ef75"),
[INFO] [stdout] [91m                                age: 0[0m
[INFO] [stdout] [92m                                age: 0,[0m
[INFO] [stdout]                             },
[INFO] [stdout]                             base_address: 4554190848,
[INFO] [stdout]                             size: 176128,
[INFO] [stdout]                             code_file: "/Users/jauer/Coding/breakpad/examples/./target/crash_macos",
[INFO] [stdout]                             code_identifier: "id",
[INFO] [stdout]                             debug_file: "crash_macos",
[INFO] [stdout] [91m                            debug_identifier: "DFB8E43AF2423D73A453AEB6A777EF750"
[INFO] [stdout]                         }
[INFO] [stdout]                     )[0m
[INFO] [stdout] [92m                            debug_identifier: "DFB8E43AF2423D73A453AEB6A777EF750",
[INFO] [stdout]                         },
[INFO] [stdout]                     ),[0m
[INFO] [stdout]                 },
[INFO] [stdout]                 StackFrame {
[INFO] [stdout]                     instruction: 4554353547,
[INFO] [stdout]                     trust: Scan,
[INFO] [stdout]                     module: Some(
[INFO] [stdout]                         CodeModule {
[INFO] [stdout]                             id: CodeModuleId {
[INFO] [stdout]                                 uuid: Uuid("dfb8e43a-f242-3d73-a453-aeb6a777ef75"),
[INFO] [stdout] [91m                                age: 0[0m
[INFO] [stdout] [92m                                age: 0,[0m
[INFO] [stdout]                             },
[INFO] [stdout]                             base_address: 4554190848,
[INFO] [stdout]                             size: 176128,
[INFO] [stdout]                             code_file: "/Users/jauer/Coding/breakpad/examples/./target/crash_macos",
[INFO] [stdout]                             code_identifier: "id",
[INFO] [stdout]                             debug_file: "crash_macos",
[INFO] [stdout] [91m                            debug_identifier: "DFB8E43AF2423D73A453AEB6A777EF750"
[INFO] [stdout]                         }
[INFO] [stdout]                     )[0m
[INFO] [stdout] [92m                            debug_identifier: "DFB8E43AF2423D73A453AEB6A777EF750",
[INFO] [stdout]                         },
[INFO] [stdout]                     ),[0m
[INFO] [stdout]                 },
[INFO] [stdout]                 StackFrame {
[INFO] [stdout]                     instruction: 4554353547,
[INFO] [stdout]                     trust: Scan,
[INFO] [stdout]                     module: Some(
[INFO] [stdout]                         CodeModule {
[INFO] [stdout]                             id: CodeModuleId {
[INFO] [stdout]                                 uuid: Uuid("dfb8e43a-f242-3d73-a453-aeb6a777ef75"),
[INFO] [stdout] [91m                                age: 0[0m
[INFO] [stdout] [92m                                age: 0,[0m
[INFO] [stdout]                             },
[INFO] [stdout]                             base_address: 4554190848,
[INFO] [stdout]                             size: 176128,
[INFO] [stdout]                             code_file: "/Users/jauer/Coding/breakpad/examples/./target/crash_macos",
[INFO] [stdout]                             code_identifier: "id",
[INFO] [stdout]                             debug_file: "crash_macos",
[INFO] [stdout] [91m                            debug_identifier: "DFB8E43AF2423D73A453AEB6A777EF750"
[INFO] [stdout]                         }
[INFO] [stdout]                     )
[INFO] [stdout]                 }
[INFO] [stdout]             ]
[INFO] [stdout]         }
[INFO] [stdout]     ][0m
[INFO] [stdout] [92m                            debug_identifier: "DFB8E43AF2423D73A453AEB6A777EF750",
[INFO] [stdout]                         },
[INFO] [stdout]                     ),
[INFO] [stdout]                 },
[INFO] [stdout]             ],
[INFO] [stdout]         },
[INFO] [stdout]     ],[0m
[INFO] [stdout] }
[INFO] [stdout] 
[INFO] [stdout] stack backtrace:
[INFO] [stdout]    0:     0x6474c1f6b99a - std::backtrace_rs::backtrace::libunwind::trace::h207520d6e9873551
[INFO] [stdout]                                at /rustc/df4ca44d3fbc9301ee17f30f4d474e6ae4b05252/library/std/src/../../backtrace/src/backtrace/libunwind.rs:116:5
[INFO] [stdout]    1:     0x6474c1f6b99a - std::backtrace_rs::backtrace::trace_unsynchronized::h2ed7433f370e3eca
[INFO] [stdout]                                at /rustc/df4ca44d3fbc9301ee17f30f4d474e6ae4b05252/library/std/src/../../backtrace/src/backtrace/mod.rs:66:5
[INFO] [stdout]    2:     0x6474c1f6b99a - std::sys::backtrace::_print_fmt::h916fac51166b18d7
[INFO] [stdout]                                at /rustc/df4ca44d3fbc9301ee17f30f4d474e6ae4b05252/library/std/src/sys/backtrace.rs:66:9
[INFO] [stdout]    3:     0x6474c1f6b99a - <std::sys::backtrace::BacktraceLock::print::DisplayBacktrace as core::fmt::Display>::fmt::ha0a4c9b8ce3802e6
[INFO] [stdout]                                at /rustc/df4ca44d3fbc9301ee17f30f4d474e6ae4b05252/library/std/src/sys/backtrace.rs:39:26
[INFO] [stdout]    4:     0x6474c1f929f3 - core::fmt::rt::Argument::fmt::h4cfc8587d52b3eb5
[INFO] [stdout]                                at /rustc/df4ca44d3fbc9301ee17f30f4d474e6ae4b05252/library/core/src/fmt/rt.rs:177:76
[INFO] [stdout]    5:     0x6474c1f929f3 - core::fmt::write::h522cc39e5b36ae9f
[INFO] [stdout]                                at /rustc/df4ca44d3fbc9301ee17f30f4d474e6ae4b05252/library/core/src/fmt/mod.rs:1190:21
[INFO] [stdout]    6:     0x6474c1f682b3 - std::io::Write::write_fmt::h7d3c26752da97734
[INFO] [stdout]                                at /rustc/df4ca44d3fbc9301ee17f30f4d474e6ae4b05252/library/std/src/io/mod.rs:1839:15
[INFO] [stdout]    7:     0x6474c1f6b7e2 - std::sys::backtrace::BacktraceLock::print::h4b9e00b29e9c0942
[INFO] [stdout]                                at /rustc/df4ca44d3fbc9301ee17f30f4d474e6ae4b05252/library/std/src/sys/backtrace.rs:42:9
[INFO] [stdout]    8:     0x6474c1f6ce2a - std::panicking::default_hook::{{closure}}::hb59b88280d0324d9
[INFO] [stdout]                                at /rustc/df4ca44d3fbc9301ee17f30f4d474e6ae4b05252/library/std/src/panicking.rs:268:22
[INFO] [stdout]    9:     0x6474c1f6cc34 - std::panicking::default_hook::he1dd496665be4a29
[INFO] [stdout]                                at /rustc/df4ca44d3fbc9301ee17f30f4d474e6ae4b05252/library/std/src/panicking.rs:292:9
[INFO] [stdout]   10:     0x6474c1db32e9 - <alloc::boxed::Box<F,A> as core::ops::function::Fn<Args>>::call::h4ff71de18744e1dc
[INFO] [stdout]                                at /rustc/df4ca44d3fbc9301ee17f30f4d474e6ae4b05252/library/alloc/src/boxed.rs:2468:9
[INFO] [stdout]   11:     0x6474c1db32e9 - test::test_main::{{closure}}::hcf7c055ce117aa81
[INFO] [stdout]                                at /rustc/df4ca44d3fbc9301ee17f30f4d474e6ae4b05252/library/test/src/lib.rs:133:21
[INFO] [stdout]   12:     0x6474c1f6d528 - <alloc::boxed::Box<F,A> as core::ops::function::Fn<Args>>::call::h1d66c6bbd60c9692
[INFO] [stdout]                                at /rustc/df4ca44d3fbc9301ee17f30f4d474e6ae4b05252/library/alloc/src/boxed.rs:2468:9
[INFO] [stdout]   13:     0x6474c1f6d528 - std::panicking::rust_panic_with_hook::h2ff17fe8f26dfcf8
[INFO] [stdout]                                at /rustc/df4ca44d3fbc9301ee17f30f4d474e6ae4b05252/library/std/src/panicking.rs:809:13
[INFO] [stdout]   14:     0x6474c1f6d2ea - std::panicking::begin_panic_handler::{{closure}}::h4fad77951c07e101
[INFO] [stdout]                                at /rustc/df4ca44d3fbc9301ee17f30f4d474e6ae4b05252/library/std/src/panicking.rs:674:13
[INFO] [stdout]   15:     0x6474c1f6be79 - std::sys::backtrace::__rust_end_short_backtrace::hb1a25b3da5d0ea08
[INFO] [stdout]                                at /rustc/df4ca44d3fbc9301ee17f30f4d474e6ae4b05252/library/std/src/sys/backtrace.rs:170:18
[INFO] [stdout]   16:     0x6474c1f6cf7c - rust_begin_unwind
[INFO] [stdout]                                at /rustc/df4ca44d3fbc9301ee17f30f4d474e6ae4b05252/library/std/src/panicking.rs:665:5
[INFO] [stdout]   17:     0x6474c1f913b0 - core::panicking::panic_fmt::ha9db07b529f9b256
[INFO] [stdout]                                at /rustc/df4ca44d3fbc9301ee17f30f4d474e6ae4b05252/library/core/src/panicking.rs:75:14
[INFO] [stdout]   18:     0x6474c1d75beb - processor::common::assert_snapshot_plain::h72c7758db897847a
[INFO] [stdout]                                at /opt/rustwide/workdir/tests/common/mod.rs:52:5
[INFO] [stdout]   19:     0x6474c1d755dc - processor::common::assert_snapshot::hf492d977c5a63e6e
[INFO] [stdout]                                at /opt/rustwide/workdir/tests/common/mod.rs:35:5
[INFO] [stdout]   20:     0x6474c1d75f52 - processor::process_minidump_from_buffer::h386f39508970a62f
[INFO] [stdout]                                at /opt/rustwide/workdir/tests/processor.rs:31:5
[INFO] [stdout]   21:     0x6474c1d75da7 - processor::process_minidump_from_buffer::{{closure}}::h8661e6e11602912e
[INFO] [stdout]                                at /opt/rustwide/workdir/tests/processor.rs:22:34
[INFO] [stdout]   22:     0x6474c1d727f6 - core::ops::function::FnOnce::call_once::h6eeb35403b2f5da8
[INFO] [stdout]                                at /rustc/df4ca44d3fbc9301ee17f30f4d474e6ae4b05252/library/core/src/ops/function.rs:250:5
[INFO] [stdout]   23:     0x6474c1db7bbb - core::ops::function::FnOnce::call_once::h22c3ba5715e93f05
[INFO] [stdout]                                at /rustc/df4ca44d3fbc9301ee17f30f4d474e6ae4b05252/library/core/src/ops/function.rs:250:5
[INFO] [stdout]   24:     0x6474c1db7bbb - test::__rust_begin_short_backtrace::h8e82d8113d0da17f
[INFO] [stdout]                                at /rustc/df4ca44d3fbc9301ee17f30f4d474e6ae4b05252/library/test/src/lib.rs:621:18
[INFO] [stdout]   25:     0x6474c1db7537 - test::run_test_in_process::{{closure}}::h33235f4f20b7b7c7
[INFO] [stdout]                                at /rustc/df4ca44d3fbc9301ee17f30f4d474e6ae4b05252/library/test/src/lib.rs:644:60
[INFO] [stdout]   26:     0x6474c1db7537 - <core::panic::unwind_safe::AssertUnwindSafe<F> as core::ops::function::FnOnce<()>>::call_once::hb5043206310c586f
[INFO] [stdout]                                at /rustc/df4ca44d3fbc9301ee17f30f4d474e6ae4b05252/library/core/src/panic/unwind_safe.rs:272:9
[INFO] [stdout]   27:     0x6474c1db7537 - std::panicking::try::do_call::h9ad4731a60ab23e2
[INFO] [stdout]                                at /rustc/df4ca44d3fbc9301ee17f30f4d474e6ae4b05252/library/std/src/panicking.rs:557:40
[INFO] [stdout]   28:     0x6474c1db7537 - std::panicking::try::h3824d23db772a716
[INFO] [stdout]                                at /rustc/df4ca44d3fbc9301ee17f30f4d474e6ae4b05252/library/std/src/panicking.rs:520:19
[INFO] [stdout]   29:     0x6474c1db7537 - std::panic::catch_unwind::h5afd514605fde46b
[INFO] [stdout]                                at /rustc/df4ca44d3fbc9301ee17f30f4d474e6ae4b05252/library/std/src/panic.rs:358:14
[INFO] [stdout]   30:     0x6474c1db7537 - test::run_test_in_process::h0d5cbfa7067d1720
[INFO] [stdout]                                at /rustc/df4ca44d3fbc9301ee17f30f4d474e6ae4b05252/library/test/src/lib.rs:644:27
[INFO] [stdout]   31:     0x6474c1db7537 - test::run_test::{{closure}}::h708eb8872708115d
[INFO] [stdout]                                at /rustc/df4ca44d3fbc9301ee17f30f4d474e6ae4b05252/library/test/src/lib.rs:565:43
[INFO] [stdout]   32:     0x6474c1d7ac54 - test::run_test::{{closure}}::h392c51cee94713ab
[INFO] [stdout]                                at /rustc/df4ca44d3fbc9301ee17f30f4d474e6ae4b05252/library/test/src/lib.rs:595:41
[INFO] [stdout]   33:     0x6474c1d7ac54 - std::sys::backtrace::__rust_begin_short_backtrace::h2f40290710935a8b
[INFO] [stdout]                                at /rustc/df4ca44d3fbc9301ee17f30f4d474e6ae4b05252/library/std/src/sys/backtrace.rs:154:18
[INFO] [stdout]   34:     0x6474c1d7e3fe - std::thread::Builder::spawn_unchecked_::{{closure}}::{{closure}}::h3fd968d89053a903
[INFO] [stdout]                                at /rustc/df4ca44d3fbc9301ee17f30f4d474e6ae4b05252/library/std/src/thread/mod.rs:541:17
[INFO] [stdout]   35:     0x6474c1d7e3fe - <core::panic::unwind_safe::AssertUnwindSafe<F> as core::ops::function::FnOnce<()>>::call_once::h743f637ba4229880
[INFO] [stdout]                                at /rustc/df4ca44d3fbc9301ee17f30f4d474e6ae4b05252/library/core/src/panic/unwind_safe.rs:272:9
[INFO] [stdout]   36:     0x6474c1d7e3fe - std::panicking::try::do_call::h07440897322525a6
[INFO] [stdout]                                at /rustc/df4ca44d3fbc9301ee17f30f4d474e6ae4b05252/library/std/src/panicking.rs:557:40
[INFO] [stdout]   37:     0x6474c1d7e3fe - std::panicking::try::he5a2e00188156637
[INFO] [stdout]                                at /rustc/df4ca44d3fbc9301ee17f30f4d474e6ae4b05252/library/std/src/panicking.rs:520:19
[INFO] [stdout]   38:     0x6474c1d7e3fe - std::panic::catch_unwind::hbaf3cae49b3c6433
[INFO] [stdout]                                at /rustc/df4ca44d3fbc9301ee17f30f4d474e6ae4b05252/library/std/src/panic.rs:358:14
[INFO] [stdout]   39:     0x6474c1d7e3fe - std::thread::Builder::spawn_unchecked_::{{closure}}::h8e141ea224820bce
[INFO] [stdout]                                at /rustc/df4ca44d3fbc9301ee17f30f4d474e6ae4b05252/library/std/src/thread/mod.rs:540:30
[INFO] [stdout]   40:     0x6474c1d7e3fe - core::ops::function::FnOnce::call_once{{vtable.shim}}::h90d312fedd7b8ea8
[INFO] [stdout]                                at /rustc/df4ca44d3fbc9301ee17f30f4d474e6ae4b05252/library/core/src/ops/function.rs:250:5
[INFO] [stdout]   41:     0x6474c1f713bb - <alloc::boxed::Box<F,A> as core::ops::function::FnOnce<Args>>::call_once::h69aa08ddb6adb8b6
[INFO] [stdout]                                at /rustc/df4ca44d3fbc9301ee17f30f4d474e6ae4b05252/library/alloc/src/boxed.rs:2454:9
[INFO] [stdout]   42:     0x6474c1f713bb - <alloc::boxed::Box<F,A> as core::ops::function::FnOnce<Args>>::call_once::h5aa36efdb79c806f
[INFO] [stdout]                                at /rustc/df4ca44d3fbc9301ee17f30f4d474e6ae4b05252/library/alloc/src/boxed.rs:2454:9
[INFO] [stdout]   43:     0x6474c1f713bb - std::sys::pal::unix::thread::Thread::new::thread_start::h6cd80a1b4be5158d
[INFO] [stdout]                                at /rustc/df4ca44d3fbc9301ee17f30f4d474e6ae4b05252/library/std/src/sys/pal/unix/thread.rs:105:17
[INFO] [stdout]   44:     0x7c4de8e13ac3 - <unknown>
[INFO] [stdout]   45:     0x7c4de8ea4a04 - clone
[INFO] [stdout]   46:                0x0 - <unknown>
[INFO] [stdout] 
[INFO] [stdout] ---- process_minidump_from_path stdout ----
[INFO] [stdout] thread 'process_minidump_from_path' panicked at tests/common/mod.rs:52:5:
[INFO] [stdout] Value does not match stored snapshot process_state.txt:
[INFO] [stdout] 
[INFO] [stdout] ProcessState {
[INFO] [stdout]     threads: [
[INFO] [stdout]         CallStack {
[INFO] [stdout]             thread_id: 775,
[INFO] [stdout]             frames: [
[INFO] [stdout]                 StackFrame {
[INFO] [stdout]                     instruction: 4554197441,
[INFO] [stdout]                     trust: Context,
[INFO] [stdout]                     module: Some(
[INFO] [stdout]                         CodeModule {
[INFO] [stdout]                             id: CodeModuleId {
[INFO] [stdout]                                 uuid: Uuid("dfb8e43a-f242-3d73-a453-aeb6a777ef75"),
[INFO] [stdout] [91m                                age: 0[0m
[INFO] [stdout] [92m                                age: 0,[0m
[INFO] [stdout]                             },
[INFO] [stdout]                             base_address: 4554190848,
[INFO] [stdout]                             size: 176128,
[INFO] [stdout]                             code_file: "/Users/jauer/Coding/breakpad/examples/./target/crash_macos",
[INFO] [stdout]                             code_identifier: "id",
[INFO] [stdout]                             debug_file: "crash_macos",
[INFO] [stdout] [91m                            debug_identifier: "DFB8E43AF2423D73A453AEB6A777EF750"
[INFO] [stdout]                         }
[INFO] [stdout]                     )[0m
[INFO] [stdout] [92m                            debug_identifier: "DFB8E43AF2423D73A453AEB6A777EF750",
[INFO] [stdout]                         },
[INFO] [stdout]                     ),[0m
[INFO] [stdout]                 },
[INFO] [stdout]                 StackFrame {
[INFO] [stdout]                     instruction: 4554197413,
[INFO] [stdout]                     trust: Scan,
[INFO] [stdout]                     module: Some(
[INFO] [stdout]                         CodeModule {
[INFO] [stdout]                             id: CodeModuleId {
[INFO] [stdout]                                 uuid: Uuid("dfb8e43a-f242-3d73-a453-aeb6a777ef75"),
[INFO] [stdout] [91m                                age: 0[0m
[INFO] [stdout] [92m                                age: 0,[0m
[INFO] [stdout]                             },
[INFO] [stdout]                             base_address: 4554190848,
[INFO] [stdout]                             size: 176128,
[INFO] [stdout]                             code_file: "/Users/jauer/Coding/breakpad/examples/./target/crash_macos",
[INFO] [stdout]                             code_identifier: "id",
[INFO] [stdout]                             debug_file: "crash_macos",
[INFO] [stdout] [91m                            debug_identifier: "DFB8E43AF2423D73A453AEB6A777EF750"
[INFO] [stdout]                         }
[INFO] [stdout]                     )[0m
[INFO] [stdout] [92m                            debug_identifier: "DFB8E43AF2423D73A453AEB6A777EF750",
[INFO] [stdout]                         },
[INFO] [stdout]                     ),[0m
[INFO] [stdout]                 },
[INFO] [stdout]                 StackFrame {
[INFO] [stdout]                     instruction: 4554197204,
[INFO] [stdout]                     trust: Scan,
[INFO] [stdout]                     module: Some(
[INFO] [stdout]                         CodeModule {
[INFO] [stdout]                             id: CodeModuleId {
[INFO] [stdout]                                 uuid: Uuid("dfb8e43a-f242-3d73-a453-aeb6a777ef75"),
[INFO] [stdout] [91m                                age: 0[0m
[INFO] [stdout] [92m                                age: 0,[0m
[INFO] [stdout]                             },
[INFO] [stdout]                             base_address: 4554190848,
[INFO] [stdout]                             size: 176128,
[INFO] [stdout]                             code_file: "/Users/jauer/Coding/breakpad/examples/./target/crash_macos",
[INFO] [stdout]                             code_identifier: "id",
[INFO] [stdout]                             debug_file: "crash_macos",
[INFO] [stdout] [91m                            debug_identifier: "DFB8E43AF2423D73A453AEB6A777EF750"
[INFO] [stdout]                         }
[INFO] [stdout]                     )[0m
[INFO] [stdout] [92m                            debug_identifier: "DFB8E43AF2423D73A453AEB6A777EF750",
[INFO] [stdout]                         },
[INFO] [stdout]                     ),[0m
[INFO] [stdout]                 },
[INFO] [stdout]                 StackFrame {
[INFO] [stdout]                     instruction: 4554353547,
[INFO] [stdout]                     trust: Scan,
[INFO] [stdout]                     module: Some(
[INFO] [stdout]                         CodeModule {
[INFO] [stdout]                             id: CodeModuleId {
[INFO] [stdout]                                 uuid: Uuid("dfb8e43a-f242-3d73-a453-aeb6a777ef75"),
[INFO] [stdout] [91m                                age: 0[0m
[INFO] [stdout] [92m                                age: 0,[0m
[INFO] [stdout]                             },
[INFO] [stdout]                             base_address: 4554190848,
[INFO] [stdout]                             size: 176128,
[INFO] [stdout]                             code_file: "/Users/jauer/Coding/breakpad/examples/./target/crash_macos",
[INFO] [stdout]                             code_identifier: "id",
[INFO] [stdout]                             debug_file: "crash_macos",
[INFO] [stdout] [91m                            debug_identifier: "DFB8E43AF2423D73A453AEB6A777EF750"
[INFO] [stdout]                         }
[INFO] [stdout]                     )[0m
[INFO] [stdout] [92m                            debug_identifier: "DFB8E43AF2423D73A453AEB6A777EF750",
[INFO] [stdout]                         },
[INFO] [stdout]                     ),[0m
[INFO] [stdout]                 },
[INFO] [stdout]                 StackFrame {
[INFO] [stdout]                     instruction: 4554353547,
[INFO] [stdout]                     trust: Scan,
[INFO] [stdout]                     module: Some(
[INFO] [stdout]                         CodeModule {
[INFO] [stdout]                             id: CodeModuleId {
[INFO] [stdout]                                 uuid: Uuid("dfb8e43a-f242-3d73-a453-aeb6a777ef75"),
[INFO] [stdout] [91m                                age: 0[0m
[INFO] [stdout] [92m                                age: 0,[0m
[INFO] [stdout]                             },
[INFO] [stdout]                             base_address: 4554190848,
[INFO] [stdout]                             size: 176128,
[INFO] [stdout]                             code_file: "/Users/jauer/Coding/breakpad/examples/./target/crash_macos",
[INFO] [stdout]                             code_identifier: "id",
[INFO] [stdout]                             debug_file: "crash_macos",
[INFO] [stdout] [91m                            debug_identifier: "DFB8E43AF2423D73A453AEB6A777EF750"
[INFO] [stdout]                         }
[INFO] [stdout]                     )[0m
[INFO] [stdout] [92m                            debug_identifier: "DFB8E43AF2423D73A453AEB6A777EF750",
[INFO] [stdout]                         },
[INFO] [stdout]                     ),[0m
[INFO] [stdout]                 },
[INFO] [stdout]                 StackFrame {
[INFO] [stdout]                     instruction: 4554353547,
[INFO] [stdout]                     trust: Scan,
[INFO] [stdout]                     module: Some(
[INFO] [stdout]                         CodeModule {
[INFO] [stdout]                             id: CodeModuleId {
[INFO] [stdout]                                 uuid: Uuid("dfb8e43a-f242-3d73-a453-aeb6a777ef75"),
[INFO] [stdout] [91m                                age: 0[0m
[INFO] [stdout] [92m                                age: 0,[0m
[INFO] [stdout]                             },
[INFO] [stdout]                             base_address: 4554190848,
[INFO] [stdout]                             size: 176128,
[INFO] [stdout]                             code_file: "/Users/jauer/Coding/breakpad/examples/./target/crash_macos",
[INFO] [stdout]                             code_identifier: "id",
[INFO] [stdout]                             debug_file: "crash_macos",
[INFO] [stdout] [91m                            debug_identifier: "DFB8E43AF2423D73A453AEB6A777EF750"
[INFO] [stdout]                         }
[INFO] [stdout]                     )
[INFO] [stdout]                 }
[INFO] [stdout]             ]
[INFO] [stdout]         }
[INFO] [stdout]     ][0m
[INFO] [stdout] [92m                            debug_identifier: "DFB8E43AF2423D73A453AEB6A777EF750",
[INFO] [stdout]                         },
[INFO] [stdout]                     ),
[INFO] [stdout]                 },
[INFO] [stdout]             ],
[INFO] [stdout]         },
[INFO] [stdout]     ],[0m
[INFO] [stdout] }
[INFO] [stdout] 
[INFO] [stdout] stack backtrace:
[INFO] [stdout]    0:     0x6474c1f6b99a - std::backtrace_rs::backtrace::libunwind::trace::h207520d6e9873551
[INFO] [stdout]                                at /rustc/df4ca44d3fbc9301ee17f30f4d474e6ae4b05252/library/std/src/../../backtrace/src/backtrace/libunwind.rs:116:5
[INFO] [stdout]    1:     0x6474c1f6b99a - std::backtrace_rs::backtrace::trace_unsynchronized::h2ed7433f370e3eca
[INFO] [stdout]                                at /rustc/df4ca44d3fbc9301ee17f30f4d474e6ae4b05252/library/std/src/../../backtrace/src/backtrace/mod.rs:66:5
[INFO] [stdout]    2:     0x6474c1f6b99a - std::sys::backtrace::_print_fmt::h916fac51166b18d7
[INFO] [stdout]                                at /rustc/df4ca44d3fbc9301ee17f30f4d474e6ae4b05252/library/std/src/sys/backtrace.rs:66:9
[INFO] [stdout]    3:     0x6474c1f6b99a - <std::sys::backtrace::BacktraceLock::print::DisplayBacktrace as core::fmt::Display>::fmt::ha0a4c9b8ce3802e6
[INFO] [stdout]                                at /rustc/df4ca44d3fbc9301ee17f30f4d474e6ae4b05252/library/std/src/sys/backtrace.rs:39:26
[INFO] [stdout]    4:     0x6474c1f929f3 - core::fmt::rt::Argument::fmt::h4cfc8587d52b3eb5
[INFO] [stdout]                                at /rustc/df4ca44d3fbc9301ee17f30f4d474e6ae4b05252/library/core/src/fmt/rt.rs:177:76
[INFO] [stdout]    5:     0x6474c1f929f3 - core::fmt::write::h522cc39e5b36ae9f
[INFO] [stdout]                                at /rustc/df4ca44d3fbc9301ee17f30f4d474e6ae4b05252/library/core/src/fmt/mod.rs:1190:21
[INFO] [stdout]    6:     0x6474c1f682b3 - std::io::Write::write_fmt::h7d3c26752da97734
[INFO] [stdout]                                at /rustc/df4ca44d3fbc9301ee17f30f4d474e6ae4b05252/library/std/src/io/mod.rs:1839:15
[INFO] [stdout]    7:     0x6474c1f6b7e2 - std::sys::backtrace::BacktraceLock::print::h4b9e00b29e9c0942
[INFO] [stdout]                                at /rustc/df4ca44d3fbc9301ee17f30f4d474e6ae4b05252/library/std/src/sys/backtrace.rs:42:9
[INFO] [stdout]    8:     0x6474c1f6ce2a - std::panicking::default_hook::{{closure}}::hb59b88280d0324d9
[INFO] [stdout]                                at /rustc/df4ca44d3fbc9301ee17f30f4d474e6ae4b05252/library/std/src/panicking.rs:268:22
[INFO] [stdout]    9:     0x6474c1f6cc34 - std::panicking::default_hook::he1dd496665be4a29
[INFO] [stdout]                                at /rustc/df4ca44d3fbc9301ee17f30f4d474e6ae4b05252/library/std/src/panicking.rs:292:9
[INFO] [stdout]   10:     0x6474c1db32e9 - <alloc::boxed::Box<F,A> as core::ops::function::Fn<Args>>::call::h4ff71de18744e1dc
[INFO] [stdout]                                at /rustc/df4ca44d3fbc9301ee17f30f4d474e6ae4b05252/library/alloc/src/boxed.rs:2468:9
[INFO] [stdout]   11:     0x6474c1db32e9 - test::test_main::{{closure}}::hcf7c055ce117aa81
[INFO] [stdout]                                at /rustc/df4ca44d3fbc9301ee17f30f4d474e6ae4b05252/library/test/src/lib.rs:133:21
[INFO] [stdout]   12:     0x6474c1f6d528 - <alloc::boxed::Box<F,A> as core::ops::function::Fn<Args>>::call::h1d66c6bbd60c9692
[INFO] [stdout]                                at /rustc/df4ca44d3fbc9301ee17f30f4d474e6ae4b05252/library/alloc/src/boxed.rs:2468:9
[INFO] [stdout]   13:     0x6474c1f6d528 - std::panicking::rust_panic_with_hook::h2ff17fe8f26dfcf8
[INFO] [stdout]                                at /rustc/df4ca44d3fbc9301ee17f30f4d474e6ae4b05252/library/std/src/panicking.rs:809:13
[INFO] [stdout]   14:     0x6474c1f6d2ea - std::panicking::begin_panic_handler::{{closure}}::h4fad77951c07e101
[INFO] [stdout]                                at /rustc/df4ca44d3fbc9301ee17f30f4d474e6ae4b05252/library/std/src/panicking.rs:674:13
[INFO] [stdout]   15:     0x6474c1f6be79 - std::sys::backtrace::__rust_end_short_backtrace::hb1a25b3da5d0ea08
[INFO] [stdout]                                at /rustc/df4ca44d3fbc9301ee17f30f4d474e6ae4b05252/library/std/src/sys/backtrace.rs:170:18
[INFO] [stdout]   16:     0x6474c1f6cf7c - rust_begin_unwind
[INFO] [stdout]                                at /rustc/df4ca44d3fbc9301ee17f30f4d474e6ae4b05252/library/std/src/panicking.rs:665:5
[INFO] [stdout]   17:     0x6474c1f913b0 - core::panicking::panic_fmt::ha9db07b529f9b256
[INFO] [stdout]                                at /rustc/df4ca44d3fbc9301ee17f30f4d474e6ae4b05252/library/core/src/panicking.rs:75:14
[INFO] [stdout]   18:     0x6474c1d75beb - processor::common::assert_snapshot_plain::h72c7758db897847a
[INFO] [stdout]                                at /opt/rustwide/workdir/tests/common/mod.rs:52:5
[INFO] [stdout]   19:     0x6474c1d755dc - processor::common::assert_snapshot::hf492d977c5a63e6e
[INFO] [stdout]                                at /opt/rustwide/workdir/tests/common/mod.rs:35:5
[INFO] [stdout]   20:     0x6474c1d75d3c - processor::process_minidump_from_path::h3673c087c2e908db
[INFO] [stdout]                                at /opt/rustwide/workdir/tests/processor.rs:18:5
[INFO] [stdout]   21:     0x6474c1d75ca7 - processor::process_minidump_from_path::{{closure}}::hca20e903f9a94f29
[INFO] [stdout]                                at /opt/rustwide/workdir/tests/processor.rs:14:32
[INFO] [stdout]   22:     0x6474c1d72836 - core::ops::function::FnOnce::call_once::haa631b85c6915813
[INFO] [stdout]                                at /rustc/df4ca44d3fbc9301ee17f30f4d474e6ae4b05252/library/core/src/ops/function.rs:250:5
[INFO] [stdout]   23:     0x6474c1db7bbb - core::ops::function::FnOnce::call_once::h22c3ba5715e93f05
[INFO] [stdout]                                at /rustc/df4ca44d3fbc9301ee17f30f4d474e6ae4b05252/library/core/src/ops/function.rs:250:5
[INFO] [stdout]   24:     0x6474c1db7bbb - test::__rust_begin_short_backtrace::h8e82d8113d0da17f
[INFO] [stdout]                                at /rustc/df4ca44d3fbc9301ee17f30f4d474e6ae4b05252/library/test/src/lib.rs:621:18
[INFO] [stdout]   25:     0x6474c1db7537 - test::run_test_in_process::{{closure}}::h33235f4f20b7b7c7
[INFO] [stdout]                                at /rustc/df4ca44d3fbc9301ee17f30f4d474e6ae4b05252/library/test/src/lib.rs:644:60
[INFO] [stdout]   26:     0x6474c1db7537 - <core::panic::unwind_safe::AssertUnwindSafe<F> as core::ops::function::FnOnce<()>>::call_once::hb5043206310c586f
[INFO] [stdout]                                at /rustc/df4ca44d3fbc9301ee17f30f4d474e6ae4b05252/library/core/src/panic/unwind_safe.rs:272:9
[INFO] [stdout]   27:     0x6474c1db7537 - std::panicking::try::do_call::h9ad4731a60ab23e2
[INFO] [stdout]                                at /rustc/df4ca44d3fbc9301ee17f30f4d474e6ae4b05252/library/std/src/panicking.rs:557:40
[INFO] [stdout]   28:     0x6474c1db7537 - std::panicking::try::h3824d23db772a716
[INFO] [stdout]                                at /rustc/df4ca44d3fbc9301ee17f30f4d474e6ae4b05252/library/std/src/panicking.rs:520:19
[INFO] [stdout]   29:     0x6474c1db7537 - std::panic::catch_unwind::h5afd514605fde46b
[INFO] [stdout]                                at /rustc/df4ca44d3fbc9301ee17f30f4d474e6ae4b05252/library/std/src/panic.rs:358:14
[INFO] [stdout]   30:     0x6474c1db7537 - test::run_test_in_process::h0d5cbfa7067d1720
[INFO] [stdout]                                at /rustc/df4ca44d3fbc9301ee17f30f4d474e6ae4b05252/library/test/src/lib.rs:644:27
[INFO] [stdout]   31:     0x6474c1db7537 - test::run_test::{{closure}}::h708eb8872708115d
[INFO] [stdout]                                at /rustc/df4ca44d3fbc9301ee17f30f4d474e6ae4b05252/library/test/src/lib.rs:565:43
[INFO] [stdout]   32:     0x6474c1d7ac54 - test::run_test::{{closure}}::h392c51cee94713ab
[INFO] [stdout]                                at /rustc/df4ca44d3fbc9301ee17f30f4d474e6ae4b05252/library/test/src/lib.rs:595:41
[INFO] [stdout]   33:     0x6474c1d7ac54 - std::sys::backtrace::__rust_begin_short_backtrace::h2f40290710935a8b
[INFO] [stdout]                                at /rustc/df4ca44d3fbc9301ee17f30f4d474e6ae4b05252/library/std/src/sys/backtrace.rs:154:18
[INFO] [stdout]   34:     0x6474c1d7e3fe - std::thread::Builder::spawn_unchecked_::{{closure}}::{{closure}}::h3fd968d89053a903
[INFO] [stdout]                                at /rustc/df4ca44d3fbc9301ee17f30f4d474e6ae4b05252/library/std/src/thread/mod.rs:541:17
[INFO] [stdout]   35:     0x6474c1d7e3fe - <core::panic::unwind_safe::AssertUnwindSafe<F> as core::ops::function::FnOnce<()>>::call_once::h743f637ba4229880
[INFO] [stdout]                                at /rustc/df4ca44d3fbc9301ee17f30f4d474e6ae4b05252/library/core/src/panic/unwind_safe.rs:272:9
[INFO] [stdout]   36:     0x6474c1d7e3fe - std::panicking::try::do_call::h07440897322525a6
[INFO] [stdout]                                at /rustc/df4ca44d3fbc9301ee17f30f4d474e6ae4b05252/library/std/src/panicking.rs:557:40
[INFO] [stdout]   37:     0x6474c1d7e3fe - std::panicking::try::he5a2e00188156637
[INFO] [stdout]                                at /rustc/df4ca44d3fbc9301ee17f30f4d474e6ae4b05252/library/std/src/panicking.rs:520:19
[INFO] [stdout]   38:     0x6474c1d7e3fe - std::panic::catch_unwind::hbaf3cae49b3c6433
[INFO] [stdout]                                at /rustc/df4ca44d3fbc9301ee17f30f4d474e6ae4b05252/library/std/src/panic.rs:358:14
[INFO] [stdout]   39:     0x6474c1d7e3fe - std::thread::Builder::spawn_unchecked_::{{closure}}::h8e141ea224820bce
[INFO] [stdout]                                at /rustc/df4ca44d3fbc9301ee17f30f4d474e6ae4b05252/library/std/src/thread/mod.rs:540:30
[INFO] [stdout]   40:     0x6474c1d7e3fe - core::ops::function::FnOnce::call_once{{vtable.shim}}::h90d312fedd7b8ea8
[INFO] [stdout]                                at /rustc/df4ca44d3fbc9301ee17f30f4d474e6ae4b05252/library/core/src/ops/function.rs:250:5
[INFO] [stdout]   41:     0x6474c1f713bb - <alloc::boxed::Box<F,A> as core::ops::function::FnOnce<Args>>::call_once::h69aa08ddb6adb8b6
[INFO] [stdout]                                at /rustc/df4ca44d3fbc9301ee17f30f4d474e6ae4b05252/library/alloc/src/boxed.rs:2454:9
[INFO] [stdout]   42:     0x6474c1f713bb - <alloc::boxed::Box<F,A> as core::ops::function::FnOnce<Args>>::call_once::h5aa36efdb79c806f
[INFO] [stdout]                                at /rustc/df4ca44d3fbc9301ee17f30f4d474e6ae4b05252/library/alloc/src/boxed.rs:2454:9
[INFO] [stdout]   43:     0x6474c1f713bb - std::sys::pal::unix::thread::Thread::new::thread_start::h6cd80a1b4be5158d
[INFO] [stdout]                                at /rustc/df4ca44d3fbc9301ee17f30f4d474e6ae4b05252/library/std/src/sys/pal/unix/thread.rs:105:17
[INFO] [stdout]   44:     0x7c4de8e13ac3 - <unknown>
[INFO] [stdout]   45:     0x7c4de8ea4a04 - clone
[INFO] [stdout]   46:                0x0 - <unknown>
[INFO] [stdout] 
[INFO] [stdout] 
[INFO] [stdout] failures:
[INFO] [stdout]     get_minidump_process_state_cfi
[INFO] [stdout]     obtain_referenced_modules
[INFO] [stdout]     process_minidump_from_buffer
[INFO] [stdout]     process_minidump_from_path
[INFO] [stdout] 
[INFO] [stdout] test result: FAILED. 0 passed; 4 failed; 0 ignored; 0 measured; 0 filtered out; finished in 0.02s
[INFO] [stdout] 
[INFO] [stderr] error: test failed, to rerun pass `--test processor`
[INFO] running `Command { std: "docker" "inspect" "7c3ba4067cd648a7e0b7ac93b40b01c332166e2f0ee6bee55714c354edfed2ea", kill_on_drop: false }`
[INFO] running `Command { std: "docker" "rm" "-f" "7c3ba4067cd648a7e0b7ac93b40b01c332166e2f0ee6bee55714c354edfed2ea", kill_on_drop: false }`
[INFO] [stdout] 7c3ba4067cd648a7e0b7ac93b40b01c332166e2f0ee6bee55714c354edfed2ea
