[INFO] fetching crate boxxy 0.13.1...
[INFO] testing boxxy-0.13.1 against nightly-2024-10-28+rustflags=-Zrandomize-layout for randomize-layout
[INFO] extracting crate boxxy 0.13.1 into /workspace/builds/worker-5-tc2/source
[INFO] validating manifest of crates.io crate boxxy 0.13.1 on toolchain nightly-2024-10-28
[INFO] running `Command { std: CARGO_HOME="/workspace/cargo-home" RUSTUP_HOME="/workspace/rustup-home" "/workspace/cargo-home/bin/cargo" "+nightly-2024-10-28" "metadata" "--manifest-path" "Cargo.toml" "--no-deps", kill_on_drop: false }`
[INFO] started tweaking crates.io crate boxxy 0.13.1
[INFO] finished tweaking crates.io crate boxxy 0.13.1
[INFO] tweaked toml for crates.io crate boxxy 0.13.1 written to /workspace/builds/worker-5-tc2/source/Cargo.toml
[INFO] crate crates.io crate boxxy 0.13.1 already has a lockfile, it will not be regenerated
[INFO] running `Command { std: CARGO_HOME="/workspace/cargo-home" RUSTUP_HOME="/workspace/rustup-home" "/workspace/cargo-home/bin/cargo" "+nightly-2024-10-28" "fetch" "--manifest-path" "Cargo.toml", kill_on_drop: false }`
[INFO] running `Command { std: "docker" "create" "-v" "/var/lib/crater-agent-workspace/builds/worker-5-tc2/target:/opt/rustwide/target:rw,Z" "-v" "/var/lib/crater-agent-workspace/builds/worker-5-tc2/source:/opt/rustwide/workdir:ro,Z" "-v" "/var/lib/crater-agent-workspace/cargo-home:/opt/rustwide/cargo-home:ro,Z" "-v" "/var/lib/crater-agent-workspace/rustup-home:/opt/rustwide/rustup-home:ro,Z" "-e" "SOURCE_DIR=/opt/rustwide/workdir" "-e" "CARGO_TARGET_DIR=/opt/rustwide/target" "-e" "CARGO_HOME=/opt/rustwide/cargo-home" "-e" "RUSTUP_HOME=/opt/rustwide/rustup-home" "-w" "/opt/rustwide/workdir" "-m" "1610612736" "--user" "0:0" "--network" "none" "ghcr.io/rust-lang/crates-build-env/linux@sha256:4a844ea9eb2546a2d2c7022eacef16ef2e8229c7fbb2c7d4d55a9ceca922f72d" "/opt/rustwide/cargo-home/bin/cargo" "+nightly-2024-10-28" "metadata" "--no-deps" "--format-version=1", kill_on_drop: false }`
[INFO] [stdout] 54577eb19ab7bb2b172df6ca1f20062c27b6b979b3226e474b6591a17cb1f137
[INFO] running `Command { std: "docker" "start" "-a" "54577eb19ab7bb2b172df6ca1f20062c27b6b979b3226e474b6591a17cb1f137", kill_on_drop: false }`
[INFO] running `Command { std: "docker" "inspect" "54577eb19ab7bb2b172df6ca1f20062c27b6b979b3226e474b6591a17cb1f137", kill_on_drop: false }`
[INFO] running `Command { std: "docker" "rm" "-f" "54577eb19ab7bb2b172df6ca1f20062c27b6b979b3226e474b6591a17cb1f137", kill_on_drop: false }`
[INFO] [stdout] 54577eb19ab7bb2b172df6ca1f20062c27b6b979b3226e474b6591a17cb1f137
[INFO] running `Command { std: "docker" "create" "-v" "/var/lib/crater-agent-workspace/builds/worker-5-tc2/target:/opt/rustwide/target:rw,Z" "-v" "/var/lib/crater-agent-workspace/builds/worker-5-tc2/source:/opt/rustwide/workdir:ro,Z" "-v" "/var/lib/crater-agent-workspace/cargo-home:/opt/rustwide/cargo-home:ro,Z" "-v" "/var/lib/crater-agent-workspace/rustup-home:/opt/rustwide/rustup-home:ro,Z" "-e" "SOURCE_DIR=/opt/rustwide/workdir" "-e" "CARGO_TARGET_DIR=/opt/rustwide/target" "-e" "CARGO_INCREMENTAL=0" "-e" "RUST_BACKTRACE=full" "-e" "RUSTFLAGS=--cap-lints=forbid -Zrandomize-layout" "-e" "RUSTDOCFLAGS=--cap-lints=forbid" "-e" "CARGO_HOME=/opt/rustwide/cargo-home" "-e" "RUSTUP_HOME=/opt/rustwide/rustup-home" "-w" "/opt/rustwide/workdir" "-m" "1610612736" "--user" "0:0" "--network" "none" "ghcr.io/rust-lang/crates-build-env/linux@sha256:4a844ea9eb2546a2d2c7022eacef16ef2e8229c7fbb2c7d4d55a9ceca922f72d" "/opt/rustwide/cargo-home/bin/cargo" "+nightly-2024-10-28" "build" "--frozen" "--message-format=json", kill_on_drop: false }`
[INFO] [stdout] d17155d65ebf323ade63c54c615fb0f34b410c3bd0790ed9d83de6e688db0127
[INFO] running `Command { std: "docker" "start" "-a" "d17155d65ebf323ade63c54c615fb0f34b410c3bd0790ed9d83de6e688db0127", kill_on_drop: false }`
[INFO] [stderr]    Compiling proc-macro2 v1.0.40
[INFO] [stderr]    Compiling quote v1.0.20
[INFO] [stderr]    Compiling unicode-ident v1.0.2
[INFO] [stderr]    Compiling libc v0.2.126
[INFO] [stderr]    Compiling autocfg v1.1.0
[INFO] [stderr]    Compiling version_check v0.9.4
[INFO] [stderr]    Compiling syn v1.0.98
[INFO] [stderr]    Compiling bitflags v1.3.2
[INFO] [stderr]    Compiling io-lifetimes v0.7.2
[INFO] [stderr]    Compiling memchr v2.5.0
[INFO] [stderr]    Compiling rustix v0.35.7
[INFO] [stderr]    Compiling smallvec v1.9.0
[INFO] [stderr]    Compiling linux-raw-sys v0.0.46
[INFO] [stderr]    Compiling log v0.4.17
[INFO] [stderr]    Compiling hashbrown v0.12.3
[INFO] [stderr]    Compiling os_str_bytes v6.2.0
[INFO] [stderr]    Compiling heck v0.4.0
[INFO] [stderr]    Compiling endian-type v0.1.2
[INFO] [stderr]    Compiling nibble_vec v0.1.0
[INFO] [stderr]    Compiling anyhow v1.0.58
[INFO] [stderr]    Compiling unicode-segmentation v1.9.0
[INFO] [stderr]    Compiling clap_lex v0.2.4
[INFO] [stderr]    Compiling proc-macro-error-attr v1.0.4
[INFO] [stderr]    Compiling proc-macro-error v1.0.4
[INFO] [stderr]    Compiling radix_trie v0.2.1
[INFO] [stderr]    Compiling utf8parse v0.2.0
[INFO] [stderr]    Compiling regex-syntax v0.6.27
[INFO] [stderr]    Compiling once_cell v1.13.0
[INFO] [stderr]    Compiling memoffset v0.6.5
[INFO] [stderr]    Compiling indexmap v1.9.1
[INFO] [stderr]    Compiling textwrap v0.15.0
[INFO] [stderr]    Compiling unicode-width v0.1.9
[INFO] [stderr]    Compiling bufstream v0.1.4
[INFO] [stderr]    Compiling base64 v0.13.0
[INFO] [stderr]    Compiling aho-corasick v0.7.18
[INFO] [stderr]    Compiling dirs-sys-next v0.1.2
[INFO] [stderr]    Compiling nix v0.24.2
[INFO] [stderr]    Compiling errno v0.2.8
[INFO] [stderr]    Compiling close_fds v0.3.2
[INFO] [stderr]    Compiling dirs-next v2.0.0
[INFO] [stderr]    Compiling fd-lock v3.0.6
[INFO] [stderr]    Compiling regex v1.6.0
[INFO] [stderr]    Compiling thiserror-impl v1.0.31
[INFO] [stderr]    Compiling clap_derive v3.2.7
[INFO] [stderr]    Compiling thiserror v1.0.31
[INFO] [stderr]    Compiling caps v0.5.3
[INFO] [stderr]    Compiling rustyline v10.0.0
[INFO] [stderr]    Compiling clap v3.2.12
[INFO] [stderr]    Compiling boxxy v0.13.1 (/opt/rustwide/workdir)
[INFO] [stdout] warning: unused return value of `Box::<T>::from_raw` that must be used
[INFO] [stdout]   --> src/ffi/exports.rs:50:9
[INFO] [stdout]    |
[INFO] [stdout] 50 |         Box::from_raw(target);
[INFO] [stdout]    |         ^^^^^^^^^^^^^^^^^^^^^
[INFO] [stdout]    |
[INFO] [stdout]    = note: call `drop(Box::from_raw(ptr))` if you intend to drop the `Box`
[INFO] [stdout]    = note: `#[warn(unused_must_use)]` on by default
[INFO] [stdout] help: use `let _ = ...` to ignore the resulting value
[INFO] [stdout]    |
[INFO] [stdout] 50 |         let _ = Box::from_raw(target);
[INFO] [stdout]    |         +++++++
[INFO] [stdout] 
[INFO] [stdout] 
[INFO] [stderr]     Finished `dev` profile [unoptimized + debuginfo] target(s) in 9.67s
[INFO] running `Command { std: "docker" "inspect" "d17155d65ebf323ade63c54c615fb0f34b410c3bd0790ed9d83de6e688db0127", kill_on_drop: false }`
[INFO] running `Command { std: "docker" "rm" "-f" "d17155d65ebf323ade63c54c615fb0f34b410c3bd0790ed9d83de6e688db0127", kill_on_drop: false }`
[INFO] [stdout] d17155d65ebf323ade63c54c615fb0f34b410c3bd0790ed9d83de6e688db0127
[INFO] running `Command { std: "docker" "create" "-v" "/var/lib/crater-agent-workspace/builds/worker-5-tc2/target:/opt/rustwide/target:rw,Z" "-v" "/var/lib/crater-agent-workspace/builds/worker-5-tc2/source:/opt/rustwide/workdir:ro,Z" "-v" "/var/lib/crater-agent-workspace/cargo-home:/opt/rustwide/cargo-home:ro,Z" "-v" "/var/lib/crater-agent-workspace/rustup-home:/opt/rustwide/rustup-home:ro,Z" "-e" "SOURCE_DIR=/opt/rustwide/workdir" "-e" "CARGO_TARGET_DIR=/opt/rustwide/target" "-e" "CARGO_INCREMENTAL=0" "-e" "RUST_BACKTRACE=full" "-e" "RUSTFLAGS=--cap-lints=forbid -Zrandomize-layout" "-e" "RUSTDOCFLAGS=--cap-lints=forbid" "-e" "CARGO_HOME=/opt/rustwide/cargo-home" "-e" "RUSTUP_HOME=/opt/rustwide/rustup-home" "-w" "/opt/rustwide/workdir" "-m" "1610612736" "--user" "0:0" "--network" "none" "ghcr.io/rust-lang/crates-build-env/linux@sha256:4a844ea9eb2546a2d2c7022eacef16ef2e8229c7fbb2c7d4d55a9ceca922f72d" "/opt/rustwide/cargo-home/bin/cargo" "+nightly-2024-10-28" "test" "--frozen" "--no-run" "--message-format=json", kill_on_drop: false }`
[INFO] [stdout] 5b1e03d2a2536f30c1b05ddef0b09258f2b96437b2551399aefd5e219a4cb586
[INFO] running `Command { std: "docker" "start" "-a" "5b1e03d2a2536f30c1b05ddef0b09258f2b96437b2551399aefd5e219a4cb586", kill_on_drop: false }`
[INFO] [stderr]    Compiling typenum v1.15.0
[INFO] [stderr]    Compiling cc v1.0.73
[INFO] [stderr]    Compiling log v0.4.17
[INFO] [stderr]    Compiling generic-array v0.14.5
[INFO] [stderr]    Compiling untrusted v0.7.1
[INFO] [stderr]    Compiling spin v0.5.2
[INFO] [stderr]    Compiling rustls v0.20.6
[INFO] [stderr]    Compiling atty v0.2.14
[INFO] [stderr]    Compiling humantime v2.1.0
[INFO] [stderr]    Compiling byteorder v0.5.3
[INFO] [stderr]    Compiling termcolor v1.1.3
[INFO] [stderr]    Compiling cpufeatures v0.2.2
[INFO] [stderr]    Compiling pem v1.1.0
[INFO] [stderr]    Compiling ctrlc v3.2.2
[INFO] [stderr]    Compiling elf v0.0.10
[INFO] [stderr]    Compiling rustyline v10.0.0
[INFO] [stderr]    Compiling env_logger v0.9.0
[INFO] [stderr]    Compiling ring v0.16.20
[INFO] [stderr]    Compiling block-buffer v0.10.2
[INFO] [stderr]    Compiling crypto-common v0.1.6
[INFO] [stderr]    Compiling digest v0.10.3
[INFO] [stderr]    Compiling boxxy v0.13.1 (/opt/rustwide/workdir)
[INFO] [stderr]    Compiling sha2 v0.10.2
[INFO] [stdout] warning: unused return value of `Box::<T>::from_raw` that must be used
[INFO] [stdout]   --> src/ffi/exports.rs:50:9
[INFO] [stdout]    |
[INFO] [stdout] 50 |         Box::from_raw(target);
[INFO] [stdout]    |         ^^^^^^^^^^^^^^^^^^^^^
[INFO] [stdout]    |
[INFO] [stdout]    = note: call `drop(Box::from_raw(ptr))` if you intend to drop the `Box`
[INFO] [stdout]    = note: `#[warn(unused_must_use)]` on by default
[INFO] [stdout] help: use `let _ = ...` to ignore the resulting value
[INFO] [stdout]    |
[INFO] [stdout] 50 |         let _ = Box::from_raw(target);
[INFO] [stdout]    |         +++++++
[INFO] [stdout] 
[INFO] [stdout] 
[INFO] [stderr]    Compiling sct v0.7.0
[INFO] [stderr]    Compiling webpki v0.22.0
[INFO] [stdout] warning: unused return value of `Box::<T>::from_raw` that must be used
[INFO] [stdout]   --> src/ffi/exports.rs:50:9
[INFO] [stdout]    |
[INFO] [stdout] 50 |         Box::from_raw(target);
[INFO] [stdout]    |         ^^^^^^^^^^^^^^^^^^^^^
[INFO] [stdout]    |
[INFO] [stdout]    = note: call `drop(Box::from_raw(ptr))` if you intend to drop the `Box`
[INFO] [stdout]    = note: `#[warn(unused_must_use)]` on by default
[INFO] [stdout] help: use `let _ = ...` to ignore the resulting value
[INFO] [stdout]    |
[INFO] [stdout] 50 |         let _ = Box::from_raw(target);
[INFO] [stdout]    |         +++++++
[INFO] [stdout] 
[INFO] [stdout] 
[INFO] [stderr]     Finished `test` profile [unoptimized + debuginfo] target(s) in 6.62s
[INFO] running `Command { std: "docker" "inspect" "5b1e03d2a2536f30c1b05ddef0b09258f2b96437b2551399aefd5e219a4cb586", kill_on_drop: false }`
[INFO] running `Command { std: "docker" "rm" "-f" "5b1e03d2a2536f30c1b05ddef0b09258f2b96437b2551399aefd5e219a4cb586", kill_on_drop: false }`
[INFO] [stdout] 5b1e03d2a2536f30c1b05ddef0b09258f2b96437b2551399aefd5e219a4cb586
[INFO] running `Command { std: "docker" "create" "-v" "/var/lib/crater-agent-workspace/builds/worker-5-tc2/target:/opt/rustwide/target:rw,Z" "-v" "/var/lib/crater-agent-workspace/builds/worker-5-tc2/source:/opt/rustwide/workdir:ro,Z" "-v" "/var/lib/crater-agent-workspace/cargo-home:/opt/rustwide/cargo-home:ro,Z" "-v" "/var/lib/crater-agent-workspace/rustup-home:/opt/rustwide/rustup-home:ro,Z" "-e" "SOURCE_DIR=/opt/rustwide/workdir" "-e" "CARGO_TARGET_DIR=/opt/rustwide/target" "-e" "CARGO_INCREMENTAL=0" "-e" "RUST_BACKTRACE=full" "-e" "RUSTFLAGS=--cap-lints=forbid -Zrandomize-layout" "-e" "RUSTDOCFLAGS=--cap-lints=forbid" "-e" "CARGO_HOME=/opt/rustwide/cargo-home" "-e" "RUSTUP_HOME=/opt/rustwide/rustup-home" "-w" "/opt/rustwide/workdir" "-m" "1610612736" "--user" "0:0" "--network" "none" "ghcr.io/rust-lang/crates-build-env/linux@sha256:4a844ea9eb2546a2d2c7022eacef16ef2e8229c7fbb2c7d4d55a9ceca922f72d" "/opt/rustwide/cargo-home/bin/cargo" "+nightly-2024-10-28" "test" "--frozen", kill_on_drop: false }`
[INFO] [stdout] e926f37c8befe7f1db620b73a7779061fa0de0ffa547d688d1334d7074121385
[INFO] running `Command { std: "docker" "start" "-a" "e926f37c8befe7f1db620b73a7779061fa0de0ffa547d688d1334d7074121385", kill_on_drop: false }`
[INFO] [stderr] warning: unused return value of `Box::<T>::from_raw` that must be used
[INFO] [stderr]   --> src/ffi/exports.rs:50:9
[INFO] [stderr]    |
[INFO] [stderr] 50 |         Box::from_raw(target);
[INFO] [stderr]    |         ^^^^^^^^^^^^^^^^^^^^^
[INFO] [stderr]    |
[INFO] [stderr]    = note: call `drop(Box::from_raw(ptr))` if you intend to drop the `Box`
[INFO] [stderr]    = note: `#[warn(unused_must_use)]` on by default
[INFO] [stderr] help: use `let _ = ...` to ignore the resulting value
[INFO] [stderr]    |
[INFO] [stderr] 50 |         let _ = Box::from_raw(target);
[INFO] [stderr]    |         +++++++
[INFO] [stderr] 
[INFO] [stderr] warning: `boxxy` (lib) generated 1 warning
[INFO] [stderr] warning: `boxxy` (lib test) generated 1 warning (1 duplicate)
[INFO] [stderr]     Finished `test` profile [unoptimized + debuginfo] target(s) in 0.08s
[INFO] [stderr]      Running unittests src/lib.rs (/opt/rustwide/target/debug/deps/boxxy-5d82d31423460332)
[INFO] [stdout] 
[INFO] [stdout] running 10 tests
[INFO] [stdout] test busybox::disk::ls::tests::test_permission_formatter ... ok
[INFO] [stdout] test busybox::meta::echo::tests::test_echo ... ok
[INFO] [stdout] test busybox::procs::jit::tests::test_unhexify ... ok
[INFO] [stdout] test ffi::tests::test_getresgid ... ok
[INFO] [stdout] test ffi::tests::test_getresuid ... ok
[INFO] [stdout] test shell::tests::test_bg ... ok
[INFO] [stdout] test shell::tests::test_empty ... ok
[INFO] [stdout] test shell::tests::test_is_comment ... ok
[INFO] [stdout] test shell::tests::test_newline ... ok
[INFO] [stdout] test shell::tests::test_parse ... ok
[INFO] [stdout] 
[INFO] [stdout] test result: ok. 10 passed; 0 failed; 0 ignored; 0 measured; 0 filtered out; finished in 0.00s
[INFO] [stdout] 
[INFO] [stderr]    Doc-tests boxxy
[INFO] [stdout] 
[INFO] [stdout] running 17 tests
[INFO] [stdout] test src/ffi/linux.rs - ffi::linux::setgroups (line 48) - compile ... ok
[INFO] [stdout] test src/ffi/unix.rs - ffi::unix::getgroups (line 41) ... FAILED
[INFO] [stdout] test src/ffi/linux.rs - ffi::linux::getresgid (line 27) ... ok
[INFO] [stdout] test src/shell.rs - shell::Shell::run (line 458) ... ok
[INFO] [stdout] test src/shell.rs - shell::Toolbox::insert_many_native (line 238) ... ok
[INFO] [stdout] test src/shell.rs - shell::Toolbox::empty (line 71) ... ok
[INFO] [stdout] test src/shell.rs - shell::Toolbox::keys (line 166) ... ok
[INFO] [stdout] test src/shell.rs - shell::Toolbox::insert (line 182) ... ok
[INFO] [stdout] test src/shell.rs - shell::Shell::new (line 322) ... ok
[INFO] [stdout] test src/shell.rs - shell::Toolbox::with (line 270) ... ok
[INFO] [stdout] test src/shell.rs - shell::Shell::downgrade (line 341) ... ok
[INFO] [stdout] test src/lib.rs - (line 11) ... ok
[INFO] [stdout] test src/shell.rs - shell::Toolbox::new (line 83) ... ok
[INFO] [stdout] test src/shell.rs - shell::Shell::insert (line 381) ... ok
[INFO] [stdout] test src/shell.rs - shell::Toolbox::insert_many (line 204) ... ok
[INFO] [stdout] test src/shell.rs - shell::Toolbox::get (line 153) ... ok
[INFO] [stdout] test src/ffi/linux.rs - ffi::linux::getresuid (line 6) ... ok
[INFO] [stdout] 
[INFO] [stdout] failures:
[INFO] [stdout] 
[INFO] [stdout] ---- src/ffi/unix.rs - ffi::unix::getgroups (line 41) stdout ----
[INFO] [stdout] Test executable failed (signal: 6 (SIGABRT) (core dumped)).
[INFO] [stdout] 
[INFO] [stdout] stderr:
[INFO] [stdout] thread 'main' panicked at core/src/panicking.rs:227:5:
[INFO] [stdout] unsafe precondition(s) violated: slice::get_unchecked requires that the index is within the slice
[INFO] [stdout] stack backtrace:
[INFO] [stdout]    0:     0x5ad4a4dbb3ba - std::backtrace_rs::backtrace::libunwind::trace::h207520d6e9873551
[INFO] [stdout]                                at /rustc/df4ca44d3fbc9301ee17f30f4d474e6ae4b05252/library/std/src/../../backtrace/src/backtrace/libunwind.rs:116:5
[INFO] [stdout]    1:     0x5ad4a4dbb3ba - std::backtrace_rs::backtrace::trace_unsynchronized::h2ed7433f370e3eca
[INFO] [stdout]                                at /rustc/df4ca44d3fbc9301ee17f30f4d474e6ae4b05252/library/std/src/../../backtrace/src/backtrace/mod.rs:66:5
[INFO] [stdout]    2:     0x5ad4a4dbb3ba - std::sys::backtrace::_print_fmt::h916fac51166b18d7
[INFO] [stdout]                                at /rustc/df4ca44d3fbc9301ee17f30f4d474e6ae4b05252/library/std/src/sys/backtrace.rs:66:9
[INFO] [stdout]    3:     0x5ad4a4dbb3ba - <std::sys::backtrace::BacktraceLock::print::DisplayBacktrace as core::fmt::Display>::fmt::ha0a4c9b8ce3802e6
[INFO] [stdout]                                at /rustc/df4ca44d3fbc9301ee17f30f4d474e6ae4b05252/library/std/src/sys/backtrace.rs:39:26
[INFO] [stdout]    4:     0x5ad4a4dd7663 - core::fmt::rt::Argument::fmt::h4cfc8587d52b3eb5
[INFO] [stdout]                                at /rustc/df4ca44d3fbc9301ee17f30f4d474e6ae4b05252/library/core/src/fmt/rt.rs:177:76
[INFO] [stdout]    5:     0x5ad4a4dd7663 - core::fmt::write::h522cc39e5b36ae9f
[INFO] [stdout]                                at /rustc/df4ca44d3fbc9301ee17f30f4d474e6ae4b05252/library/core/src/fmt/mod.rs:1190:21
[INFO] [stdout]    6:     0x5ad4a4db8cf3 - std::io::Write::write_fmt::hf1c1dcc8cc1287f0
[INFO] [stdout]                                at /rustc/df4ca44d3fbc9301ee17f30f4d474e6ae4b05252/library/std/src/io/mod.rs:1839:15
[INFO] [stdout]    7:     0x5ad4a4dbb202 - std::sys::backtrace::BacktraceLock::print::h4b9e00b29e9c0942
[INFO] [stdout]                                at /rustc/df4ca44d3fbc9301ee17f30f4d474e6ae4b05252/library/std/src/sys/backtrace.rs:42:9
[INFO] [stdout]    8:     0x5ad4a4dbc1cc - std::panicking::default_hook::{{closure}}::hb59b88280d0324d9
[INFO] [stdout]                                at /rustc/df4ca44d3fbc9301ee17f30f4d474e6ae4b05252/library/std/src/panicking.rs:268:22
[INFO] [stdout]    9:     0x5ad4a4dbc012 - std::panicking::default_hook::he1dd496665be4a29
[INFO] [stdout]                                at /rustc/df4ca44d3fbc9301ee17f30f4d474e6ae4b05252/library/std/src/panicking.rs:295:9
[INFO] [stdout]   10:     0x5ad4a4dbc7c7 - std::panicking::rust_panic_with_hook::h2ff17fe8f26dfcf8
[INFO] [stdout]                                at /rustc/df4ca44d3fbc9301ee17f30f4d474e6ae4b05252/library/std/src/panicking.rs:801:13
[INFO] [stdout]   11:     0x5ad4a4dbc626 - std::panicking::begin_panic_handler::{{closure}}::h4fad77951c07e101
[INFO] [stdout]                                at /rustc/df4ca44d3fbc9301ee17f30f4d474e6ae4b05252/library/std/src/panicking.rs:667:13
[INFO] [stdout]   12:     0x5ad4a4dbb899 - std::sys::backtrace::__rust_end_short_backtrace::hb1a25b3da5d0ea08
[INFO] [stdout]                                at /rustc/df4ca44d3fbc9301ee17f30f4d474e6ae4b05252/library/std/src/sys/backtrace.rs:170:18
[INFO] [stdout]   13:     0x5ad4a4dbc2ec - rust_begin_unwind
[INFO] [stdout]                                at /rustc/df4ca44d3fbc9301ee17f30f4d474e6ae4b05252/library/std/src/panicking.rs:665:5
[INFO] [stdout]   14:     0x5ad4a4dd68dd - core::panicking::panic_nounwind_fmt::runtime::hb8ceb4e2b8eb64c7
[INFO] [stdout]                                at /rustc/df4ca44d3fbc9301ee17f30f4d474e6ae4b05252/library/core/src/panicking.rs:115:18
[INFO] [stdout]   15:     0x5ad4a4dd68dd - core::panicking::panic_nounwind_fmt::hccfae7c58ba60316
[INFO] [stdout]                                at /rustc/df4ca44d3fbc9301ee17f30f4d474e6ae4b05252/library/core/src/panicking.rs:125:5
[INFO] [stdout]   16:     0x5ad4a4dd6972 - core::panicking::panic_nounwind::ha9cb41ebc3328049
[INFO] [stdout]                                at /rustc/df4ca44d3fbc9301ee17f30f4d474e6ae4b05252/library/core/src/panicking.rs:227:5
[INFO] [stdout]   17:     0x5ad4a4d97fe8 - <usize as core::slice::index::SliceIndex<[T]>>::get_unchecked::precondition_check::h2e3fb1de76cbd3b8
[INFO] [stdout]                                at /rustc/df4ca44d3fbc9301ee17f30f4d474e6ae4b05252/library/core/src/ub_checks.rs:71:21
[INFO] [stdout]   18:     0x5ad4a4d97f9f - <usize as core::slice::index::SliceIndex<[T]>>::get_unchecked::h54854c273873de11
[INFO] [stdout]                                at /rustc/df4ca44d3fbc9301ee17f30f4d474e6ae4b05252/library/core/src/ub_checks.rs:78:17
[INFO] [stdout]   19:     0x5ad4a4d98219 - core::slice::<impl [T]>::get_unchecked::h7df28b14d49e05e0
[INFO] [stdout]                                at /rustc/df4ca44d3fbc9301ee17f30f4d474e6ae4b05252/library/core/src/slice/mod.rs:664:20
[INFO] [stdout]   20:     0x5ad4a4d9687d - boxxy::ffi::unix::getgroups::{{closure}}::h81dcd57b47c7a688
[INFO] [stdout]                                at /opt/rustwide/workdir/src/ffi/unix.rs:55:31
[INFO] [stdout]   21:     0x5ad4a4d964f0 - core::iter::adapters::map::map_fold::{{closure}}::h090dc4cb5f3d9001
[INFO] [stdout]                                at /rustc/df4ca44d3fbc9301ee17f30f4d474e6ae4b05252/library/core/src/iter/adapters/map.rs:88:28
[INFO] [stdout]   22:     0x5ad4a4d95dd0 - core::iter::traits::iterator::Iterator::fold::h2208c7d4070b8498
[INFO] [stdout]                                at /rustc/df4ca44d3fbc9301ee17f30f4d474e6ae4b05252/library/core/src/iter/traits/iterator.rs:2584:21
[INFO] [stdout]   23:     0x5ad4a4d96422 - <core::iter::adapters::map::Map<I,F> as core::iter::traits::iterator::Iterator>::fold::hbcad68da05097fe7
[INFO] [stdout]                                at /rustc/df4ca44d3fbc9301ee17f30f4d474e6ae4b05252/library/core/src/iter/adapters/map.rs:128:9
[INFO] [stdout]   24:     0x5ad4a4d964a6 - core::iter::traits::iterator::Iterator::for_each::hb5b5af36858bd2db
[INFO] [stdout]                                at /rustc/df4ca44d3fbc9301ee17f30f4d474e6ae4b05252/library/core/src/iter/traits/iterator.rs:813:9
[INFO] [stdout]   25:     0x5ad4a4d9534b - alloc::vec::Vec<T,A>::extend_trusted::h6a5de98cac0df506
[INFO] [stdout]                                at /rustc/df4ca44d3fbc9301ee17f30f4d474e6ae4b05252/library/alloc/src/vec/mod.rs:3551:17
[INFO] [stdout]   26:     0x5ad4a4d9548b - <alloc::vec::Vec<T,A> as alloc::vec::spec_extend::SpecExtend<T,I>>::spec_extend::he3b3b642f7a16218
[INFO] [stdout]                                at /rustc/df4ca44d3fbc9301ee17f30f4d474e6ae4b05252/library/alloc/src/vec/spec_extend.rs:29:9
[INFO] [stdout]   27:     0x5ad4a4d950ad - <alloc::vec::Vec<T> as alloc::vec::spec_from_iter_nested::SpecFromIterNested<T,I>>::from_iter::h27bf306cce0ff5da
[INFO] [stdout]                                at /rustc/df4ca44d3fbc9301ee17f30f4d474e6ae4b05252/library/alloc/src/vec/spec_from_iter_nested.rs:62:9
[INFO] [stdout]   28:     0x5ad4a4d9549e - <alloc::vec::Vec<T> as alloc::vec::spec_from_iter::SpecFromIter<T,I>>::from_iter::hd918d22aaa9949c0
[INFO] [stdout]                                at /rustc/df4ca44d3fbc9301ee17f30f4d474e6ae4b05252/library/alloc/src/vec/spec_from_iter.rs:34:9
[INFO] [stdout]   29:     0x5ad4a4d95471 - <alloc::vec::Vec<T> as core::iter::traits::collect::FromIterator<T>>::from_iter::h8accbd92937f4e27
[INFO] [stdout]                                at /rustc/df4ca44d3fbc9301ee17f30f4d474e6ae4b05252/library/alloc/src/vec/mod.rs:3410:9
[INFO] [stdout]   30:     0x5ad4a4d96475 - core::iter::traits::iterator::Iterator::collect::h2d1051e4bf91122a
[INFO] [stdout]                                at /rustc/df4ca44d3fbc9301ee17f30f4d474e6ae4b05252/library/core/src/iter/traits/iterator.rs:2001:9
[INFO] [stdout]   31:     0x5ad4a4d967e0 - boxxy::ffi::unix::getgroups::h127d5c6177e778f8
[INFO] [stdout]                                at /opt/rustwide/workdir/src/ffi/unix.rs:54:22
[INFO] [stdout]   32:     0x5ad4a4d94d62 - rust_out::main::_doctest_main_src_ffi_unix_rs_41_0::h553de6b5363ff3c0
[INFO] [stdout]   33:     0x5ad4a4d94d46 - rust_out::main::ha213a30daa5df4da
[INFO] [stdout]   34:     0x5ad4a4d94d23 - core::ops::function::FnOnce::call_once::hf7edf7132571051c
[INFO] [stdout]   35:     0x5ad4a4d94cc6 - std::sys::backtrace::__rust_begin_short_backtrace::h32fd822fd2ba4079
[INFO] [stdout]   36:     0x5ad4a4d94ca9 - std::rt::lang_start::{{closure}}::h4039a1c394ed4f7c
[INFO] [stdout]   37:     0x5ad4a4db6887 - core::ops::function::impls::<impl core::ops::function::FnOnce<A> for &F>::call_once::hd87d66b906e0ccaf
[INFO] [stdout]                                at /rustc/df4ca44d3fbc9301ee17f30f4d474e6ae4b05252/library/core/src/ops/function.rs:284:13
[INFO] [stdout]   38:     0x5ad4a4db6887 - std::panicking::try::do_call::hae3703de71fc9e3a
[INFO] [stdout]                                at /rustc/df4ca44d3fbc9301ee17f30f4d474e6ae4b05252/library/std/src/panicking.rs:557:40
[INFO] [stdout]   39:     0x5ad4a4db6887 - std::panicking::try::h1178330e9a2b2645
[INFO] [stdout]                                at /rustc/df4ca44d3fbc9301ee17f30f4d474e6ae4b05252/library/std/src/panicking.rs:520:19
[INFO] [stdout]   40:     0x5ad4a4db6887 - std::panic::catch_unwind::h0acf49d2305d32ad
[INFO] [stdout]                                at /rustc/df4ca44d3fbc9301ee17f30f4d474e6ae4b05252/library/std/src/panic.rs:358:14
[INFO] [stdout]   41:     0x5ad4a4db6887 - std::rt::lang_start_internal::{{closure}}::h2d95182d798177be
[INFO] [stdout]                                at /rustc/df4ca44d3fbc9301ee17f30f4d474e6ae4b05252/library/std/src/rt.rs:174:48
[INFO] [stdout]   42:     0x5ad4a4db6887 - std::panicking::try::do_call::hb506f5bfe11fd30c
[INFO] [stdout]                                at /rustc/df4ca44d3fbc9301ee17f30f4d474e6ae4b05252/library/std/src/panicking.rs:557:40
[INFO] [stdout]   43:     0x5ad4a4db6887 - std::panicking::try::h54d825c46bd0fa95
[INFO] [stdout]                                at /rustc/df4ca44d3fbc9301ee17f30f4d474e6ae4b05252/library/std/src/panicking.rs:520:19
[INFO] [stdout]   44:     0x5ad4a4db6887 - std::panic::catch_unwind::hffbb0ad20c4e9fac
[INFO] [stdout]                                at /rustc/df4ca44d3fbc9301ee17f30f4d474e6ae4b05252/library/std/src/panic.rs:358:14
[INFO] [stdout]   45:     0x5ad4a4db6887 - std::rt::lang_start_internal::h52c291ef1962c925
[INFO] [stdout]                                at /rustc/df4ca44d3fbc9301ee17f30f4d474e6ae4b05252/library/std/src/rt.rs:174:20
[INFO] [stdout]   46:     0x5ad4a4d94c87 - std::rt::lang_start::h8c6075cd6f225ba1
[INFO] [stdout]   47:     0x5ad4a4d94f05 - main
[INFO] [stdout]   48:     0x76353a7dfd90 - <unknown>
[INFO] [stdout]   49:     0x76353a7dfe40 - __libc_start_main
[INFO] [stdout]   50:     0x5ad4a4d94b95 - _start
[INFO] [stdout]   51:                0x0 - <unknown>
[INFO] [stdout] thread caused non-unwinding panic. aborting.
[INFO] [stdout] 
[INFO] [stdout] 
[INFO] [stdout] 
[INFO] [stdout] failures:
[INFO] [stdout]     src/ffi/unix.rs - ffi::unix::getgroups (line 41)
[INFO] [stdout] 
[INFO] [stdout] test result: FAILED. 16 passed; 1 failed; 0 ignored; 0 measured; 0 filtered out; finished in 1.92s
[INFO] [stdout] 
[INFO] [stderr] error: doctest failed, to rerun pass `--doc`
[INFO] running `Command { std: "docker" "inspect" "e926f37c8befe7f1db620b73a7779061fa0de0ffa547d688d1334d7074121385", kill_on_drop: false }`
[INFO] running `Command { std: "docker" "rm" "-f" "e926f37c8befe7f1db620b73a7779061fa0de0ffa547d688d1334d7074121385", kill_on_drop: false }`
[INFO] [stdout] e926f37c8befe7f1db620b73a7779061fa0de0ffa547d688d1334d7074121385
