[INFO] fetching crate boilermates 0.3.0...
[INFO] testing boilermates-0.3.0 against nightly-2024-10-28 for randomize-layout
[INFO] extracting crate boilermates 0.3.0 into /workspace/builds/worker-4-tc1/source
[INFO] validating manifest of crates.io crate boilermates 0.3.0 on toolchain nightly-2024-10-28
[INFO] running `Command { std: CARGO_HOME="/workspace/cargo-home" RUSTUP_HOME="/workspace/rustup-home" "/workspace/cargo-home/bin/cargo" "+nightly-2024-10-28" "metadata" "--manifest-path" "Cargo.toml" "--no-deps", kill_on_drop: false }`
[INFO] started tweaking crates.io crate boilermates 0.3.0
[INFO] finished tweaking crates.io crate boilermates 0.3.0
[INFO] tweaked toml for crates.io crate boilermates 0.3.0 written to /workspace/builds/worker-4-tc1/source/Cargo.toml
[INFO] running `Command { std: CARGO_HOME="/workspace/cargo-home" RUSTUP_HOME="/workspace/rustup-home" "/workspace/cargo-home/bin/cargo" "+nightly-2024-10-28" "generate-lockfile" "--manifest-path" "Cargo.toml", kill_on_drop: false }`
[INFO] [stderr]     Updating crates.io index
[INFO] [stderr]      Locking 4 packages to latest compatible versions
[INFO] [stderr]       Adding syn v1.0.109 (available: v2.0.86)
[INFO] running `Command { std: CARGO_HOME="/workspace/cargo-home" RUSTUP_HOME="/workspace/rustup-home" "/workspace/cargo-home/bin/cargo" "+nightly-2024-10-28" "fetch" "--manifest-path" "Cargo.toml", kill_on_drop: false }`
[INFO] running `Command { std: "docker" "create" "-v" "/var/lib/crater-agent-workspace/builds/worker-4-tc1/target:/opt/rustwide/target:rw,Z" "-v" "/var/lib/crater-agent-workspace/builds/worker-4-tc1/source:/opt/rustwide/workdir:ro,Z" "-v" "/var/lib/crater-agent-workspace/cargo-home:/opt/rustwide/cargo-home:ro,Z" "-v" "/var/lib/crater-agent-workspace/rustup-home:/opt/rustwide/rustup-home:ro,Z" "-e" "SOURCE_DIR=/opt/rustwide/workdir" "-e" "CARGO_TARGET_DIR=/opt/rustwide/target" "-e" "CARGO_HOME=/opt/rustwide/cargo-home" "-e" "RUSTUP_HOME=/opt/rustwide/rustup-home" "-w" "/opt/rustwide/workdir" "-m" "1610612736" "--user" "0:0" "--network" "none" "ghcr.io/rust-lang/crates-build-env/linux@sha256:4a844ea9eb2546a2d2c7022eacef16ef2e8229c7fbb2c7d4d55a9ceca922f72d" "/opt/rustwide/cargo-home/bin/cargo" "+nightly-2024-10-28" "metadata" "--no-deps" "--format-version=1", kill_on_drop: false }`
[INFO] [stdout] 1ee69e8b02876412f538443bbd28eaad6fb874ba463cbb11176198182aa9a296
[INFO] running `Command { std: "docker" "start" "-a" "1ee69e8b02876412f538443bbd28eaad6fb874ba463cbb11176198182aa9a296", kill_on_drop: false }`
[INFO] running `Command { std: "docker" "inspect" "1ee69e8b02876412f538443bbd28eaad6fb874ba463cbb11176198182aa9a296", kill_on_drop: false }`
[INFO] running `Command { std: "docker" "rm" "-f" "1ee69e8b02876412f538443bbd28eaad6fb874ba463cbb11176198182aa9a296", kill_on_drop: false }`
[INFO] [stdout] 1ee69e8b02876412f538443bbd28eaad6fb874ba463cbb11176198182aa9a296
[INFO] running `Command { std: "docker" "create" "-v" "/var/lib/crater-agent-workspace/builds/worker-4-tc1/target:/opt/rustwide/target:rw,Z" "-v" "/var/lib/crater-agent-workspace/builds/worker-4-tc1/source:/opt/rustwide/workdir:ro,Z" "-v" "/var/lib/crater-agent-workspace/cargo-home:/opt/rustwide/cargo-home:ro,Z" "-v" "/var/lib/crater-agent-workspace/rustup-home:/opt/rustwide/rustup-home:ro,Z" "-e" "SOURCE_DIR=/opt/rustwide/workdir" "-e" "CARGO_TARGET_DIR=/opt/rustwide/target" "-e" "CARGO_INCREMENTAL=0" "-e" "RUST_BACKTRACE=full" "-e" "RUSTFLAGS=--cap-lints=forbid" "-e" "RUSTDOCFLAGS=--cap-lints=forbid" "-e" "CARGO_HOME=/opt/rustwide/cargo-home" "-e" "RUSTUP_HOME=/opt/rustwide/rustup-home" "-w" "/opt/rustwide/workdir" "-m" "1610612736" "--user" "0:0" "--network" "none" "ghcr.io/rust-lang/crates-build-env/linux@sha256:4a844ea9eb2546a2d2c7022eacef16ef2e8229c7fbb2c7d4d55a9ceca922f72d" "/opt/rustwide/cargo-home/bin/cargo" "+nightly-2024-10-28" "build" "--frozen" "--message-format=json", kill_on_drop: false }`
[INFO] [stdout] 2115139d1a264f8a9e4f7bcf41eb1c024a2febb2e9cfdb636c411440b5e763af
[INFO] running `Command { std: "docker" "start" "-a" "2115139d1a264f8a9e4f7bcf41eb1c024a2febb2e9cfdb636c411440b5e763af", kill_on_drop: false }`
[INFO] [stderr]    Compiling syn v1.0.109
[INFO] [stderr]    Compiling boilermates v0.3.0 (/opt/rustwide/workdir)
[INFO] [stderr]     Finished `dev` profile [unoptimized + debuginfo] target(s) in 3.03s
[INFO] running `Command { std: "docker" "inspect" "2115139d1a264f8a9e4f7bcf41eb1c024a2febb2e9cfdb636c411440b5e763af", kill_on_drop: false }`
[INFO] running `Command { std: "docker" "rm" "-f" "2115139d1a264f8a9e4f7bcf41eb1c024a2febb2e9cfdb636c411440b5e763af", kill_on_drop: false }`
[INFO] [stdout] 2115139d1a264f8a9e4f7bcf41eb1c024a2febb2e9cfdb636c411440b5e763af
[INFO] running `Command { std: "docker" "create" "-v" "/var/lib/crater-agent-workspace/builds/worker-4-tc1/target:/opt/rustwide/target:rw,Z" "-v" "/var/lib/crater-agent-workspace/builds/worker-4-tc1/source:/opt/rustwide/workdir:ro,Z" "-v" "/var/lib/crater-agent-workspace/cargo-home:/opt/rustwide/cargo-home:ro,Z" "-v" "/var/lib/crater-agent-workspace/rustup-home:/opt/rustwide/rustup-home:ro,Z" "-e" "SOURCE_DIR=/opt/rustwide/workdir" "-e" "CARGO_TARGET_DIR=/opt/rustwide/target" "-e" "CARGO_INCREMENTAL=0" "-e" "RUST_BACKTRACE=full" "-e" "RUSTFLAGS=--cap-lints=forbid" "-e" "RUSTDOCFLAGS=--cap-lints=forbid" "-e" "CARGO_HOME=/opt/rustwide/cargo-home" "-e" "RUSTUP_HOME=/opt/rustwide/rustup-home" "-w" "/opt/rustwide/workdir" "-m" "1610612736" "--user" "0:0" "--network" "none" "ghcr.io/rust-lang/crates-build-env/linux@sha256:4a844ea9eb2546a2d2c7022eacef16ef2e8229c7fbb2c7d4d55a9ceca922f72d" "/opt/rustwide/cargo-home/bin/cargo" "+nightly-2024-10-28" "test" "--frozen" "--no-run" "--message-format=json", kill_on_drop: false }`
[INFO] [stdout] a15ab3d586cb27d30e4115e94b9b5617c6878c704e6b96f3bbeab7867765621a
[INFO] running `Command { std: "docker" "start" "-a" "a15ab3d586cb27d30e4115e94b9b5617c6878c704e6b96f3bbeab7867765621a", kill_on_drop: false }`
[INFO] [stderr]    Compiling boilermates v0.3.0 (/opt/rustwide/workdir)
[INFO] [stderr]     Finished `test` profile [unoptimized + debuginfo] target(s) in 0.57s
[INFO] running `Command { std: "docker" "inspect" "a15ab3d586cb27d30e4115e94b9b5617c6878c704e6b96f3bbeab7867765621a", kill_on_drop: false }`
[INFO] running `Command { std: "docker" "rm" "-f" "a15ab3d586cb27d30e4115e94b9b5617c6878c704e6b96f3bbeab7867765621a", kill_on_drop: false }`
[INFO] [stdout] a15ab3d586cb27d30e4115e94b9b5617c6878c704e6b96f3bbeab7867765621a
[INFO] running `Command { std: "docker" "create" "-v" "/var/lib/crater-agent-workspace/builds/worker-4-tc1/target:/opt/rustwide/target:rw,Z" "-v" "/var/lib/crater-agent-workspace/builds/worker-4-tc1/source:/opt/rustwide/workdir:ro,Z" "-v" "/var/lib/crater-agent-workspace/cargo-home:/opt/rustwide/cargo-home:ro,Z" "-v" "/var/lib/crater-agent-workspace/rustup-home:/opt/rustwide/rustup-home:ro,Z" "-e" "SOURCE_DIR=/opt/rustwide/workdir" "-e" "CARGO_TARGET_DIR=/opt/rustwide/target" "-e" "CARGO_INCREMENTAL=0" "-e" "RUST_BACKTRACE=full" "-e" "RUSTFLAGS=--cap-lints=forbid" "-e" "RUSTDOCFLAGS=--cap-lints=forbid" "-e" "CARGO_HOME=/opt/rustwide/cargo-home" "-e" "RUSTUP_HOME=/opt/rustwide/rustup-home" "-w" "/opt/rustwide/workdir" "-m" "1610612736" "--user" "0:0" "--network" "none" "ghcr.io/rust-lang/crates-build-env/linux@sha256:4a844ea9eb2546a2d2c7022eacef16ef2e8229c7fbb2c7d4d55a9ceca922f72d" "/opt/rustwide/cargo-home/bin/cargo" "+nightly-2024-10-28" "test" "--frozen", kill_on_drop: false }`
[INFO] [stdout] a2054cf4f4dd39bfd7af519b268d2d3d579845093d60f702639ef3ff8880306c
[INFO] running `Command { std: "docker" "start" "-a" "a2054cf4f4dd39bfd7af519b268d2d3d579845093d60f702639ef3ff8880306c", kill_on_drop: false }`
[INFO] [stderr]     Finished `test` profile [unoptimized + debuginfo] target(s) in 0.02s
[INFO] [stderr]      Running unittests src/lib.rs (/opt/rustwide/target/debug/deps/boilermates-843c5b8433c70eaa)
[INFO] [stdout] 
[INFO] [stdout] running 0 tests
[INFO] [stdout] 
[INFO] [stdout] test result: ok. 0 passed; 0 failed; 0 ignored; 0 measured; 0 filtered out; finished in 0.00s
[INFO] [stdout] 
[INFO] [stderr]    Doc-tests boilermates
[INFO] [stdout] 
[INFO] [stdout] running 9 tests
[INFO] [stdout] test src/../README.md - (line 117) ... FAILED
[INFO] [stdout] test src/../README.md - (line 173) ... FAILED
[INFO] [stdout] test src/../README.md - (line 130) ... FAILED
[INFO] [stdout] test src/../README.md - (line 152) ... FAILED
[INFO] [stdout] test src/../README.md - (line 102) ... FAILED
[INFO] [stdout] test src/../README.md - (line 157) ... FAILED
[INFO] [stdout] test src/../README.md - (line 162) ... FAILED
[INFO] [stdout] test src/../README.md - (line 147) ... FAILED
[INFO] [stdout] test src/../README.md - (line 28) ... FAILED
[INFO] [stdout] 
[INFO] [stdout] failures:
[INFO] [stdout] 
[INFO] [stdout] ---- src/../README.md - (line 117) stdout ----
[INFO] [stdout] error: cannot find attribute `serde` in this scope
[INFO] [stdout]  --> src/../README.md:122:7
[INFO] [stdout]   |
[INFO] [stdout] 7 |     #[serde(default)]
[INFO] [stdout]   |       ^^^^^
[INFO] [stdout] 
[INFO] [stdout] error: aborting due to 1 previous error
[INFO] [stdout] 
[INFO] [stdout] Couldn't compile the test.
[INFO] [stdout] ---- src/../README.md - (line 173) stdout ----
[INFO] [stdout] error: expected `;`, found keyword `let`
[INFO] [stdout]   --> src/../README.md:192:28
[INFO] [stdout]    |
[INFO] [stdout] 21 | let total = request.total()
[INFO] [stdout]    |                            ^ help: add `;` here
[INFO] [stdout] 22 | let total = order.total()
[INFO] [stdout]    | --- unexpected token
[INFO] [stdout] 
[INFO] [stdout] error: expected `;`, found keyword `let`
[INFO] [stdout]   --> src/../README.md:193:26
[INFO] [stdout]    |
[INFO] [stdout] 22 | let total = order.total()
[INFO] [stdout]    |                          ^ help: add `;` here
[INFO] [stdout] 23 | let total = response.total()
[INFO] [stdout]    | --- unexpected token
[INFO] [stdout] 
[INFO] [stdout] error: expected `;`, found `}`
[INFO] [stdout]   --> src/../README.md:194:29
[INFO] [stdout]    |
[INFO] [stdout] 23 | let total = response.total()
[INFO] [stdout]    |                             ^ help: add `;` here
[INFO] [stdout] 24 | } _doctest_main_src____README_md_173_0() }
[INFO] [stdout]    | - unexpected token
[INFO] [stdout] 
[INFO] [stdout] error[E0425]: cannot find value `request` in this scope
[INFO] [stdout]  --> src/../README.md:175:1
[INFO] [stdout]   |
[INFO] [stdout] 4 | request.set_amount(10);
[INFO] [stdout]   | ^^^^^^^ not found in this scope
[INFO] [stdout] 
[INFO] [stdout] error[E0425]: cannot find value `order` in this scope
[INFO] [stdout]  --> src/../README.md:176:1
[INFO] [stdout]   |
[INFO] [stdout] 5 | order.set_amount(10);
[INFO] [stdout]   | ^^^^^ not found in this scope
[INFO] [stdout] 
[INFO] [stdout] error[E0425]: cannot find value `response` in this scope
[INFO] [stdout]  --> src/../README.md:177:1
[INFO] [stdout]   |
[INFO] [stdout] 6 | response.set_amount(10);
[INFO] [stdout]   | ^^^^^^^^ not found in this scope
[INFO] [stdout] 
[INFO] [stdout] error[E0405]: cannot find trait `HasAmount` in this scope
[INFO] [stdout]  --> src/../README.md:179:17
[INFO] [stdout]   |
[INFO] [stdout] 8 | trait GetTotal: HasAmount + HasShippingRequired {
[INFO] [stdout]   |                 ^^^^^^^^^ not found in this scope
[INFO] [stdout] 
[INFO] [stdout] error[E0405]: cannot find trait `HasShippingRequired` in this scope
[INFO] [stdout]  --> src/../README.md:179:29
[INFO] [stdout]   |
[INFO] [stdout] 8 | trait GetTotal: HasAmount + HasShippingRequired {
[INFO] [stdout]   |                             ^^^^^^^^^^^^^^^^^^^ not found in this scope
[INFO] [stdout] 
[INFO] [stdout] error[E0425]: cannot find value `UNIT_PRICE` in this scope
[INFO] [stdout]   --> src/../README.md:181:25
[INFO] [stdout]    |
[INFO] [stdout] 10 |         self.amount() * UNIT_PRICE
[INFO] [stdout]    |                         ^^^^^^^^^^ not found in this scope
[INFO] [stdout] 
[INFO] [stdout] error[E0425]: cannot find value `SHIPPING_PRICE` in this scope
[INFO] [stdout]   --> src/../README.md:183:17
[INFO] [stdout]    |
[INFO] [stdout] 12 |                 SHIPPING_PRICE
[INFO] [stdout]    |                 ^^^^^^^^^^^^^^ not found in this scope
[INFO] [stdout] 
[INFO] [stdout] error[E0405]: cannot find trait `HasAmount` in this scope
[INFO] [stdout]   --> src/../README.md:189:9
[INFO] [stdout]    |
[INFO] [stdout] 18 | impl<T: HasAmount + HasShippingRequired> GetTotal for T {}
[INFO] [stdout]    |         ^^^^^^^^^ not found in this scope
[INFO] [stdout] 
[INFO] [stdout] error[E0405]: cannot find trait `HasShippingRequired` in this scope
[INFO] [stdout]   --> src/../README.md:189:21
[INFO] [stdout]    |
[INFO] [stdout] 18 | impl<T: HasAmount + HasShippingRequired> GetTotal for T {}
[INFO] [stdout]    |                     ^^^^^^^^^^^^^^^^^^^ not found in this scope
[INFO] [stdout] 
[INFO] [stdout] error[E0425]: cannot find value `request` in this scope
[INFO] [stdout]   --> src/../README.md:192:13
[INFO] [stdout]    |
[INFO] [stdout] 21 | let total = request.total()
[INFO] [stdout]    |             ^^^^^^^ not found in this scope
[INFO] [stdout] 
[INFO] [stdout] error[E0425]: cannot find value `order` in this scope
[INFO] [stdout]   --> src/../README.md:193:13
[INFO] [stdout]    |
[INFO] [stdout] 22 | let total = order.total()
[INFO] [stdout]    |             ^^^^^ not found in this scope
[INFO] [stdout] 
[INFO] [stdout] error[E0425]: cannot find value `response` in this scope
[INFO] [stdout]   --> src/../README.md:194:13
[INFO] [stdout]    |
[INFO] [stdout] 23 | let total = response.total()
[INFO] [stdout]    |             ^^^^^^^^ not found in this scope
[INFO] [stdout] 
[INFO] [stdout] error: aborting due to 15 previous errors
[INFO] [stdout] 
[INFO] [stdout] Some errors have detailed explanations: E0405, E0425.
[INFO] [stdout] For more information about an error, try `rustc --explain E0405`.
[INFO] [stdout] Couldn't compile the test.
[INFO] [stdout] ---- src/../README.md - (line 130) stdout ----
[INFO] [stdout] error: cannot find attribute `serde` in this scope
[INFO] [stdout]  --> src/../README.md:135:7
[INFO] [stdout]   |
[INFO] [stdout] 7 |     #[serde(default)]
[INFO] [stdout]   |       ^^^^^
[INFO] [stdout] 
[INFO] [stdout] error[E0412]: cannot find type `Uuid` in this scope
[INFO] [stdout]   --> src/../README.md:138:9
[INFO] [stdout]    |
[INFO] [stdout] 10 |     id: Uuid,
[INFO] [stdout]    |         ^^^^ not found in this scope
[INFO] [stdout] 
[INFO] [stdout] error[E0412]: cannot find type `OrderStatus` in this scope
[INFO] [stdout]   --> src/../README.md:139:13
[INFO] [stdout]    |
[INFO] [stdout] 11 |     status: OrderStatus,
[INFO] [stdout]    |             ^^^^^^^^^^^ not found in this scope
[INFO] [stdout] 
[INFO] [stdout] error[E0412]: cannot find type `ResponseCode` in this scope
[INFO] [stdout]   --> src/../README.md:140:20
[INFO] [stdout]    |
[INFO] [stdout] 12 |     response_code: ResponseCode,
[INFO] [stdout]    |                    ^^^^^^^^^^^^ not found in this scope
[INFO] [stdout] 
[INFO] [stdout] error: aborting due to 4 previous errors
[INFO] [stdout] 
[INFO] [stdout] For more information about this error, try `rustc --explain E0412`.
[INFO] [stdout] Couldn't compile the test.
[INFO] [stdout] ---- src/../README.md - (line 152) stdout ----
[INFO] [stdout] error[E0425]: cannot find value `request` in this scope
[INFO] [stdout]  --> src/../README.md:153:13
[INFO] [stdout]   |
[INFO] [stdout] 3 | let order = request.into_order_defaults(Uuid::new_v4);
[INFO] [stdout]   |             ^^^^^^^ not found in this scope
[INFO] [stdout] 
[INFO] [stdout] error[E0433]: failed to resolve: use of undeclared type `Uuid`
[INFO] [stdout]  --> src/../README.md:153:41
[INFO] [stdout]   |
[INFO] [stdout] 3 | let order = request.into_order_defaults(Uuid::new_v4);
[INFO] [stdout]   |                                         ^^^^ use of undeclared type `Uuid`
[INFO] [stdout] 
[INFO] [stdout] error: aborting due to 2 previous errors
[INFO] [stdout] 
[INFO] [stdout] Some errors have detailed explanations: E0425, E0433.
[INFO] [stdout] For more information about an error, try `rustc --explain E0425`.
[INFO] [stdout] Couldn't compile the test.
[INFO] [stdout] ---- src/../README.md - (line 102) stdout ----
[INFO] [stdout] error: cannot find attribute `serde` in this scope
[INFO] [stdout]  --> src/../README.md:107:7
[INFO] [stdout]   |
[INFO] [stdout] 7 |     #[serde(default)]
[INFO] [stdout]   |       ^^^^^
[INFO] [stdout] 
[INFO] [stdout] error[E0412]: cannot find type `OrderStatus` in this scope
[INFO] [stdout]   --> src/../README.md:110:13
[INFO] [stdout]    |
[INFO] [stdout] 10 |     status: OrderStatus,
[INFO] [stdout]    |             ^^^^^^^^^^^ not found in this scope
[INFO] [stdout] 
[INFO] [stdout] error[E0412]: cannot find type `Uuid` in this scope
[INFO] [stdout]   --> src/../README.md:111:9
[INFO] [stdout]    |
[INFO] [stdout] 11 |     id: Uuid,
[INFO] [stdout]    |         ^^^^ not found in this scope
[INFO] [stdout] 
[INFO] [stdout] error: aborting due to 3 previous errors
[INFO] [stdout] 
[INFO] [stdout] For more information about this error, try `rustc --explain E0412`.
[INFO] [stdout] Couldn't compile the test.
[INFO] [stdout] ---- src/../README.md - (line 157) stdout ----
[INFO] [stdout] error[E0425]: cannot find value `order` in this scope
[INFO] [stdout]  --> src/../README.md:158:16
[INFO] [stdout]   |
[INFO] [stdout] 3 | let response = order.into_order_response(ResponseCode::Ok);
[INFO] [stdout]   |                ^^^^^ not found in this scope
[INFO] [stdout] 
[INFO] [stdout] error[E0433]: failed to resolve: use of undeclared type `ResponseCode`
[INFO] [stdout]  --> src/../README.md:158:42
[INFO] [stdout]   |
[INFO] [stdout] 3 | let response = order.into_order_response(ResponseCode::Ok);
[INFO] [stdout]   |                                          ^^^^^^^^^^^^ use of undeclared type `ResponseCode`
[INFO] [stdout] 
[INFO] [stdout] error: aborting due to 2 previous errors
[INFO] [stdout] 
[INFO] [stdout] Some errors have detailed explanations: E0425, E0433.
[INFO] [stdout] For more information about an error, try `rustc --explain E0425`.
[INFO] [stdout] Couldn't compile the test.
[INFO] [stdout] ---- src/../README.md - (line 162) stdout ----
[INFO] [stdout] error[E0425]: cannot find value `order` in this scope
[INFO] [stdout]  --> src/../README.md:163:36
[INFO] [stdout]   |
[INFO] [stdout] 3 | let response = OrderResponse::from(order); // or `let response: OrderResponse = order.into()`
[INFO] [stdout]   |                                    ^^^^^ not found in this scope
[INFO] [stdout] 
[INFO] [stdout] error[E0433]: failed to resolve: use of undeclared type `OrderResponse`
[INFO] [stdout]  --> src/../README.md:163:16
[INFO] [stdout]   |
[INFO] [stdout] 3 | let response = OrderResponse::from(order); // or `let response: OrderResponse = order.into()`
[INFO] [stdout]   |                ^^^^^^^^^^^^^ use of undeclared type `OrderResponse`
[INFO] [stdout] 
[INFO] [stdout] error: aborting due to 2 previous errors
[INFO] [stdout] 
[INFO] [stdout] Some errors have detailed explanations: E0425, E0433.
[INFO] [stdout] For more information about an error, try `rustc --explain E0425`.
[INFO] [stdout] Couldn't compile the test.
[INFO] [stdout] ---- src/../README.md - (line 147) stdout ----
[INFO] [stdout] error[E0425]: cannot find value `request` in this scope
[INFO] [stdout]  --> src/../README.md:148:13
[INFO] [stdout]   |
[INFO] [stdout] 3 | let order = request.into_order(Uuid::new_v4(), OrderStatus::Received, None);
[INFO] [stdout]   |             ^^^^^^^ not found in this scope
[INFO] [stdout] 
[INFO] [stdout] error[E0433]: failed to resolve: use of undeclared type `Uuid`
[INFO] [stdout]  --> src/../README.md:148:32
[INFO] [stdout]   |
[INFO] [stdout] 3 | let order = request.into_order(Uuid::new_v4(), OrderStatus::Received, None);
[INFO] [stdout]   |                                ^^^^ use of undeclared type `Uuid`
[INFO] [stdout] 
[INFO] [stdout] error[E0433]: failed to resolve: use of undeclared type `OrderStatus`
[INFO] [stdout]  --> src/../README.md:148:48
[INFO] [stdout]   |
[INFO] [stdout] 3 | let order = request.into_order(Uuid::new_v4(), OrderStatus::Received, None);
[INFO] [stdout]   |                                                ^^^^^^^^^^^ use of undeclared type `OrderStatus`
[INFO] [stdout] 
[INFO] [stdout] error: aborting due to 3 previous errors
[INFO] [stdout] 
[INFO] [stdout] Some errors have detailed explanations: E0425, E0433.
[INFO] [stdout] For more information about an error, try `rustc --explain E0425`.
[INFO] [stdout] Couldn't compile the test.
[INFO] [stdout] ---- src/../README.md - (line 28) stdout ----
[INFO] [stdout] error[E0432]: unresolved import `serde`
[INFO] [stdout]  --> src/../README.md:31:5
[INFO] [stdout]   |
[INFO] [stdout] 6 | use serde::{Deserialize, Serialize};
[INFO] [stdout]   |     ^^^^^ use of undeclared crate or module `serde`
[INFO] [stdout] 
[INFO] [stdout] error[E0432]: unresolved import `uuid`
[INFO] [stdout]  --> src/../README.md:32:5
[INFO] [stdout]   |
[INFO] [stdout] 7 | use uuid::Uuid;
[INFO] [stdout]   |     ^^^^ use of undeclared crate or module `uuid`
[INFO] [stdout] 
[INFO] [stdout] error: cannot find attribute `serde` in this scope
[INFO] [stdout]   --> src/../README.md:46:7
[INFO] [stdout]    |
[INFO] [stdout] 21 |     #[serde(default)]
[INFO] [stdout]    |       ^^^^^
[INFO] [stdout] 
[INFO] [stdout] error: aborting due to 3 previous errors
[INFO] [stdout] 
[INFO] [stdout] For more information about this error, try `rustc --explain E0432`.
[INFO] [stdout] Couldn't compile the test.
[INFO] [stdout] 
[INFO] [stdout] failures:
[INFO] [stdout]     src/../README.md - (line 102)
[INFO] [stdout]     src/../README.md - (line 117)
[INFO] [stdout]     src/../README.md - (line 130)
[INFO] [stdout]     src/../README.md - (line 147)
[INFO] [stdout]     src/../README.md - (line 152)
[INFO] [stdout]     src/../README.md - (line 157)
[INFO] [stdout]     src/../README.md - (line 162)
[INFO] [stdout]     src/../README.md - (line 173)
[INFO] [stdout]     src/../README.md - (line 28)
[INFO] [stdout] 
[INFO] [stdout] test result: FAILED. 0 passed; 9 failed; 0 ignored; 0 measured; 0 filtered out; finished in 0.34s
[INFO] [stdout] 
[INFO] [stderr] error: doctest failed, to rerun pass `--doc`
[INFO] running `Command { std: "docker" "inspect" "a2054cf4f4dd39bfd7af519b268d2d3d579845093d60f702639ef3ff8880306c", kill_on_drop: false }`
[INFO] running `Command { std: "docker" "rm" "-f" "a2054cf4f4dd39bfd7af519b268d2d3d579845093d60f702639ef3ff8880306c", kill_on_drop: false }`
[INFO] [stdout] a2054cf4f4dd39bfd7af519b268d2d3d579845093d60f702639ef3ff8880306c
