[INFO] fetching crate bloom-html 0.1.3...
[INFO] testing bloom-html-0.1.3 against nightly-2024-10-28 for randomize-layout
[INFO] extracting crate bloom-html 0.1.3 into /workspace/builds/worker-6-tc1/source
[INFO] validating manifest of crates.io crate bloom-html 0.1.3 on toolchain nightly-2024-10-28
[INFO] running `Command { std: CARGO_HOME="/workspace/cargo-home" RUSTUP_HOME="/workspace/rustup-home" "/workspace/cargo-home/bin/cargo" "+nightly-2024-10-28" "metadata" "--manifest-path" "Cargo.toml" "--no-deps", kill_on_drop: false }`
[INFO] started tweaking crates.io crate bloom-html 0.1.3
[INFO] finished tweaking crates.io crate bloom-html 0.1.3
[INFO] tweaked toml for crates.io crate bloom-html 0.1.3 written to /workspace/builds/worker-6-tc1/source/Cargo.toml
[INFO] running `Command { std: CARGO_HOME="/workspace/cargo-home" RUSTUP_HOME="/workspace/rustup-home" "/workspace/cargo-home/bin/cargo" "+nightly-2024-10-28" "generate-lockfile" "--manifest-path" "Cargo.toml", kill_on_drop: false }`
[INFO] [stderr]     Updating crates.io index
[INFO] [stderr]      Locking 53 packages to latest compatible versions
[INFO] running `Command { std: CARGO_HOME="/workspace/cargo-home" RUSTUP_HOME="/workspace/rustup-home" "/workspace/cargo-home/bin/cargo" "+nightly-2024-10-28" "fetch" "--manifest-path" "Cargo.toml", kill_on_drop: false }`
[INFO] [stderr]  Downloading crates ...
[INFO] [stderr]   Downloaded async-context v0.1.1
[INFO] [stderr]   Downloaded builder-pattern v0.4.2
[INFO] [stderr]   Downloaded bloom-core v0.1.2
[INFO] [stderr]   Downloaded builder-pattern-macro v0.4.2
[INFO] running `Command { std: "docker" "create" "-v" "/var/lib/crater-agent-workspace/builds/worker-6-tc1/target:/opt/rustwide/target:rw,Z" "-v" "/var/lib/crater-agent-workspace/builds/worker-6-tc1/source:/opt/rustwide/workdir:ro,Z" "-v" "/var/lib/crater-agent-workspace/cargo-home:/opt/rustwide/cargo-home:ro,Z" "-v" "/var/lib/crater-agent-workspace/rustup-home:/opt/rustwide/rustup-home:ro,Z" "-e" "SOURCE_DIR=/opt/rustwide/workdir" "-e" "CARGO_TARGET_DIR=/opt/rustwide/target" "-e" "CARGO_HOME=/opt/rustwide/cargo-home" "-e" "RUSTUP_HOME=/opt/rustwide/rustup-home" "-w" "/opt/rustwide/workdir" "-m" "1610612736" "--user" "0:0" "--network" "none" "ghcr.io/rust-lang/crates-build-env/linux@sha256:4a844ea9eb2546a2d2c7022eacef16ef2e8229c7fbb2c7d4d55a9ceca922f72d" "/opt/rustwide/cargo-home/bin/cargo" "+nightly-2024-10-28" "metadata" "--no-deps" "--format-version=1", kill_on_drop: false }`
[INFO] [stdout] 9c8b9b385996bcbcf8d5c8562a1241a2acad001416975e1ba632d63cf2f64644
[INFO] running `Command { std: "docker" "start" "-a" "9c8b9b385996bcbcf8d5c8562a1241a2acad001416975e1ba632d63cf2f64644", kill_on_drop: false }`
[INFO] running `Command { std: "docker" "inspect" "9c8b9b385996bcbcf8d5c8562a1241a2acad001416975e1ba632d63cf2f64644", kill_on_drop: false }`
[INFO] running `Command { std: "docker" "rm" "-f" "9c8b9b385996bcbcf8d5c8562a1241a2acad001416975e1ba632d63cf2f64644", kill_on_drop: false }`
[INFO] [stdout] 9c8b9b385996bcbcf8d5c8562a1241a2acad001416975e1ba632d63cf2f64644
[INFO] running `Command { std: "docker" "create" "-v" "/var/lib/crater-agent-workspace/builds/worker-6-tc1/target:/opt/rustwide/target:rw,Z" "-v" "/var/lib/crater-agent-workspace/builds/worker-6-tc1/source:/opt/rustwide/workdir:ro,Z" "-v" "/var/lib/crater-agent-workspace/cargo-home:/opt/rustwide/cargo-home:ro,Z" "-v" "/var/lib/crater-agent-workspace/rustup-home:/opt/rustwide/rustup-home:ro,Z" "-e" "SOURCE_DIR=/opt/rustwide/workdir" "-e" "CARGO_TARGET_DIR=/opt/rustwide/target" "-e" "CARGO_INCREMENTAL=0" "-e" "RUST_BACKTRACE=full" "-e" "RUSTFLAGS=--cap-lints=forbid" "-e" "RUSTDOCFLAGS=--cap-lints=forbid" "-e" "CARGO_HOME=/opt/rustwide/cargo-home" "-e" "RUSTUP_HOME=/opt/rustwide/rustup-home" "-w" "/opt/rustwide/workdir" "-m" "1610612736" "--user" "0:0" "--network" "none" "ghcr.io/rust-lang/crates-build-env/linux@sha256:4a844ea9eb2546a2d2c7022eacef16ef2e8229c7fbb2c7d4d55a9ceca922f72d" "/opt/rustwide/cargo-home/bin/cargo" "+nightly-2024-10-28" "build" "--frozen" "--message-format=json", kill_on_drop: false }`
[INFO] [stdout] 4d52d33a215dec6e2a0f48672fdf0073c0c4b1bb16e45813ed25514267a035ae
[INFO] running `Command { std: "docker" "start" "-a" "4d52d33a215dec6e2a0f48672fdf0073c0c4b1bb16e45813ed25514267a035ae", kill_on_drop: false }`
[INFO] [stderr]    Compiling proc-macro2 v1.0.89
[INFO] [stderr]    Compiling wasm-bindgen-shared v0.2.95
[INFO] [stderr]    Compiling autocfg v1.4.0
[INFO] [stderr]    Compiling pin-project-lite v0.2.15
[INFO] [stderr]    Compiling crossbeam-utils v0.8.20
[INFO] [stderr]    Compiling futures-core v0.3.31
[INFO] [stderr]    Compiling futures-sink v0.3.31
[INFO] [stderr]    Compiling ident_case v1.0.1
[INFO] [stderr]    Compiling bumpalo v3.16.0
[INFO] [stderr]    Compiling fnv v1.0.7
[INFO] [stderr]    Compiling strsim v0.11.1
[INFO] [stderr]    Compiling once_cell v1.20.2
[INFO] [stderr]    Compiling log v0.4.22
[INFO] [stderr]    Compiling pin-utils v0.1.0
[INFO] [stderr]    Compiling futures-io v0.3.31
[INFO] [stderr]    Compiling memchr v2.7.4
[INFO] [stderr]    Compiling futures-task v0.3.31
[INFO] [stderr]    Compiling wasm-bindgen v0.2.95
[INFO] [stderr]    Compiling syn v1.0.109
[INFO] [stderr]    Compiling parking v2.2.1
[INFO] [stderr]    Compiling futures-channel v0.3.31
[INFO] [stderr]    Compiling bitflags v1.3.2
[INFO] [stderr]    Compiling slab v0.4.9
[INFO] [stderr]    Compiling concurrent-queue v2.5.0
[INFO] [stderr]    Compiling event-listener v5.3.1
[INFO] [stderr]    Compiling quote v1.0.37
[INFO] [stderr]    Compiling event-listener-strategy v0.5.2
[INFO] [stderr]    Compiling syn v2.0.86
[INFO] [stderr]    Compiling async-channel v2.3.1
[INFO] [stderr]    Compiling builder-pattern-macro v0.4.2
[INFO] [stderr]    Compiling darling_core v0.20.10
[INFO] [stderr]    Compiling wasm-bindgen-backend v0.2.95
[INFO] [stderr]    Compiling futures-macro v0.3.31
[INFO] [stderr]    Compiling pin-project-internal v1.1.7
[INFO] [stderr]    Compiling async-trait v0.1.83
[INFO] [stderr]    Compiling wasm-bindgen-macro-support v0.2.95
[INFO] [stderr]    Compiling futures-util v0.3.31
[INFO] [stderr]    Compiling pin-project v1.1.7
[INFO] [stderr]    Compiling async-context v0.1.1
[INFO] [stderr]    Compiling wasm-bindgen-macro v0.2.95
[INFO] [stderr]    Compiling darling_macro v0.20.10
[INFO] [stderr]    Compiling darling v0.20.10
[INFO] [stderr]    Compiling derive_builder_core v0.20.2
[INFO] [stderr]    Compiling js-sys v0.3.72
[INFO] [stderr]    Compiling derive_builder_macro v0.20.2
[INFO] [stderr]    Compiling derive_builder v0.20.2
[INFO] [stderr]    Compiling futures-executor v0.3.31
[INFO] [stderr]    Compiling bloom-core v0.1.2
[INFO] [stderr]    Compiling futures v0.3.31
[INFO] [stderr]    Compiling builder-pattern v0.4.2
[INFO] [stderr]    Compiling web-sys v0.3.72
[INFO] [stderr]    Compiling bloom-html v0.1.3 (/opt/rustwide/workdir)
[INFO] [stderr]     Finished `dev` profile [unoptimized + debuginfo] target(s) in 9.78s
[INFO] running `Command { std: "docker" "inspect" "4d52d33a215dec6e2a0f48672fdf0073c0c4b1bb16e45813ed25514267a035ae", kill_on_drop: false }`
[INFO] running `Command { std: "docker" "rm" "-f" "4d52d33a215dec6e2a0f48672fdf0073c0c4b1bb16e45813ed25514267a035ae", kill_on_drop: false }`
[INFO] [stdout] 4d52d33a215dec6e2a0f48672fdf0073c0c4b1bb16e45813ed25514267a035ae
[INFO] running `Command { std: "docker" "create" "-v" "/var/lib/crater-agent-workspace/builds/worker-6-tc1/target:/opt/rustwide/target:rw,Z" "-v" "/var/lib/crater-agent-workspace/builds/worker-6-tc1/source:/opt/rustwide/workdir:ro,Z" "-v" "/var/lib/crater-agent-workspace/cargo-home:/opt/rustwide/cargo-home:ro,Z" "-v" "/var/lib/crater-agent-workspace/rustup-home:/opt/rustwide/rustup-home:ro,Z" "-e" "SOURCE_DIR=/opt/rustwide/workdir" "-e" "CARGO_TARGET_DIR=/opt/rustwide/target" "-e" "CARGO_INCREMENTAL=0" "-e" "RUST_BACKTRACE=full" "-e" "RUSTFLAGS=--cap-lints=forbid" "-e" "RUSTDOCFLAGS=--cap-lints=forbid" "-e" "CARGO_HOME=/opt/rustwide/cargo-home" "-e" "RUSTUP_HOME=/opt/rustwide/rustup-home" "-w" "/opt/rustwide/workdir" "-m" "1610612736" "--user" "0:0" "--network" "none" "ghcr.io/rust-lang/crates-build-env/linux@sha256:4a844ea9eb2546a2d2c7022eacef16ef2e8229c7fbb2c7d4d55a9ceca922f72d" "/opt/rustwide/cargo-home/bin/cargo" "+nightly-2024-10-28" "test" "--frozen" "--no-run" "--message-format=json", kill_on_drop: false }`
[INFO] [stdout] 6193387bbffd71b6a21564e8e917d2e18e3c2cc7d3f92c6f0be5305d2c24fbb5
[INFO] running `Command { std: "docker" "start" "-a" "6193387bbffd71b6a21564e8e917d2e18e3c2cc7d3f92c6f0be5305d2c24fbb5", kill_on_drop: false }`
[INFO] [stderr]    Compiling bloom-html v0.1.3 (/opt/rustwide/workdir)
[INFO] [stderr]     Finished `test` profile [unoptimized + debuginfo] target(s) in 0.27s
[INFO] running `Command { std: "docker" "inspect" "6193387bbffd71b6a21564e8e917d2e18e3c2cc7d3f92c6f0be5305d2c24fbb5", kill_on_drop: false }`
[INFO] running `Command { std: "docker" "rm" "-f" "6193387bbffd71b6a21564e8e917d2e18e3c2cc7d3f92c6f0be5305d2c24fbb5", kill_on_drop: false }`
[INFO] [stdout] 6193387bbffd71b6a21564e8e917d2e18e3c2cc7d3f92c6f0be5305d2c24fbb5
[INFO] running `Command { std: "docker" "create" "-v" "/var/lib/crater-agent-workspace/builds/worker-6-tc1/target:/opt/rustwide/target:rw,Z" "-v" "/var/lib/crater-agent-workspace/builds/worker-6-tc1/source:/opt/rustwide/workdir:ro,Z" "-v" "/var/lib/crater-agent-workspace/cargo-home:/opt/rustwide/cargo-home:ro,Z" "-v" "/var/lib/crater-agent-workspace/rustup-home:/opt/rustwide/rustup-home:ro,Z" "-e" "SOURCE_DIR=/opt/rustwide/workdir" "-e" "CARGO_TARGET_DIR=/opt/rustwide/target" "-e" "CARGO_INCREMENTAL=0" "-e" "RUST_BACKTRACE=full" "-e" "RUSTFLAGS=--cap-lints=forbid" "-e" "RUSTDOCFLAGS=--cap-lints=forbid" "-e" "CARGO_HOME=/opt/rustwide/cargo-home" "-e" "RUSTUP_HOME=/opt/rustwide/rustup-home" "-w" "/opt/rustwide/workdir" "-m" "1610612736" "--user" "0:0" "--network" "none" "ghcr.io/rust-lang/crates-build-env/linux@sha256:4a844ea9eb2546a2d2c7022eacef16ef2e8229c7fbb2c7d4d55a9ceca922f72d" "/opt/rustwide/cargo-home/bin/cargo" "+nightly-2024-10-28" "test" "--frozen", kill_on_drop: false }`
[INFO] [stdout] 84c63d59eee6f0382ca3ccd7d2f2b4d1a7e4d7aae71c78fc24c6ad55b49836f6
[INFO] running `Command { std: "docker" "start" "-a" "84c63d59eee6f0382ca3ccd7d2f2b4d1a7e4d7aae71c78fc24c6ad55b49836f6", kill_on_drop: false }`
[INFO] [stderr]     Finished `test` profile [unoptimized + debuginfo] target(s) in 0.04s
[INFO] [stderr]      Running unittests src/lib.rs (/opt/rustwide/target/debug/deps/bloom_html-f6d70a9677a0b1d1)
[INFO] [stdout] 
[INFO] [stdout] running 1 test
[INFO] [stdout] test event::tests::build_button ... ok
[INFO] [stdout] 
[INFO] [stdout] test result: ok. 1 passed; 0 failed; 0 ignored; 0 measured; 0 filtered out; finished in 0.00s
[INFO] [stdout] 
[INFO] [stderr]    Doc-tests bloom_html
[INFO] [stdout] 
[INFO] [stdout] running 8 tests
[INFO] [stdout] test src/element.rs - element::HtmlElementBuilder<T>::attr (line 82) ... FAILED
[INFO] [stdout] test src/element.rs - element::HtmlElement::new (line 26) ... FAILED
[INFO] [stdout] test src/comment.rs - comment::HtmlCommentBuilder<T>::dom_ref (line 42) ... FAILED
[INFO] [stdout] test src/comment.rs - comment::HtmlComment::new (line 14) ... FAILED
[INFO] [stdout] test src/dom_ref.rs - dom_ref::DomRef (line 11) ... FAILED
[INFO] [stdout] test src/dom_ref.rs - dom_ref::DomRef::get (line 44) ... FAILED
[INFO] [stdout] test src/node.rs - node::HtmlNode (line 17) ... FAILED
[INFO] [stdout] test src/element.rs - element::HtmlElementBuilder<T>::on (line 97) ... FAILED
[INFO] [stdout] 
[INFO] [stdout] failures:
[INFO] [stdout] 
[INFO] [stdout] ---- src/element.rs - element::HtmlElementBuilder<T>::attr (line 82) stdout ----
[INFO] [stdout] error[E0433]: failed to resolve: use of undeclared type `HtmlElement`
[INFO] [stdout]  --> src/element.rs:83:1
[INFO] [stdout]   |
[INFO] [stdout] 3 | HtmlElement::new().tag_name("div").attr("id", "foo").build();
[INFO] [stdout]   | ^^^^^^^^^^^ use of undeclared type `HtmlElement`
[INFO] [stdout]   |
[INFO] [stdout] help: consider importing one of these structs
[INFO] [stdout]   |
[INFO] [stdout] 2 + use bloom_html::HtmlElement;
[INFO] [stdout]   |
[INFO] [stdout] 2 + use web_sys::HtmlElement;
[INFO] [stdout]   |
[INFO] [stdout] 
[INFO] [stdout] error: aborting due to 1 previous error
[INFO] [stdout] 
[INFO] [stdout] For more information about this error, try `rustc --explain E0433`.
[INFO] [stdout] Couldn't compile the test.
[INFO] [stdout] ---- src/element.rs - element::HtmlElement::new (line 26) stdout ----
[INFO] [stdout] error[E0433]: failed to resolve: use of undeclared type `HtmlElement`
[INFO] [stdout]  --> src/element.rs:27:1
[INFO] [stdout]   |
[INFO] [stdout] 3 | HtmlElement::new().tag_name("div").build();
[INFO] [stdout]   | ^^^^^^^^^^^ use of undeclared type `HtmlElement`
[INFO] [stdout]   |
[INFO] [stdout] help: consider importing one of these structs
[INFO] [stdout]   |
[INFO] [stdout] 2 + use bloom_html::HtmlElement;
[INFO] [stdout]   |
[INFO] [stdout] 2 + use web_sys::HtmlElement;
[INFO] [stdout]   |
[INFO] [stdout] 
[INFO] [stdout] error: aborting due to 1 previous error
[INFO] [stdout] 
[INFO] [stdout] For more information about this error, try `rustc --explain E0433`.
[INFO] [stdout] Couldn't compile the test.
[INFO] [stdout] ---- src/comment.rs - comment::HtmlCommentBuilder<T>::dom_ref (line 42) stdout ----
[INFO] [stdout] error[E0425]: cannot find function `use_ref` in this scope
[INFO] [stdout]  --> src/comment.rs:43:15
[INFO] [stdout]   |
[INFO] [stdout] 3 | let comment = use_ref::<DomRef>();
[INFO] [stdout]   |               ^^^^^^^ not found in this scope
[INFO] [stdout]   |
[INFO] [stdout] help: consider importing this function
[INFO] [stdout]   |
[INFO] [stdout] 2 + use bloom_core::use_ref;
[INFO] [stdout]   |
[INFO] [stdout] 
[INFO] [stdout] error[E0412]: cannot find type `DomRef` in this scope
[INFO] [stdout]  --> src/comment.rs:43:25
[INFO] [stdout]   |
[INFO] [stdout] 3 | let comment = use_ref::<DomRef>();
[INFO] [stdout]   |                         ^^^^^^ not found in this scope
[INFO] [stdout]   |
[INFO] [stdout] help: consider importing this struct
[INFO] [stdout]   |
[INFO] [stdout] 2 + use bloom_html::DomRef;
[INFO] [stdout]   |
[INFO] [stdout] 
[INFO] [stdout] error: aborting due to 2 previous errors
[INFO] [stdout] 
[INFO] [stdout] Some errors have detailed explanations: E0412, E0425.
[INFO] [stdout] For more information about an error, try `rustc --explain E0412`.
[INFO] [stdout] Couldn't compile the test.
[INFO] [stdout] ---- src/comment.rs - comment::HtmlComment::new (line 14) stdout ----
[INFO] [stdout] error[E0433]: failed to resolve: use of undeclared type `HtmlComment`
[INFO] [stdout]  --> src/comment.rs:15:1
[INFO] [stdout]   |
[INFO] [stdout] 3 | HtmlComment::new().text("foo").build();
[INFO] [stdout]   | ^^^^^^^^^^^ use of undeclared type `HtmlComment`
[INFO] [stdout] 
[INFO] [stdout] error: aborting due to 1 previous error
[INFO] [stdout] 
[INFO] [stdout] For more information about this error, try `rustc --explain E0433`.
[INFO] [stdout] Couldn't compile the test.
[INFO] [stdout] ---- src/dom_ref.rs - dom_ref::DomRef (line 11) stdout ----
[INFO] [stdout] error[E0425]: cannot find function `use_ref` in this scope
[INFO] [stdout]  --> src/dom_ref.rs:12:1
[INFO] [stdout]   |
[INFO] [stdout] 3 | use_ref::<DomRef>();
[INFO] [stdout]   | ^^^^^^^ not found in this scope
[INFO] [stdout]   |
[INFO] [stdout] help: consider importing this function
[INFO] [stdout]   |
[INFO] [stdout] 2 + use bloom_core::use_ref;
[INFO] [stdout]   |
[INFO] [stdout] 
[INFO] [stdout] error[E0412]: cannot find type `DomRef` in this scope
[INFO] [stdout]  --> src/dom_ref.rs:12:11
[INFO] [stdout]   |
[INFO] [stdout] 3 | use_ref::<DomRef>();
[INFO] [stdout]   |           ^^^^^^ not found in this scope
[INFO] [stdout]   |
[INFO] [stdout] help: consider importing this struct
[INFO] [stdout]   |
[INFO] [stdout] 2 + use bloom_html::DomRef;
[INFO] [stdout]   |
[INFO] [stdout] 
[INFO] [stdout] error: aborting due to 2 previous errors
[INFO] [stdout] 
[INFO] [stdout] Some errors have detailed explanations: E0412, E0425.
[INFO] [stdout] For more information about an error, try `rustc --explain E0412`.
[INFO] [stdout] Couldn't compile the test.
[INFO] [stdout] ---- src/dom_ref.rs - dom_ref::DomRef::get (line 44) stdout ----
[INFO] [stdout] error[E0425]: cannot find function `use_ref` in this scope
[INFO] [stdout]  --> src/dom_ref.rs:45:14
[INFO] [stdout]   |
[INFO] [stdout] 3 | let my_ref = use_ref::<DomRef>();
[INFO] [stdout]   |              ^^^^^^^ not found in this scope
[INFO] [stdout]   |
[INFO] [stdout] help: consider importing this function
[INFO] [stdout]   |
[INFO] [stdout] 2 + use bloom_core::use_ref;
[INFO] [stdout]   |
[INFO] [stdout] 
[INFO] [stdout] error[E0412]: cannot find type `DomRef` in this scope
[INFO] [stdout]  --> src/dom_ref.rs:45:24
[INFO] [stdout]   |
[INFO] [stdout] 3 | let my_ref = use_ref::<DomRef>();
[INFO] [stdout]   |                        ^^^^^^ not found in this scope
[INFO] [stdout]   |
[INFO] [stdout] help: consider importing this struct
[INFO] [stdout]   |
[INFO] [stdout] 2 + use bloom_html::DomRef;
[INFO] [stdout]   |
[INFO] [stdout] 
[INFO] [stdout] error[E0425]: cannot find function `use_effect` in this scope
[INFO] [stdout]  --> src/dom_ref.rs:46:1
[INFO] [stdout]   |
[INFO] [stdout] 4 | use_effect(my_ref, |my_ref| {
[INFO] [stdout]   | ^^^^^^^^^^ not found in this scope
[INFO] [stdout]   |
[INFO] [stdout] help: consider importing this function
[INFO] [stdout]   |
[INFO] [stdout] 2 + use bloom_core::use_effect;
[INFO] [stdout]   |
[INFO] [stdout] 
[INFO] [stdout] error: aborting due to 3 previous errors
[INFO] [stdout] 
[INFO] [stdout] Some errors have detailed explanations: E0412, E0425.
[INFO] [stdout] For more information about an error, try `rustc --explain E0412`.
[INFO] [stdout] Couldn't compile the test.
[INFO] [stdout] ---- src/node.rs - node::HtmlNode (line 17) stdout ----
[INFO] [stdout] error: cannot find macro `rsx` in this scope
[INFO] [stdout]  --> src/node.rs:18:1
[INFO] [stdout]   |
[INFO] [stdout] 3 | rsx!(<div id="123" on_click=|_| { alert!("clicked")} />)
[INFO] [stdout]   | ^^^
[INFO] [stdout] 
[INFO] [stdout] error: aborting due to 1 previous error
[INFO] [stdout] 
[INFO] [stdout] Couldn't compile the test.
[INFO] [stdout] ---- src/element.rs - element::HtmlElementBuilder<T>::on (line 97) stdout ----
[INFO] [stdout] error: cannot find macro `alert` in this scope
[INFO] [stdout]  --> src/element.rs:98:58
[INFO] [stdout]   |
[INFO] [stdout] 3 | HtmlElement::new().tag_name("div").on("click", |event| { alert!("clicked") }).build();
[INFO] [stdout]   |                                                          ^^^^^
[INFO] [stdout] 
[INFO] [stdout] error[E0433]: failed to resolve: use of undeclared type `HtmlElement`
[INFO] [stdout]  --> src/element.rs:98:1
[INFO] [stdout]   |
[INFO] [stdout] 3 | HtmlElement::new().tag_name("div").on("click", |event| { alert!("clicked") }).build();
[INFO] [stdout]   | ^^^^^^^^^^^ use of undeclared type `HtmlElement`
[INFO] [stdout]   |
[INFO] [stdout] help: consider importing one of these structs
[INFO] [stdout]   |
[INFO] [stdout] 2 + use bloom_html::HtmlElement;
[INFO] [stdout]   |
[INFO] [stdout] 2 + use web_sys::HtmlElement;
[INFO] [stdout]   |
[INFO] [stdout] 
[INFO] [stdout] error: aborting due to 2 previous errors
[INFO] [stdout] 
[INFO] [stdout] For more information about this error, try `rustc --explain E0433`.
[INFO] [stdout] Couldn't compile the test.
[INFO] [stdout] 
[INFO] [stdout] failures:
[INFO] [stdout]     src/comment.rs - comment::HtmlComment::new (line 14)
[INFO] [stdout]     src/comment.rs - comment::HtmlCommentBuilder<T>::dom_ref (line 42)
[INFO] [stdout]     src/dom_ref.rs - dom_ref::DomRef (line 11)
[INFO] [stdout]     src/dom_ref.rs - dom_ref::DomRef::get (line 44)
[INFO] [stdout]     src/element.rs - element::HtmlElement::new (line 26)
[INFO] [stdout]     src/element.rs - element::HtmlElementBuilder<T>::attr (line 82)
[INFO] [stdout]     src/element.rs - element::HtmlElementBuilder<T>::on (line 97)
[INFO] [stdout]     src/node.rs - node::HtmlNode (line 17)
[INFO] [stdout] 
[INFO] [stdout] test result: FAILED. 0 passed; 8 failed; 0 ignored; 0 measured; 0 filtered out; finished in 0.07s
[INFO] [stdout] 
[INFO] [stderr] error: doctest failed, to rerun pass `--doc`
[INFO] running `Command { std: "docker" "inspect" "84c63d59eee6f0382ca3ccd7d2f2b4d1a7e4d7aae71c78fc24c6ad55b49836f6", kill_on_drop: false }`
[INFO] running `Command { std: "docker" "rm" "-f" "84c63d59eee6f0382ca3ccd7d2f2b4d1a7e4d7aae71c78fc24c6ad55b49836f6", kill_on_drop: false }`
[INFO] [stdout] 84c63d59eee6f0382ca3ccd7d2f2b4d1a7e4d7aae71c78fc24c6ad55b49836f6
