[INFO] fetching crate bloom-core 0.1.2...
[INFO] testing bloom-core-0.1.2 against nightly-2024-10-28 for randomize-layout
[INFO] extracting crate bloom-core 0.1.2 into /workspace/builds/worker-7-tc1/source
[INFO] validating manifest of crates.io crate bloom-core 0.1.2 on toolchain nightly-2024-10-28
[INFO] running `Command { std: CARGO_HOME="/workspace/cargo-home" RUSTUP_HOME="/workspace/rustup-home" "/workspace/cargo-home/bin/cargo" "+nightly-2024-10-28" "metadata" "--manifest-path" "Cargo.toml" "--no-deps", kill_on_drop: false }`
[INFO] started tweaking crates.io crate bloom-core 0.1.2
[INFO] finished tweaking crates.io crate bloom-core 0.1.2
[INFO] tweaked toml for crates.io crate bloom-core 0.1.2 written to /workspace/builds/worker-7-tc1/source/Cargo.toml
[INFO] running `Command { std: CARGO_HOME="/workspace/cargo-home" RUSTUP_HOME="/workspace/rustup-home" "/workspace/cargo-home/bin/cargo" "+nightly-2024-10-28" "generate-lockfile" "--manifest-path" "Cargo.toml", kill_on_drop: false }`
[INFO] [stderr]     Updating crates.io index
[INFO] [stderr]      Locking 44 packages to latest compatible versions
[INFO] running `Command { std: CARGO_HOME="/workspace/cargo-home" RUSTUP_HOME="/workspace/rustup-home" "/workspace/cargo-home/bin/cargo" "+nightly-2024-10-28" "fetch" "--manifest-path" "Cargo.toml", kill_on_drop: false }`
[INFO] [stderr]  Downloading crates ...
[INFO] [stderr]   Downloaded async-context v0.1.1
[INFO] running `Command { std: "docker" "create" "-v" "/var/lib/crater-agent-workspace/builds/worker-7-tc1/target:/opt/rustwide/target:rw,Z" "-v" "/var/lib/crater-agent-workspace/builds/worker-7-tc1/source:/opt/rustwide/workdir:ro,Z" "-v" "/var/lib/crater-agent-workspace/cargo-home:/opt/rustwide/cargo-home:ro,Z" "-v" "/var/lib/crater-agent-workspace/rustup-home:/opt/rustwide/rustup-home:ro,Z" "-e" "SOURCE_DIR=/opt/rustwide/workdir" "-e" "CARGO_TARGET_DIR=/opt/rustwide/target" "-e" "CARGO_HOME=/opt/rustwide/cargo-home" "-e" "RUSTUP_HOME=/opt/rustwide/rustup-home" "-w" "/opt/rustwide/workdir" "-m" "1610612736" "--user" "0:0" "--network" "none" "ghcr.io/rust-lang/crates-build-env/linux@sha256:4a844ea9eb2546a2d2c7022eacef16ef2e8229c7fbb2c7d4d55a9ceca922f72d" "/opt/rustwide/cargo-home/bin/cargo" "+nightly-2024-10-28" "metadata" "--no-deps" "--format-version=1", kill_on_drop: false }`
[INFO] [stdout] 27bdcdcc7ba1497eee0b7c0e7d9b6005dbef85034e0cd6f6f59111eec56d9c43
[INFO] running `Command { std: "docker" "start" "-a" "27bdcdcc7ba1497eee0b7c0e7d9b6005dbef85034e0cd6f6f59111eec56d9c43", kill_on_drop: false }`
[INFO] running `Command { std: "docker" "inspect" "27bdcdcc7ba1497eee0b7c0e7d9b6005dbef85034e0cd6f6f59111eec56d9c43", kill_on_drop: false }`
[INFO] running `Command { std: "docker" "rm" "-f" "27bdcdcc7ba1497eee0b7c0e7d9b6005dbef85034e0cd6f6f59111eec56d9c43", kill_on_drop: false }`
[INFO] [stdout] 27bdcdcc7ba1497eee0b7c0e7d9b6005dbef85034e0cd6f6f59111eec56d9c43
[INFO] running `Command { std: "docker" "create" "-v" "/var/lib/crater-agent-workspace/builds/worker-7-tc1/target:/opt/rustwide/target:rw,Z" "-v" "/var/lib/crater-agent-workspace/builds/worker-7-tc1/source:/opt/rustwide/workdir:ro,Z" "-v" "/var/lib/crater-agent-workspace/cargo-home:/opt/rustwide/cargo-home:ro,Z" "-v" "/var/lib/crater-agent-workspace/rustup-home:/opt/rustwide/rustup-home:ro,Z" "-e" "SOURCE_DIR=/opt/rustwide/workdir" "-e" "CARGO_TARGET_DIR=/opt/rustwide/target" "-e" "CARGO_INCREMENTAL=0" "-e" "RUST_BACKTRACE=full" "-e" "RUSTFLAGS=--cap-lints=forbid" "-e" "RUSTDOCFLAGS=--cap-lints=forbid" "-e" "CARGO_HOME=/opt/rustwide/cargo-home" "-e" "RUSTUP_HOME=/opt/rustwide/rustup-home" "-w" "/opt/rustwide/workdir" "-m" "1610612736" "--user" "0:0" "--network" "none" "ghcr.io/rust-lang/crates-build-env/linux@sha256:4a844ea9eb2546a2d2c7022eacef16ef2e8229c7fbb2c7d4d55a9ceca922f72d" "/opt/rustwide/cargo-home/bin/cargo" "+nightly-2024-10-28" "build" "--frozen" "--message-format=json", kill_on_drop: false }`
[INFO] [stdout] 3bcee536a884b3c5d9ecd7e204b5b03a38960de97373daa2ca7f4cd7c0a5ac53
[INFO] running `Command { std: "docker" "start" "-a" "3bcee536a884b3c5d9ecd7e204b5b03a38960de97373daa2ca7f4cd7c0a5ac53", kill_on_drop: false }`
[INFO] [stderr]    Compiling crossbeam-utils v0.8.20
[INFO] [stderr]    Compiling futures-core v0.3.31
[INFO] [stderr]    Compiling futures-task v0.3.31
[INFO] [stderr]    Compiling pin-utils v0.1.0
[INFO] [stderr]    Compiling syn v2.0.86
[INFO] [stderr]    Compiling futures-channel v0.3.31
[INFO] [stderr]    Compiling concurrent-queue v2.5.0
[INFO] [stderr]    Compiling event-listener v5.3.1
[INFO] [stderr]    Compiling event-listener-strategy v0.5.2
[INFO] [stderr]    Compiling async-channel v2.3.1
[INFO] [stderr]    Compiling pin-project-internal v1.1.7
[INFO] [stderr]    Compiling futures-macro v0.3.31
[INFO] [stderr]    Compiling async-trait v0.1.83
[INFO] [stderr]    Compiling futures-util v0.3.31
[INFO] [stderr]    Compiling pin-project v1.1.7
[INFO] [stderr]    Compiling async-context v0.1.1
[INFO] [stderr]    Compiling bloom-core v0.1.2 (/opt/rustwide/workdir)
[INFO] [stdout] warning: struct `Provider` is never constructed
[INFO] [stdout]   --> src/context.rs:11:12
[INFO] [stdout]    |
[INFO] [stdout] 11 | pub struct Provider {
[INFO] [stdout]    |            ^^^^^^^^
[INFO] [stdout]    |
[INFO] [stdout]    = note: `#[warn(dead_code)]` on by default
[INFO] [stdout] 
[INFO] [stdout] 
[INFO] [stdout] warning: associated items `new` and `children` are never used
[INFO] [stdout]   --> src/context.rs:16:12
[INFO] [stdout]    |
[INFO] [stdout] 15 | impl Provider {
[INFO] [stdout]    | ------------- associated items in this implementation
[INFO] [stdout] 16 |     pub fn new<T>(value: T) -> Self
[INFO] [stdout]    |            ^^^
[INFO] [stdout] ...
[INFO] [stdout] 25 |     pub fn children<N, E>(self, children: Vec<Element<N, E>>) -> Element<N, E>
[INFO] [stdout]    |            ^^^^^^^^
[INFO] [stdout] 
[INFO] [stdout] 
[INFO] [stderr]     Finished `dev` profile [unoptimized + debuginfo] target(s) in 4.75s
[INFO] running `Command { std: "docker" "inspect" "3bcee536a884b3c5d9ecd7e204b5b03a38960de97373daa2ca7f4cd7c0a5ac53", kill_on_drop: false }`
[INFO] running `Command { std: "docker" "rm" "-f" "3bcee536a884b3c5d9ecd7e204b5b03a38960de97373daa2ca7f4cd7c0a5ac53", kill_on_drop: false }`
[INFO] [stdout] 3bcee536a884b3c5d9ecd7e204b5b03a38960de97373daa2ca7f4cd7c0a5ac53
[INFO] running `Command { std: "docker" "create" "-v" "/var/lib/crater-agent-workspace/builds/worker-7-tc1/target:/opt/rustwide/target:rw,Z" "-v" "/var/lib/crater-agent-workspace/builds/worker-7-tc1/source:/opt/rustwide/workdir:ro,Z" "-v" "/var/lib/crater-agent-workspace/cargo-home:/opt/rustwide/cargo-home:ro,Z" "-v" "/var/lib/crater-agent-workspace/rustup-home:/opt/rustwide/rustup-home:ro,Z" "-e" "SOURCE_DIR=/opt/rustwide/workdir" "-e" "CARGO_TARGET_DIR=/opt/rustwide/target" "-e" "CARGO_INCREMENTAL=0" "-e" "RUST_BACKTRACE=full" "-e" "RUSTFLAGS=--cap-lints=forbid" "-e" "RUSTDOCFLAGS=--cap-lints=forbid" "-e" "CARGO_HOME=/opt/rustwide/cargo-home" "-e" "RUSTUP_HOME=/opt/rustwide/rustup-home" "-w" "/opt/rustwide/workdir" "-m" "1610612736" "--user" "0:0" "--network" "none" "ghcr.io/rust-lang/crates-build-env/linux@sha256:4a844ea9eb2546a2d2c7022eacef16ef2e8229c7fbb2c7d4d55a9ceca922f72d" "/opt/rustwide/cargo-home/bin/cargo" "+nightly-2024-10-28" "test" "--frozen" "--no-run" "--message-format=json", kill_on_drop: false }`
[INFO] [stdout] 530f9a356b6a4a67551d0859e9d49fcb2ae87b3f42d78d784faa08e05d7fbf7b
[INFO] running `Command { std: "docker" "start" "-a" "530f9a356b6a4a67551d0859e9d49fcb2ae87b3f42d78d784faa08e05d7fbf7b", kill_on_drop: false }`
[INFO] [stderr]    Compiling tokio-macros v2.4.0
[INFO] [stdout] warning: struct `Provider` is never constructed
[INFO] [stdout]   --> src/context.rs:11:12
[INFO] [stdout]    |
[INFO] [stdout] 11 | pub struct Provider {
[INFO] [stdout]    |            ^^^^^^^^
[INFO] [stdout]    |
[INFO] [stdout]    = note: `#[warn(dead_code)]` on by default
[INFO] [stdout] 
[INFO] [stdout] 
[INFO] [stdout] warning: associated items `new` and `children` are never used
[INFO] [stdout]   --> src/context.rs:16:12
[INFO] [stdout]    |
[INFO] [stdout] 15 | impl Provider {
[INFO] [stdout]    | ------------- associated items in this implementation
[INFO] [stdout] 16 |     pub fn new<T>(value: T) -> Self
[INFO] [stdout]    |            ^^^
[INFO] [stdout] ...
[INFO] [stdout] 25 |     pub fn children<N, E>(self, children: Vec<Element<N, E>>) -> Element<N, E>
[INFO] [stdout]    |            ^^^^^^^^
[INFO] [stdout] 
[INFO] [stdout] 
[INFO] [stderr]    Compiling tokio v1.41.0
[INFO] [stderr]    Compiling bloom-core v0.1.2 (/opt/rustwide/workdir)
[INFO] [stdout] warning: struct `Provider` is never constructed
[INFO] [stdout]   --> src/context.rs:11:12
[INFO] [stdout]    |
[INFO] [stdout] 11 | pub struct Provider {
[INFO] [stdout]    |            ^^^^^^^^
[INFO] [stdout]    |
[INFO] [stdout]    = note: `#[warn(dead_code)]` on by default
[INFO] [stdout] 
[INFO] [stdout] 
[INFO] [stdout] warning: associated items `new` and `children` are never used
[INFO] [stdout]   --> src/context.rs:16:12
[INFO] [stdout]    |
[INFO] [stdout] 15 | impl Provider {
[INFO] [stdout]    | ------------- associated items in this implementation
[INFO] [stdout] 16 |     pub fn new<T>(value: T) -> Self
[INFO] [stdout]    |            ^^^
[INFO] [stdout] ...
[INFO] [stdout] 25 |     pub fn children<N, E>(self, children: Vec<Element<N, E>>) -> Element<N, E>
[INFO] [stdout]    |            ^^^^^^^^
[INFO] [stdout] 
[INFO] [stdout] 
[INFO] [stderr]     Finished `test` profile [unoptimized + debuginfo] target(s) in 3.08s
[INFO] running `Command { std: "docker" "inspect" "530f9a356b6a4a67551d0859e9d49fcb2ae87b3f42d78d784faa08e05d7fbf7b", kill_on_drop: false }`
[INFO] running `Command { std: "docker" "rm" "-f" "530f9a356b6a4a67551d0859e9d49fcb2ae87b3f42d78d784faa08e05d7fbf7b", kill_on_drop: false }`
[INFO] [stdout] 530f9a356b6a4a67551d0859e9d49fcb2ae87b3f42d78d784faa08e05d7fbf7b
[INFO] running `Command { std: "docker" "create" "-v" "/var/lib/crater-agent-workspace/builds/worker-7-tc1/target:/opt/rustwide/target:rw,Z" "-v" "/var/lib/crater-agent-workspace/builds/worker-7-tc1/source:/opt/rustwide/workdir:ro,Z" "-v" "/var/lib/crater-agent-workspace/cargo-home:/opt/rustwide/cargo-home:ro,Z" "-v" "/var/lib/crater-agent-workspace/rustup-home:/opt/rustwide/rustup-home:ro,Z" "-e" "SOURCE_DIR=/opt/rustwide/workdir" "-e" "CARGO_TARGET_DIR=/opt/rustwide/target" "-e" "CARGO_INCREMENTAL=0" "-e" "RUST_BACKTRACE=full" "-e" "RUSTFLAGS=--cap-lints=forbid" "-e" "RUSTDOCFLAGS=--cap-lints=forbid" "-e" "CARGO_HOME=/opt/rustwide/cargo-home" "-e" "RUSTUP_HOME=/opt/rustwide/rustup-home" "-w" "/opt/rustwide/workdir" "-m" "1610612736" "--user" "0:0" "--network" "none" "ghcr.io/rust-lang/crates-build-env/linux@sha256:4a844ea9eb2546a2d2c7022eacef16ef2e8229c7fbb2c7d4d55a9ceca922f72d" "/opt/rustwide/cargo-home/bin/cargo" "+nightly-2024-10-28" "test" "--frozen", kill_on_drop: false }`
[INFO] [stdout] cb7f52e0fc0571dcebd409b624631365345eaa4c6fa142bac4e7429af9a79f88
[INFO] running `Command { std: "docker" "start" "-a" "cb7f52e0fc0571dcebd409b624631365345eaa4c6fa142bac4e7429af9a79f88", kill_on_drop: false }`
[INFO] [stderr] warning: struct `Provider` is never constructed
[INFO] [stderr]   --> src/context.rs:11:12
[INFO] [stderr]    |
[INFO] [stderr] 11 | pub struct Provider {
[INFO] [stderr]    |            ^^^^^^^^
[INFO] [stderr]    |
[INFO] [stderr]    = note: `#[warn(dead_code)]` on by default
[INFO] [stderr] 
[INFO] [stderr] warning: associated items `new` and `children` are never used
[INFO] [stderr]   --> src/context.rs:16:12
[INFO] [stderr]    |
[INFO] [stderr] 15 | impl Provider {
[INFO] [stderr]    | ------------- associated items in this implementation
[INFO] [stderr] 16 |     pub fn new<T>(value: T) -> Self
[INFO] [stderr]    |            ^^^
[INFO] [stderr] ...
[INFO] [stderr] 25 |     pub fn children<N, E>(self, children: Vec<Element<N, E>>) -> Element<N, E>
[INFO] [stderr]    |            ^^^^^^^^
[INFO] [stderr] 
[INFO] [stderr] warning: `bloom-core` (lib) generated 2 warnings
[INFO] [stderr] warning: `bloom-core` (lib test) generated 2 warnings (2 duplicates)
[INFO] [stderr]     Finished `test` profile [unoptimized + debuginfo] target(s) in 0.03s
[INFO] [stderr]      Running unittests src/lib.rs (/opt/rustwide/target/debug/deps/bloom_core-fe85b0b1064a530e)
[INFO] [stdout] 
[INFO] [stdout] running 7 tests
[INFO] [stdout] test render_loop::tests::render_basic_component ... ok
[INFO] [stdout] test render_loop::tests::update_order ... ok
[INFO] [stdout] test render_loop::tests::async_component ... ok
[INFO] [stdout] test render_loop::tests::with_callback ... ok
[INFO] [stdout] test render_queue::tests::basic_render_queue ... ok
[INFO] [stdout] test render_loop::tests::with_effect ... ok
[INFO] [stdout] test suspense::tests::test_run_or_suspend ... ok
[INFO] [stdout] 
[INFO] [stdout] test result: ok. 7 passed; 0 failed; 0 ignored; 0 measured; 0 filtered out; finished in 0.00s
[INFO] [stdout] 
[INFO] [stderr]    Doc-tests bloom_core
[INFO] [stdout] 
[INFO] [stdout] running 9 tests
[INFO] [stdout] test src/component.rs - component::Component::render (line 20) ... FAILED
[INFO] [stdout] test src/component.rs - component::Component::render (line 48) ... FAILED
[INFO] [stdout] test src/state.rs - state::State (line 30) ... FAILED
[INFO] [stdout] test src/render_loop.rs - render_loop::render_loop (line 156) ... FAILED
[INFO] [stdout] test src/element.rs - element::Element (line 7) ... FAILED
[INFO] [stdout] test src/object_ref.rs - object_ref::use_ref (line 21) ... FAILED
[INFO] [stdout] test src/state.rs - state::State (line 37) ... FAILED
[INFO] [stdout] test src/object_ref.rs - object_ref::use_ref (line 11) ... FAILED
[INFO] [stdout] test src/render_loop.rs - render_loop::render_loop (line 162) ... FAILED
[INFO] [stdout] 
[INFO] [stdout] failures:
[INFO] [stdout] 
[INFO] [stdout] ---- src/component.rs - component::Component::render (line 20) stdout ----
[INFO] [stdout] error: this file contains an unclosed delimiter
[INFO] [stdout]   --> src/component.rs:39:6
[INFO] [stdout]    |
[INFO] [stdout] 9  | impl Component for Counter {
[INFO] [stdout]    |                            - unclosed delimiter
[INFO] [stdout] ...
[INFO] [stdout] 13 |   async fn render(self: Arc<Self>) -> Result<Element<Self::Node, Self::Error>, Self::Error> {
[INFO] [stdout]    |                                                                                             - unclosed delimiter
[INFO] [stdout] ...
[INFO] [stdout] 19 |     )
[INFO] [stdout]    |      ^
[INFO] [stdout] 
[INFO] [stdout] error: aborting due to 1 previous error
[INFO] [stdout] 
[INFO] [stdout] Couldn't compile the test.
[INFO] [stdout] ---- src/component.rs - component::Component::render (line 48) stdout ----
[INFO] [stdout] error: this file contains an unclosed delimiter
[INFO] [stdout]   --> src/component.rs:67:6
[INFO] [stdout]    |
[INFO] [stdout] 9  | impl Component for Counter {
[INFO] [stdout]    |                            - unclosed delimiter
[INFO] [stdout] ...
[INFO] [stdout] 13 |   async fn render(self: Arc<Self>) -> Result<Element<Self::Node, Self::Error>, Self::Error> {
[INFO] [stdout]    |                                                                                             - unclosed delimiter
[INFO] [stdout] ...
[INFO] [stdout] 19 |     )
[INFO] [stdout]    |      ^
[INFO] [stdout] 
[INFO] [stdout] error: aborting due to 1 previous error
[INFO] [stdout] 
[INFO] [stdout] Couldn't compile the test.
[INFO] [stdout] ---- src/state.rs - state::State (line 30) stdout ----
[INFO] [stdout] error[E0425]: cannot find function `use_state` in this scope
[INFO] [stdout]  --> src/state.rs:31:16
[INFO] [stdout]   |
[INFO] [stdout] 3 | let my_state = use_state(|| 0);
[INFO] [stdout]   |                ^^^^^^^^^ not found in this scope
[INFO] [stdout]   |
[INFO] [stdout] help: consider importing this function
[INFO] [stdout]   |
[INFO] [stdout] 2 + use bloom_core::use_state;
[INFO] [stdout]   |
[INFO] [stdout] 
[INFO] [stdout] error: aborting due to 1 previous error
[INFO] [stdout] 
[INFO] [stdout] For more information about this error, try `rustc --explain E0425`.
[INFO] [stdout] Couldn't compile the test.
[INFO] [stdout] ---- src/render_loop.rs - render_loop::render_loop (line 156) stdout ----
[INFO] [stdout] error: character literal may only contain one codepoint
[INFO] [stdout]  --> src/render_loop.rs:157:31
[INFO] [stdout]   |
[INFO] [stdout] 3 | render_loop(get_element_by_id('root'), ...)
[INFO] [stdout]   |                               ^^^^^^
[INFO] [stdout]   |
[INFO] [stdout] help: if you meant to write a string literal, use double quotes
[INFO] [stdout]   |
[INFO] [stdout] 3 | render_loop(get_element_by_id("root"), ...)
[INFO] [stdout]   |                               ~    ~
[INFO] [stdout] 
[INFO] [stdout] error: unexpected token: `...`
[INFO] [stdout]  --> src/render_loop.rs:157:40
[INFO] [stdout]   |
[INFO] [stdout] 3 | render_loop(get_element_by_id('root'), ...)
[INFO] [stdout]   |                                        ^^^
[INFO] [stdout]   |
[INFO] [stdout] help: use `..` for an exclusive range
[INFO] [stdout]   |
[INFO] [stdout] 3 | render_loop(get_element_by_id('root'), ..)
[INFO] [stdout]   |                                        ~~
[INFO] [stdout] help: or `..=` for an inclusive range
[INFO] [stdout]   |
[INFO] [stdout] 3 | render_loop(get_element_by_id('root'), ..=)
[INFO] [stdout]   |                                        ~~~
[INFO] [stdout] 
[INFO] [stdout] error[E0586]: inclusive range with no end
[INFO] [stdout]  --> src/render_loop.rs:157:40
[INFO] [stdout]   |
[INFO] [stdout] 3 | render_loop(get_element_by_id('root'), ...)
[INFO] [stdout]   |                                        ^^^
[INFO] [stdout]   |
[INFO] [stdout]   = note: inclusive ranges must be bounded at the end (`..=b` or `a..=b`)
[INFO] [stdout] help: use `..` instead
[INFO] [stdout]   |
[INFO] [stdout] 3 - render_loop(get_element_by_id('root'), ...)
[INFO] [stdout] 3 + render_loop(get_element_by_id('root'), ..)
[INFO] [stdout]   |
[INFO] [stdout] 
[INFO] [stdout] error[E0425]: cannot find function `render_loop` in this scope
[INFO] [stdout]  --> src/render_loop.rs:157:1
[INFO] [stdout]   |
[INFO] [stdout] 3 | render_loop(get_element_by_id('root'), ...)
[INFO] [stdout]   | ^^^^^^^^^^^ not found in this scope
[INFO] [stdout]   |
[INFO] [stdout] help: consider importing this function
[INFO] [stdout]   |
[INFO] [stdout] 2 + use bloom_core::render_loop;
[INFO] [stdout]   |
[INFO] [stdout] 
[INFO] [stdout] error[E0425]: cannot find function `get_element_by_id` in this scope
[INFO] [stdout]  --> src/render_loop.rs:157:13
[INFO] [stdout]   |
[INFO] [stdout] 3 | render_loop(get_element_by_id('root'), ...)
[INFO] [stdout]   |             ^^^^^^^^^^^^^^^^^ not found in this scope
[INFO] [stdout] 
[INFO] [stdout] error: aborting due to 5 previous errors
[INFO] [stdout] 
[INFO] [stdout] Some errors have detailed explanations: E0425, E0586.
[INFO] [stdout] For more information about an error, try `rustc --explain E0425`.
[INFO] [stdout] Couldn't compile the test.
[INFO] [stdout] ---- src/element.rs - element::Element (line 7) stdout ----
[INFO] [stdout] error[E0433]: failed to resolve: use of undeclared type `HtmlNode`
[INFO] [stdout]  --> src/element.rs:8:1
[INFO] [stdout]   |
[INFO] [stdout] 3 | HtmlNode::element("div").attr("id", "test123").build().into()
[INFO] [stdout]   | ^^^^^^^^ use of undeclared type `HtmlNode`
[INFO] [stdout] 
[INFO] [stdout] error: aborting due to 1 previous error
[INFO] [stdout] 
[INFO] [stdout] For more information about this error, try `rustc --explain E0433`.
[INFO] [stdout] Couldn't compile the test.
[INFO] [stdout] ---- src/object_ref.rs - object_ref::use_ref (line 21) stdout ----
[INFO] [stdout] error[E0425]: cannot find function `use_effect` in this scope
[INFO] [stdout]  --> src/object_ref.rs:22:1
[INFO] [stdout]   |
[INFO] [stdout] 3 | use_effect((), |_| {
[INFO] [stdout]   | ^^^^^^^^^^ not found in this scope
[INFO] [stdout]   |
[INFO] [stdout] help: consider importing this function
[INFO] [stdout]   |
[INFO] [stdout] 2 + use bloom_core::use_effect;
[INFO] [stdout]   |
[INFO] [stdout] 
[INFO] [stdout] error[E0425]: cannot find value `my_div` in this scope
[INFO] [stdout]  --> src/object_ref.rs:23:5
[INFO] [stdout]   |
[INFO] [stdout] 4 |     my_div.get().set_inner_text("Hello, world!");
[INFO] [stdout]   |     ^^^^^^ not found in this scope
[INFO] [stdout] 
[INFO] [stdout] error: aborting due to 2 previous errors
[INFO] [stdout] 
[INFO] [stdout] For more information about this error, try `rustc --explain E0425`.
[INFO] [stdout] Couldn't compile the test.
[INFO] [stdout] ---- src/state.rs - state::State (line 37) stdout ----
[INFO] [stdout] error[E0425]: cannot find value `my_state` in this scope
[INFO] [stdout]  --> src/state.rs:38:1
[INFO] [stdout]   |
[INFO] [stdout] 3 | my_state.update(|value| *value + 1);
[INFO] [stdout]   | ^^^^^^^^ not found in this scope
[INFO] [stdout] 
[INFO] [stdout] error: aborting due to 1 previous error
[INFO] [stdout] 
[INFO] [stdout] For more information about this error, try `rustc --explain E0425`.
[INFO] [stdout] Couldn't compile the test.
[INFO] [stdout] ---- src/object_ref.rs - object_ref::use_ref (line 11) stdout ----
[INFO] [stdout] error: expected `;`, found `rsx`
[INFO] [stdout]  --> src/object_ref.rs:12:33
[INFO] [stdout]   |
[INFO] [stdout] 3 | let my_div = use_ref::<DomRef>()
[INFO] [stdout]   |                                 ^ help: add `;` here
[INFO] [stdout] 4 |
[INFO] [stdout] 5 | rsx!(
[INFO] [stdout]   | --- unexpected token
[INFO] [stdout] 
[INFO] [stdout] error: cannot find macro `rsx` in this scope
[INFO] [stdout]  --> src/object_ref.rs:14:1
[INFO] [stdout]   |
[INFO] [stdout] 5 | rsx!(
[INFO] [stdout]   | ^^^
[INFO] [stdout] 
[INFO] [stdout] error[E0425]: cannot find function `use_ref` in this scope
[INFO] [stdout]  --> src/object_ref.rs:12:14
[INFO] [stdout]   |
[INFO] [stdout] 3 | let my_div = use_ref::<DomRef>()
[INFO] [stdout]   |              ^^^^^^^ not found in this scope
[INFO] [stdout]   |
[INFO] [stdout] help: consider importing this function
[INFO] [stdout]   |
[INFO] [stdout] 2 + use bloom_core::use_ref;
[INFO] [stdout]   |
[INFO] [stdout] 
[INFO] [stdout] error[E0412]: cannot find type `DomRef` in this scope
[INFO] [stdout]  --> src/object_ref.rs:12:24
[INFO] [stdout]   |
[INFO] [stdout] 3 | let my_div = use_ref::<DomRef>()
[INFO] [stdout]   |                        ^^^^^^ not found in this scope
[INFO] [stdout]   |
[INFO] [stdout] help: you might be missing a type parameter
[INFO] [stdout]   |
[INFO] [stdout] 2 | fn main() { #[allow(non_snake_case)] fn _doctest_main_src_object_ref_rs_11_0<DomRef>() {
[INFO] [stdout]   |                                                                             ++++++++
[INFO] [stdout] 
[INFO] [stdout] error: aborting due to 4 previous errors
[INFO] [stdout] 
[INFO] [stdout] Some errors have detailed explanations: E0412, E0425.
[INFO] [stdout] For more information about an error, try `rustc --explain E0412`.
[INFO] [stdout] Couldn't compile the test.
[INFO] [stdout] ---- src/render_loop.rs - render_loop::render_loop (line 162) stdout ----
[INFO] [stdout] error: unexpected token: `...`
[INFO] [stdout]  --> src/render_loop.rs:163:47
[INFO] [stdout]   |
[INFO] [stdout] 3 | render_loop(root_node, rsx!(<MyComponent />), ...)
[INFO] [stdout]   |                                               ^^^
[INFO] [stdout]   |
[INFO] [stdout] help: use `..` for an exclusive range
[INFO] [stdout]   |
[INFO] [stdout] 3 | render_loop(root_node, rsx!(<MyComponent />), ..)
[INFO] [stdout]   |                                               ~~
[INFO] [stdout] help: or `..=` for an inclusive range
[INFO] [stdout]   |
[INFO] [stdout] 3 | render_loop(root_node, rsx!(<MyComponent />), ..=)
[INFO] [stdout]   |                                               ~~~
[INFO] [stdout] 
[INFO] [stdout] error[E0586]: inclusive range with no end
[INFO] [stdout]  --> src/render_loop.rs:163:47
[INFO] [stdout]   |
[INFO] [stdout] 3 | render_loop(root_node, rsx!(<MyComponent />), ...)
[INFO] [stdout]   |                                               ^^^
[INFO] [stdout]   |
[INFO] [stdout]   = note: inclusive ranges must be bounded at the end (`..=b` or `a..=b`)
[INFO] [stdout] help: use `..` instead
[INFO] [stdout]   |
[INFO] [stdout] 3 - render_loop(root_node, rsx!(<MyComponent />), ...)
[INFO] [stdout] 3 + render_loop(root_node, rsx!(<MyComponent />), ..)
[INFO] [stdout]   |
[INFO] [stdout] 
[INFO] [stdout] error: cannot find macro `rsx` in this scope
[INFO] [stdout]  --> src/render_loop.rs:163:24
[INFO] [stdout]   |
[INFO] [stdout] 3 | render_loop(root_node, rsx!(<MyComponent />), ...)
[INFO] [stdout]   |                        ^^^
[INFO] [stdout] 
[INFO] [stdout] error[E0425]: cannot find function `render_loop` in this scope
[INFO] [stdout]  --> src/render_loop.rs:163:1
[INFO] [stdout]   |
[INFO] [stdout] 3 | render_loop(root_node, rsx!(<MyComponent />), ...)
[INFO] [stdout]   | ^^^^^^^^^^^ not found in this scope
[INFO] [stdout]   |
[INFO] [stdout] help: consider importing this function
[INFO] [stdout]   |
[INFO] [stdout] 2 + use bloom_core::render_loop;
[INFO] [stdout]   |
[INFO] [stdout] 
[INFO] [stdout] error[E0425]: cannot find value `root_node` in this scope
[INFO] [stdout]  --> src/render_loop.rs:163:13
[INFO] [stdout]   |
[INFO] [stdout] 3 | render_loop(root_node, rsx!(<MyComponent />), ...)
[INFO] [stdout]   |             ^^^^^^^^^ not found in this scope
[INFO] [stdout] 
[INFO] [stdout] error: aborting due to 5 previous errors
[INFO] [stdout] 
[INFO] [stdout] Some errors have detailed explanations: E0425, E0586.
[INFO] [stdout] For more information about an error, try `rustc --explain E0425`.
[INFO] [stdout] Couldn't compile the test.
[INFO] [stdout] 
[INFO] [stdout] failures:
[INFO] [stdout]     src/component.rs - component::Component::render (line 20)
[INFO] [stdout]     src/component.rs - component::Component::render (line 48)
[INFO] [stdout]     src/element.rs - element::Element (line 7)
[INFO] [stdout]     src/object_ref.rs - object_ref::use_ref (line 11)
[INFO] [stdout]     src/object_ref.rs - object_ref::use_ref (line 21)
[INFO] [stdout]     src/render_loop.rs - render_loop::render_loop (line 156)
[INFO] [stdout]     src/render_loop.rs - render_loop::render_loop (line 162)
[INFO] [stdout]     src/state.rs - state::State (line 30)
[INFO] [stdout]     src/state.rs - state::State (line 37)
[INFO] [stdout] 
[INFO] [stdout] test result: FAILED. 0 passed; 9 failed; 0 ignored; 0 measured; 0 filtered out; finished in 0.08s
[INFO] [stdout] 
[INFO] [stderr] error: doctest failed, to rerun pass `--doc`
[INFO] running `Command { std: "docker" "inspect" "cb7f52e0fc0571dcebd409b624631365345eaa4c6fa142bac4e7429af9a79f88", kill_on_drop: false }`
[INFO] running `Command { std: "docker" "rm" "-f" "cb7f52e0fc0571dcebd409b624631365345eaa4c6fa142bac4e7429af9a79f88", kill_on_drop: false }`
[INFO] [stdout] cb7f52e0fc0571dcebd409b624631365345eaa4c6fa142bac4e7429af9a79f88
