[INFO] fetching crate blockscout-tracing-actix-web 0.8.0...
[INFO] testing blockscout-tracing-actix-web-0.8.0 against nightly-2024-10-28 for randomize-layout
[INFO] extracting crate blockscout-tracing-actix-web 0.8.0 into /workspace/builds/worker-2-tc1/source
[INFO] validating manifest of crates.io crate blockscout-tracing-actix-web 0.8.0 on toolchain nightly-2024-10-28
[INFO] running `Command { std: CARGO_HOME="/workspace/cargo-home" RUSTUP_HOME="/workspace/rustup-home" "/workspace/cargo-home/bin/cargo" "+nightly-2024-10-28" "metadata" "--manifest-path" "Cargo.toml" "--no-deps", kill_on_drop: false }`
[INFO] started tweaking crates.io crate blockscout-tracing-actix-web 0.8.0
[INFO] finished tweaking crates.io crate blockscout-tracing-actix-web 0.8.0
[INFO] tweaked toml for crates.io crate blockscout-tracing-actix-web 0.8.0 written to /workspace/builds/worker-2-tc1/source/Cargo.toml
[INFO] running `Command { std: CARGO_HOME="/workspace/cargo-home" RUSTUP_HOME="/workspace/rustup-home" "/workspace/cargo-home/bin/cargo" "+nightly-2024-10-28" "generate-lockfile" "--manifest-path" "Cargo.toml", kill_on_drop: false }`
[INFO] [stderr]     Blocking waiting for file lock on package cache
[INFO] [stderr]     Updating crates.io index
[INFO] [stderr]     Blocking waiting for file lock on package cache
[INFO] [stderr]      Locking 198 packages to latest compatible versions
[INFO] [stderr]       Adding mutually_exclusive_features v0.0.3 (available: v0.1.0)
[INFO] [stderr]       Adding opentelemetry v0.13.0 (available: v0.26.0)
[INFO] [stderr]       Adding opentelemetry v0.14.0 (available: v0.26.0)
[INFO] [stderr]       Adding opentelemetry v0.15.0 (available: v0.26.0)
[INFO] [stderr]       Adding opentelemetry v0.16.0 (available: v0.26.0)
[INFO] [stderr]       Adding opentelemetry v0.17.0 (available: v0.26.0)
[INFO] [stderr]       Adding opentelemetry v0.18.0 (available: v0.26.0)
[INFO] [stderr]       Adding opentelemetry v0.19.0 (available: v0.26.0)
[INFO] [stderr]       Adding opentelemetry v0.20.0 (available: v0.26.0)
[INFO] [stderr]       Adding opentelemetry v0.21.0 (available: v0.26.0)
[INFO] [stderr]       Adding tracing-log v0.1.4 (available: v0.2.0)
[INFO] [stderr]       Adding tracing-opentelemetry v0.12.0 (available: v0.27.0)
[INFO] [stderr]       Adding tracing-opentelemetry v0.13.0 (available: v0.27.0)
[INFO] [stderr]       Adding tracing-opentelemetry v0.14.0 (available: v0.27.0)
[INFO] [stderr]       Adding tracing-opentelemetry v0.16.0 (available: v0.27.0)
[INFO] [stderr]       Adding tracing-opentelemetry v0.17.4 (available: v0.27.0)
[INFO] [stderr]       Adding tracing-opentelemetry v0.18.0 (available: v0.27.0)
[INFO] [stderr]       Adding tracing-opentelemetry v0.19.0 (available: v0.27.0)
[INFO] [stderr]       Adding tracing-opentelemetry v0.21.0 (available: v0.27.0)
[INFO] [stderr]       Adding tracing-opentelemetry v0.22.0 (available: v0.27.0)
[INFO] running `Command { std: CARGO_HOME="/workspace/cargo-home" RUSTUP_HOME="/workspace/rustup-home" "/workspace/cargo-home/bin/cargo" "+nightly-2024-10-28" "fetch" "--manifest-path" "Cargo.toml", kill_on_drop: false }`
[INFO] [stderr]  Downloading crates ...
[INFO] [stderr]   Downloaded mutually_exclusive_features v0.0.3
[INFO] [stderr]   Downloaded opentelemetry v0.20.0
[INFO] [stderr]   Downloaded opentelemetry v0.18.0
[INFO] [stderr]   Downloaded opentelemetry v0.19.0
[INFO] [stderr]   Downloaded opentelemetry v0.21.0
[INFO] [stderr]   Downloaded opentelemetry_api v0.18.0
[INFO] [stderr]   Downloaded opentelemetry_api v0.20.0
[INFO] [stderr]   Downloaded opentelemetry_api v0.19.0
[INFO] [stderr]   Downloaded tracing-opentelemetry v0.12.0
[INFO] [stderr]   Downloaded opentelemetry v0.14.0
[INFO] [stderr]   Downloaded opentelemetry v0.16.0
[INFO] [stderr]   Downloaded opentelemetry v0.13.0
[INFO] [stderr]   Downloaded opentelemetry v0.15.0
[INFO] [stderr]   Downloaded tracing-opentelemetry v0.21.0
[INFO] [stderr]   Downloaded tracing-bunyan-formatter v0.3.9
[INFO] [stderr]   Downloaded opentelemetry v0.17.0
[INFO] [stderr]   Downloaded tracing-opentelemetry v0.22.0
[INFO] [stderr]   Downloaded tracing-opentelemetry v0.17.4
[INFO] [stderr]   Downloaded tracing-opentelemetry v0.18.0
[INFO] [stderr]   Downloaded opentelemetry_sdk v0.19.0
[INFO] [stderr]   Downloaded tracing-opentelemetry v0.19.0
[INFO] [stderr]   Downloaded tracing-opentelemetry v0.13.0
[INFO] [stderr]   Downloaded tracing-opentelemetry v0.14.0
[INFO] [stderr]   Downloaded tracing-opentelemetry v0.16.0
[INFO] [stderr]   Downloaded opentelemetry_sdk v0.18.0
[INFO] [stderr]   Downloaded opentelemetry_sdk v0.20.0
[INFO] [stderr]   Downloaded opentelemetry_sdk v0.21.2
[INFO] running `Command { std: "docker" "create" "-v" "/var/lib/crater-agent-workspace/builds/worker-2-tc1/target:/opt/rustwide/target:rw,Z" "-v" "/var/lib/crater-agent-workspace/builds/worker-2-tc1/source:/opt/rustwide/workdir:ro,Z" "-v" "/var/lib/crater-agent-workspace/cargo-home:/opt/rustwide/cargo-home:ro,Z" "-v" "/var/lib/crater-agent-workspace/rustup-home:/opt/rustwide/rustup-home:ro,Z" "-e" "SOURCE_DIR=/opt/rustwide/workdir" "-e" "CARGO_TARGET_DIR=/opt/rustwide/target" "-e" "CARGO_HOME=/opt/rustwide/cargo-home" "-e" "RUSTUP_HOME=/opt/rustwide/rustup-home" "-w" "/opt/rustwide/workdir" "-m" "1610612736" "--user" "0:0" "--network" "none" "ghcr.io/rust-lang/crates-build-env/linux@sha256:4a844ea9eb2546a2d2c7022eacef16ef2e8229c7fbb2c7d4d55a9ceca922f72d" "/opt/rustwide/cargo-home/bin/cargo" "+nightly-2024-10-28" "metadata" "--no-deps" "--format-version=1", kill_on_drop: false }`
[INFO] [stdout] e1142cbe663993214fb25f7bda444250619ceb54fbc219dba3bfc5da9f2e8200
[INFO] running `Command { std: "docker" "start" "-a" "e1142cbe663993214fb25f7bda444250619ceb54fbc219dba3bfc5da9f2e8200", kill_on_drop: false }`
[INFO] running `Command { std: "docker" "inspect" "e1142cbe663993214fb25f7bda444250619ceb54fbc219dba3bfc5da9f2e8200", kill_on_drop: false }`
[INFO] running `Command { std: "docker" "rm" "-f" "e1142cbe663993214fb25f7bda444250619ceb54fbc219dba3bfc5da9f2e8200", kill_on_drop: false }`
[INFO] [stdout] e1142cbe663993214fb25f7bda444250619ceb54fbc219dba3bfc5da9f2e8200
[INFO] running `Command { std: "docker" "create" "-v" "/var/lib/crater-agent-workspace/builds/worker-2-tc1/target:/opt/rustwide/target:rw,Z" "-v" "/var/lib/crater-agent-workspace/builds/worker-2-tc1/source:/opt/rustwide/workdir:ro,Z" "-v" "/var/lib/crater-agent-workspace/cargo-home:/opt/rustwide/cargo-home:ro,Z" "-v" "/var/lib/crater-agent-workspace/rustup-home:/opt/rustwide/rustup-home:ro,Z" "-e" "SOURCE_DIR=/opt/rustwide/workdir" "-e" "CARGO_TARGET_DIR=/opt/rustwide/target" "-e" "CARGO_INCREMENTAL=0" "-e" "RUST_BACKTRACE=full" "-e" "RUSTFLAGS=--cap-lints=forbid" "-e" "RUSTDOCFLAGS=--cap-lints=forbid" "-e" "CARGO_HOME=/opt/rustwide/cargo-home" "-e" "RUSTUP_HOME=/opt/rustwide/rustup-home" "-w" "/opt/rustwide/workdir" "-m" "1610612736" "--user" "0:0" "--network" "none" "ghcr.io/rust-lang/crates-build-env/linux@sha256:4a844ea9eb2546a2d2c7022eacef16ef2e8229c7fbb2c7d4d55a9ceca922f72d" "/opt/rustwide/cargo-home/bin/cargo" "+nightly-2024-10-28" "build" "--frozen" "--message-format=json", kill_on_drop: false }`
[INFO] [stdout] a7dfac873d8bee31bd89e8ce67b5682b0e59ecdaf1c3f1f577094437bc4b6636
[INFO] running `Command { std: "docker" "start" "-a" "a7dfac873d8bee31bd89e8ce67b5682b0e59ecdaf1c3f1f577094437bc4b6636", kill_on_drop: false }`
[INFO] [stderr]    Compiling typenum v1.17.0
[INFO] [stderr]    Compiling futures-core v0.3.31
[INFO] [stderr]    Compiling generic-array v0.14.7
[INFO] [stderr]    Compiling tracing-core v0.1.32
[INFO] [stderr]    Compiling byteorder v1.5.0
[INFO] [stderr]    Compiling serde v1.0.214
[INFO] [stderr]    Compiling paste v1.0.15
[INFO] [stderr]    Compiling futures-sink v0.3.31
[INFO] [stderr]    Compiling percent-encoding v2.3.1
[INFO] [stderr]    Compiling local-waker v0.1.4
[INFO] [stderr]    Compiling fnv v1.0.7
[INFO] [stderr]    Compiling tinyvec v1.8.0
[INFO] [stderr]    Compiling ahash v0.8.11
[INFO] [stderr]    Compiling syn v2.0.86
[INFO] [stderr]    Compiling getrandom v0.2.15
[INFO] [stderr]    Compiling mio v1.0.2
[INFO] [stderr]    Compiling http v0.2.12
[INFO] [stderr]    Compiling bytestring v1.3.1
[INFO] [stderr]    Compiling httparse v1.9.5
[INFO] [stderr]    Compiling memchr v2.7.4
[INFO] [stderr]    Compiling form_urlencoded v1.2.1
[INFO] [stderr]    Compiling actix-utils v3.0.1
[INFO] [stderr]    Compiling cpufeatures v0.2.14
[INFO] [stderr]    Compiling rand_core v0.6.4
[INFO] [stderr]    Compiling convert_case v0.4.0
[INFO] [stderr]    Compiling unicode-bidi v0.3.17
[INFO] [stderr]    Compiling regex-lite v0.1.6
[INFO] [stderr]    Compiling bitflags v2.6.0
[INFO] [stderr]    Compiling pin-utils v0.1.0
[INFO] [stderr]    Compiling futures-task v0.3.31
[INFO] [stderr]    Compiling tokio v1.41.0
[INFO] [stderr]    Compiling futures-util v0.3.31
[INFO] [stderr]    Compiling deranged v0.3.11
[INFO] [stderr]    Compiling local-channel v0.1.5
[INFO] [stderr]    Compiling encoding_rs v0.8.35
[INFO] [stderr]    Compiling base64 v0.22.1
[INFO] [stderr]    Compiling httpdate v1.0.3
[INFO] [stderr]    Compiling unicode-normalization v0.1.24
[INFO] [stderr]    Compiling actix-service v2.0.2
[INFO] [stderr]    Compiling mime v0.3.17
[INFO] [stderr]    Compiling language-tags v0.3.2
[INFO] [stderr]    Compiling impl-more v0.1.8
[INFO] [stderr]    Compiling uuid v1.11.0
[INFO] [stderr]    Compiling mutually_exclusive_features v0.0.3
[INFO] [stderr]    Compiling time v0.3.36
[INFO] [stderr]    Compiling idna v0.5.0
[INFO] [stderr]    Compiling crypto-common v0.1.6
[INFO] [stderr]    Compiling block-buffer v0.10.4
[INFO] [stderr]    Compiling digest v0.10.7
[INFO] [stderr]    Compiling url v2.5.2
[INFO] [stderr]    Compiling sha1 v0.10.6
[INFO] [stderr]    Compiling serde_json v1.0.132
[INFO] [stderr]    Compiling serde_urlencoded v0.7.1
[INFO] [stderr]    Compiling actix-rt v2.10.0
[INFO] [stderr]    Compiling tokio-util v0.7.12
[INFO] [stderr]    Compiling tracing-attributes v0.1.27
[INFO] [stderr]    Compiling zerocopy-derive v0.7.35
[INFO] [stderr]    Compiling derive_more v0.99.18
[INFO] [stderr]    Compiling actix-macros v0.2.4
[INFO] [stderr]    Compiling pin-project-internal v1.1.7
[INFO] [stderr]    Compiling zerocopy v0.7.35
[INFO] [stderr]    Compiling pin-project v1.1.7
[INFO] [stderr]    Compiling tracing v0.1.40
[INFO] [stderr]    Compiling actix-codec v0.5.2
[INFO] [stderr]    Compiling actix-router v0.5.3
[INFO] [stderr]    Compiling actix-server v2.5.0
[INFO] [stderr]    Compiling ppv-lite86 v0.2.20
[INFO] [stderr]    Compiling rand_chacha v0.3.1
[INFO] [stderr]    Compiling rand v0.8.5
[INFO] [stderr]    Compiling actix-web-codegen v4.3.0
[INFO] [stderr]    Compiling actix-http v3.9.0
[INFO] [stderr]    Compiling actix-web v4.9.0
[INFO] [stderr]    Compiling blockscout-tracing-actix-web v0.8.0 (/opt/rustwide/workdir)
[INFO] [stdout] warning: unexpected `cfg` condition name: `uuid_unstable`
[INFO] [stdout]   --> src/request_id.rs:39:44
[INFO] [stdout]    |
[INFO] [stdout] 39 |         #[cfg(all(feature = "uuid_v7", not(uuid_unstable)))]
[INFO] [stdout]    |                                            ^^^^^^^^^^^^^
[INFO] [stdout]    |
[INFO] [stdout]    = help: expected names are: `clippy`, `debug_assertions`, `doc`, `docsrs`, `doctest`, `feature`, `fmt_debug`, `miri`, `overflow_checks`, `panic`, `proc_macro`, `relocation_model`, `rustfmt`, `sanitize`, `sanitizer_cfi_generalize_pointers`, `sanitizer_cfi_normalize_integers`, `target_abi`, `target_arch`, `target_endian`, `target_env`, `target_family`, `target_feature`, `target_has_atomic`, `target_has_atomic_equal_alignment`, `target_has_atomic_load_store`, `target_os`, `target_pointer_width`, `target_thread_local`, `target_vendor`, `test`, `ub_checks`, `unix`, and `windows`
[INFO] [stdout]    = help: consider using a Cargo feature instead
[INFO] [stdout]    = help: or consider adding in `Cargo.toml` the `check-cfg` lint config for the lint:
[INFO] [stdout]             [lints.rust]
[INFO] [stdout]             unexpected_cfgs = { level = "warn", check-cfg = ['cfg(uuid_unstable)'] }
[INFO] [stdout]    = help: or consider adding `println!("cargo::rustc-check-cfg=cfg(uuid_unstable)");` to the top of the `build.rs`
[INFO] [stdout]    = note: see <https://doc.rust-lang.org/nightly/rustc/check-cfg/cargo-specifics.html> for more information about checking conditional configuration
[INFO] [stdout]    = note: `#[warn(unexpected_cfgs)]` on by default
[INFO] [stdout] 
[INFO] [stdout] 
[INFO] [stdout] warning: unexpected `cfg` condition name: `uuid_unstable`
[INFO] [stdout]   --> src/request_id.rs:46:19
[INFO] [stdout]    |
[INFO] [stdout] 46 |         #[cfg(all(uuid_unstable, feature = "uuid_v7"))]
[INFO] [stdout]    |                   ^^^^^^^^^^^^^
[INFO] [stdout]    |
[INFO] [stdout]    = help: consider using a Cargo feature instead
[INFO] [stdout]    = help: or consider adding in `Cargo.toml` the `check-cfg` lint config for the lint:
[INFO] [stdout]             [lints.rust]
[INFO] [stdout]             unexpected_cfgs = { level = "warn", check-cfg = ['cfg(uuid_unstable)'] }
[INFO] [stdout]    = help: or consider adding `println!("cargo::rustc-check-cfg=cfg(uuid_unstable)");` to the top of the `build.rs`
[INFO] [stdout]    = note: see <https://doc.rust-lang.org/nightly/rustc/check-cfg/cargo-specifics.html> for more information about checking conditional configuration
[INFO] [stdout] 
[INFO] [stdout] 
[INFO] [stderr]     Finished `dev` profile [unoptimized + debuginfo] target(s) in 14.92s
[INFO] running `Command { std: "docker" "inspect" "a7dfac873d8bee31bd89e8ce67b5682b0e59ecdaf1c3f1f577094437bc4b6636", kill_on_drop: false }`
[INFO] running `Command { std: "docker" "rm" "-f" "a7dfac873d8bee31bd89e8ce67b5682b0e59ecdaf1c3f1f577094437bc4b6636", kill_on_drop: false }`
[INFO] [stdout] a7dfac873d8bee31bd89e8ce67b5682b0e59ecdaf1c3f1f577094437bc4b6636
[INFO] running `Command { std: "docker" "create" "-v" "/var/lib/crater-agent-workspace/builds/worker-2-tc1/target:/opt/rustwide/target:rw,Z" "-v" "/var/lib/crater-agent-workspace/builds/worker-2-tc1/source:/opt/rustwide/workdir:ro,Z" "-v" "/var/lib/crater-agent-workspace/cargo-home:/opt/rustwide/cargo-home:ro,Z" "-v" "/var/lib/crater-agent-workspace/rustup-home:/opt/rustwide/rustup-home:ro,Z" "-e" "SOURCE_DIR=/opt/rustwide/workdir" "-e" "CARGO_TARGET_DIR=/opt/rustwide/target" "-e" "CARGO_INCREMENTAL=0" "-e" "RUST_BACKTRACE=full" "-e" "RUSTFLAGS=--cap-lints=forbid" "-e" "RUSTDOCFLAGS=--cap-lints=forbid" "-e" "CARGO_HOME=/opt/rustwide/cargo-home" "-e" "RUSTUP_HOME=/opt/rustwide/rustup-home" "-w" "/opt/rustwide/workdir" "-m" "1610612736" "--user" "0:0" "--network" "none" "ghcr.io/rust-lang/crates-build-env/linux@sha256:4a844ea9eb2546a2d2c7022eacef16ef2e8229c7fbb2c7d4d55a9ceca922f72d" "/opt/rustwide/cargo-home/bin/cargo" "+nightly-2024-10-28" "test" "--frozen" "--no-run" "--message-format=json", kill_on_drop: false }`
[INFO] [stdout] 5e8a4d4e5183bc2ed3c838402c4202d72295b6b4aca1fa601b5d2ddbff424644
[INFO] running `Command { std: "docker" "start" "-a" "5e8a4d4e5183bc2ed3c838402c4202d72295b6b4aca1fa601b5d2ddbff424644", kill_on_drop: false }`
[INFO] [stderr]    Compiling regex-syntax v0.6.29
[INFO] [stderr]    Compiling regex-syntax v0.8.5
[INFO] [stderr]    Compiling overload v0.1.1
[INFO] [stderr]    Compiling sharded-slab v0.1.7
[INFO] [stderr]    Compiling tracing-log v0.2.0
[INFO] [stderr]    Compiling thread_local v1.1.8
[INFO] [stderr]    Compiling gethostname v0.2.3
[INFO] [stderr]    Compiling tracing-log v0.1.4
[INFO] [stdout] warning: unexpected `cfg` condition name: `uuid_unstable`
[INFO] [stdout]   --> src/request_id.rs:39:44
[INFO] [stdout]    |
[INFO] [stdout] 39 |         #[cfg(all(feature = "uuid_v7", not(uuid_unstable)))]
[INFO] [stdout]    |                                            ^^^^^^^^^^^^^
[INFO] [stdout]    |
[INFO] [stdout]    = help: expected names are: `clippy`, `debug_assertions`, `doc`, `docsrs`, `doctest`, `feature`, `fmt_debug`, `miri`, `overflow_checks`, `panic`, `proc_macro`, `relocation_model`, `rustfmt`, `sanitize`, `sanitizer_cfi_generalize_pointers`, `sanitizer_cfi_normalize_integers`, `target_abi`, `target_arch`, `target_endian`, `target_env`, `target_family`, `target_feature`, `target_has_atomic`, `target_has_atomic_equal_alignment`, `target_has_atomic_load_store`, `target_os`, `target_pointer_width`, `target_thread_local`, `target_vendor`, `test`, `ub_checks`, `unix`, and `windows`
[INFO] [stdout]    = help: consider using a Cargo feature instead
[INFO] [stdout]    = help: or consider adding in `Cargo.toml` the `check-cfg` lint config for the lint:
[INFO] [stdout]             [lints.rust]
[INFO] [stdout]             unexpected_cfgs = { level = "warn", check-cfg = ['cfg(uuid_unstable)'] }
[INFO] [stdout]    = help: or consider adding `println!("cargo::rustc-check-cfg=cfg(uuid_unstable)");` to the top of the `build.rs`
[INFO] [stdout]    = note: see <https://doc.rust-lang.org/nightly/rustc/check-cfg/cargo-specifics.html> for more information about checking conditional configuration
[INFO] [stdout]    = note: `#[warn(unexpected_cfgs)]` on by default
[INFO] [stdout] 
[INFO] [stdout] 
[INFO] [stdout] warning: unexpected `cfg` condition name: `uuid_unstable`
[INFO] [stdout]   --> src/request_id.rs:46:19
[INFO] [stdout]    |
[INFO] [stdout] 46 |         #[cfg(all(uuid_unstable, feature = "uuid_v7"))]
[INFO] [stdout]    |                   ^^^^^^^^^^^^^
[INFO] [stdout]    |
[INFO] [stdout]    = help: consider using a Cargo feature instead
[INFO] [stdout]    = help: or consider adding in `Cargo.toml` the `check-cfg` lint config for the lint:
[INFO] [stdout]             [lints.rust]
[INFO] [stdout]             unexpected_cfgs = { level = "warn", check-cfg = ['cfg(uuid_unstable)'] }
[INFO] [stdout]    = help: or consider adding `println!("cargo::rustc-check-cfg=cfg(uuid_unstable)");` to the top of the `build.rs`
[INFO] [stdout]    = note: see <https://doc.rust-lang.org/nightly/rustc/check-cfg/cargo-specifics.html> for more information about checking conditional configuration
[INFO] [stdout] 
[INFO] [stdout] 
[INFO] [stderr]    Compiling nu-ansi-term v0.46.0
[INFO] [stderr]    Compiling regex-automata v0.4.8
[INFO] [stderr]    Compiling regex-automata v0.1.10
[INFO] [stderr]    Compiling matchers v0.1.0
[INFO] [stderr]    Compiling regex v1.11.1
[INFO] [stderr]    Compiling tracing-subscriber v0.3.18
[INFO] [stderr]    Compiling tracing-bunyan-formatter v0.3.9
[INFO] [stderr]    Compiling blockscout-tracing-actix-web v0.8.0 (/opt/rustwide/workdir)
[INFO] [stdout] warning: unexpected `cfg` condition name: `uuid_unstable`
[INFO] [stdout]   --> src/request_id.rs:39:44
[INFO] [stdout]    |
[INFO] [stdout] 39 |         #[cfg(all(feature = "uuid_v7", not(uuid_unstable)))]
[INFO] [stdout]    |                                            ^^^^^^^^^^^^^
[INFO] [stdout]    |
[INFO] [stdout]    = help: expected names are: `clippy`, `debug_assertions`, `doc`, `docsrs`, `doctest`, `feature`, `fmt_debug`, `miri`, `overflow_checks`, `panic`, `proc_macro`, `relocation_model`, `rustfmt`, `sanitize`, `sanitizer_cfi_generalize_pointers`, `sanitizer_cfi_normalize_integers`, `target_abi`, `target_arch`, `target_endian`, `target_env`, `target_family`, `target_feature`, `target_has_atomic`, `target_has_atomic_equal_alignment`, `target_has_atomic_load_store`, `target_os`, `target_pointer_width`, `target_thread_local`, `target_vendor`, `test`, `ub_checks`, `unix`, and `windows`
[INFO] [stdout]    = help: consider using a Cargo feature instead
[INFO] [stdout]    = help: or consider adding in `Cargo.toml` the `check-cfg` lint config for the lint:
[INFO] [stdout]             [lints.rust]
[INFO] [stdout]             unexpected_cfgs = { level = "warn", check-cfg = ['cfg(uuid_unstable)'] }
[INFO] [stdout]    = help: or consider adding `println!("cargo::rustc-check-cfg=cfg(uuid_unstable)");` to the top of the `build.rs`
[INFO] [stdout]    = note: see <https://doc.rust-lang.org/nightly/rustc/check-cfg/cargo-specifics.html> for more information about checking conditional configuration
[INFO] [stdout]    = note: `#[warn(unexpected_cfgs)]` on by default
[INFO] [stdout] 
[INFO] [stdout] 
[INFO] [stdout] warning: unexpected `cfg` condition name: `uuid_unstable`
[INFO] [stdout]   --> src/request_id.rs:46:19
[INFO] [stdout]    |
[INFO] [stdout] 46 |         #[cfg(all(uuid_unstable, feature = "uuid_v7"))]
[INFO] [stdout]    |                   ^^^^^^^^^^^^^
[INFO] [stdout]    |
[INFO] [stdout]    = help: consider using a Cargo feature instead
[INFO] [stdout]    = help: or consider adding in `Cargo.toml` the `check-cfg` lint config for the lint:
[INFO] [stdout]             [lints.rust]
[INFO] [stdout]             unexpected_cfgs = { level = "warn", check-cfg = ['cfg(uuid_unstable)'] }
[INFO] [stdout]    = help: or consider adding `println!("cargo::rustc-check-cfg=cfg(uuid_unstable)");` to the top of the `build.rs`
[INFO] [stdout]    = note: see <https://doc.rust-lang.org/nightly/rustc/check-cfg/cargo-specifics.html> for more information about checking conditional configuration
[INFO] [stdout] 
[INFO] [stdout] 
[INFO] [stderr]     Finished `test` profile [unoptimized + debuginfo] target(s) in 5.07s
[INFO] running `Command { std: "docker" "inspect" "5e8a4d4e5183bc2ed3c838402c4202d72295b6b4aca1fa601b5d2ddbff424644", kill_on_drop: false }`
[INFO] running `Command { std: "docker" "rm" "-f" "5e8a4d4e5183bc2ed3c838402c4202d72295b6b4aca1fa601b5d2ddbff424644", kill_on_drop: false }`
[INFO] [stdout] 5e8a4d4e5183bc2ed3c838402c4202d72295b6b4aca1fa601b5d2ddbff424644
[INFO] running `Command { std: "docker" "create" "-v" "/var/lib/crater-agent-workspace/builds/worker-2-tc1/target:/opt/rustwide/target:rw,Z" "-v" "/var/lib/crater-agent-workspace/builds/worker-2-tc1/source:/opt/rustwide/workdir:ro,Z" "-v" "/var/lib/crater-agent-workspace/cargo-home:/opt/rustwide/cargo-home:ro,Z" "-v" "/var/lib/crater-agent-workspace/rustup-home:/opt/rustwide/rustup-home:ro,Z" "-e" "SOURCE_DIR=/opt/rustwide/workdir" "-e" "CARGO_TARGET_DIR=/opt/rustwide/target" "-e" "CARGO_INCREMENTAL=0" "-e" "RUST_BACKTRACE=full" "-e" "RUSTFLAGS=--cap-lints=forbid" "-e" "RUSTDOCFLAGS=--cap-lints=forbid" "-e" "CARGO_HOME=/opt/rustwide/cargo-home" "-e" "RUSTUP_HOME=/opt/rustwide/rustup-home" "-w" "/opt/rustwide/workdir" "-m" "1610612736" "--user" "0:0" "--network" "none" "ghcr.io/rust-lang/crates-build-env/linux@sha256:4a844ea9eb2546a2d2c7022eacef16ef2e8229c7fbb2c7d4d55a9ceca922f72d" "/opt/rustwide/cargo-home/bin/cargo" "+nightly-2024-10-28" "test" "--frozen", kill_on_drop: false }`
[INFO] [stdout] 563d7c2c292ab086f8c3acfb60d12db07a84314d4b2ddedad22d4d74b15f1bba
[INFO] running `Command { std: "docker" "start" "-a" "563d7c2c292ab086f8c3acfb60d12db07a84314d4b2ddedad22d4d74b15f1bba", kill_on_drop: false }`
[INFO] [stderr] warning: unexpected `cfg` condition name: `uuid_unstable`
[INFO] [stderr]   --> src/request_id.rs:39:44
[INFO] [stderr]    |
[INFO] [stderr] 39 |         #[cfg(all(feature = "uuid_v7", not(uuid_unstable)))]
[INFO] [stderr]    |                                            ^^^^^^^^^^^^^
[INFO] [stderr]    |
[INFO] [stderr]    = help: expected names are: `clippy`, `debug_assertions`, `doc`, `docsrs`, `doctest`, `feature`, `fmt_debug`, `miri`, `overflow_checks`, `panic`, `proc_macro`, `relocation_model`, `rustfmt`, `sanitize`, `sanitizer_cfi_generalize_pointers`, `sanitizer_cfi_normalize_integers`, `target_abi`, `target_arch`, `target_endian`, `target_env`, `target_family`, `target_feature`, `target_has_atomic`, `target_has_atomic_equal_alignment`, `target_has_atomic_load_store`, `target_os`, `target_pointer_width`, `target_thread_local`, `target_vendor`, `test`, `ub_checks`, `unix`, and `windows`
[INFO] [stderr]    = help: consider using a Cargo feature instead
[INFO] [stderr]    = help: or consider adding in `Cargo.toml` the `check-cfg` lint config for the lint:
[INFO] [stderr]             [lints.rust]
[INFO] [stderr]             unexpected_cfgs = { level = "warn", check-cfg = ['cfg(uuid_unstable)'] }
[INFO] [stderr]    = help: or consider adding `println!("cargo::rustc-check-cfg=cfg(uuid_unstable)");` to the top of the `build.rs`
[INFO] [stderr]    = note: see <https://doc.rust-lang.org/nightly/rustc/check-cfg/cargo-specifics.html> for more information about checking conditional configuration
[INFO] [stderr]    = note: `#[warn(unexpected_cfgs)]` on by default
[INFO] [stderr] 
[INFO] [stderr] warning: unexpected `cfg` condition name: `uuid_unstable`
[INFO] [stderr]   --> src/request_id.rs:46:19
[INFO] [stderr]    |
[INFO] [stderr] 46 |         #[cfg(all(uuid_unstable, feature = "uuid_v7"))]
[INFO] [stderr]    |                   ^^^^^^^^^^^^^
[INFO] [stderr]    |
[INFO] [stderr]    = help: consider using a Cargo feature instead
[INFO] [stderr]    = help: or consider adding in `Cargo.toml` the `check-cfg` lint config for the lint:
[INFO] [stderr]             [lints.rust]
[INFO] [stderr]             unexpected_cfgs = { level = "warn", check-cfg = ['cfg(uuid_unstable)'] }
[INFO] [stderr]    = help: or consider adding `println!("cargo::rustc-check-cfg=cfg(uuid_unstable)");` to the top of the `build.rs`
[INFO] [stderr]    = note: see <https://doc.rust-lang.org/nightly/rustc/check-cfg/cargo-specifics.html> for more information about checking conditional configuration
[INFO] [stderr] 
[INFO] [stderr] warning: `blockscout-tracing-actix-web` (lib) generated 2 warnings
[INFO] [stderr] warning: `blockscout-tracing-actix-web` (lib test) generated 2 warnings (2 duplicates)
[INFO] [stderr]     Finished `test` profile [unoptimized + debuginfo] target(s) in 0.10s
[INFO] [stderr]      Running unittests src/lib.rs (/opt/rustwide/target/debug/deps/blockscout_tracing_actix_web-c2a9373f3c81555d)
[INFO] [stdout] 
[INFO] [stdout] running 0 tests
[INFO] [stdout] 
[INFO] [stdout] test result: ok. 0 passed; 0 failed; 0 ignored; 0 measured; 0 filtered out; finished in 0.00s
[INFO] [stdout] 
[INFO] [stderr]    Doc-tests blockscout_tracing_actix_web
[INFO] [stdout] 
[INFO] [stdout] running 13 tests
[INFO] [stdout] test src/root_span_macro.rs - root_span_macro::root_span (line 16) ... FAILED
[INFO] [stdout] test src/middleware.rs - middleware::TracingLogger (line 66) ... FAILED
[INFO] [stdout] test src/lib.rs - (line 165) ... FAILED
[INFO] [stdout] test src/lib.rs - (line 198) ... FAILED
[INFO] [stdout] test src/lib.rs - (line 89) ... FAILED
[INFO] [stdout] test src/root_span_macro.rs - root_span_macro::root_span (line 41) ... FAILED
[INFO] [stdout] test src/lib.rs - (line 132) ... FAILED
[INFO] [stdout] test src/lib.rs - (line 105) ... FAILED
[INFO] [stdout] test src/lib.rs - (line 36) - compile fail ... ok
[INFO] [stdout] test src/middleware.rs - middleware::TracingLogger (line 22) ... FAILED
[INFO] [stdout] test src/lib.rs - (line 245) ... FAILED
[INFO] [stdout] test src/request_id.rs - request_id::RequestId (line 12) ... FAILED
[INFO] [stdout] test src/root_span.rs - root_span::RootSpan (line 16) ... FAILED
[INFO] [stdout] 
[INFO] [stdout] failures:
[INFO] [stdout] 
[INFO] [stdout] ---- src/root_span_macro.rs - root_span_macro::root_span (line 16) stdout ----
[INFO] [stdout] error[E0432]: unresolved import `tracing_actix_web`
[INFO] [stdout]  --> src/root_span_macro.rs:20:5
[INFO] [stdout]   |
[INFO] [stdout] 6 | use tracing_actix_web::{TracingLogger, DefaultRootSpanBuilder, RootSpanBuilder, root_span};
[INFO] [stdout]   |     ^^^^^^^^^^^^^^^^^ use of undeclared crate or module `tracing_actix_web`
[INFO] [stdout] 
[INFO] [stdout] error: aborting due to 1 previous error
[INFO] [stdout] 
[INFO] [stdout] For more information about this error, try `rustc --explain E0432`.
[INFO] [stdout] Couldn't compile the test.
[INFO] [stdout] ---- src/middleware.rs - middleware::TracingLogger (line 66) stdout ----
[INFO] [stdout] error[E0432]: unresolved import `tracing_actix_web`
[INFO] [stdout]  --> src/middleware.rs:69:5
[INFO] [stdout]   |
[INFO] [stdout] 5 | use tracing_actix_web::TracingLogger;
[INFO] [stdout]   |     ^^^^^^^^^^^^^^^^^ use of undeclared crate or module `tracing_actix_web`
[INFO] [stdout] 
[INFO] [stdout] error: aborting due to 1 previous error
[INFO] [stdout] 
[INFO] [stdout] For more information about this error, try `rustc --explain E0432`.
[INFO] [stdout] Couldn't compile the test.
[INFO] [stdout] ---- src/lib.rs - (line 165) stdout ----
[INFO] [stdout] error[E0432]: unresolved import `tracing_actix_web`
[INFO] [stdout]  --> src/lib.rs:169:5
[INFO] [stdout]   |
[INFO] [stdout] 6 | use tracing_actix_web::{TracingLogger, DefaultRootSpanBuilder, RootSpanBuilder, Level};
[INFO] [stdout]   |     ^^^^^^^^^^^^^^^^^ use of undeclared crate or module `tracing_actix_web`
[INFO] [stdout] 
[INFO] [stdout] error[E0433]: failed to resolve: use of undeclared crate or module `tracing_actix_web`
[INFO] [stdout]   --> src/lib.rs:181:9
[INFO] [stdout]    |
[INFO] [stdout] 18 |         tracing_actix_web::root_span!(level = level, request)
[INFO] [stdout]    |         ^^^^^^^^^^^^^^^^^ use of undeclared crate or module `tracing_actix_web`
[INFO] [stdout] 
[INFO] [stdout] error: aborting due to 2 previous errors
[INFO] [stdout] 
[INFO] [stdout] Some errors have detailed explanations: E0432, E0433.
[INFO] [stdout] For more information about an error, try `rustc --explain E0432`.
[INFO] [stdout] Couldn't compile the test.
[INFO] [stdout] ---- src/lib.rs - (line 198) stdout ----
[INFO] [stdout] error[E0432]: unresolved import `tracing_actix_web`
[INFO] [stdout]  --> src/lib.rs:202:5
[INFO] [stdout]   |
[INFO] [stdout] 6 | use tracing_actix_web::{RootSpan, DefaultRootSpanBuilder, RootSpanBuilder};
[INFO] [stdout]   |     ^^^^^^^^^^^^^^^^^ use of undeclared crate or module `tracing_actix_web`
[INFO] [stdout] 
[INFO] [stdout] error[E0432]: unresolved import `tracing_actix_web`
[INFO] [stdout]  --> src/lib.rs:205:5
[INFO] [stdout]   |
[INFO] [stdout] 9 | use tracing_actix_web::RequestId;
[INFO] [stdout]   |     ^^^^^^^^^^^^^^^^^ use of undeclared crate or module `tracing_actix_web`
[INFO] [stdout] 
[INFO] [stdout] error[E0433]: failed to resolve: use of undeclared crate or module `tracing_actix_web`
[INFO] [stdout]   --> src/lib.rs:225:9
[INFO] [stdout]    |
[INFO] [stdout] 29 |         tracing_actix_web::root_span!(
[INFO] [stdout]    |         ^^^^^^^^^^^^^^^^^ use of undeclared crate or module `tracing_actix_web`
[INFO] [stdout] 
[INFO] [stdout] error: aborting due to 3 previous errors
[INFO] [stdout] 
[INFO] [stdout] Some errors have detailed explanations: E0432, E0433.
[INFO] [stdout] For more information about an error, try `rustc --explain E0432`.
[INFO] [stdout] Couldn't compile the test.
[INFO] [stdout] ---- src/lib.rs - (line 89) stdout ----
[INFO] [stdout] error[E0432]: unresolved import `tracing_actix_web`
[INFO] [stdout]  --> src/lib.rs:90:5
[INFO] [stdout]   |
[INFO] [stdout] 3 | use tracing_actix_web::{TracingLogger, DefaultRootSpanBuilder};
[INFO] [stdout]   |     ^^^^^^^^^^^^^^^^^ use of undeclared crate or module `tracing_actix_web`
[INFO] [stdout] 
[INFO] [stdout] error: aborting due to 1 previous error
[INFO] [stdout] 
[INFO] [stdout] For more information about this error, try `rustc --explain E0432`.
[INFO] [stdout] Couldn't compile the test.
[INFO] [stdout] ---- src/root_span_macro.rs - root_span_macro::root_span (line 41) stdout ----
[INFO] [stdout] error[E0432]: unresolved import `tracing_actix_web`
[INFO] [stdout]  --> src/root_span_macro.rs:43:5
[INFO] [stdout]   |
[INFO] [stdout] 4 | use tracing_actix_web::Level;
[INFO] [stdout]   |     ^^^^^^^^^^^^^^^^^ use of undeclared crate or module `tracing_actix_web`
[INFO] [stdout] 
[INFO] [stdout] error[E0433]: failed to resolve: use of undeclared crate or module `tracing_actix_web`
[INFO] [stdout]  --> src/root_span_macro.rs:46:1
[INFO] [stdout]   |
[INFO] [stdout] 7 | tracing_actix_web::root_span!(request, client_id = tracing::field::Empty);
[INFO] [stdout]   | ^^^^^^^^^^^^^^^^^ use of undeclared crate or module `tracing_actix_web`
[INFO] [stdout] 
[INFO] [stdout] error[E0433]: failed to resolve: use of undeclared crate or module `tracing_actix_web`
[INFO] [stdout]   --> src/root_span_macro.rs:49:1
[INFO] [stdout]    |
[INFO] [stdout] 10 | tracing_actix_web::root_span!(request, name = "AppName");
[INFO] [stdout]    | ^^^^^^^^^^^^^^^^^ use of undeclared crate or module `tracing_actix_web`
[INFO] [stdout] 
[INFO] [stdout] error[E0433]: failed to resolve: use of undeclared crate or module `tracing_actix_web`
[INFO] [stdout]   --> src/root_span_macro.rs:53:1
[INFO] [stdout]    |
[INFO] [stdout] 14 | tracing_actix_web::root_span!(request, app_id);
[INFO] [stdout]    | ^^^^^^^^^^^^^^^^^ use of undeclared crate or module `tracing_actix_web`
[INFO] [stdout] 
[INFO] [stdout] error[E0433]: failed to resolve: use of undeclared crate or module `tracing_actix_web`
[INFO] [stdout]   --> src/root_span_macro.rs:56:1
[INFO] [stdout]    |
[INFO] [stdout] 17 | tracing_actix_web::root_span!(level = Level::DEBUG, request);
[INFO] [stdout]    | ^^^^^^^^^^^^^^^^^ use of undeclared crate or module `tracing_actix_web`
[INFO] [stdout] 
[INFO] [stdout] error[E0433]: failed to resolve: use of undeclared crate or module `tracing_actix_web`
[INFO] [stdout]   --> src/root_span_macro.rs:59:1
[INFO] [stdout]    |
[INFO] [stdout] 20 | tracing_actix_web::root_span!(request, client_id = tracing::field::Empty, name = "AppName", app_id);
[INFO] [stdout]    | ^^^^^^^^^^^^^^^^^ use of undeclared crate or module `tracing_actix_web`
[INFO] [stdout] 
[INFO] [stdout] error: aborting due to 6 previous errors
[INFO] [stdout] 
[INFO] [stdout] Some errors have detailed explanations: E0432, E0433.
[INFO] [stdout] For more information about an error, try `rustc --explain E0432`.
[INFO] [stdout] Couldn't compile the test.
[INFO] [stdout] ---- src/lib.rs - (line 132) stdout ----
[INFO] [stdout] error[E0432]: unresolved import `tracing_actix_web`
[INFO] [stdout]  --> src/lib.rs:136:5
[INFO] [stdout]   |
[INFO] [stdout] 6 | use tracing_actix_web::{TracingLogger, DefaultRootSpanBuilder, RootSpanBuilder};
[INFO] [stdout]   |     ^^^^^^^^^^^^^^^^^ use of undeclared crate or module `tracing_actix_web`
[INFO] [stdout] 
[INFO] [stdout] error[E0433]: failed to resolve: use of undeclared crate or module `tracing_actix_web`
[INFO] [stdout]   --> src/lib.rs:144:9
[INFO] [stdout]    |
[INFO] [stdout] 14 |         tracing_actix_web::root_span!(request, client_id)
[INFO] [stdout]    |         ^^^^^^^^^^^^^^^^^ use of undeclared crate or module `tracing_actix_web`
[INFO] [stdout] 
[INFO] [stdout] error: aborting due to 2 previous errors
[INFO] [stdout] 
[INFO] [stdout] Some errors have detailed explanations: E0432, E0433.
[INFO] [stdout] For more information about an error, try `rustc --explain E0432`.
[INFO] [stdout] Couldn't compile the test.
[INFO] [stdout] ---- src/lib.rs - (line 105) stdout ----
[INFO] [stdout] error[E0432]: unresolved import `tracing_actix_web`
[INFO] [stdout]  --> src/lib.rs:109:5
[INFO] [stdout]   |
[INFO] [stdout] 6 | use tracing_actix_web::{TracingLogger, DefaultRootSpanBuilder, RootSpanBuilder};
[INFO] [stdout]   |     ^^^^^^^^^^^^^^^^^ use of undeclared crate or module `tracing_actix_web`
[INFO] [stdout] 
[INFO] [stdout] error: aborting due to 1 previous error
[INFO] [stdout] 
[INFO] [stdout] For more information about this error, try `rustc --explain E0432`.
[INFO] [stdout] Couldn't compile the test.
[INFO] [stdout] ---- src/middleware.rs - middleware::TracingLogger (line 22) stdout ----
[INFO] [stdout] error[E0432]: unresolved import `tracing_actix_web`
[INFO] [stdout]  --> src/middleware.rs:25:5
[INFO] [stdout]   |
[INFO] [stdout] 4 | use tracing_actix_web::TracingLogger;
[INFO] [stdout]   |     ^^^^^^^^^^^^^^^^^ use of undeclared crate or module `tracing_actix_web`
[INFO] [stdout] 
[INFO] [stdout] error: aborting due to 1 previous error
[INFO] [stdout] 
[INFO] [stdout] For more information about this error, try `rustc --explain E0432`.
[INFO] [stdout] Couldn't compile the test.
[INFO] [stdout] ---- src/lib.rs - (line 245) stdout ----
[INFO] [stdout] error[E0432]: unresolved import `tracing_actix_web`
[INFO] [stdout]  --> src/lib.rs:247:5
[INFO] [stdout]   |
[INFO] [stdout] 4 | use tracing_actix_web::RequestId;
[INFO] [stdout]   |     ^^^^^^^^^^^^^^^^^ use of undeclared crate or module `tracing_actix_web`
[INFO] [stdout] 
[INFO] [stdout] error[E0277]: the trait bound `fn({type error}) -> impl std::future::Future<Output = String> {<index as HttpServiceFactory>::register::index}: Handler<_>` is not satisfied
[INFO] [stdout]    --> src/lib.rs:251:10
[INFO] [stdout]     |
[INFO] [stdout] 7   | #[get("/")]
[INFO] [stdout]     | ----------- required by a bound introduced by this call
[INFO] [stdout] 8   | async fn index(request_id: RequestId) -> String {
[INFO] [stdout]     |          ^^^^^ the trait `Handler<_>` is not implemented for fn item `fn({type error}) -> impl std::future::Future<Output = String> {<index as HttpServiceFactory>::register::index}`
[INFO] [stdout]     |
[INFO] [stdout] note: required by a bound in `Resource::<T>::to`
[INFO] [stdout]    --> /opt/rustwide/cargo-home/registry/src/index.crates.io-6f17d22bba15001f/actix-web-4.9.0/src/resource.rs:243:12
[INFO] [stdout]     |
[INFO] [stdout] 241 |     pub fn to<F, Args>(mut self, handler: F) -> Self
[INFO] [stdout]     |            -- required by a bound in this associated function
[INFO] [stdout] 242 |     where
[INFO] [stdout] 243 |         F: Handler<Args>,
[INFO] [stdout]     |            ^^^^^^^^^^^^^ required by this bound in `Resource::<T>::to`
[INFO] [stdout] 
[INFO] [stdout] error: aborting due to 2 previous errors
[INFO] [stdout] 
[INFO] [stdout] Some errors have detailed explanations: E0277, E0432.
[INFO] [stdout] For more information about an error, try `rustc --explain E0277`.
[INFO] [stdout] Couldn't compile the test.
[INFO] [stdout] ---- src/request_id.rs - request_id::RequestId (line 12) stdout ----
[INFO] [stdout] error[E0432]: unresolved import `tracing_actix_web`
[INFO] [stdout]  --> src/request_id.rs:14:5
[INFO] [stdout]   |
[INFO] [stdout] 4 | use tracing_actix_web::RequestId;
[INFO] [stdout]   |     ^^^^^^^^^^^^^^^^^ use of undeclared crate or module `tracing_actix_web`
[INFO] [stdout] 
[INFO] [stdout] error[E0277]: the trait bound `fn({type error}) -> impl std::future::Future<Output = String> {<index as HttpServiceFactory>::register::index}: Handler<_>` is not satisfied
[INFO] [stdout]    --> src/request_id.rs:18:10
[INFO] [stdout]     |
[INFO] [stdout] 7   | #[get("/")]
[INFO] [stdout]     | ----------- required by a bound introduced by this call
[INFO] [stdout] 8   | async fn index(request_id: RequestId) -> String {
[INFO] [stdout]     |          ^^^^^ the trait `Handler<_>` is not implemented for fn item `fn({type error}) -> impl std::future::Future<Output = String> {<index as HttpServiceFactory>::register::index}`
[INFO] [stdout]     |
[INFO] [stdout] note: required by a bound in `Resource::<T>::to`
[INFO] [stdout]    --> /opt/rustwide/cargo-home/registry/src/index.crates.io-6f17d22bba15001f/actix-web-4.9.0/src/resource.rs:243:12
[INFO] [stdout]     |
[INFO] [stdout] 241 |     pub fn to<F, Args>(mut self, handler: F) -> Self
[INFO] [stdout]     |            -- required by a bound in this associated function
[INFO] [stdout] 242 |     where
[INFO] [stdout] 243 |         F: Handler<Args>,
[INFO] [stdout]     |            ^^^^^^^^^^^^^ required by this bound in `Resource::<T>::to`
[INFO] [stdout] 
[INFO] [stdout] error[E0277]: the trait bound `fn({type error}) -> impl std::future::Future<Output = String> {index2}: Handler<_>` is not satisfied
[INFO] [stdout]    --> src/request_id.rs:23:10
[INFO] [stdout]     |
[INFO] [stdout] 12  | #[get("/2")]
[INFO] [stdout]     | ------------ required by a bound introduced by this call
[INFO] [stdout] 13  | async fn index2(request_id: RequestId) -> String {
[INFO] [stdout]     |          ^^^^^^ the trait `Handler<_>` is not implemented for fn item `fn({type error}) -> impl std::future::Future<Output = String> {index2}`
[INFO] [stdout]     |
[INFO] [stdout] note: required by a bound in `Resource::<T>::to`
[INFO] [stdout]    --> /opt/rustwide/cargo-home/registry/src/index.crates.io-6f17d22bba15001f/actix-web-4.9.0/src/resource.rs:243:12
[INFO] [stdout]     |
[INFO] [stdout] 241 |     pub fn to<F, Args>(mut self, handler: F) -> Self
[INFO] [stdout]     |            -- required by a bound in this associated function
[INFO] [stdout] 242 |     where
[INFO] [stdout] 243 |         F: Handler<Args>,
[INFO] [stdout]     |            ^^^^^^^^^^^^^ required by this bound in `Resource::<T>::to`
[INFO] [stdout] 
[INFO] [stdout] error: aborting due to 3 previous errors
[INFO] [stdout] 
[INFO] [stdout] Some errors have detailed explanations: E0277, E0432.
[INFO] [stdout] For more information about an error, try `rustc --explain E0277`.
[INFO] [stdout] Couldn't compile the test.
[INFO] [stdout] ---- src/root_span.rs - root_span::RootSpan (line 16) stdout ----
[INFO] [stdout] error[E0432]: unresolved import `tracing_actix_web`
[INFO] [stdout]  --> src/root_span.rs:18:5
[INFO] [stdout]   |
[INFO] [stdout] 4 | use tracing_actix_web::RootSpan;
[INFO] [stdout]   |     ^^^^^^^^^^^^^^^^^ use of undeclared crate or module `tracing_actix_web`
[INFO] [stdout] 
[INFO] [stdout] error[E0277]: the trait bound `fn({type error}) -> impl std::future::Future<Output = String> {<index as HttpServiceFactory>::register::index}: Handler<_>` is not satisfied
[INFO] [stdout]    --> src/root_span.rs:22:10
[INFO] [stdout]     |
[INFO] [stdout] 7   | #[get("/")]
[INFO] [stdout]     | ----------- required by a bound introduced by this call
[INFO] [stdout] 8   | async fn index(root_span: RootSpan) -> String {
[INFO] [stdout]     |          ^^^^^ the trait `Handler<_>` is not implemented for fn item `fn({type error}) -> impl std::future::Future<Output = String> {<index as HttpServiceFactory>::register::index}`
[INFO] [stdout]     |
[INFO] [stdout] note: required by a bound in `Resource::<T>::to`
[INFO] [stdout]    --> /opt/rustwide/cargo-home/registry/src/index.crates.io-6f17d22bba15001f/actix-web-4.9.0/src/resource.rs:243:12
[INFO] [stdout]     |
[INFO] [stdout] 241 |     pub fn to<F, Args>(mut self, handler: F) -> Self
[INFO] [stdout]     |            -- required by a bound in this associated function
[INFO] [stdout] 242 |     where
[INFO] [stdout] 243 |         F: Handler<Args>,
[INFO] [stdout]     |            ^^^^^^^^^^^^^ required by this bound in `Resource::<T>::to`
[INFO] [stdout] 
[INFO] [stdout] error: aborting due to 2 previous errors
[INFO] [stdout] 
[INFO] [stdout] Some errors have detailed explanations: E0277, E0432.
[INFO] [stdout] For more information about an error, try `rustc --explain E0277`.
[INFO] [stdout] Couldn't compile the test.
[INFO] [stdout] 
[INFO] [stdout] failures:
[INFO] [stdout]     src/lib.rs - (line 105)
[INFO] [stdout]     src/lib.rs - (line 132)
[INFO] [stdout]     src/lib.rs - (line 165)
[INFO] [stdout]     src/lib.rs - (line 198)
[INFO] [stdout]     src/lib.rs - (line 245)
[INFO] [stdout]     src/lib.rs - (line 89)
[INFO] [stdout]     src/middleware.rs - middleware::TracingLogger (line 22)
[INFO] [stdout]     src/middleware.rs - middleware::TracingLogger (line 66)
[INFO] [stdout]     src/request_id.rs - request_id::RequestId (line 12)
[INFO] [stdout]     src/root_span.rs - root_span::RootSpan (line 16)
[INFO] [stdout]     src/root_span_macro.rs - root_span_macro::root_span (line 16)
[INFO] [stdout]     src/root_span_macro.rs - root_span_macro::root_span (line 41)
[INFO] [stdout] 
[INFO] [stdout] test result: FAILED. 1 passed; 12 failed; 0 ignored; 0 measured; 0 filtered out; finished in 0.09s
[INFO] [stdout] 
[INFO] [stderr] error: doctest failed, to rerun pass `--doc`
[INFO] running `Command { std: "docker" "inspect" "563d7c2c292ab086f8c3acfb60d12db07a84314d4b2ddedad22d4d74b15f1bba", kill_on_drop: false }`
[INFO] running `Command { std: "docker" "rm" "-f" "563d7c2c292ab086f8c3acfb60d12db07a84314d4b2ddedad22d4d74b15f1bba", kill_on_drop: false }`
[INFO] [stdout] 563d7c2c292ab086f8c3acfb60d12db07a84314d4b2ddedad22d4d74b15f1bba
