[INFO] fetching crate blockpaint 0.2.1...
[INFO] testing blockpaint-0.2.1 against nightly-2024-10-28 for randomize-layout
[INFO] extracting crate blockpaint 0.2.1 into /workspace/builds/worker-1-tc1/source
[INFO] validating manifest of crates.io crate blockpaint 0.2.1 on toolchain nightly-2024-10-28
[INFO] running `Command { std: CARGO_HOME="/workspace/cargo-home" RUSTUP_HOME="/workspace/rustup-home" "/workspace/cargo-home/bin/cargo" "+nightly-2024-10-28" "metadata" "--manifest-path" "Cargo.toml" "--no-deps", kill_on_drop: false }`
[INFO] started tweaking crates.io crate blockpaint 0.2.1
[INFO] finished tweaking crates.io crate blockpaint 0.2.1
[INFO] tweaked toml for crates.io crate blockpaint 0.2.1 written to /workspace/builds/worker-1-tc1/source/Cargo.toml
[INFO] crate crates.io crate blockpaint 0.2.1 already has a lockfile, it will not be regenerated
[INFO] running `Command { std: CARGO_HOME="/workspace/cargo-home" RUSTUP_HOME="/workspace/rustup-home" "/workspace/cargo-home/bin/cargo" "+nightly-2024-10-28" "fetch" "--manifest-path" "Cargo.toml", kill_on_drop: false }`
[INFO] [stderr]  Downloading crates ...
[INFO] [stderr]   Downloaded redox_termios v0.1.2
[INFO] [stderr]   Downloaded termion v1.5.6
[INFO] [stderr]   Downloaded crossterm_winapi v0.7.0
[INFO] [stderr]   Downloaded crossterm v0.19.0
[INFO] [stderr]   Downloaded wide v0.7.11
[INFO] running `Command { std: "docker" "create" "-v" "/var/lib/crater-agent-workspace/builds/worker-1-tc1/target:/opt/rustwide/target:rw,Z" "-v" "/var/lib/crater-agent-workspace/builds/worker-1-tc1/source:/opt/rustwide/workdir:ro,Z" "-v" "/var/lib/crater-agent-workspace/cargo-home:/opt/rustwide/cargo-home:ro,Z" "-v" "/var/lib/crater-agent-workspace/rustup-home:/opt/rustwide/rustup-home:ro,Z" "-e" "SOURCE_DIR=/opt/rustwide/workdir" "-e" "CARGO_TARGET_DIR=/opt/rustwide/target" "-e" "CARGO_HOME=/opt/rustwide/cargo-home" "-e" "RUSTUP_HOME=/opt/rustwide/rustup-home" "-w" "/opt/rustwide/workdir" "-m" "1610612736" "--user" "0:0" "--network" "none" "ghcr.io/rust-lang/crates-build-env/linux@sha256:4a844ea9eb2546a2d2c7022eacef16ef2e8229c7fbb2c7d4d55a9ceca922f72d" "/opt/rustwide/cargo-home/bin/cargo" "+nightly-2024-10-28" "metadata" "--no-deps" "--format-version=1", kill_on_drop: false }`
[INFO] [stdout] 2b0c6994b5dd6c1862dd445bcb5868ddfebd08e14e344df92a3335d88520ac44
[INFO] running `Command { std: "docker" "start" "-a" "2b0c6994b5dd6c1862dd445bcb5868ddfebd08e14e344df92a3335d88520ac44", kill_on_drop: false }`
[INFO] running `Command { std: "docker" "inspect" "2b0c6994b5dd6c1862dd445bcb5868ddfebd08e14e344df92a3335d88520ac44", kill_on_drop: false }`
[INFO] running `Command { std: "docker" "rm" "-f" "2b0c6994b5dd6c1862dd445bcb5868ddfebd08e14e344df92a3335d88520ac44", kill_on_drop: false }`
[INFO] [stdout] 2b0c6994b5dd6c1862dd445bcb5868ddfebd08e14e344df92a3335d88520ac44
[INFO] running `Command { std: "docker" "create" "-v" "/var/lib/crater-agent-workspace/builds/worker-1-tc1/target:/opt/rustwide/target:rw,Z" "-v" "/var/lib/crater-agent-workspace/builds/worker-1-tc1/source:/opt/rustwide/workdir:ro,Z" "-v" "/var/lib/crater-agent-workspace/cargo-home:/opt/rustwide/cargo-home:ro,Z" "-v" "/var/lib/crater-agent-workspace/rustup-home:/opt/rustwide/rustup-home:ro,Z" "-e" "SOURCE_DIR=/opt/rustwide/workdir" "-e" "CARGO_TARGET_DIR=/opt/rustwide/target" "-e" "CARGO_INCREMENTAL=0" "-e" "RUST_BACKTRACE=full" "-e" "RUSTFLAGS=--cap-lints=forbid" "-e" "RUSTDOCFLAGS=--cap-lints=forbid" "-e" "CARGO_HOME=/opt/rustwide/cargo-home" "-e" "RUSTUP_HOME=/opt/rustwide/rustup-home" "-w" "/opt/rustwide/workdir" "-m" "1610612736" "--user" "0:0" "--network" "none" "ghcr.io/rust-lang/crates-build-env/linux@sha256:4a844ea9eb2546a2d2c7022eacef16ef2e8229c7fbb2c7d4d55a9ceca922f72d" "/opt/rustwide/cargo-home/bin/cargo" "+nightly-2024-10-28" "build" "--frozen" "--message-format=json", kill_on_drop: false }`
[INFO] [stdout] d913c4d3eeba2b18680e80c00a909bce8eb3c21582d9ac4fa19735642867ec90
[INFO] running `Command { std: "docker" "start" "-a" "d913c4d3eeba2b18680e80c00a909bce8eb3c21582d9ac4fa19735642867ec90", kill_on_drop: false }`
[INFO] [stderr]    Compiling libc v0.2.148
[INFO] [stderr]    Compiling autocfg v1.1.0
[INFO] [stderr]    Compiling parking_lot_core v0.8.6
[INFO] [stderr]    Compiling cfg-if v1.0.0
[INFO] [stderr]    Compiling bytemuck v1.14.0
[INFO] [stderr]    Compiling log v0.4.20
[INFO] [stderr]    Compiling smallvec v1.11.0
[INFO] [stderr]    Compiling scopeguard v1.2.0
[INFO] [stderr]    Compiling instant v0.1.12
[INFO] [stderr]    Compiling lazy_static v1.4.0
[INFO] [stderr]    Compiling bitflags v1.3.2
[INFO] [stderr]    Compiling safe_arch v0.7.1
[INFO] [stderr]    Compiling lock_api v0.4.10
[INFO] [stderr]    Compiling wide v0.7.11
[INFO] [stderr]    Compiling signal-hook-registry v1.4.1
[INFO] [stderr]    Compiling mio v0.7.14
[INFO] [stderr]    Compiling parking_lot v0.11.2
[INFO] [stderr]    Compiling signal-hook v0.1.17
[INFO] [stderr]    Compiling crossterm v0.19.0
[INFO] [stderr]    Compiling ultraviolet v0.9.2
[INFO] [stderr]    Compiling bracket-geometry v0.8.7
[INFO] [stderr]    Compiling blockpaint v0.2.1 (/opt/rustwide/workdir)
[INFO] [stdout] warning: unreachable statement
[INFO] [stdout]    --> src/event.rs:118:21
[INFO] [stdout]     |
[INFO] [stdout] 116 |                       continue;
[INFO] [stdout]     |                       -------- any code following this expression is unreachable
[INFO] [stdout] 117 |
[INFO] [stdout] 118 | /                     for (index, secondary_cell) in secondary_canvas.cells.clone().iter().enumerate()
[INFO] [stdout] 119 | |                     {
[INFO] [stdout] 120 | |                         if secondary_cell.upper_block.is_some() {
[INFO] [stdout] 121 | |                             let primary_cell = &primary_canvas.cells[index];
[INFO] [stdout] ...   |
[INFO] [stdout] 133 | |                         }
[INFO] [stdout] 134 | |                     }
[INFO] [stdout]     | |_____________________^ unreachable statement
[INFO] [stdout]     |
[INFO] [stdout]     = note: `#[warn(unreachable_code)]` on by default
[INFO] [stdout] 
[INFO] [stdout] 
[INFO] [stdout] warning: method `filled_rectangle` is never used
[INFO] [stdout]   --> src/canvas/shapes.rs:74:12
[INFO] [stdout]    |
[INFO] [stdout] 7  | impl Canvas {
[INFO] [stdout]    | ----------- method in this implementation
[INFO] [stdout] ...
[INFO] [stdout] 74 |     pub fn filled_rectangle(&mut self, point: Point, size: Size, color: Color) {
[INFO] [stdout]    |            ^^^^^^^^^^^^^^^^
[INFO] [stdout]    |
[INFO] [stdout]    = note: `#[warn(dead_code)]` on by default
[INFO] [stdout] 
[INFO] [stdout] 
[INFO] [stdout] warning: method `blocks` is never used
[INFO] [stdout]   --> src/canvas/tools.rs:44:12
[INFO] [stdout]    |
[INFO] [stdout] 9  | impl Canvas {
[INFO] [stdout]    | ----------- method in this implementation
[INFO] [stdout] ...
[INFO] [stdout] 44 |     pub fn blocks(&mut self, point: Point, color: Color, count: SIZE) {
[INFO] [stdout]    |            ^^^^^^
[INFO] [stdout] 
[INFO] [stdout] 
[INFO] [stdout] warning: field `input_field_color` is never read
[INFO] [stdout]   --> src/event.rs:18:9
[INFO] [stdout]    |
[INFO] [stdout] 14 | pub struct State {
[INFO] [stdout]    |            ----- field in this struct
[INFO] [stdout] ...
[INFO] [stdout] 18 |     pub input_field_color: Option<Color>,
[INFO] [stdout]    |         ^^^^^^^^^^^^^^^^^
[INFO] [stdout]    |
[INFO] [stdout]    = note: `State` has a derived impl for the trait `Clone`, but this is intentionally ignored during dead code analysis
[INFO] [stdout] 
[INFO] [stdout] 
[INFO] [stdout] warning: method `clear` is never used
[INFO] [stdout]   --> src/input.rs:57:12
[INFO] [stdout]    |
[INFO] [stdout] 16 | impl Field {
[INFO] [stdout]    | ---------- method in this implementation
[INFO] [stdout] ...
[INFO] [stdout] 57 |     pub fn clear(&mut self) {
[INFO] [stdout]    |            ^^^^^
[INFO] [stdout] 
[INFO] [stdout] 
[INFO] [stdout] warning: methods `enable_italic` and `disable_italic` are never used
[INFO] [stdout]    --> src/terminal/sys/other.rs:173:12
[INFO] [stdout]     |
[INFO] [stdout] 12  | impl Terminal {
[INFO] [stdout]     | ------------- methods in this implementation
[INFO] [stdout] ...
[INFO] [stdout] 173 |     pub fn enable_italic(&mut self) {
[INFO] [stdout]     |            ^^^^^^^^^^^^^
[INFO] [stdout] ...
[INFO] [stdout] 177 |     pub fn disable_italic(&mut self) {
[INFO] [stdout]     |            ^^^^^^^^^^^^^^
[INFO] [stdout] 
[INFO] [stdout] 
[INFO] [stdout] warning: struct `Range` is never constructed
[INFO] [stdout]   --> src/util.rs:30:8
[INFO] [stdout]    |
[INFO] [stdout] 30 | struct Range(ops::Range<SIZE>);
[INFO] [stdout]    |        ^^^^^
[INFO] [stdout] 
[INFO] [stdout] 
[INFO] [stderr]     Finished `dev` profile [unoptimized + debuginfo] target(s) in 7.28s
[INFO] running `Command { std: "docker" "inspect" "d913c4d3eeba2b18680e80c00a909bce8eb3c21582d9ac4fa19735642867ec90", kill_on_drop: false }`
[INFO] running `Command { std: "docker" "rm" "-f" "d913c4d3eeba2b18680e80c00a909bce8eb3c21582d9ac4fa19735642867ec90", kill_on_drop: false }`
[INFO] [stdout] d913c4d3eeba2b18680e80c00a909bce8eb3c21582d9ac4fa19735642867ec90
[INFO] running `Command { std: "docker" "create" "-v" "/var/lib/crater-agent-workspace/builds/worker-1-tc1/target:/opt/rustwide/target:rw,Z" "-v" "/var/lib/crater-agent-workspace/builds/worker-1-tc1/source:/opt/rustwide/workdir:ro,Z" "-v" "/var/lib/crater-agent-workspace/cargo-home:/opt/rustwide/cargo-home:ro,Z" "-v" "/var/lib/crater-agent-workspace/rustup-home:/opt/rustwide/rustup-home:ro,Z" "-e" "SOURCE_DIR=/opt/rustwide/workdir" "-e" "CARGO_TARGET_DIR=/opt/rustwide/target" "-e" "CARGO_INCREMENTAL=0" "-e" "RUST_BACKTRACE=full" "-e" "RUSTFLAGS=--cap-lints=forbid" "-e" "RUSTDOCFLAGS=--cap-lints=forbid" "-e" "CARGO_HOME=/opt/rustwide/cargo-home" "-e" "RUSTUP_HOME=/opt/rustwide/rustup-home" "-w" "/opt/rustwide/workdir" "-m" "1610612736" "--user" "0:0" "--network" "none" "ghcr.io/rust-lang/crates-build-env/linux@sha256:4a844ea9eb2546a2d2c7022eacef16ef2e8229c7fbb2c7d4d55a9ceca922f72d" "/opt/rustwide/cargo-home/bin/cargo" "+nightly-2024-10-28" "test" "--frozen" "--no-run" "--message-format=json", kill_on_drop: false }`
[INFO] [stdout] a638554ac1d418e2d5ba57c4de4c8b25d90b3087f942dd13866ecdd1cca6da7e
[INFO] running `Command { std: "docker" "start" "-a" "a638554ac1d418e2d5ba57c4de4c8b25d90b3087f942dd13866ecdd1cca6da7e", kill_on_drop: false }`
[INFO] [stderr]    Compiling blockpaint v0.2.1 (/opt/rustwide/workdir)
[INFO] [stdout] warning: unreachable statement
[INFO] [stdout]    --> src/event.rs:118:21
[INFO] [stdout]     |
[INFO] [stdout] 116 |                       continue;
[INFO] [stdout]     |                       -------- any code following this expression is unreachable
[INFO] [stdout] 117 |
[INFO] [stdout] 118 | /                     for (index, secondary_cell) in secondary_canvas.cells.clone().iter().enumerate()
[INFO] [stdout] 119 | |                     {
[INFO] [stdout] 120 | |                         if secondary_cell.upper_block.is_some() {
[INFO] [stdout] 121 | |                             let primary_cell = &primary_canvas.cells[index];
[INFO] [stdout] ...   |
[INFO] [stdout] 133 | |                         }
[INFO] [stdout] 134 | |                     }
[INFO] [stdout]     | |_____________________^ unreachable statement
[INFO] [stdout]     |
[INFO] [stdout]     = note: `#[warn(unreachable_code)]` on by default
[INFO] [stdout] 
[INFO] [stdout] 
[INFO] [stdout] warning: method `filled_rectangle` is never used
[INFO] [stdout]   --> src/canvas/shapes.rs:74:12
[INFO] [stdout]    |
[INFO] [stdout] 7  | impl Canvas {
[INFO] [stdout]    | ----------- method in this implementation
[INFO] [stdout] ...
[INFO] [stdout] 74 |     pub fn filled_rectangle(&mut self, point: Point, size: Size, color: Color) {
[INFO] [stdout]    |            ^^^^^^^^^^^^^^^^
[INFO] [stdout]    |
[INFO] [stdout]    = note: `#[warn(dead_code)]` on by default
[INFO] [stdout] 
[INFO] [stdout] 
[INFO] [stdout] warning: method `blocks` is never used
[INFO] [stdout]   --> src/canvas/tools.rs:44:12
[INFO] [stdout]    |
[INFO] [stdout] 9  | impl Canvas {
[INFO] [stdout]    | ----------- method in this implementation
[INFO] [stdout] ...
[INFO] [stdout] 44 |     pub fn blocks(&mut self, point: Point, color: Color, count: SIZE) {
[INFO] [stdout]    |            ^^^^^^
[INFO] [stdout] 
[INFO] [stdout] 
[INFO] [stdout] warning: field `input_field_color` is never read
[INFO] [stdout]   --> src/event.rs:18:9
[INFO] [stdout]    |
[INFO] [stdout] 14 | pub struct State {
[INFO] [stdout]    |            ----- field in this struct
[INFO] [stdout] ...
[INFO] [stdout] 18 |     pub input_field_color: Option<Color>,
[INFO] [stdout]    |         ^^^^^^^^^^^^^^^^^
[INFO] [stdout]    |
[INFO] [stdout]    = note: `State` has a derived impl for the trait `Clone`, but this is intentionally ignored during dead code analysis
[INFO] [stdout] 
[INFO] [stdout] 
[INFO] [stdout] warning: method `clear` is never used
[INFO] [stdout]   --> src/input.rs:57:12
[INFO] [stdout]    |
[INFO] [stdout] 16 | impl Field {
[INFO] [stdout]    | ---------- method in this implementation
[INFO] [stdout] ...
[INFO] [stdout] 57 |     pub fn clear(&mut self) {
[INFO] [stdout]    |            ^^^^^
[INFO] [stdout] 
[INFO] [stdout] 
[INFO] [stdout] warning: methods `enable_italic` and `disable_italic` are never used
[INFO] [stdout]    --> src/terminal/sys/other.rs:173:12
[INFO] [stdout]     |
[INFO] [stdout] 12  | impl Terminal {
[INFO] [stdout]     | ------------- methods in this implementation
[INFO] [stdout] ...
[INFO] [stdout] 173 |     pub fn enable_italic(&mut self) {
[INFO] [stdout]     |            ^^^^^^^^^^^^^
[INFO] [stdout] ...
[INFO] [stdout] 177 |     pub fn disable_italic(&mut self) {
[INFO] [stdout]     |            ^^^^^^^^^^^^^^
[INFO] [stdout] 
[INFO] [stdout] 
[INFO] [stdout] warning: struct `Range` is never constructed
[INFO] [stdout]   --> src/util.rs:30:8
[INFO] [stdout]    |
[INFO] [stdout] 30 | struct Range(ops::Range<SIZE>);
[INFO] [stdout]    |        ^^^^^
[INFO] [stdout] 
[INFO] [stdout] 
[INFO] [stderr]     Finished `test` profile [unoptimized + debuginfo] target(s) in 0.65s
[INFO] running `Command { std: "docker" "inspect" "a638554ac1d418e2d5ba57c4de4c8b25d90b3087f942dd13866ecdd1cca6da7e", kill_on_drop: false }`
[INFO] running `Command { std: "docker" "rm" "-f" "a638554ac1d418e2d5ba57c4de4c8b25d90b3087f942dd13866ecdd1cca6da7e", kill_on_drop: false }`
[INFO] [stdout] a638554ac1d418e2d5ba57c4de4c8b25d90b3087f942dd13866ecdd1cca6da7e
[INFO] running `Command { std: "docker" "create" "-v" "/var/lib/crater-agent-workspace/builds/worker-1-tc1/target:/opt/rustwide/target:rw,Z" "-v" "/var/lib/crater-agent-workspace/builds/worker-1-tc1/source:/opt/rustwide/workdir:ro,Z" "-v" "/var/lib/crater-agent-workspace/cargo-home:/opt/rustwide/cargo-home:ro,Z" "-v" "/var/lib/crater-agent-workspace/rustup-home:/opt/rustwide/rustup-home:ro,Z" "-e" "SOURCE_DIR=/opt/rustwide/workdir" "-e" "CARGO_TARGET_DIR=/opt/rustwide/target" "-e" "CARGO_INCREMENTAL=0" "-e" "RUST_BACKTRACE=full" "-e" "RUSTFLAGS=--cap-lints=forbid" "-e" "RUSTDOCFLAGS=--cap-lints=forbid" "-e" "CARGO_HOME=/opt/rustwide/cargo-home" "-e" "RUSTUP_HOME=/opt/rustwide/rustup-home" "-w" "/opt/rustwide/workdir" "-m" "1610612736" "--user" "0:0" "--network" "none" "ghcr.io/rust-lang/crates-build-env/linux@sha256:4a844ea9eb2546a2d2c7022eacef16ef2e8229c7fbb2c7d4d55a9ceca922f72d" "/opt/rustwide/cargo-home/bin/cargo" "+nightly-2024-10-28" "test" "--frozen", kill_on_drop: false }`
[INFO] [stdout] 5203f95cf52fbdbc78a7a24bf00aa0c03f671a897c1f5ba94f9e0d4586300b51
[INFO] running `Command { std: "docker" "start" "-a" "5203f95cf52fbdbc78a7a24bf00aa0c03f671a897c1f5ba94f9e0d4586300b51", kill_on_drop: false }`
[INFO] [stderr] warning: unreachable statement
[INFO] [stderr]    --> src/event.rs:118:21
[INFO] [stderr]     |
[INFO] [stderr] 116 |                       continue;
[INFO] [stderr]     |                       -------- any code following this expression is unreachable
[INFO] [stderr] 117 |
[INFO] [stderr] 118 | /                     for (index, secondary_cell) in secondary_canvas.cells.clone().iter().enumerate()
[INFO] [stderr] 119 | |                     {
[INFO] [stderr] 120 | |                         if secondary_cell.upper_block.is_some() {
[INFO] [stderr] 121 | |                             let primary_cell = &primary_canvas.cells[index];
[INFO] [stderr] ...   |
[INFO] [stderr] 133 | |                         }
[INFO] [stderr] 134 | |                     }
[INFO] [stderr]     | |_____________________^ unreachable statement
[INFO] [stderr]     |
[INFO] [stderr]     = note: `#[warn(unreachable_code)]` on by default
[INFO] [stderr] 
[INFO] [stderr] warning: method `filled_rectangle` is never used
[INFO] [stderr]   --> src/canvas/shapes.rs:74:12
[INFO] [stderr]    |
[INFO] [stderr] 7  | impl Canvas {
[INFO] [stderr]    | ----------- method in this implementation
[INFO] [stderr] ...
[INFO] [stderr] 74 |     pub fn filled_rectangle(&mut self, point: Point, size: Size, color: Color) {
[INFO] [stderr]    |            ^^^^^^^^^^^^^^^^
[INFO] [stderr]    |
[INFO] [stderr]    = note: `#[warn(dead_code)]` on by default
[INFO] [stderr] 
[INFO] [stderr] warning: method `blocks` is never used
[INFO] [stderr]   --> src/canvas/tools.rs:44:12
[INFO] [stderr]    |
[INFO] [stderr] 9  | impl Canvas {
[INFO] [stderr]    | ----------- method in this implementation
[INFO] [stderr] ...
[INFO] [stderr] 44 |     pub fn blocks(&mut self, point: Point, color: Color, count: SIZE) {
[INFO] [stderr]    |            ^^^^^^
[INFO] [stderr] 
[INFO] [stderr] warning: field `input_field_color` is never read
[INFO] [stderr]   --> src/event.rs:18:9
[INFO] [stderr]    |
[INFO] [stderr] 14 | pub struct State {
[INFO] [stderr]    |            ----- field in this struct
[INFO] [stderr] ...
[INFO] [stderr] 18 |     pub input_field_color: Option<Color>,
[INFO] [stderr]    |         ^^^^^^^^^^^^^^^^^
[INFO] [stderr]    |
[INFO] [stderr]    = note: `State` has a derived impl for the trait `Clone`, but this is intentionally ignored during dead code analysis
[INFO] [stderr] 
[INFO] [stderr] warning: method `clear` is never used
[INFO] [stderr]   --> src/input.rs:57:12
[INFO] [stderr]    |
[INFO] [stderr] 16 | impl Field {
[INFO] [stderr]    | ---------- method in this implementation
[INFO] [stderr] ...
[INFO] [stderr] 57 |     pub fn clear(&mut self) {
[INFO] [stderr]    |            ^^^^^
[INFO] [stderr] 
[INFO] [stderr] warning: methods `enable_italic` and `disable_italic` are never used
[INFO] [stderr]    --> src/terminal/sys/other.rs:173:12
[INFO] [stderr]     |
[INFO] [stderr] 12  | impl Terminal {
[INFO] [stderr]     | ------------- methods in this implementation
[INFO] [stderr] ...
[INFO] [stderr] 173 |     pub fn enable_italic(&mut self) {
[INFO] [stderr]     |            ^^^^^^^^^^^^^
[INFO] [stderr] ...
[INFO] [stderr] 177 |     pub fn disable_italic(&mut self) {
[INFO] [stderr]     |            ^^^^^^^^^^^^^^
[INFO] [stderr] 
[INFO] [stderr] warning: struct `Range` is never constructed
[INFO] [stderr]   --> src/util.rs:30:8
[INFO] [stderr]    |
[INFO] [stderr] 30 | struct Range(ops::Range<SIZE>);
[INFO] [stderr]    |        ^^^^^
[INFO] [stderr] 
[INFO] [stderr] warning: `blockpaint` (bin "blockpaint" test) generated 7 warnings
[INFO] [stderr]     Finished `test` profile [unoptimized + debuginfo] target(s) in 0.04s
[INFO] [stderr]      Running unittests src/main.rs (/opt/rustwide/target/debug/deps/blockpaint-7acb3471eb978937)
[INFO] [stdout] 
[INFO] [stdout] running 2 tests
[INFO] [stdout] test util::tests::test_parse_rgb_color ... ok
[INFO] [stderr] error: test failed, to rerun pass `--bin blockpaint`
[INFO] [stdout] test canvas::tests::test_get_point ... FAILED
[INFO] [stdout] 
[INFO] [stdout] failures:
[INFO] [stdout] 
[INFO] [stdout] ---- canvas::tests::test_get_point stdout ----
[INFO] [stdout] thread 'canvas::tests::test_get_point' panicked at src/terminal/sys/other.rs:222:37:
[INFO] [stdout] retrieving terminal size failed: IoError(Os { code: 2, kind: NotFound, message: "No such file or directory" })
[INFO] [stdout] stack backtrace:
[INFO] [stdout]    0:     0x64f7d69dcb2a - std::backtrace_rs::backtrace::libunwind::trace::h207520d6e9873551
[INFO] [stdout]                                at /rustc/df4ca44d3fbc9301ee17f30f4d474e6ae4b05252/library/std/src/../../backtrace/src/backtrace/libunwind.rs:116:5
[INFO] [stdout]    1:     0x64f7d69dcb2a - std::backtrace_rs::backtrace::trace_unsynchronized::h2ed7433f370e3eca
[INFO] [stdout]                                at /rustc/df4ca44d3fbc9301ee17f30f4d474e6ae4b05252/library/std/src/../../backtrace/src/backtrace/mod.rs:66:5
[INFO] [stdout]    2:     0x64f7d69dcb2a - std::sys::backtrace::_print_fmt::h916fac51166b18d7
[INFO] [stdout]                                at /rustc/df4ca44d3fbc9301ee17f30f4d474e6ae4b05252/library/std/src/sys/backtrace.rs:66:9
[INFO] [stdout]    3:     0x64f7d69dcb2a - <std::sys::backtrace::BacktraceLock::print::DisplayBacktrace as core::fmt::Display>::fmt::ha0a4c9b8ce3802e6
[INFO] [stdout]                                at /rustc/df4ca44d3fbc9301ee17f30f4d474e6ae4b05252/library/std/src/sys/backtrace.rs:39:26
[INFO] [stdout]    4:     0x64f7d6a03103 - core::fmt::rt::Argument::fmt::h4cfc8587d52b3eb5
[INFO] [stdout]                                at /rustc/df4ca44d3fbc9301ee17f30f4d474e6ae4b05252/library/core/src/fmt/rt.rs:177:76
[INFO] [stdout]    5:     0x64f7d6a03103 - core::fmt::write::h522cc39e5b36ae9f
[INFO] [stdout]                                at /rustc/df4ca44d3fbc9301ee17f30f4d474e6ae4b05252/library/core/src/fmt/mod.rs:1190:21
[INFO] [stdout]    6:     0x64f7d69d9793 - std::io::Write::write_fmt::h7d3c26752da97734
[INFO] [stdout]                                at /rustc/df4ca44d3fbc9301ee17f30f4d474e6ae4b05252/library/std/src/io/mod.rs:1839:15
[INFO] [stdout]    7:     0x64f7d69dc972 - std::sys::backtrace::BacktraceLock::print::h4b9e00b29e9c0942
[INFO] [stdout]                                at /rustc/df4ca44d3fbc9301ee17f30f4d474e6ae4b05252/library/std/src/sys/backtrace.rs:42:9
[INFO] [stdout]    8:     0x64f7d69ddfba - std::panicking::default_hook::{{closure}}::hb59b88280d0324d9
[INFO] [stdout]                                at /rustc/df4ca44d3fbc9301ee17f30f4d474e6ae4b05252/library/std/src/panicking.rs:268:22
[INFO] [stdout]    9:     0x64f7d69dddc4 - std::panicking::default_hook::he1dd496665be4a29
[INFO] [stdout]                                at /rustc/df4ca44d3fbc9301ee17f30f4d474e6ae4b05252/library/std/src/panicking.rs:292:9
[INFO] [stdout]   10:     0x64f7d699f419 - <alloc::boxed::Box<F,A> as core::ops::function::Fn<Args>>::call::h4ff71de18744e1dc
[INFO] [stdout]                                at /rustc/df4ca44d3fbc9301ee17f30f4d474e6ae4b05252/library/alloc/src/boxed.rs:2468:9
[INFO] [stdout]   11:     0x64f7d699f419 - test::test_main::{{closure}}::hcf7c055ce117aa81
[INFO] [stdout]                                at /rustc/df4ca44d3fbc9301ee17f30f4d474e6ae4b05252/library/test/src/lib.rs:133:21
[INFO] [stdout]   12:     0x64f7d69de6b8 - <alloc::boxed::Box<F,A> as core::ops::function::Fn<Args>>::call::h1d66c6bbd60c9692
[INFO] [stdout]                                at /rustc/df4ca44d3fbc9301ee17f30f4d474e6ae4b05252/library/alloc/src/boxed.rs:2468:9
[INFO] [stdout]   13:     0x64f7d69de6b8 - std::panicking::rust_panic_with_hook::h2ff17fe8f26dfcf8
[INFO] [stdout]                                at /rustc/df4ca44d3fbc9301ee17f30f4d474e6ae4b05252/library/std/src/panicking.rs:809:13
[INFO] [stdout]   14:     0x64f7d69de47a - std::panicking::begin_panic_handler::{{closure}}::h4fad77951c07e101
[INFO] [stdout]                                at /rustc/df4ca44d3fbc9301ee17f30f4d474e6ae4b05252/library/std/src/panicking.rs:674:13
[INFO] [stdout]   15:     0x64f7d69dd009 - std::sys::backtrace::__rust_end_short_backtrace::hb1a25b3da5d0ea08
[INFO] [stdout]                                at /rustc/df4ca44d3fbc9301ee17f30f4d474e6ae4b05252/library/std/src/sys/backtrace.rs:170:18
[INFO] [stdout]   16:     0x64f7d69de10c - rust_begin_unwind
[INFO] [stdout]                                at /rustc/df4ca44d3fbc9301ee17f30f4d474e6ae4b05252/library/std/src/panicking.rs:665:5
[INFO] [stdout]   17:     0x64f7d6a01ba0 - core::panicking::panic_fmt::ha9db07b529f9b256
[INFO] [stdout]                                at /rustc/df4ca44d3fbc9301ee17f30f4d474e6ae4b05252/library/core/src/panicking.rs:75:14
[INFO] [stdout]   18:     0x64f7d6a01f46 - core::result::unwrap_failed::h5e8218e4d4338b8a
[INFO] [stdout]                                at /rustc/df4ca44d3fbc9301ee17f30f4d474e6ae4b05252/library/core/src/result.rs:1698:5
[INFO] [stdout]   19:     0x64f7d6960dcc - core::result::Result<T,E>::expect::hb6f4e9e35db31884
[INFO] [stdout]                                at /rustc/df4ca44d3fbc9301ee17f30f4d474e6ae4b05252/library/core/src/result.rs:1060:23
[INFO] [stdout]   20:     0x64f7d6962cd2 - blockpaint::terminal::sys::other::<impl blockpaint::terminal::Terminal>::size::hb3563bda80e80634
[INFO] [stdout]                                at /opt/rustwide/workdir/src/terminal/sys/other.rs:222:20
[INFO] [stdout]   21:     0x64f7d6962d0d - blockpaint::terminal::Terminal::new::h1be5c3d9ca6bca64
[INFO] [stdout]                                at /opt/rustwide/workdir/src/terminal.rs:29:19
[INFO] [stdout]   22:     0x64f7d69624ce - blockpaint::canvas::Canvas::new::he4511c8a7ec36509
[INFO] [stdout]                                at /opt/rustwide/workdir/src/canvas.rs:26:23
[INFO] [stdout]   23:     0x64f7d6963b36 - blockpaint::canvas::tests::test_get_point::ha4fea979c8a494aa
[INFO] [stdout]                                at /opt/rustwide/workdir/src/canvas.rs:120:26
[INFO] [stdout]   24:     0x64f7d6963b07 - blockpaint::canvas::tests::test_get_point::{{closure}}::h6bcfab1545f5df1a
[INFO] [stdout]                                at /opt/rustwide/workdir/src/canvas.rs:119:24
[INFO] [stdout]   25:     0x64f7d695fd26 - core::ops::function::FnOnce::call_once::h82e78102d9c82411
[INFO] [stdout]                                at /rustc/df4ca44d3fbc9301ee17f30f4d474e6ae4b05252/library/core/src/ops/function.rs:250:5
[INFO] [stdout]   26:     0x64f7d69a3ceb - core::ops::function::FnOnce::call_once::h22c3ba5715e93f05
[INFO] [stdout]                                at /rustc/df4ca44d3fbc9301ee17f30f4d474e6ae4b05252/library/core/src/ops/function.rs:250:5
[INFO] [stdout]   27:     0x64f7d69a3ceb - test::__rust_begin_short_backtrace::h8e82d8113d0da17f
[INFO] [stdout]                                at /rustc/df4ca44d3fbc9301ee17f30f4d474e6ae4b05252/library/test/src/lib.rs:621:18
[INFO] [stdout]   28:     0x64f7d69a3667 - test::run_test_in_process::{{closure}}::h33235f4f20b7b7c7
[INFO] [stdout]                                at /rustc/df4ca44d3fbc9301ee17f30f4d474e6ae4b05252/library/test/src/lib.rs:644:60
[INFO] [stdout]   29:     0x64f7d69a3667 - <core::panic::unwind_safe::AssertUnwindSafe<F> as core::ops::function::FnOnce<()>>::call_once::hb5043206310c586f
[INFO] [stdout]                                at /rustc/df4ca44d3fbc9301ee17f30f4d474e6ae4b05252/library/core/src/panic/unwind_safe.rs:272:9
[INFO] [stdout]   30:     0x64f7d69a3667 - std::panicking::try::do_call::h9ad4731a60ab23e2
[INFO] [stdout]                                at /rustc/df4ca44d3fbc9301ee17f30f4d474e6ae4b05252/library/std/src/panicking.rs:557:40
[INFO] [stdout]   31:     0x64f7d69a3667 - std::panicking::try::h3824d23db772a716
[INFO] [stdout]                                at /rustc/df4ca44d3fbc9301ee17f30f4d474e6ae4b05252/library/std/src/panicking.rs:520:19
[INFO] [stdout]   32:     0x64f7d69a3667 - std::panic::catch_unwind::h5afd514605fde46b
[INFO] [stdout]                                at /rustc/df4ca44d3fbc9301ee17f30f4d474e6ae4b05252/library/std/src/panic.rs:358:14
[INFO] [stdout]   33:     0x64f7d69a3667 - test::run_test_in_process::h0d5cbfa7067d1720
[INFO] [stdout]                                at /rustc/df4ca44d3fbc9301ee17f30f4d474e6ae4b05252/library/test/src/lib.rs:644:27
[INFO] [stdout]   34:     0x64f7d69a3667 - test::run_test::{{closure}}::h708eb8872708115d
[INFO] [stdout]                                at /rustc/df4ca44d3fbc9301ee17f30f4d474e6ae4b05252/library/test/src/lib.rs:565:43
[INFO] [stdout]   35:     0x64f7d6966d84 - test::run_test::{{closure}}::h392c51cee94713ab
[INFO] [stdout]                                at /rustc/df4ca44d3fbc9301ee17f30f4d474e6ae4b05252/library/test/src/lib.rs:595:41
[INFO] [stdout]   36:     0x64f7d6966d84 - std::sys::backtrace::__rust_begin_short_backtrace::h2f40290710935a8b
[INFO] [stdout]                                at /rustc/df4ca44d3fbc9301ee17f30f4d474e6ae4b05252/library/std/src/sys/backtrace.rs:154:18
[INFO] [stdout]   37:     0x64f7d696a52e - std::thread::Builder::spawn_unchecked_::{{closure}}::{{closure}}::h3fd968d89053a903
[INFO] [stdout]                                at /rustc/df4ca44d3fbc9301ee17f30f4d474e6ae4b05252/library/std/src/thread/mod.rs:541:17
[INFO] [stdout]   38:     0x64f7d696a52e - <core::panic::unwind_safe::AssertUnwindSafe<F> as core::ops::function::FnOnce<()>>::call_once::h743f637ba4229880
[INFO] [stdout]                                at /rustc/df4ca44d3fbc9301ee17f30f4d474e6ae4b05252/library/core/src/panic/unwind_safe.rs:272:9
[INFO] [stdout]   39:     0x64f7d696a52e - std::panicking::try::do_call::h07440897322525a6
[INFO] [stdout]                                at /rustc/df4ca44d3fbc9301ee17f30f4d474e6ae4b05252/library/std/src/panicking.rs:557:40
[INFO] [stdout]   40:     0x64f7d696a52e - std::panicking::try::he5a2e00188156637
[INFO] [stdout]                                at /rustc/df4ca44d3fbc9301ee17f30f4d474e6ae4b05252/library/std/src/panicking.rs:520:19
[INFO] [stdout]   41:     0x64f7d696a52e - std::panic::catch_unwind::hbaf3cae49b3c6433
[INFO] [stdout]                                at /rustc/df4ca44d3fbc9301ee17f30f4d474e6ae4b05252/library/std/src/panic.rs:358:14
[INFO] [stdout]   42:     0x64f7d696a52e - std::thread::Builder::spawn_unchecked_::{{closure}}::h8e141ea224820bce
[INFO] [stdout]                                at /rustc/df4ca44d3fbc9301ee17f30f4d474e6ae4b05252/library/std/src/thread/mod.rs:540:30
[INFO] [stdout]   43:     0x64f7d696a52e - core::ops::function::FnOnce::call_once{{vtable.shim}}::h90d312fedd7b8ea8
[INFO] [stdout]                                at /rustc/df4ca44d3fbc9301ee17f30f4d474e6ae4b05252/library/core/src/ops/function.rs:250:5
[INFO] [stdout]   44:     0x64f7d69e25ab - <alloc::boxed::Box<F,A> as core::ops::function::FnOnce<Args>>::call_once::h69aa08ddb6adb8b6
[INFO] [stdout]                                at /rustc/df4ca44d3fbc9301ee17f30f4d474e6ae4b05252/library/alloc/src/boxed.rs:2454:9
[INFO] [stdout]   45:     0x64f7d69e25ab - <alloc::boxed::Box<F,A> as core::ops::function::FnOnce<Args>>::call_once::h5aa36efdb79c806f
[INFO] [stdout]                                at /rustc/df4ca44d3fbc9301ee17f30f4d474e6ae4b05252/library/alloc/src/boxed.rs:2454:9
[INFO] [stdout]   46:     0x64f7d69e25ab - std::sys::pal::unix::thread::Thread::new::thread_start::h6cd80a1b4be5158d
[INFO] [stdout]                                at /rustc/df4ca44d3fbc9301ee17f30f4d474e6ae4b05252/library/std/src/sys/pal/unix/thread.rs:105:17
[INFO] [stdout]   47:     0x7675a7497ac3 - <unknown>
[INFO] [stdout]   48:     0x7675a7528a04 - clone
[INFO] [stdout]   49:                0x0 - <unknown>
[INFO] [stdout] 
[INFO] [stdout] 
[INFO] [stdout] failures:
[INFO] [stdout]     canvas::tests::test_get_point
[INFO] [stdout] 
[INFO] [stdout] test result: FAILED. 1 passed; 1 failed; 0 ignored; 0 measured; 0 filtered out; finished in 0.08s
[INFO] [stdout] 
[INFO] running `Command { std: "docker" "inspect" "5203f95cf52fbdbc78a7a24bf00aa0c03f671a897c1f5ba94f9e0d4586300b51", kill_on_drop: false }`
[INFO] running `Command { std: "docker" "rm" "-f" "5203f95cf52fbdbc78a7a24bf00aa0c03f671a897c1f5ba94f9e0d4586300b51", kill_on_drop: false }`
[INFO] [stdout] 5203f95cf52fbdbc78a7a24bf00aa0c03f671a897c1f5ba94f9e0d4586300b51
