[INFO] fetching crate blobtk 0.5.3...
[INFO] testing blobtk-0.5.3 against nightly-2024-10-28 for randomize-layout
[INFO] extracting crate blobtk 0.5.3 into /workspace/builds/worker-6-tc1/source
[INFO] validating manifest of crates.io crate blobtk 0.5.3 on toolchain nightly-2024-10-28
[INFO] running `Command { std: CARGO_HOME="/workspace/cargo-home" RUSTUP_HOME="/workspace/rustup-home" "/workspace/cargo-home/bin/cargo" "+nightly-2024-10-28" "metadata" "--manifest-path" "Cargo.toml" "--no-deps", kill_on_drop: false }`
[INFO] started tweaking crates.io crate blobtk 0.5.3
[INFO] finished tweaking crates.io crate blobtk 0.5.3
[INFO] tweaked toml for crates.io crate blobtk 0.5.3 written to /workspace/builds/worker-6-tc1/source/Cargo.toml
[INFO] crate crates.io crate blobtk 0.5.3 already has a lockfile, it will not be regenerated
[INFO] running `Command { std: CARGO_HOME="/workspace/cargo-home" RUSTUP_HOME="/workspace/rustup-home" "/workspace/cargo-home/bin/cargo" "+nightly-2024-10-28" "fetch" "--manifest-path" "Cargo.toml", kill_on_drop: false }`
[INFO] [stderr]     Updating crates.io index
[INFO] [stderr]  Downloading crates ...
[INFO] [stderr]   Downloaded float-cmp v0.9.0
[INFO] [stderr]   Downloaded rctree v0.5.0
[INFO] [stderr]   Downloaded usvg v0.31.0
[INFO] [stderr]   Downloaded xmlwriter v0.1.0
[INFO] [stderr]   Downloaded pyo3-macros v0.18.3
[INFO] [stderr]   Downloaded darling_macro v0.20.3
[INFO] [stderr]   Downloaded struct_iterable_internal v0.1.1
[INFO] [stderr]   Downloaded fs-utils v1.1.4
[INFO] [stderr]   Downloaded kurbo v0.9.5
[INFO] [stderr]   Downloaded anstyle v1.0.2
[INFO] [stderr]   Downloaded clap-num v1.0.2
[INFO] [stderr]   Downloaded anstream v0.5.0
[INFO] [stderr]   Downloaded unicode-bidi-mirroring v0.1.0
[INFO] [stderr]   Downloaded anstyle-parse v0.2.1
[INFO] [stderr]   Downloaded pyo3-build-config v0.18.3
[INFO] [stderr]   Downloaded ord_subset v3.1.1
[INFO] [stderr]   Downloaded clap_lex v0.5.1
[INFO] [stderr]   Downloaded wide v0.7.11
[INFO] [stderr]   Downloaded clap_derive v4.4.2
[INFO] [stderr]   Downloaded matrixmultiply v0.3.7
[INFO] [stderr]   Downloaded safe_arch v0.7.1
[INFO] [stderr]   Downloaded rust-htslib v0.40.2
[INFO] [stderr]   Downloaded serde_json v1.0.105
[INFO] [stderr]   Downloaded clap_builder v4.4.2
[INFO] [stderr]   Downloaded aho-corasick v1.0.5
[INFO] [stderr]   Downloaded rayon v1.7.0
[INFO] [stderr]   Downloaded portable-atomic v1.4.3
[INFO] [stderr]   Downloaded syn v2.0.31
[INFO] [stderr]   Downloaded chrono v0.4.29
[INFO] [stderr]   Downloaded regex v1.9.5
[INFO] [stderr]   Downloaded rustybuzz v0.7.0
[INFO] [stderr]   Downloaded regex-syntax v0.7.5
[INFO] [stderr]   Downloaded nalgebra v0.31.4
[INFO] [stderr]   Downloaded time v0.3.28
[INFO] [stderr]   Downloaded serde_with v2.3.3
[INFO] [stderr]   Downloaded pyo3 v0.18.3
[INFO] [stderr]   Downloaded ttf-parser v0.18.1
[INFO] [stderr]   Downloaded darling_core v0.20.3
[INFO] [stderr]   Downloaded base64 v0.21.3
[INFO] [stderr]   Downloaded flate2 v1.0.27
[INFO] [stderr]   Downloaded cpc v1.9.3
[INFO] [stderr]   Downloaded pyo3-ffi v0.18.3
[INFO] [stderr]   Downloaded pyo3-macros-backend v0.18.3
[INFO] [stderr]   Downloaded resvg v0.31.1
[INFO] [stderr]   Downloaded uuid v1.4.1
[INFO] [stderr]   Downloaded regex-automata v0.3.8
[INFO] [stderr]   Downloaded serde_yaml v0.9.25
[INFO] [stderr]   Downloaded rayon-core v1.11.0
[INFO] [stderr]   Downloaded proc-macro2 v1.0.66
[INFO] [stderr]   Downloaded fontconfig-parser v0.5.3
[INFO] [stderr]   Downloaded colorous v1.0.12
[INFO] [stderr]   Downloaded num-complex v0.4.4
[INFO] [stderr]   Downloaded simba v0.7.3
[INFO] [stderr]   Downloaded coord_transforms v1.4.0
[INFO] [stderr]   Downloaded buffer-redux v1.0.0
[INFO] [stderr]   Downloaded target-lexicon v0.12.11
[INFO] [stderr]   Downloaded decimal v2.1.0
[INFO] [stderr]   Downloaded indicatif v0.17.6
[INFO] [stderr]   Downloaded csv v1.2.2
[INFO] [stderr]   Downloaded unsafe-libyaml v0.2.9
[INFO] [stderr]   Downloaded usvg-parser v0.31.0
[INFO] [stderr]   Downloaded iana-time-zone v0.1.57
[INFO] [stderr]   Downloaded darling v0.20.3
[INFO] [stderr]   Downloaded rosvgtree v0.2.0
[INFO] [stderr]   Downloaded roxmltree v0.18.0
[INFO] [stderr]   Downloaded unicode-general-category v0.6.0
[INFO] [stderr]   Downloaded unicode-script v0.5.5
[INFO] [stderr]   Downloaded console v0.15.7
[INFO] [stderr]   Downloaded bytecount v0.6.3
[INFO] [stderr]   Downloaded needletail v0.5.1
[INFO] [stderr]   Downloaded unindent v0.1.11
[INFO] [stderr]   Downloaded rgb v0.8.36
[INFO] [stderr]   Downloaded svgfilters v0.4.0
[INFO] [stderr]   Downloaded bio-types v1.0.1
[INFO] [stderr]   Downloaded linear-map v1.2.0
[INFO] [stderr]   Downloaded newtype_derive v0.1.6
[INFO] [stderr]   Downloaded rend v0.4.0
[INFO] [stderr]   Downloaded fontdb v0.13.1
[INFO] [stderr]   Downloaded usvg-text-layout v0.31.0
[INFO] [stderr]   Downloaded num-traits v0.2.16
[INFO] [stderr]   Downloaded deranged v0.3.8
[INFO] [stderr]   Downloaded svg v0.13.1
[INFO] [stderr]   Downloaded thiserror v1.0.48
[INFO] [stderr]   Downloaded joinery v2.1.0
[INFO] [stderr]   Downloaded anstyle-wincon v2.1.0
[INFO] [stderr]   Downloaded number_prefix v0.4.0
[INFO] [stderr]   Downloaded serde_with_macros v2.3.3
[INFO] [stderr]   Downloaded time-core v0.1.1
[INFO] [stderr]   Downloaded titlecase v2.2.1
[INFO] [stderr]   Downloaded pico-args v0.5.0
[INFO] [stderr]   Downloaded imagesize v0.11.0
[INFO] [stderr]   Downloaded simplecss v0.2.1
[INFO] [stderr]   Downloaded unicode-vo v0.1.0
[INFO] [stderr]   Downloaded svgtypes v0.11.0
[INFO] [stderr]   Downloaded nalgebra-macros v0.1.0
[INFO] [stderr]   Downloaded struct_iterable_derive v0.1.0
[INFO] [stderr]   Downloaded struct_iterable v0.1.1
[INFO] [stderr]   Downloaded clap v4.4.2
[INFO] [stderr]   Downloaded serde-aux v4.2.0
[INFO] [stderr]   Downloaded time-macros v0.2.14
[INFO] [stderr]   Downloaded thiserror-impl v1.0.48
[INFO] [stderr]   Downloaded data-url v0.2.0
[INFO] [stderr]   Downloaded unicode-ccc v0.1.2
[INFO] [stderr]   Downloaded libz-sys v1.1.12
[INFO] [stderr]   Downloaded curl-sys v0.4.65+curl-8.2.1
[INFO] [stderr]   Downloaded usvg-tree v0.31.0
[INFO] [stderr]   Downloaded hts-sys v2.1.1
[INFO] [stderr]   Downloaded openssl-src v300.1.3+3.1.2
[INFO] running `Command { std: "docker" "create" "-v" "/var/lib/crater-agent-workspace/builds/worker-6-tc1/target:/opt/rustwide/target:rw,Z" "-v" "/var/lib/crater-agent-workspace/builds/worker-6-tc1/source:/opt/rustwide/workdir:ro,Z" "-v" "/var/lib/crater-agent-workspace/cargo-home:/opt/rustwide/cargo-home:ro,Z" "-v" "/var/lib/crater-agent-workspace/rustup-home:/opt/rustwide/rustup-home:ro,Z" "-e" "SOURCE_DIR=/opt/rustwide/workdir" "-e" "CARGO_TARGET_DIR=/opt/rustwide/target" "-e" "CARGO_HOME=/opt/rustwide/cargo-home" "-e" "RUSTUP_HOME=/opt/rustwide/rustup-home" "-w" "/opt/rustwide/workdir" "-m" "1610612736" "--user" "0:0" "--network" "none" "ghcr.io/rust-lang/crates-build-env/linux@sha256:4a844ea9eb2546a2d2c7022eacef16ef2e8229c7fbb2c7d4d55a9ceca922f72d" "/opt/rustwide/cargo-home/bin/cargo" "+nightly-2024-10-28" "metadata" "--no-deps" "--format-version=1", kill_on_drop: false }`
[INFO] [stdout] 8298ef53267696dee3bb9ea653f6b52166b562623d1716ed165f9b187bf398e6
[INFO] running `Command { std: "docker" "start" "-a" "8298ef53267696dee3bb9ea653f6b52166b562623d1716ed165f9b187bf398e6", kill_on_drop: false }`
[INFO] running `Command { std: "docker" "inspect" "8298ef53267696dee3bb9ea653f6b52166b562623d1716ed165f9b187bf398e6", kill_on_drop: false }`
[INFO] running `Command { std: "docker" "rm" "-f" "8298ef53267696dee3bb9ea653f6b52166b562623d1716ed165f9b187bf398e6", kill_on_drop: false }`
[INFO] [stdout] 8298ef53267696dee3bb9ea653f6b52166b562623d1716ed165f9b187bf398e6
[INFO] running `Command { std: "docker" "create" "-v" "/var/lib/crater-agent-workspace/builds/worker-6-tc1/target:/opt/rustwide/target:rw,Z" "-v" "/var/lib/crater-agent-workspace/builds/worker-6-tc1/source:/opt/rustwide/workdir:ro,Z" "-v" "/var/lib/crater-agent-workspace/cargo-home:/opt/rustwide/cargo-home:ro,Z" "-v" "/var/lib/crater-agent-workspace/rustup-home:/opt/rustwide/rustup-home:ro,Z" "-e" "SOURCE_DIR=/opt/rustwide/workdir" "-e" "CARGO_TARGET_DIR=/opt/rustwide/target" "-e" "CARGO_INCREMENTAL=0" "-e" "RUST_BACKTRACE=full" "-e" "RUSTFLAGS=--cap-lints=forbid" "-e" "RUSTDOCFLAGS=--cap-lints=forbid" "-e" "CARGO_HOME=/opt/rustwide/cargo-home" "-e" "RUSTUP_HOME=/opt/rustwide/rustup-home" "-w" "/opt/rustwide/workdir" "-m" "1610612736" "--user" "0:0" "--network" "none" "ghcr.io/rust-lang/crates-build-env/linux@sha256:4a844ea9eb2546a2d2c7022eacef16ef2e8229c7fbb2c7d4d55a9ceca922f72d" "/opt/rustwide/cargo-home/bin/cargo" "+nightly-2024-10-28" "build" "--frozen" "--message-format=json", kill_on_drop: false }`
[INFO] [stdout] f215e30218c1537e97cb432aef2d7888cbc1c20d2ddcf1a7dec326de10cf3503
[INFO] running `Command { std: "docker" "start" "-a" "f215e30218c1537e97cb432aef2d7888cbc1c20d2ddcf1a7dec326de10cf3503", kill_on_drop: false }`
[INFO] [stderr]    Compiling libc v0.2.147
[INFO] [stderr]    Compiling proc-macro2 v1.0.66
[INFO] [stderr]    Compiling unicode-ident v1.0.11
[INFO] [stderr]    Compiling num-traits v0.2.16
[INFO] [stderr]    Compiling pkg-config v0.3.27
[INFO] [stderr]    Compiling bytemuck v1.14.0
[INFO] [stderr]    Compiling serde v1.0.188
[INFO] [stderr]    Compiling syn v1.0.109
[INFO] [stderr]    Compiling memchr v2.6.3
[INFO] [stderr]    Compiling target-lexicon v0.12.11
[INFO] [stderr]    Compiling crossbeam-utils v0.8.16
[INFO] [stderr]    Compiling memoffset v0.9.0
[INFO] [stderr]    Compiling simd-adler32 v0.3.7
[INFO] [stderr]    Compiling crc32fast v1.3.2
[INFO] [stderr]    Compiling quote v1.0.33
[INFO] [stderr]    Compiling crossbeam-epoch v0.9.15
[INFO] [stderr]    Compiling jobserver v0.1.26
[INFO] [stderr]    Compiling syn v2.0.31
[INFO] [stderr]    Compiling pyo3-build-config v0.18.3
[INFO] [stderr]    Compiling xmlparser v0.13.5
[INFO] [stderr]    Compiling adler v1.0.2
[INFO] [stderr]    Compiling cc v1.0.83
[INFO] [stderr]    Compiling miniz_oxide v0.7.1
[INFO] [stderr]    Compiling roxmltree v0.18.0
[INFO] [stderr]    Compiling float-cmp v0.9.0
[INFO] [stderr]    Compiling strict-num v0.1.1
[INFO] [stderr]    Compiling kurbo v0.9.5
[INFO] [stderr]    Compiling openssl-src v300.1.3+3.1.2
[INFO] [stderr]    Compiling cmake v0.1.50
[INFO] [stderr]    Compiling smallvec v1.11.0
[INFO] [stderr]    Compiling log v0.4.20
[INFO] [stderr]    Compiling once_cell v1.18.0
[INFO] [stderr]    Compiling slotmap v1.0.6
[INFO] [stderr]    Compiling flate2 v1.0.27
[INFO] [stderr]    Compiling unicode-bidi v0.3.13
[INFO] [stderr]    Compiling openssl-sys v0.9.93
[INFO] [stderr]    Compiling libz-sys v1.1.12
[INFO] [stderr]    Compiling lzma-sys v0.1.20
[INFO] [stderr]    Compiling bzip2-sys v0.1.11+1.0.8
[INFO] [stderr]    Compiling svgtypes v0.11.0
[INFO] [stderr]    Compiling rayon-core v1.11.0
[INFO] [stderr]    Compiling unicode-general-category v0.6.0
[INFO] [stderr]    Compiling crossbeam-deque v0.8.3
[INFO] [stderr]    Compiling curl-sys v0.4.65+curl-8.2.1
[INFO] [stderr]    Compiling crossbeam-channel v0.5.8
[INFO] [stderr]    Compiling num_cpus v1.16.0
[INFO] [stderr]    Compiling aho-corasick v1.0.5
[INFO] [stderr]    Compiling num-integer v0.1.45
[INFO] [stderr]    Compiling semver v0.1.20
[INFO] [stderr]    Compiling ttf-parser v0.18.1
[INFO] [stderr]    Compiling paste v1.0.14
[INFO] [stderr]    Compiling fnv v1.0.7
[INFO] [stderr]    Compiling ident_case v1.0.1
[INFO] [stderr]    Compiling rctree v0.5.0
[INFO] [stderr]    Compiling regex-syntax v0.7.5
[INFO] [stderr]    Compiling rustversion v1.0.14
[INFO] [stderr]    Compiling tinyvec v1.6.0
[INFO] [stderr]    Compiling fs-utils v1.1.4
[INFO] [stderr]    Compiling usvg-tree v0.31.0
[INFO] [stderr]    Compiling darling_core v0.20.3
[INFO] [stderr]    Compiling regex-automata v0.3.8
[INFO] [stderr]    Compiling serde_derive v1.0.188
[INFO] [stderr]    Compiling rustc_version v0.1.7
[INFO] [stderr]    Compiling pyo3-ffi v0.18.3
[INFO] [stderr]    Compiling simplecss v0.2.1
[INFO] [stderr]    Compiling fontconfig-parser v0.5.3
[INFO] [stderr]    Compiling memmap2 v0.5.10
[INFO] [stderr]    Compiling safe_arch v0.7.1
[INFO] [stderr]    Compiling matrixmultiply v0.3.7
[INFO] [stderr]    Compiling num-rational v0.4.1
[INFO] [stderr]    Compiling lock_api v0.4.10
[INFO] [stderr]    Compiling thiserror v1.0.48
[INFO] [stderr]    Compiling unicode-ccc v0.1.2
[INFO] [stderr]    Compiling ryu v1.0.15
[INFO] [stderr]    Compiling either v1.9.0
[INFO] [stderr]    Compiling glob v0.3.1
[INFO] [stderr]    Compiling unicode-bidi-mirroring v0.1.0
[INFO] [stderr]    Compiling typenum v1.16.0
[INFO] [stderr]    Compiling itoa v1.0.9
[INFO] [stderr]    Compiling unicode-script v0.5.5
[INFO] [stderr]    Compiling parking_lot_core v0.9.8
[INFO] [stderr]    Compiling anstyle-parse v0.2.1
[INFO] [stderr]    Compiling hts-sys v2.1.1
[INFO] [stderr]    Compiling rustybuzz v0.7.0
[INFO] [stderr]    Compiling rayon v1.7.0
[INFO] [stderr]    Compiling wide v0.7.11
[INFO] [stderr]    Compiling fontdb v0.13.1
[INFO] [stderr]    Compiling rosvgtree v0.2.0
[INFO] [stderr]    Compiling regex v1.9.5
[INFO] [stderr]    Compiling darling_macro v0.20.3
[INFO] [stderr]    Compiling newtype_derive v0.1.6
[INFO] [stderr]    Compiling thiserror-impl v1.0.48
[INFO] [stderr]    Compiling unicode-normalization v0.1.22
[INFO] [stderr]    Compiling decimal v2.1.0
[INFO] [stderr]    Compiling num-complex v0.4.4
[INFO] [stderr]    Compiling approx v0.5.1
[INFO] [stderr]    Compiling fdeflate v0.3.0
[INFO] [stderr]    Compiling memoffset v0.8.0
[INFO] [stderr]    Compiling serde_json v1.0.105
[INFO] [stderr]    Compiling arrayref v0.3.7
[INFO] [stderr]    Compiling percent-encoding v2.3.0
[INFO] [stderr]    Compiling anstyle v1.0.2
[INFO] [stderr]    Compiling rawpointer v0.2.1
[INFO] [stderr]    Compiling portable-atomic v1.4.3
[INFO] [stderr]    Compiling unicode-vo v0.1.0
[INFO] [stderr]    Compiling data-url v0.2.0
[INFO] [stderr]    Compiling imagesize v0.11.0
[INFO] [stderr]    Compiling usvg-text-layout v0.31.0
[INFO] [stderr]    Compiling usvg-parser v0.31.0
[INFO] [stderr]    Compiling anstream v0.5.0
[INFO] [stderr]    Compiling simba v0.7.3
[INFO] [stderr]    Compiling form_urlencoded v1.2.0
[INFO] [stderr]    Compiling tiny-skia-path v0.8.4
[INFO] [stderr]    Compiling png v0.17.10
[INFO] [stderr]    Compiling erased-serde v0.3.31
[INFO] [stderr]    Compiling idna v0.4.0
[INFO] [stderr]    Compiling strum_macros v0.25.2
[INFO] [stderr]    Compiling fid-rs v0.1.1
[INFO] [stderr]    Compiling darling v0.20.3
[INFO] [stderr]    Compiling derive-new v0.5.9
[INFO] [stderr]    Compiling nalgebra-macros v0.1.0
[INFO] [stderr]    Compiling pyo3-macros-backend v0.18.3
[INFO] [stderr]    Compiling pyo3 v0.18.3
[INFO] [stderr]    Compiling rgb v0.8.36
[INFO] [stderr]    Compiling indexmap v1.9.3
[INFO] [stderr]    Compiling safemem v0.3.3
[INFO] [stderr]    Compiling pico-args v0.5.0
[INFO] [stderr]    Compiling ord_subset v3.1.1
[INFO] [stderr]    Compiling color_quant v1.1.0
[INFO] [stderr]    Compiling xmlwriter v0.1.0
[INFO] [stderr]    Compiling hashbrown v0.14.0
[INFO] [stderr]    Compiling base64 v0.21.3
[INFO] [stderr]    Compiling weezl v0.1.7
[INFO] [stderr]    Compiling iana-time-zone v0.1.57
[INFO] [stderr]    Compiling colorous v1.0.12
[INFO] [stderr]    Compiling unicode-segmentation v1.10.1
[INFO] [stderr]    Compiling struct_iterable_internal v0.1.1
[INFO] [stderr]    Compiling unicode-width v0.1.10
[INFO] [stderr]    Compiling clap_lex v0.5.1
[INFO] [stderr]    Compiling console v0.15.7
[INFO] [stderr]    Compiling struct_iterable_derive v0.1.0
[INFO] [stderr]    Compiling chrono v0.4.29
[INFO] [stderr]    Compiling clap_builder v4.4.2
[INFO] [stderr]    Compiling indexmap v2.0.0
[INFO] [stderr]    Compiling usvg v0.31.0
[INFO] [stderr]    Compiling gif v0.12.0
[INFO] [stderr]    Compiling bio-types v1.0.1
[INFO] [stderr]    Compiling buffer-redux v1.0.0
[INFO] [stderr]    Compiling svgfilters v0.4.0
[INFO] [stderr]    Compiling parking_lot v0.12.1
[INFO] [stderr]    Compiling nalgebra v0.31.4
[INFO] [stderr]    Compiling serde_with_macros v2.3.3
[INFO] [stderr]    Compiling louds-rs v0.4.0
[INFO] [stderr]    Compiling url v2.4.1
[INFO] [stderr]    Compiling tiny-skia v0.8.4
[INFO] [stderr]    Compiling pyo3-macros v0.18.3
[INFO] [stderr]    Compiling clap_derive v4.4.2
[INFO] [stderr]    Compiling csv-core v0.1.10
[INFO] [stderr]    Compiling joinery v2.1.0
[INFO] [stderr]    Compiling bytecount v0.6.3
[INFO] [stderr]    Compiling number_prefix v0.4.0
[INFO] [stderr]    Compiling byteorder v1.4.3
[INFO] [stderr]    Compiling custom_derive v0.1.7
[INFO] [stderr]    Compiling hashbrown v0.12.3
[INFO] [stderr]    Compiling jpeg-decoder v0.3.0
[INFO] [stderr]    Compiling unsafe-libyaml v0.2.9
[INFO] [stderr]    Compiling linear-map v1.2.0
[INFO] [stderr]    Compiling ieee754 v0.2.6
[INFO] [stderr]    Compiling unindent v0.1.11
[INFO] [stderr]    Compiling serde_yaml v0.9.25
[INFO] [stderr]    Compiling resvg v0.31.1
[INFO] [stderr]    Compiling clap v4.4.2
[INFO] [stderr]    Compiling indicatif v0.17.6
[INFO] [stderr]    Compiling nom v7.1.3
[INFO] [stderr]    Compiling titlecase v2.2.1
[INFO] [stderr]    Compiling csv v1.2.2
[INFO] [stderr]    Compiling serde-aux v4.2.0
[INFO] [stderr]    Compiling serde_with v2.3.3
[INFO] [stderr]    Compiling trie-rs v0.1.1
[INFO] [stderr]    Compiling rust_decimal v1.32.0
[INFO] [stderr]    Compiling convert_case v0.6.0
[INFO] [stderr]    Compiling struct_iterable v0.1.1
[INFO] [stderr]    Compiling clap-num v1.0.2
[INFO] [stderr]    Compiling atty v0.2.14
[INFO] [stderr]    Compiling svg v0.13.1
[INFO] [stderr]    Compiling coord_transforms v1.4.0
[INFO] [stderr]    Compiling bzip2 v0.4.4
[INFO] [stderr]    Compiling cpc v1.9.3
[INFO] [stderr]    Compiling xz2 v0.1.7
[INFO] [stderr]    Compiling needletail v0.5.1
[INFO] [stderr]    Compiling rust-htslib v0.40.2
[INFO] [stderr]    Compiling blobtk v0.5.3 (/opt/rustwide/workdir)
[INFO] [stdout] warning: variable does not need to be mutable
[INFO] [stdout]     --> src/taxonomy/parse.rs:1133:9
[INFO] [stdout]      |
[INFO] [stdout] 1133 |     let mut nodes = HashMap::new();
[INFO] [stdout]      |         ----^^^^^
[INFO] [stdout]      |         |
[INFO] [stdout]      |         help: remove this `mut`
[INFO] [stdout]      |
[INFO] [stdout]      = note: `#[warn(unused_mut)]` on by default
[INFO] [stdout] 
[INFO] [stdout] 
[INFO] [stdout] warning: variable does not need to be mutable
[INFO] [stdout]     --> src/taxonomy/parse.rs:1134:9
[INFO] [stdout]      |
[INFO] [stdout] 1134 |     let mut children = HashMap::new();
[INFO] [stdout]      |         ----^^^^^^^^
[INFO] [stdout]      |         |
[INFO] [stdout]      |         help: remove this `mut`
[INFO] [stdout] 
[INFO] [stdout] 
[INFO] [stdout] warning: unused variable: `names`
[INFO] [stdout]    --> src/taxonomy.rs:168:17
[INFO] [stdout]     |
[INFO] [stdout] 168 |             let names = parse_file(genomehubs_file, &table).unwrap();
[INFO] [stdout]     |                 ^^^^^ help: if this is intentional, prefix it with an underscore: `_names`
[INFO] [stdout]     |
[INFO] [stdout]     = note: `#[warn(unused_variables)]` on by default
[INFO] [stdout] 
[INFO] [stdout] 
[INFO] [stderr]     Finished `dev` profile [unoptimized + debuginfo] target(s) in 2m 21s
[INFO] running `Command { std: "docker" "inspect" "f215e30218c1537e97cb432aef2d7888cbc1c20d2ddcf1a7dec326de10cf3503", kill_on_drop: false }`
[INFO] running `Command { std: "docker" "rm" "-f" "f215e30218c1537e97cb432aef2d7888cbc1c20d2ddcf1a7dec326de10cf3503", kill_on_drop: false }`
[INFO] [stdout] f215e30218c1537e97cb432aef2d7888cbc1c20d2ddcf1a7dec326de10cf3503
[INFO] running `Command { std: "docker" "create" "-v" "/var/lib/crater-agent-workspace/builds/worker-6-tc1/target:/opt/rustwide/target:rw,Z" "-v" "/var/lib/crater-agent-workspace/builds/worker-6-tc1/source:/opt/rustwide/workdir:ro,Z" "-v" "/var/lib/crater-agent-workspace/cargo-home:/opt/rustwide/cargo-home:ro,Z" "-v" "/var/lib/crater-agent-workspace/rustup-home:/opt/rustwide/rustup-home:ro,Z" "-e" "SOURCE_DIR=/opt/rustwide/workdir" "-e" "CARGO_TARGET_DIR=/opt/rustwide/target" "-e" "CARGO_INCREMENTAL=0" "-e" "RUST_BACKTRACE=full" "-e" "RUSTFLAGS=--cap-lints=forbid" "-e" "RUSTDOCFLAGS=--cap-lints=forbid" "-e" "CARGO_HOME=/opt/rustwide/cargo-home" "-e" "RUSTUP_HOME=/opt/rustwide/rustup-home" "-w" "/opt/rustwide/workdir" "-m" "1610612736" "--user" "0:0" "--network" "none" "ghcr.io/rust-lang/crates-build-env/linux@sha256:4a844ea9eb2546a2d2c7022eacef16ef2e8229c7fbb2c7d4d55a9ceca922f72d" "/opt/rustwide/cargo-home/bin/cargo" "+nightly-2024-10-28" "test" "--frozen" "--no-run" "--message-format=json", kill_on_drop: false }`
[INFO] [stdout] 03448afae235be135a45e8cafd4fe6302d247dd6444a04c6fa0a1c7bc3214835
[INFO] running `Command { std: "docker" "start" "-a" "03448afae235be135a45e8cafd4fe6302d247dd6444a04c6fa0a1c7bc3214835", kill_on_drop: false }`
[INFO] [stdout] warning: variable does not need to be mutable
[INFO] [stdout]     --> src/taxonomy/parse.rs:1133:9
[INFO] [stdout]      |
[INFO] [stdout] 1133 |     let mut nodes = HashMap::new();
[INFO] [stdout]      |         ----^^^^^
[INFO] [stdout]      |         |
[INFO] [stdout]      |         help: remove this `mut`
[INFO] [stdout]      |
[INFO] [stdout]      = note: `#[warn(unused_mut)]` on by default
[INFO] [stdout] 
[INFO] [stdout] 
[INFO] [stdout] warning: variable does not need to be mutable
[INFO] [stdout]     --> src/taxonomy/parse.rs:1134:9
[INFO] [stdout]      |
[INFO] [stdout] 1134 |     let mut children = HashMap::new();
[INFO] [stdout]      |         ----^^^^^^^^
[INFO] [stdout]      |         |
[INFO] [stdout]      |         help: remove this `mut`
[INFO] [stdout] 
[INFO] [stdout] 
[INFO] [stdout] warning: unused variable: `names`
[INFO] [stdout]    --> src/taxonomy.rs:168:17
[INFO] [stdout]     |
[INFO] [stdout] 168 |             let names = parse_file(genomehubs_file, &table).unwrap();
[INFO] [stdout]     |                 ^^^^^ help: if this is intentional, prefix it with an underscore: `_names`
[INFO] [stdout]     |
[INFO] [stdout]     = note: `#[warn(unused_variables)]` on by default
[INFO] [stdout] 
[INFO] [stdout] 
[INFO] [stderr]    Compiling blobtk v0.5.3 (/opt/rustwide/workdir)
[INFO] [stdout] warning: variable does not need to be mutable
[INFO] [stdout]     --> src/taxonomy/parse.rs:1133:9
[INFO] [stdout]      |
[INFO] [stdout] 1133 |     let mut nodes = HashMap::new();
[INFO] [stdout]      |         ----^^^^^
[INFO] [stdout]      |         |
[INFO] [stdout]      |         help: remove this `mut`
[INFO] [stdout]      |
[INFO] [stdout]      = note: `#[warn(unused_mut)]` on by default
[INFO] [stdout] 
[INFO] [stdout] 
[INFO] [stdout] warning: variable does not need to be mutable
[INFO] [stdout]     --> src/taxonomy/parse.rs:1134:9
[INFO] [stdout]      |
[INFO] [stdout] 1134 |     let mut children = HashMap::new();
[INFO] [stdout]      |         ----^^^^^^^^
[INFO] [stdout]      |         |
[INFO] [stdout]      |         help: remove this `mut`
[INFO] [stdout] 
[INFO] [stdout] 
[INFO] [stdout] warning: unused variable: `names`
[INFO] [stdout]    --> src/taxonomy.rs:168:17
[INFO] [stdout]     |
[INFO] [stdout] 168 |             let names = parse_file(genomehubs_file, &table).unwrap();
[INFO] [stdout]     |                 ^^^^^ help: if this is intentional, prefix it with an underscore: `_names`
[INFO] [stdout]     |
[INFO] [stdout]     = note: `#[warn(unused_variables)]` on by default
[INFO] [stdout] 
[INFO] [stdout] 
[INFO] [stderr]     Finished `test` profile [unoptimized + debuginfo] target(s) in 5.07s
[INFO] running `Command { std: "docker" "inspect" "03448afae235be135a45e8cafd4fe6302d247dd6444a04c6fa0a1c7bc3214835", kill_on_drop: false }`
[INFO] running `Command { std: "docker" "rm" "-f" "03448afae235be135a45e8cafd4fe6302d247dd6444a04c6fa0a1c7bc3214835", kill_on_drop: false }`
[INFO] [stdout] 03448afae235be135a45e8cafd4fe6302d247dd6444a04c6fa0a1c7bc3214835
[INFO] running `Command { std: "docker" "create" "-v" "/var/lib/crater-agent-workspace/builds/worker-6-tc1/target:/opt/rustwide/target:rw,Z" "-v" "/var/lib/crater-agent-workspace/builds/worker-6-tc1/source:/opt/rustwide/workdir:ro,Z" "-v" "/var/lib/crater-agent-workspace/cargo-home:/opt/rustwide/cargo-home:ro,Z" "-v" "/var/lib/crater-agent-workspace/rustup-home:/opt/rustwide/rustup-home:ro,Z" "-e" "SOURCE_DIR=/opt/rustwide/workdir" "-e" "CARGO_TARGET_DIR=/opt/rustwide/target" "-e" "CARGO_INCREMENTAL=0" "-e" "RUST_BACKTRACE=full" "-e" "RUSTFLAGS=--cap-lints=forbid" "-e" "RUSTDOCFLAGS=--cap-lints=forbid" "-e" "CARGO_HOME=/opt/rustwide/cargo-home" "-e" "RUSTUP_HOME=/opt/rustwide/rustup-home" "-w" "/opt/rustwide/workdir" "-m" "1610612736" "--user" "0:0" "--network" "none" "ghcr.io/rust-lang/crates-build-env/linux@sha256:4a844ea9eb2546a2d2c7022eacef16ef2e8229c7fbb2c7d4d55a9ceca922f72d" "/opt/rustwide/cargo-home/bin/cargo" "+nightly-2024-10-28" "test" "--frozen", kill_on_drop: false }`
[INFO] [stdout] c0efe630a1c91792cc619b746884a0f4839bcf33df4f43f5dea20bcb262adebb
[INFO] running `Command { std: "docker" "start" "-a" "c0efe630a1c91792cc619b746884a0f4839bcf33df4f43f5dea20bcb262adebb", kill_on_drop: false }`
[INFO] [stderr] warning: variable does not need to be mutable
[INFO] [stderr]     --> src/taxonomy/parse.rs:1133:9
[INFO] [stderr]      |
[INFO] [stderr] 1133 |     let mut nodes = HashMap::new();
[INFO] [stderr]      |         ----^^^^^
[INFO] [stderr]      |         |
[INFO] [stderr]      |         help: remove this `mut`
[INFO] [stderr]      |
[INFO] [stderr]      = note: `#[warn(unused_mut)]` on by default
[INFO] [stderr] 
[INFO] [stderr] warning: variable does not need to be mutable
[INFO] [stderr]     --> src/taxonomy/parse.rs:1134:9
[INFO] [stderr]      |
[INFO] [stderr] 1134 |     let mut children = HashMap::new();
[INFO] [stderr]      |         ----^^^^^^^^
[INFO] [stderr]      |         |
[INFO] [stderr]      |         help: remove this `mut`
[INFO] [stderr] 
[INFO] [stderr] warning: unused variable: `names`
[INFO] [stderr]    --> src/taxonomy.rs:168:17
[INFO] [stderr]     |
[INFO] [stderr] 168 |             let names = parse_file(genomehubs_file, &table).unwrap();
[INFO] [stderr]     |                 ^^^^^ help: if this is intentional, prefix it with an underscore: `_names`
[INFO] [stderr]     |
[INFO] [stderr]     = note: `#[warn(unused_variables)]` on by default
[INFO] [stderr] 
[INFO] [stderr] warning: `blobtk` (lib) generated 3 warnings (run `cargo fix --lib -p blobtk` to apply 2 suggestions)
[INFO] [stderr] warning: `blobtk` (lib test) generated 3 warnings (3 duplicates)
[INFO] [stderr]     Finished `test` profile [unoptimized + debuginfo] target(s) in 0.42s
[INFO] [stderr]      Running unittests src/lib.rs (/opt/rustwide/target/debug/deps/blobtk-035055f9eb69bc62)
[INFO] [stdout] 
[INFO] [stdout] running 2 tests
[INFO] [stdout] test taxonomy::parse::tests::test_parse_name ... ok
[INFO] [stdout] test taxonomy::parse::tests::test_parse_node ... ok
[INFO] [stdout] 
[INFO] [stdout] test result: ok. 2 passed; 0 failed; 0 ignored; 0 measured; 0 filtered out; finished in 0.00s
[INFO] [stdout] 
[INFO] [stderr]      Running unittests src/main.rs (/opt/rustwide/target/debug/deps/blobtk-c0e63feb9dba3d3b)
[INFO] [stdout] 
[INFO] [stdout] running 0 tests
[INFO] [stdout] 
[INFO] [stdout] test result: ok. 0 passed; 0 failed; 0 ignored; 0 measured; 0 filtered out; finished in 0.00s
[INFO] [stdout] 
[INFO] [stderr]    Doc-tests blobtk
[INFO] [stdout] 
[INFO] [stdout] running 7 tests
[INFO] [stdout] test src/utils.rs - utils::sqrt_scale_float (line 171) ... ok
[INFO] [stdout] test src/utils.rs - utils::format_si (line 31) ... ok
[INFO] [stdout] test src/utils.rs - utils::linear_scale_float (line 128) ... ok
[INFO] [stdout] test src/plot.rs - plot::color_to_hex (line 189) ... ok
[INFO] [stdout] test src/utils.rs - utils::sqrt_scale (line 152) ... ok
[INFO] [stdout] test src/blobdir.rs - blobdir::parse_blobdir (line 217) ... FAILED
[INFO] [stdout] test src/utils.rs - utils::linear_scale (line 114) ... ok
[INFO] [stdout] 
[INFO] [stdout] failures:
[INFO] [stdout] 
[INFO] [stdout] ---- src/blobdir.rs - blobdir::parse_blobdir (line 217) stdout ----
[INFO] [stdout] Test executable failed (exit status: 101).
[INFO] [stdout] 
[INFO] [stdout] stderr:
[INFO] [stdout] thread 'main' panicked at src/blobdir.rs:7:58:
[INFO] [stdout] called `Result::unwrap()` on an `Err` value: FileNotFound("test/minimal/meta.json")
[INFO] [stdout] stack backtrace:
[INFO] [stdout]    0:     0x5f38814ad4ca - std::backtrace_rs::backtrace::libunwind::trace::h207520d6e9873551
[INFO] [stdout]                                at /rustc/df4ca44d3fbc9301ee17f30f4d474e6ae4b05252/library/std/src/../../backtrace/src/backtrace/libunwind.rs:116:5
[INFO] [stdout]    1:     0x5f38814ad4ca - std::backtrace_rs::backtrace::trace_unsynchronized::h2ed7433f370e3eca
[INFO] [stdout]                                at /rustc/df4ca44d3fbc9301ee17f30f4d474e6ae4b05252/library/std/src/../../backtrace/src/backtrace/mod.rs:66:5
[INFO] [stdout]    2:     0x5f38814ad4ca - std::sys::backtrace::_print_fmt::h916fac51166b18d7
[INFO] [stdout]                                at /rustc/df4ca44d3fbc9301ee17f30f4d474e6ae4b05252/library/std/src/sys/backtrace.rs:66:9
[INFO] [stdout]    3:     0x5f38814ad4ca - <std::sys::backtrace::BacktraceLock::print::DisplayBacktrace as core::fmt::Display>::fmt::ha0a4c9b8ce3802e6
[INFO] [stdout]                                at /rustc/df4ca44d3fbc9301ee17f30f4d474e6ae4b05252/library/std/src/sys/backtrace.rs:39:26
[INFO] [stdout]    4:     0x5f38814d06a3 - core::fmt::rt::Argument::fmt::h4cfc8587d52b3eb5
[INFO] [stdout]                                at /rustc/df4ca44d3fbc9301ee17f30f4d474e6ae4b05252/library/core/src/fmt/rt.rs:177:76
[INFO] [stdout]    5:     0x5f38814d06a3 - core::fmt::write::h522cc39e5b36ae9f
[INFO] [stdout]                                at /rustc/df4ca44d3fbc9301ee17f30f4d474e6ae4b05252/library/core/src/fmt/mod.rs:1190:21
[INFO] [stdout]    6:     0x5f38814aaa53 - std::io::Write::write_fmt::hf1c1dcc8cc1287f0
[INFO] [stdout]                                at /rustc/df4ca44d3fbc9301ee17f30f4d474e6ae4b05252/library/std/src/io/mod.rs:1839:15
[INFO] [stdout]    7:     0x5f38814ad312 - std::sys::backtrace::BacktraceLock::print::h4b9e00b29e9c0942
[INFO] [stdout]                                at /rustc/df4ca44d3fbc9301ee17f30f4d474e6ae4b05252/library/std/src/sys/backtrace.rs:42:9
[INFO] [stdout]    8:     0x5f38814ae2dc - std::panicking::default_hook::{{closure}}::hb59b88280d0324d9
[INFO] [stdout]                                at /rustc/df4ca44d3fbc9301ee17f30f4d474e6ae4b05252/library/std/src/panicking.rs:268:22
[INFO] [stdout]    9:     0x5f38814ae122 - std::panicking::default_hook::he1dd496665be4a29
[INFO] [stdout]                                at /rustc/df4ca44d3fbc9301ee17f30f4d474e6ae4b05252/library/std/src/panicking.rs:295:9
[INFO] [stdout]   10:     0x5f38814ae8d7 - std::panicking::rust_panic_with_hook::h2ff17fe8f26dfcf8
[INFO] [stdout]                                at /rustc/df4ca44d3fbc9301ee17f30f4d474e6ae4b05252/library/std/src/panicking.rs:801:13
[INFO] [stdout]   11:     0x5f38814ae76a - std::panicking::begin_panic_handler::{{closure}}::h4fad77951c07e101
[INFO] [stdout]                                at /rustc/df4ca44d3fbc9301ee17f30f4d474e6ae4b05252/library/std/src/panicking.rs:674:13
[INFO] [stdout]   12:     0x5f38814ad9a9 - std::sys::backtrace::__rust_end_short_backtrace::hb1a25b3da5d0ea08
[INFO] [stdout]                                at /rustc/df4ca44d3fbc9301ee17f30f4d474e6ae4b05252/library/std/src/sys/backtrace.rs:170:18
[INFO] [stdout]   13:     0x5f38814ae3fc - rust_begin_unwind
[INFO] [stdout]                                at /rustc/df4ca44d3fbc9301ee17f30f4d474e6ae4b05252/library/std/src/panicking.rs:665:5
[INFO] [stdout]   14:     0x5f38814ce700 - core::panicking::panic_fmt::ha9db07b529f9b256
[INFO] [stdout]                                at /rustc/df4ca44d3fbc9301ee17f30f4d474e6ae4b05252/library/core/src/panicking.rs:75:14
[INFO] [stdout]   15:     0x5f38814ceb86 - core::result::unwrap_failed::h5e8218e4d4338b8a
[INFO] [stdout]                                at /rustc/df4ca44d3fbc9301ee17f30f4d474e6ae4b05252/library/core/src/result.rs:1698:5
[INFO] [stdout]   16:     0x5f388115aa8a - rust_out::main::_doctest_main_src_blobdir_rs_217_0::hf25341c709eee566
[INFO] [stdout]   17:     0x5f388115a996 - rust_out::main::ha213a30daa5df4da
[INFO] [stdout]   18:     0x5f388115a6f3 - core::ops::function::FnOnce::call_once::hf7edf7132571051c
[INFO] [stdout]   19:     0x5f388115a656 - std::sys::backtrace::__rust_begin_short_backtrace::h32fd822fd2ba4079
[INFO] [stdout]   20:     0x5f388115a639 - std::rt::lang_start::{{closure}}::h4039a1c394ed4f7c
[INFO] [stdout]   21:     0x5f38814a88a7 - core::ops::function::impls::<impl core::ops::function::FnOnce<A> for &F>::call_once::hd87d66b906e0ccaf
[INFO] [stdout]                                at /rustc/df4ca44d3fbc9301ee17f30f4d474e6ae4b05252/library/core/src/ops/function.rs:284:13
[INFO] [stdout]   22:     0x5f38814a88a7 - std::panicking::try::do_call::hae3703de71fc9e3a
[INFO] [stdout]                                at /rustc/df4ca44d3fbc9301ee17f30f4d474e6ae4b05252/library/std/src/panicking.rs:557:40
[INFO] [stdout]   23:     0x5f38814a88a7 - std::panicking::try::h1178330e9a2b2645
[INFO] [stdout]                                at /rustc/df4ca44d3fbc9301ee17f30f4d474e6ae4b05252/library/std/src/panicking.rs:520:19
[INFO] [stdout]   24:     0x5f38814a88a7 - std::panic::catch_unwind::h0acf49d2305d32ad
[INFO] [stdout]                                at /rustc/df4ca44d3fbc9301ee17f30f4d474e6ae4b05252/library/std/src/panic.rs:358:14
[INFO] [stdout]   25:     0x5f38814a88a7 - std::rt::lang_start_internal::{{closure}}::h2d95182d798177be
[INFO] [stdout]                                at /rustc/df4ca44d3fbc9301ee17f30f4d474e6ae4b05252/library/std/src/rt.rs:174:48
[INFO] [stdout]   26:     0x5f38814a88a7 - std::panicking::try::do_call::hb506f5bfe11fd30c
[INFO] [stdout]                                at /rustc/df4ca44d3fbc9301ee17f30f4d474e6ae4b05252/library/std/src/panicking.rs:557:40
[INFO] [stdout]   27:     0x5f38814a88a7 - std::panicking::try::h54d825c46bd0fa95
[INFO] [stdout]                                at /rustc/df4ca44d3fbc9301ee17f30f4d474e6ae4b05252/library/std/src/panicking.rs:520:19
[INFO] [stdout]   28:     0x5f38814a88a7 - std::panic::catch_unwind::hffbb0ad20c4e9fac
[INFO] [stdout]                                at /rustc/df4ca44d3fbc9301ee17f30f4d474e6ae4b05252/library/std/src/panic.rs:358:14
[INFO] [stdout]   29:     0x5f38814a88a7 - std::rt::lang_start_internal::h52c291ef1962c925
[INFO] [stdout]                                at /rustc/df4ca44d3fbc9301ee17f30f4d474e6ae4b05252/library/std/src/rt.rs:174:20
[INFO] [stdout]   30:     0x5f388115a617 - std::rt::lang_start::h8c6075cd6f225ba1
[INFO] [stdout]   31:     0x5f388115ac35 - main
[INFO] [stdout]   32:     0x7546bda86d90 - <unknown>
[INFO] [stdout]   33:     0x7546bda86e40 - __libc_start_main
[INFO] [stdout]   34:     0x5f388115a525 - _start
[INFO] [stdout]   35:                0x0 - <unknown>
[INFO] [stdout] 
[INFO] [stdout] 
[INFO] [stdout] 
[INFO] [stdout] failures:
[INFO] [stdout]     src/blobdir.rs - blobdir::parse_blobdir (line 217)
[INFO] [stdout] 
[INFO] [stdout] test result: FAILED. 6 passed; 1 failed; 0 ignored; 0 measured; 0 filtered out; finished in 5.33s
[INFO] [stdout] 
[INFO] [stderr] error: doctest failed, to rerun pass `--doc`
[INFO] running `Command { std: "docker" "inspect" "c0efe630a1c91792cc619b746884a0f4839bcf33df4f43f5dea20bcb262adebb", kill_on_drop: false }`
[INFO] running `Command { std: "docker" "rm" "-f" "c0efe630a1c91792cc619b746884a0f4839bcf33df4f43f5dea20bcb262adebb", kill_on_drop: false }`
[INFO] [stdout] c0efe630a1c91792cc619b746884a0f4839bcf33df4f43f5dea20bcb262adebb
