[INFO] fetching crate bliss-audio-aubio-rs 0.2.2...
[INFO] testing bliss-audio-aubio-rs-0.2.2 against nightly-2024-10-28+rustflags=-Zrandomize-layout for randomize-layout
[INFO] extracting crate bliss-audio-aubio-rs 0.2.2 into /workspace/builds/worker-2-tc2/source
[INFO] validating manifest of crates.io crate bliss-audio-aubio-rs 0.2.2 on toolchain nightly-2024-10-28
[INFO] running `Command { std: CARGO_HOME="/workspace/cargo-home" RUSTUP_HOME="/workspace/rustup-home" "/workspace/cargo-home/bin/cargo" "+nightly-2024-10-28" "metadata" "--manifest-path" "Cargo.toml" "--no-deps", kill_on_drop: false }`
[INFO] started tweaking crates.io crate bliss-audio-aubio-rs 0.2.2
[INFO] finished tweaking crates.io crate bliss-audio-aubio-rs 0.2.2
[INFO] tweaked toml for crates.io crate bliss-audio-aubio-rs 0.2.2 written to /workspace/builds/worker-2-tc2/source/Cargo.toml
[INFO] crate crates.io crate bliss-audio-aubio-rs 0.2.2 already has a lockfile, it will not be regenerated
[INFO] running `Command { std: CARGO_HOME="/workspace/cargo-home" RUSTUP_HOME="/workspace/rustup-home" "/workspace/cargo-home/bin/cargo" "+nightly-2024-10-28" "fetch" "--manifest-path" "Cargo.toml", kill_on_drop: false }`
[INFO] running `Command { std: "docker" "create" "-v" "/var/lib/crater-agent-workspace/builds/worker-2-tc2/target:/opt/rustwide/target:rw,Z" "-v" "/var/lib/crater-agent-workspace/builds/worker-2-tc2/source:/opt/rustwide/workdir:ro,Z" "-v" "/var/lib/crater-agent-workspace/cargo-home:/opt/rustwide/cargo-home:ro,Z" "-v" "/var/lib/crater-agent-workspace/rustup-home:/opt/rustwide/rustup-home:ro,Z" "-e" "SOURCE_DIR=/opt/rustwide/workdir" "-e" "CARGO_TARGET_DIR=/opt/rustwide/target" "-e" "CARGO_HOME=/opt/rustwide/cargo-home" "-e" "RUSTUP_HOME=/opt/rustwide/rustup-home" "-w" "/opt/rustwide/workdir" "-m" "1610612736" "--user" "0:0" "--network" "none" "ghcr.io/rust-lang/crates-build-env/linux@sha256:4a844ea9eb2546a2d2c7022eacef16ef2e8229c7fbb2c7d4d55a9ceca922f72d" "/opt/rustwide/cargo-home/bin/cargo" "+nightly-2024-10-28" "metadata" "--no-deps" "--format-version=1", kill_on_drop: false }`
[INFO] [stdout] 0762dd82310d477dad68f6a5e8b3c9e3508141f6584e86ad264341db46215238
[INFO] running `Command { std: "docker" "start" "-a" "0762dd82310d477dad68f6a5e8b3c9e3508141f6584e86ad264341db46215238", kill_on_drop: false }`
[INFO] running `Command { std: "docker" "inspect" "0762dd82310d477dad68f6a5e8b3c9e3508141f6584e86ad264341db46215238", kill_on_drop: false }`
[INFO] running `Command { std: "docker" "rm" "-f" "0762dd82310d477dad68f6a5e8b3c9e3508141f6584e86ad264341db46215238", kill_on_drop: false }`
[INFO] [stdout] 0762dd82310d477dad68f6a5e8b3c9e3508141f6584e86ad264341db46215238
[INFO] running `Command { std: "docker" "create" "-v" "/var/lib/crater-agent-workspace/builds/worker-2-tc2/target:/opt/rustwide/target:rw,Z" "-v" "/var/lib/crater-agent-workspace/builds/worker-2-tc2/source:/opt/rustwide/workdir:ro,Z" "-v" "/var/lib/crater-agent-workspace/cargo-home:/opt/rustwide/cargo-home:ro,Z" "-v" "/var/lib/crater-agent-workspace/rustup-home:/opt/rustwide/rustup-home:ro,Z" "-e" "SOURCE_DIR=/opt/rustwide/workdir" "-e" "CARGO_TARGET_DIR=/opt/rustwide/target" "-e" "CARGO_INCREMENTAL=0" "-e" "RUST_BACKTRACE=full" "-e" "RUSTFLAGS=--cap-lints=forbid -Zrandomize-layout" "-e" "RUSTDOCFLAGS=--cap-lints=forbid" "-e" "CARGO_HOME=/opt/rustwide/cargo-home" "-e" "RUSTUP_HOME=/opt/rustwide/rustup-home" "-w" "/opt/rustwide/workdir" "-m" "1610612736" "--user" "0:0" "--network" "none" "ghcr.io/rust-lang/crates-build-env/linux@sha256:4a844ea9eb2546a2d2c7022eacef16ef2e8229c7fbb2c7d4d55a9ceca922f72d" "/opt/rustwide/cargo-home/bin/cargo" "+nightly-2024-10-28" "build" "--frozen" "--message-format=json", kill_on_drop: false }`
[INFO] [stdout] b9994bd66f7d5796030727a707f44de936c573090d0a4488b1b445b5f40f0771
[INFO] running `Command { std: "docker" "start" "-a" "b9994bd66f7d5796030727a707f44de936c573090d0a4488b1b445b5f40f0771", kill_on_drop: false }`
[INFO] [stderr]    Compiling libc v0.2.154
[INFO] [stderr]    Compiling once_cell v1.19.0
[INFO] [stderr]    Compiling jobserver v0.1.31
[INFO] [stderr]    Compiling cc v1.0.97
[INFO] [stderr]    Compiling bliss-audio-aubio-sys v0.2.2
[INFO] [stderr]    Compiling bliss-audio-aubio-rs v0.2.2 (/opt/rustwide/workdir)
[INFO] [stderr]     Finished `dev` profile [unoptimized + debuginfo] target(s) in 5.87s
[INFO] running `Command { std: "docker" "inspect" "b9994bd66f7d5796030727a707f44de936c573090d0a4488b1b445b5f40f0771", kill_on_drop: false }`
[INFO] running `Command { std: "docker" "rm" "-f" "b9994bd66f7d5796030727a707f44de936c573090d0a4488b1b445b5f40f0771", kill_on_drop: false }`
[INFO] [stdout] b9994bd66f7d5796030727a707f44de936c573090d0a4488b1b445b5f40f0771
[INFO] running `Command { std: "docker" "create" "-v" "/var/lib/crater-agent-workspace/builds/worker-2-tc2/target:/opt/rustwide/target:rw,Z" "-v" "/var/lib/crater-agent-workspace/builds/worker-2-tc2/source:/opt/rustwide/workdir:ro,Z" "-v" "/var/lib/crater-agent-workspace/cargo-home:/opt/rustwide/cargo-home:ro,Z" "-v" "/var/lib/crater-agent-workspace/rustup-home:/opt/rustwide/rustup-home:ro,Z" "-e" "SOURCE_DIR=/opt/rustwide/workdir" "-e" "CARGO_TARGET_DIR=/opt/rustwide/target" "-e" "CARGO_INCREMENTAL=0" "-e" "RUST_BACKTRACE=full" "-e" "RUSTFLAGS=--cap-lints=forbid -Zrandomize-layout" "-e" "RUSTDOCFLAGS=--cap-lints=forbid" "-e" "CARGO_HOME=/opt/rustwide/cargo-home" "-e" "RUSTUP_HOME=/opt/rustwide/rustup-home" "-w" "/opt/rustwide/workdir" "-m" "1610612736" "--user" "0:0" "--network" "none" "ghcr.io/rust-lang/crates-build-env/linux@sha256:4a844ea9eb2546a2d2c7022eacef16ef2e8229c7fbb2c7d4d55a9ceca922f72d" "/opt/rustwide/cargo-home/bin/cargo" "+nightly-2024-10-28" "test" "--frozen" "--no-run" "--message-format=json", kill_on_drop: false }`
[INFO] [stdout] a325d8cfc42053d7fc983eb42b9bac76b97e49b3418f86f17ccd044febda8ab1
[INFO] running `Command { std: "docker" "start" "-a" "a325d8cfc42053d7fc983eb42b9bac76b97e49b3418f86f17ccd044febda8ab1", kill_on_drop: false }`
[INFO] [stderr]    Compiling hound v3.5.1
[INFO] [stderr]    Compiling bliss-audio-aubio-rs v0.2.2 (/opt/rustwide/workdir)
[INFO] [stderr]     Finished `test` profile [unoptimized + debuginfo] target(s) in 1.08s
[INFO] running `Command { std: "docker" "inspect" "a325d8cfc42053d7fc983eb42b9bac76b97e49b3418f86f17ccd044febda8ab1", kill_on_drop: false }`
[INFO] running `Command { std: "docker" "rm" "-f" "a325d8cfc42053d7fc983eb42b9bac76b97e49b3418f86f17ccd044febda8ab1", kill_on_drop: false }`
[INFO] [stdout] a325d8cfc42053d7fc983eb42b9bac76b97e49b3418f86f17ccd044febda8ab1
[INFO] running `Command { std: "docker" "create" "-v" "/var/lib/crater-agent-workspace/builds/worker-2-tc2/target:/opt/rustwide/target:rw,Z" "-v" "/var/lib/crater-agent-workspace/builds/worker-2-tc2/source:/opt/rustwide/workdir:ro,Z" "-v" "/var/lib/crater-agent-workspace/cargo-home:/opt/rustwide/cargo-home:ro,Z" "-v" "/var/lib/crater-agent-workspace/rustup-home:/opt/rustwide/rustup-home:ro,Z" "-e" "SOURCE_DIR=/opt/rustwide/workdir" "-e" "CARGO_TARGET_DIR=/opt/rustwide/target" "-e" "CARGO_INCREMENTAL=0" "-e" "RUST_BACKTRACE=full" "-e" "RUSTFLAGS=--cap-lints=forbid -Zrandomize-layout" "-e" "RUSTDOCFLAGS=--cap-lints=forbid" "-e" "CARGO_HOME=/opt/rustwide/cargo-home" "-e" "RUSTUP_HOME=/opt/rustwide/rustup-home" "-w" "/opt/rustwide/workdir" "-m" "1610612736" "--user" "0:0" "--network" "none" "ghcr.io/rust-lang/crates-build-env/linux@sha256:4a844ea9eb2546a2d2c7022eacef16ef2e8229c7fbb2c7d4d55a9ceca922f72d" "/opt/rustwide/cargo-home/bin/cargo" "+nightly-2024-10-28" "test" "--frozen", kill_on_drop: false }`
[INFO] [stdout] e3ec6caa9d02ab86b57b18f0175d970938223a630ac5b4b6fdfda5e26995934d
[INFO] running `Command { std: "docker" "start" "-a" "e3ec6caa9d02ab86b57b18f0175d970938223a630ac5b4b6fdfda5e26995934d", kill_on_drop: false }`
[INFO] [stderr]     Finished `test` profile [unoptimized + debuginfo] target(s) in 0.04s
[INFO] [stderr]      Running unittests src/lib.rs (/opt/rustwide/target/debug/deps/bliss_audio_aubio_rs-0133f50538f3e14c)
[INFO] [stdout] 
[INFO] [stdout] running 12 tests
[INFO] [stderr] AUBIO ERROR: onset: got hop_size 0, but can not be < 1
[INFO] [stderr] AUBIO ERROR: onset: got buffer_size 1, but can not be < 2
[INFO] [stderr] AUBIO ERROR: onset: hop size (1024) is larger than win size (512)
[INFO] [stderr] AUBIO ERROR: onset: samplerate (0) can not be < 1
[INFO] [stderr] AUBIO ERROR: fft: can only create with sizes power of two, requested 5, try recompiling aubio with --enable-fftw3
[INFO] [stderr] AUBIO ERROR: pvoc: got hop_size 0, but can not be < 1
[INFO] [stdout] test filterbank::test::test_new_filterbank ... ok
[INFO] [stdout] test onset::test::test ... ok
[INFO] [stdout] test filterbank::test::test_set_coeffs ... ok
[INFO] [stdout] test filterbank::test::test_filterbank_do ... ok
[INFO] [stdout] test onset::test::test_wrong_params ... ok
[INFO] [stdout] test vec::test::test_fmat_non_owned ... ok
[INFO] [stdout] test specdesc::test::test ... ok
[INFO] [stdout] test vec::test::test_from_fmat ... ok
[INFO] [stdout] test pvoc::test::test ... ok
[INFO] [stdout] test vec::test::test_get_sample_fmat_wrong_size ... ok
[INFO] [stdout] test vec::test::test_to_vec ... ok
[INFO] [stdout] test fft::test::test ... ok
[INFO] [stdout] 
[INFO] [stdout] test result: ok. 12 passed; 0 failed; 0 ignored; 0 measured; 0 filtered out; finished in 0.02s
[INFO] [stdout] 
[INFO] [stderr]    Doc-tests bliss_audio_aubio_rs
[INFO] [stdout] 
[INFO] [stdout] running 1 test
[INFO] [stdout] test src/log.rs - log::FnLogger (line 77) ... FAILED
[INFO] [stdout] 
[INFO] [stdout] failures:
[INFO] [stdout] 
[INFO] [stdout] ---- src/log.rs - log::FnLogger (line 77) stdout ----
[INFO] [stdout] error[E0432]: unresolved import `aubio_rs`
[INFO] [stdout]  --> src/log.rs:78:5
[INFO] [stdout]   |
[INFO] [stdout] 3 | use aubio_rs::{Log, FnLogger};
[INFO] [stdout]   |     ^^^^^^^^ use of undeclared crate or module `aubio_rs`
[INFO] [stdout] 
[INFO] [stdout] error: aborting due to 1 previous error
[INFO] [stdout] 
[INFO] [stdout] For more information about this error, try `rustc --explain E0432`.
[INFO] [stdout] Couldn't compile the test.
[INFO] [stdout] 
[INFO] [stdout] failures:
[INFO] [stdout]     src/log.rs - log::FnLogger (line 77)
[INFO] [stdout] 
[INFO] [stdout] test result: FAILED. 0 passed; 1 failed; 0 ignored; 0 measured; 0 filtered out; finished in 0.05s
[INFO] [stdout] 
[INFO] [stderr] error: doctest failed, to rerun pass `--doc`
[INFO] running `Command { std: "docker" "inspect" "e3ec6caa9d02ab86b57b18f0175d970938223a630ac5b4b6fdfda5e26995934d", kill_on_drop: false }`
[INFO] running `Command { std: "docker" "rm" "-f" "e3ec6caa9d02ab86b57b18f0175d970938223a630ac5b4b6fdfda5e26995934d", kill_on_drop: false }`
[INFO] [stdout] e3ec6caa9d02ab86b57b18f0175d970938223a630ac5b4b6fdfda5e26995934d
