[INFO] fetching crate blenvy 0.1.0-alpha.1...
[INFO] testing blenvy-0.1.0-alpha.1 against nightly-2024-10-28 for randomize-layout
[INFO] extracting crate blenvy 0.1.0-alpha.1 into /workspace/builds/worker-4-tc1/source
[INFO] validating manifest of crates.io crate blenvy 0.1.0-alpha.1 on toolchain nightly-2024-10-28
[INFO] running `Command { std: CARGO_HOME="/workspace/cargo-home" RUSTUP_HOME="/workspace/rustup-home" "/workspace/cargo-home/bin/cargo" "+nightly-2024-10-28" "metadata" "--manifest-path" "Cargo.toml" "--no-deps", kill_on_drop: false }`
[INFO] started tweaking crates.io crate blenvy 0.1.0-alpha.1
[INFO] finished tweaking crates.io crate blenvy 0.1.0-alpha.1
[INFO] tweaked toml for crates.io crate blenvy 0.1.0-alpha.1 written to /workspace/builds/worker-4-tc1/source/Cargo.toml
[INFO] running `Command { std: CARGO_HOME="/workspace/cargo-home" RUSTUP_HOME="/workspace/rustup-home" "/workspace/cargo-home/bin/cargo" "+nightly-2024-10-28" "generate-lockfile" "--manifest-path" "Cargo.toml", kill_on_drop: false }`
[INFO] [stderr]     Updating crates.io index
[INFO] [stderr]      Locking 330 packages to latest compatible versions
[INFO] running `Command { std: CARGO_HOME="/workspace/cargo-home" RUSTUP_HOME="/workspace/rustup-home" "/workspace/cargo-home/bin/cargo" "+nightly-2024-10-28" "fetch" "--manifest-path" "Cargo.toml", kill_on_drop: false }`
[INFO] [stderr]  Downloading crates ...
[INFO] [stderr]   Downloaded bevy_dylib v0.14.2
[INFO] [stderr]   Downloaded bevy_common_assets v0.11.0
[INFO] running `Command { std: "docker" "create" "-v" "/var/lib/crater-agent-workspace/builds/worker-4-tc1/target:/opt/rustwide/target:rw,Z" "-v" "/var/lib/crater-agent-workspace/builds/worker-4-tc1/source:/opt/rustwide/workdir:ro,Z" "-v" "/var/lib/crater-agent-workspace/cargo-home:/opt/rustwide/cargo-home:ro,Z" "-v" "/var/lib/crater-agent-workspace/rustup-home:/opt/rustwide/rustup-home:ro,Z" "-e" "SOURCE_DIR=/opt/rustwide/workdir" "-e" "CARGO_TARGET_DIR=/opt/rustwide/target" "-e" "CARGO_HOME=/opt/rustwide/cargo-home" "-e" "RUSTUP_HOME=/opt/rustwide/rustup-home" "-w" "/opt/rustwide/workdir" "-m" "1610612736" "--user" "0:0" "--network" "none" "ghcr.io/rust-lang/crates-build-env/linux@sha256:4a844ea9eb2546a2d2c7022eacef16ef2e8229c7fbb2c7d4d55a9ceca922f72d" "/opt/rustwide/cargo-home/bin/cargo" "+nightly-2024-10-28" "metadata" "--no-deps" "--format-version=1", kill_on_drop: false }`
[INFO] [stdout] d49869d881a62dfc7183409e477a80eeed49dd0eb66448049e283bd9fa388318
[INFO] running `Command { std: "docker" "start" "-a" "d49869d881a62dfc7183409e477a80eeed49dd0eb66448049e283bd9fa388318", kill_on_drop: false }`
[INFO] running `Command { std: "docker" "inspect" "d49869d881a62dfc7183409e477a80eeed49dd0eb66448049e283bd9fa388318", kill_on_drop: false }`
[INFO] running `Command { std: "docker" "rm" "-f" "d49869d881a62dfc7183409e477a80eeed49dd0eb66448049e283bd9fa388318", kill_on_drop: false }`
[INFO] [stdout] d49869d881a62dfc7183409e477a80eeed49dd0eb66448049e283bd9fa388318
[INFO] running `Command { std: "docker" "create" "-v" "/var/lib/crater-agent-workspace/builds/worker-4-tc1/target:/opt/rustwide/target:rw,Z" "-v" "/var/lib/crater-agent-workspace/builds/worker-4-tc1/source:/opt/rustwide/workdir:ro,Z" "-v" "/var/lib/crater-agent-workspace/cargo-home:/opt/rustwide/cargo-home:ro,Z" "-v" "/var/lib/crater-agent-workspace/rustup-home:/opt/rustwide/rustup-home:ro,Z" "-e" "SOURCE_DIR=/opt/rustwide/workdir" "-e" "CARGO_TARGET_DIR=/opt/rustwide/target" "-e" "CARGO_INCREMENTAL=0" "-e" "RUST_BACKTRACE=full" "-e" "RUSTFLAGS=--cap-lints=forbid" "-e" "RUSTDOCFLAGS=--cap-lints=forbid" "-e" "CARGO_HOME=/opt/rustwide/cargo-home" "-e" "RUSTUP_HOME=/opt/rustwide/rustup-home" "-w" "/opt/rustwide/workdir" "-m" "1610612736" "--user" "0:0" "--network" "none" "ghcr.io/rust-lang/crates-build-env/linux@sha256:4a844ea9eb2546a2d2c7022eacef16ef2e8229c7fbb2c7d4d55a9ceca922f72d" "/opt/rustwide/cargo-home/bin/cargo" "+nightly-2024-10-28" "build" "--frozen" "--message-format=json", kill_on_drop: false }`
[INFO] [stdout] 1c1e2bf7a68aec1786551925bb8bf4e0baa9d6c1a827af37cd22e9395014afd5
[INFO] running `Command { std: "docker" "start" "-a" "1c1e2bf7a68aec1786551925bb8bf4e0baa9d6c1a827af37cd22e9395014afd5", kill_on_drop: false }`
[INFO] [stderr]    Compiling proc-macro2 v1.0.89
[INFO] [stderr]    Compiling serde v1.0.214
[INFO] [stderr]    Compiling libc v0.2.161
[INFO] [stderr]    Compiling pin-project-lite v0.2.15
[INFO] [stderr]    Compiling thiserror v1.0.66
[INFO] [stderr]    Compiling cc v1.1.31
[INFO] [stderr]    Compiling regex v1.11.1
[INFO] [stderr]    Compiling futures-lite v2.4.0
[INFO] [stderr]    Compiling event-listener v5.3.1
[INFO] [stderr]    Compiling profiling v1.0.16
[INFO] [stderr]    Compiling serde_json v1.0.132
[INFO] [stderr]    Compiling event-listener-strategy v0.5.2
[INFO] [stderr]    Compiling base64 v0.22.1
[INFO] [stderr]    Compiling async-channel v2.3.1
[INFO] [stderr]    Compiling quote v1.0.37
[INFO] [stderr]    Compiling async-lock v3.4.0
[INFO] [stderr]    Compiling syn v2.0.86
[INFO] [stderr]    Compiling anyhow v1.0.92
[INFO] [stderr]    Compiling async-executor v1.13.1
[INFO] [stderr]    Compiling getrandom v0.2.15
[INFO] [stderr]    Compiling ahash v0.8.11
[INFO] [stderr]    Compiling bevy_tasks v0.14.2
[INFO] [stderr]    Compiling parking_lot_core v0.9.10
[INFO] [stderr]    Compiling uuid v1.11.0
[INFO] [stderr]    Compiling parking_lot v0.12.3
[INFO] [stderr]    Compiling khronos-egl v6.0.0
[INFO] [stderr]    Compiling blocking v1.6.1
[INFO] [stderr]    Compiling blake3 v1.5.4
[INFO] [stderr]    Compiling async-fs v2.1.2
[INFO] [stderr]    Compiling bevy_macro_utils v0.14.2
[INFO] [stderr]    Compiling encase_derive_impl v0.8.0
[INFO] [stderr]    Compiling serde_derive v1.0.214
[INFO] [stderr]    Compiling thiserror-impl v1.0.66
[INFO] [stderr]    Compiling bytemuck_derive v1.8.0
[INFO] [stderr]    Compiling tracing-attributes v0.1.27
[INFO] [stderr]    Compiling bevy_utils_proc_macros v0.14.2
[INFO] [stderr]    Compiling bevy_reflect_derive v0.14.2
[INFO] [stderr]    Compiling bevy_ecs_macros v0.14.2
[INFO] [stderr]    Compiling bevy_derive v0.14.2
[INFO] [stderr]    Compiling encase_derive v0.8.0
[INFO] [stderr]    Compiling bevy_asset_macros v0.14.2
[INFO] [stderr]    Compiling bevy_render_macros v0.14.2
[INFO] [stderr]    Compiling bevy_encase_derive v0.14.2
[INFO] [stderr]    Compiling gltf-derive v1.4.1
[INFO] [stderr]    Compiling tracing v0.1.40
[INFO] [stderr]    Compiling bytemuck v1.19.0
[INFO] [stderr]    Compiling tracing-subscriber v0.3.18
[INFO] [stderr]    Compiling image v0.25.4
[INFO] [stderr]    Compiling bitflags v2.6.0
[INFO] [stderr]    Compiling hashbrown v0.14.5
[INFO] [stderr]    Compiling glam v0.27.0
[INFO] [stderr]    Compiling erased-serde v0.4.5
[INFO] [stderr]    Compiling petgraph v0.6.5
[INFO] [stderr]    Compiling spirv v0.3.0+sdk-1.3.268.0
[INFO] [stderr]    Compiling gpu-alloc-types v0.3.0
[INFO] [stderr]    Compiling wgpu-types v0.20.0
[INFO] [stderr]    Compiling gpu-descriptor-types v0.2.0
[INFO] [stderr]    Compiling gpu-alloc v0.6.0
[INFO] [stderr]    Compiling bevy_utils v0.14.2
[INFO] [stderr]    Compiling gpu-descriptor v0.3.0
[INFO] [stderr]    Compiling ron v0.8.1
[INFO] [stderr]    Compiling gltf-json v1.4.1
[INFO] [stderr]    Compiling naga v0.20.0
[INFO] [stderr]    Compiling gltf v1.4.1
[INFO] [stderr]    Compiling bevy_reflect v0.14.2
[INFO] [stderr]    Compiling encase v0.8.0
[INFO] [stderr]    Compiling hexasphere v12.0.0
[INFO] [stderr]    Compiling bevy_mikktspace v0.14.2
[INFO] [stderr]    Compiling bevy_ecs v0.14.2
[INFO] [stderr]    Compiling bevy_math v0.14.2
[INFO] [stderr]    Compiling wgpu-hal v0.21.1
[INFO] [stderr]    Compiling naga_oil v0.14.0
[INFO] [stderr]    Compiling bevy_color v0.14.3
[INFO] [stderr]    Compiling wgpu-core v0.21.1
[INFO] [stderr]    Compiling bevy_app v0.14.2
[INFO] [stderr]    Compiling bevy_core v0.14.2
[INFO] [stderr]    Compiling bevy_a11y v0.14.2
[INFO] [stderr]    Compiling bevy_time v0.14.2
[INFO] [stderr]    Compiling bevy_window v0.14.2
[INFO] [stderr]    Compiling bevy_hierarchy v0.14.2
[INFO] [stderr]    Compiling bevy_asset v0.14.2
[INFO] [stderr]    Compiling bevy_diagnostic v0.14.2
[INFO] [stderr]    Compiling bevy_transform v0.14.2
[INFO] [stderr]    Compiling bevy_log v0.14.2
[INFO] [stderr]    Compiling bevy_input v0.14.2
[INFO] [stderr]    Compiling wgpu v0.20.1
[INFO] [stderr]    Compiling bevy_render v0.14.2
[INFO] [stderr]    Compiling bevy_core_pipeline v0.14.2
[INFO] [stderr]    Compiling bevy_scene v0.14.2
[INFO] [stderr]    Compiling bevy_animation v0.14.2
[INFO] [stderr]    Compiling bevy_pbr v0.14.2
[INFO] [stderr]    Compiling bevy_gltf v0.14.2
[INFO] [stderr]    Compiling bevy_internal v0.14.2
[INFO] [stderr]    Compiling bevy v0.14.2
[INFO] [stderr]    Compiling bevy_common_assets v0.11.0
[INFO] [stderr]    Compiling blenvy v0.1.0-alpha.1 (/opt/rustwide/workdir)
[INFO] [stderr]     Finished `dev` profile [unoptimized + debuginfo] target(s) in 2m 25s
[INFO] running `Command { std: "docker" "inspect" "1c1e2bf7a68aec1786551925bb8bf4e0baa9d6c1a827af37cd22e9395014afd5", kill_on_drop: false }`
[INFO] running `Command { std: "docker" "rm" "-f" "1c1e2bf7a68aec1786551925bb8bf4e0baa9d6c1a827af37cd22e9395014afd5", kill_on_drop: false }`
[INFO] [stdout] 1c1e2bf7a68aec1786551925bb8bf4e0baa9d6c1a827af37cd22e9395014afd5
[INFO] running `Command { std: "docker" "create" "-v" "/var/lib/crater-agent-workspace/builds/worker-4-tc1/target:/opt/rustwide/target:rw,Z" "-v" "/var/lib/crater-agent-workspace/builds/worker-4-tc1/source:/opt/rustwide/workdir:ro,Z" "-v" "/var/lib/crater-agent-workspace/cargo-home:/opt/rustwide/cargo-home:ro,Z" "-v" "/var/lib/crater-agent-workspace/rustup-home:/opt/rustwide/rustup-home:ro,Z" "-e" "SOURCE_DIR=/opt/rustwide/workdir" "-e" "CARGO_TARGET_DIR=/opt/rustwide/target" "-e" "CARGO_INCREMENTAL=0" "-e" "RUST_BACKTRACE=full" "-e" "RUSTFLAGS=--cap-lints=forbid" "-e" "RUSTDOCFLAGS=--cap-lints=forbid" "-e" "CARGO_HOME=/opt/rustwide/cargo-home" "-e" "RUSTUP_HOME=/opt/rustwide/rustup-home" "-w" "/opt/rustwide/workdir" "-m" "1610612736" "--user" "0:0" "--network" "none" "ghcr.io/rust-lang/crates-build-env/linux@sha256:4a844ea9eb2546a2d2c7022eacef16ef2e8229c7fbb2c7d4d55a9ceca922f72d" "/opt/rustwide/cargo-home/bin/cargo" "+nightly-2024-10-28" "test" "--frozen" "--no-run" "--message-format=json", kill_on_drop: false }`
[INFO] [stdout] 0450d4915084dd4ac04a508a8c575edb81d02bfa9e57d0f4be7c3027eb316f2c
[INFO] running `Command { std: "docker" "start" "-a" "0450d4915084dd4ac04a508a8c575edb81d02bfa9e57d0f4be7c3027eb316f2c", kill_on_drop: false }`
[INFO] [stderr]    Compiling bevy_diagnostic v0.14.2
[INFO] [stderr]    Compiling bevy_render v0.14.2
[INFO] [stderr]    Compiling bevy_core_pipeline v0.14.2
[INFO] [stderr]    Compiling bevy_animation v0.14.2
[INFO] [stderr]    Compiling bevy_scene v0.14.2
[INFO] [stderr]    Compiling bevy_pbr v0.14.2
[INFO] [stderr]    Compiling bevy_gltf v0.14.2
[INFO] [stderr]    Compiling bevy_internal v0.14.2
[INFO] [stderr]    Compiling bevy_dylib v0.14.2
[INFO] [stderr]    Compiling bevy v0.14.2
[INFO] [stderr]    Compiling bevy_common_assets v0.11.0
[INFO] [stderr]    Compiling blenvy v0.1.0-alpha.1 (/opt/rustwide/workdir)
[INFO] [stderr]     Finished `test` profile [unoptimized + debuginfo] target(s) in 1m 15s
[INFO] running `Command { std: "docker" "inspect" "0450d4915084dd4ac04a508a8c575edb81d02bfa9e57d0f4be7c3027eb316f2c", kill_on_drop: false }`
[INFO] running `Command { std: "docker" "rm" "-f" "0450d4915084dd4ac04a508a8c575edb81d02bfa9e57d0f4be7c3027eb316f2c", kill_on_drop: false }`
[INFO] [stdout] 0450d4915084dd4ac04a508a8c575edb81d02bfa9e57d0f4be7c3027eb316f2c
[INFO] running `Command { std: "docker" "create" "-v" "/var/lib/crater-agent-workspace/builds/worker-4-tc1/target:/opt/rustwide/target:rw,Z" "-v" "/var/lib/crater-agent-workspace/builds/worker-4-tc1/source:/opt/rustwide/workdir:ro,Z" "-v" "/var/lib/crater-agent-workspace/cargo-home:/opt/rustwide/cargo-home:ro,Z" "-v" "/var/lib/crater-agent-workspace/rustup-home:/opt/rustwide/rustup-home:ro,Z" "-e" "SOURCE_DIR=/opt/rustwide/workdir" "-e" "CARGO_TARGET_DIR=/opt/rustwide/target" "-e" "CARGO_INCREMENTAL=0" "-e" "RUST_BACKTRACE=full" "-e" "RUSTFLAGS=--cap-lints=forbid" "-e" "RUSTDOCFLAGS=--cap-lints=forbid" "-e" "CARGO_HOME=/opt/rustwide/cargo-home" "-e" "RUSTUP_HOME=/opt/rustwide/rustup-home" "-w" "/opt/rustwide/workdir" "-m" "1610612736" "--user" "0:0" "--network" "none" "ghcr.io/rust-lang/crates-build-env/linux@sha256:4a844ea9eb2546a2d2c7022eacef16ef2e8229c7fbb2c7d4d55a9ceca922f72d" "/opt/rustwide/cargo-home/bin/cargo" "+nightly-2024-10-28" "test" "--frozen", kill_on_drop: false }`
[INFO] [stdout] ecc8c6cad4b43bbe91f376e0ca73d59e3f6334805944e8066577cc21421cac06
[INFO] running `Command { std: "docker" "start" "-a" "ecc8c6cad4b43bbe91f376e0ca73d59e3f6334805944e8066577cc21421cac06", kill_on_drop: false }`
[INFO] [stderr]     Finished `test` profile [unoptimized + debuginfo] target(s) in 1.25s
[INFO] [stderr]      Running unittests src/lib.rs (/opt/rustwide/target/debug/deps/blenvy-7e831f1cac887e12)
[INFO] [stdout] 
[INFO] [stdout] running 0 tests
[INFO] [stdout] 
[INFO] [stdout] test result: ok. 0 passed; 0 failed; 0 ignored; 0 measured; 0 filtered out; finished in 0.00s
[INFO] [stdout] 
[INFO] [stderr]    Doc-tests blenvy
[INFO] [stdout] 
[INFO] [stdout] running 1 test
[INFO] [stdout] test src/components/mod.rs - components::GltfProcessed (line 21) ... FAILED
[INFO] [stdout] 
[INFO] [stdout] failures:
[INFO] [stdout] 
[INFO] [stdout] ---- src/components/mod.rs - components::GltfProcessed (line 21) stdout ----
[INFO] [stdout] error[E0423]: expected value, found struct `ComponentsFromGltfPlugin`
[INFO] [stdout]   --> src/components/mod.rs:31:21
[INFO] [stdout]    |
[INFO] [stdout] 12 |         .add_plugin(ComponentsFromGltfPlugin)
[INFO] [stdout]    |                     ^^^^^^^^^^^^^^^^^^^^^^^^ help: use struct literal syntax instead: `ComponentsFromGltfPlugin {}`
[INFO] [stdout]    |
[INFO] [stdout]   ::: /opt/rustwide/workdir/src/components/mod.rs:63:1
[INFO] [stdout]    |
[INFO] [stdout] 63 | pub struct ComponentsFromGltfPlugin {}
[INFO] [stdout]    | ----------------------------------- `ComponentsFromGltfPlugin` defined here
[INFO] [stdout] 
[INFO] [stdout] error[E0412]: cannot find type `Input` in this scope
[INFO] [stdout]   --> src/components/mod.rs:39:16
[INFO] [stdout]    |
[INFO] [stdout] 20 |   keycode: Res<Input<KeyCode>>,
[INFO] [stdout]    |                ^^^^^ not found in this scope
[INFO] [stdout] 
[INFO] [stdout] error[E0599]: no method named `add_plugin` found for mutable reference `&mut blenvy::App` in the current scope
[INFO] [stdout]   --> src/components/mod.rs:31:10
[INFO] [stdout]    |
[INFO] [stdout] 10 | /    App::new()
[INFO] [stdout] 11 | |         .add_plugins(DefaultPlugins)
[INFO] [stdout] 12 | |         .add_plugin(ComponentsFromGltfPlugin)
[INFO] [stdout]    | |_________-^^^^^^^^^^
[INFO] [stdout]    |
[INFO] [stdout] help: there is a method `add_plugins` with a similar name
[INFO] [stdout]    |
[INFO] [stdout] 12 |         .add_plugins(ComponentsFromGltfPlugin)
[INFO] [stdout]    |          ~~~~~~~~~~~
[INFO] [stdout] 
[INFO] [stderr] error: doctest failed, to rerun pass `--doc`
[INFO] [stdout] error[E0599]: no variant or associated item named `Return` found for enum `blenvy::KeyCode` in the current scope
[INFO] [stdout]   --> src/components/mod.rs:41:34
[INFO] [stdout]    |
[INFO] [stdout] 22 | if keycode.just_pressed(KeyCode::Return) {
[INFO] [stdout]    |                                  ^^^^^^ variant or associated item not found in `KeyCode`
[INFO] [stdout] 
[INFO] [stdout] error: aborting due to 4 previous errors
[INFO] [stdout] 
[INFO] [stdout] Some errors have detailed explanations: E0412, E0423, E0599.
[INFO] [stdout] For more information about an error, try `rustc --explain E0412`.
[INFO] [stdout] Couldn't compile the test.
[INFO] [stdout] 
[INFO] [stdout] failures:
[INFO] [stdout]     src/components/mod.rs - components::GltfProcessed (line 21)
[INFO] [stdout] 
[INFO] [stdout] test result: FAILED. 0 passed; 1 failed; 0 ignored; 0 measured; 0 filtered out; finished in 0.55s
[INFO] [stdout] 
[INFO] running `Command { std: "docker" "inspect" "ecc8c6cad4b43bbe91f376e0ca73d59e3f6334805944e8066577cc21421cac06", kill_on_drop: false }`
[INFO] running `Command { std: "docker" "rm" "-f" "ecc8c6cad4b43bbe91f376e0ca73d59e3f6334805944e8066577cc21421cac06", kill_on_drop: false }`
[INFO] [stdout] ecc8c6cad4b43bbe91f376e0ca73d59e3f6334805944e8066577cc21421cac06
