[INFO] fetching crate blanket 0.4.0...
[INFO] testing blanket-0.4.0 against nightly-2024-10-28+rustflags=-Zrandomize-layout for randomize-layout
[INFO] extracting crate blanket 0.4.0 into /workspace/builds/worker-4-tc2/source
[INFO] validating manifest of crates.io crate blanket 0.4.0 on toolchain nightly-2024-10-28
[INFO] running `Command { std: CARGO_HOME="/workspace/cargo-home" RUSTUP_HOME="/workspace/rustup-home" "/workspace/cargo-home/bin/cargo" "+nightly-2024-10-28" "metadata" "--manifest-path" "Cargo.toml" "--no-deps", kill_on_drop: false }`
[INFO] started tweaking crates.io crate blanket 0.4.0
[INFO] removed 0 missing tests
[INFO] finished tweaking crates.io crate blanket 0.4.0
[INFO] tweaked toml for crates.io crate blanket 0.4.0 written to /workspace/builds/worker-4-tc2/source/Cargo.toml
[INFO] running `Command { std: CARGO_HOME="/workspace/cargo-home" RUSTUP_HOME="/workspace/rustup-home" "/workspace/cargo-home/bin/cargo" "+nightly-2024-10-28" "generate-lockfile" "--manifest-path" "Cargo.toml", kill_on_drop: false }`
[INFO] [stderr]     Updating crates.io index
[INFO] [stderr]      Locking 35 packages to latest compatible versions
[INFO] running `Command { std: CARGO_HOME="/workspace/cargo-home" RUSTUP_HOME="/workspace/rustup-home" "/workspace/cargo-home/bin/cargo" "+nightly-2024-10-28" "fetch" "--manifest-path" "Cargo.toml", kill_on_drop: false }`
[INFO] running `Command { std: "docker" "create" "-v" "/var/lib/crater-agent-workspace/builds/worker-4-tc2/target:/opt/rustwide/target:rw,Z" "-v" "/var/lib/crater-agent-workspace/builds/worker-4-tc2/source:/opt/rustwide/workdir:ro,Z" "-v" "/var/lib/crater-agent-workspace/cargo-home:/opt/rustwide/cargo-home:ro,Z" "-v" "/var/lib/crater-agent-workspace/rustup-home:/opt/rustwide/rustup-home:ro,Z" "-e" "SOURCE_DIR=/opt/rustwide/workdir" "-e" "CARGO_TARGET_DIR=/opt/rustwide/target" "-e" "CARGO_HOME=/opt/rustwide/cargo-home" "-e" "RUSTUP_HOME=/opt/rustwide/rustup-home" "-w" "/opt/rustwide/workdir" "-m" "1610612736" "--user" "0:0" "--network" "none" "ghcr.io/rust-lang/crates-build-env/linux@sha256:4a844ea9eb2546a2d2c7022eacef16ef2e8229c7fbb2c7d4d55a9ceca922f72d" "/opt/rustwide/cargo-home/bin/cargo" "+nightly-2024-10-28" "metadata" "--no-deps" "--format-version=1", kill_on_drop: false }`
[INFO] [stdout] 2689a0d3c30ec09aba25ebabc58ea29d849f2bb97505a9a336fcfe0b22c4811a
[INFO] running `Command { std: "docker" "start" "-a" "2689a0d3c30ec09aba25ebabc58ea29d849f2bb97505a9a336fcfe0b22c4811a", kill_on_drop: false }`
[INFO] running `Command { std: "docker" "inspect" "2689a0d3c30ec09aba25ebabc58ea29d849f2bb97505a9a336fcfe0b22c4811a", kill_on_drop: false }`
[INFO] running `Command { std: "docker" "rm" "-f" "2689a0d3c30ec09aba25ebabc58ea29d849f2bb97505a9a336fcfe0b22c4811a", kill_on_drop: false }`
[INFO] [stdout] 2689a0d3c30ec09aba25ebabc58ea29d849f2bb97505a9a336fcfe0b22c4811a
[INFO] running `Command { std: "docker" "create" "-v" "/var/lib/crater-agent-workspace/builds/worker-4-tc2/target:/opt/rustwide/target:rw,Z" "-v" "/var/lib/crater-agent-workspace/builds/worker-4-tc2/source:/opt/rustwide/workdir:ro,Z" "-v" "/var/lib/crater-agent-workspace/cargo-home:/opt/rustwide/cargo-home:ro,Z" "-v" "/var/lib/crater-agent-workspace/rustup-home:/opt/rustwide/rustup-home:ro,Z" "-e" "SOURCE_DIR=/opt/rustwide/workdir" "-e" "CARGO_TARGET_DIR=/opt/rustwide/target" "-e" "CARGO_INCREMENTAL=0" "-e" "RUST_BACKTRACE=full" "-e" "RUSTFLAGS=--cap-lints=forbid -Zrandomize-layout" "-e" "RUSTDOCFLAGS=--cap-lints=forbid" "-e" "CARGO_HOME=/opt/rustwide/cargo-home" "-e" "RUSTUP_HOME=/opt/rustwide/rustup-home" "-w" "/opt/rustwide/workdir" "-m" "1610612736" "--user" "0:0" "--network" "none" "ghcr.io/rust-lang/crates-build-env/linux@sha256:4a844ea9eb2546a2d2c7022eacef16ef2e8229c7fbb2c7d4d55a9ceca922f72d" "/opt/rustwide/cargo-home/bin/cargo" "+nightly-2024-10-28" "build" "--frozen" "--message-format=json", kill_on_drop: false }`
[INFO] [stdout] 4b60e8347976b32a888d173e71194b3e644f6ff03aead1f0e7cff9356a62de4c
[INFO] running `Command { std: "docker" "start" "-a" "4b60e8347976b32a888d173e71194b3e644f6ff03aead1f0e7cff9356a62de4c", kill_on_drop: false }`
[INFO] [stderr]    Compiling syn v2.0.86
[INFO] [stderr]    Compiling blanket v0.4.0 (/opt/rustwide/workdir)
[INFO] [stderr]     Finished `dev` profile [unoptimized + debuginfo] target(s) in 4.74s
[INFO] running `Command { std: "docker" "inspect" "4b60e8347976b32a888d173e71194b3e644f6ff03aead1f0e7cff9356a62de4c", kill_on_drop: false }`
[INFO] running `Command { std: "docker" "rm" "-f" "4b60e8347976b32a888d173e71194b3e644f6ff03aead1f0e7cff9356a62de4c", kill_on_drop: false }`
[INFO] [stdout] 4b60e8347976b32a888d173e71194b3e644f6ff03aead1f0e7cff9356a62de4c
[INFO] running `Command { std: "docker" "create" "-v" "/var/lib/crater-agent-workspace/builds/worker-4-tc2/target:/opt/rustwide/target:rw,Z" "-v" "/var/lib/crater-agent-workspace/builds/worker-4-tc2/source:/opt/rustwide/workdir:ro,Z" "-v" "/var/lib/crater-agent-workspace/cargo-home:/opt/rustwide/cargo-home:ro,Z" "-v" "/var/lib/crater-agent-workspace/rustup-home:/opt/rustwide/rustup-home:ro,Z" "-e" "SOURCE_DIR=/opt/rustwide/workdir" "-e" "CARGO_TARGET_DIR=/opt/rustwide/target" "-e" "CARGO_INCREMENTAL=0" "-e" "RUST_BACKTRACE=full" "-e" "RUSTFLAGS=--cap-lints=forbid -Zrandomize-layout" "-e" "RUSTDOCFLAGS=--cap-lints=forbid" "-e" "CARGO_HOME=/opt/rustwide/cargo-home" "-e" "RUSTUP_HOME=/opt/rustwide/rustup-home" "-w" "/opt/rustwide/workdir" "-m" "1610612736" "--user" "0:0" "--network" "none" "ghcr.io/rust-lang/crates-build-env/linux@sha256:4a844ea9eb2546a2d2c7022eacef16ef2e8229c7fbb2c7d4d55a9ceca922f72d" "/opt/rustwide/cargo-home/bin/cargo" "+nightly-2024-10-28" "test" "--frozen" "--no-run" "--message-format=json", kill_on_drop: false }`
[INFO] [stdout] 358be1aab22cc916de927086fcfaefee4f5218780e39116dc0ddd131f890adfa
[INFO] running `Command { std: "docker" "start" "-a" "358be1aab22cc916de927086fcfaefee4f5218780e39116dc0ddd131f890adfa", kill_on_drop: false }`
[INFO] [stderr]    Compiling target-triple v0.1.3
[INFO] [stderr]    Compiling winnow v0.6.20
[INFO] [stderr]    Compiling proc-macro2 v1.0.89
[INFO] [stderr]    Compiling glob v0.3.1
[INFO] [stderr]    Compiling impls v1.0.3
[INFO] [stderr]    Compiling static_assertions v1.1.0
[INFO] [stderr]    Compiling quote v1.0.37
[INFO] [stderr]    Compiling syn v2.0.86
[INFO] [stderr]    Compiling toml_edit v0.22.22
[INFO] [stderr]    Compiling toml v0.8.19
[INFO] [stderr]    Compiling serde_derive v1.0.214
[INFO] [stderr]    Compiling blanket v0.4.0 (/opt/rustwide/workdir)
[INFO] [stderr]    Compiling trybuild v1.0.101
[INFO] [stdout] warning: unexpected `cfg` condition name: `tarpaulin`
[INFO] [stdout]  --> tests/fails.rs:4:11
[INFO] [stdout]   |
[INFO] [stdout] 4 | #[cfg(not(tarpaulin))]
[INFO] [stdout]   |           ^^^^^^^^^
[INFO] [stdout]   |
[INFO] [stdout]   = help: expected names are: `clippy`, `debug_assertions`, `doc`, `docsrs`, `doctest`, `feature`, `fmt_debug`, `miri`, `overflow_checks`, `panic`, `proc_macro`, `relocation_model`, `rustfmt`, `sanitize`, `sanitizer_cfi_generalize_pointers`, `sanitizer_cfi_normalize_integers`, `target_abi`, `target_arch`, `target_endian`, `target_env`, `target_family`, `target_feature`, `target_has_atomic`, `target_has_atomic_equal_alignment`, `target_has_atomic_load_store`, `target_os`, `target_pointer_width`, `target_thread_local`, `target_vendor`, `test`, `ub_checks`, `unix`, and `windows`
[INFO] [stdout]   = help: consider using a Cargo feature instead
[INFO] [stdout]   = help: or consider adding in `Cargo.toml` the `check-cfg` lint config for the lint:
[INFO] [stdout]            [lints.rust]
[INFO] [stdout]            unexpected_cfgs = { level = "warn", check-cfg = ['cfg(tarpaulin)'] }
[INFO] [stdout]   = help: or consider adding `println!("cargo::rustc-check-cfg=cfg(tarpaulin)");` to the top of the `build.rs`
[INFO] [stdout]   = note: see <https://doc.rust-lang.org/nightly/rustc/check-cfg/cargo-specifics.html> for more information about checking conditional configuration
[INFO] [stdout]   = note: `#[warn(unexpected_cfgs)]` on by default
[INFO] [stdout] 
[INFO] [stdout] 
[INFO] [stderr]     Finished `test` profile [unoptimized + debuginfo] target(s) in 20.66s
[INFO] running `Command { std: "docker" "inspect" "358be1aab22cc916de927086fcfaefee4f5218780e39116dc0ddd131f890adfa", kill_on_drop: false }`
[INFO] running `Command { std: "docker" "rm" "-f" "358be1aab22cc916de927086fcfaefee4f5218780e39116dc0ddd131f890adfa", kill_on_drop: false }`
[INFO] [stdout] 358be1aab22cc916de927086fcfaefee4f5218780e39116dc0ddd131f890adfa
[INFO] running `Command { std: "docker" "create" "-v" "/var/lib/crater-agent-workspace/builds/worker-4-tc2/target:/opt/rustwide/target:rw,Z" "-v" "/var/lib/crater-agent-workspace/builds/worker-4-tc2/source:/opt/rustwide/workdir:ro,Z" "-v" "/var/lib/crater-agent-workspace/cargo-home:/opt/rustwide/cargo-home:ro,Z" "-v" "/var/lib/crater-agent-workspace/rustup-home:/opt/rustwide/rustup-home:ro,Z" "-e" "SOURCE_DIR=/opt/rustwide/workdir" "-e" "CARGO_TARGET_DIR=/opt/rustwide/target" "-e" "CARGO_INCREMENTAL=0" "-e" "RUST_BACKTRACE=full" "-e" "RUSTFLAGS=--cap-lints=forbid -Zrandomize-layout" "-e" "RUSTDOCFLAGS=--cap-lints=forbid" "-e" "CARGO_HOME=/opt/rustwide/cargo-home" "-e" "RUSTUP_HOME=/opt/rustwide/rustup-home" "-w" "/opt/rustwide/workdir" "-m" "1610612736" "--user" "0:0" "--network" "none" "ghcr.io/rust-lang/crates-build-env/linux@sha256:4a844ea9eb2546a2d2c7022eacef16ef2e8229c7fbb2c7d4d55a9ceca922f72d" "/opt/rustwide/cargo-home/bin/cargo" "+nightly-2024-10-28" "test" "--frozen", kill_on_drop: false }`
[INFO] [stdout] 158caca8ec8ab6373e8c9978abd683c502f28149486d0a19104a445552dcf1c5
[INFO] running `Command { std: "docker" "start" "-a" "158caca8ec8ab6373e8c9978abd683c502f28149486d0a19104a445552dcf1c5", kill_on_drop: false }`
[INFO] [stderr] warning: unexpected `cfg` condition name: `tarpaulin`
[INFO] [stderr]  --> tests/fails.rs:4:11
[INFO] [stderr]   |
[INFO] [stderr] 4 | #[cfg(not(tarpaulin))]
[INFO] [stderr]   |           ^^^^^^^^^
[INFO] [stderr]   |
[INFO] [stderr]   = help: expected names are: `clippy`, `debug_assertions`, `doc`, `docsrs`, `doctest`, `feature`, `fmt_debug`, `miri`, `overflow_checks`, `panic`, `proc_macro`, `relocation_model`, `rustfmt`, `sanitize`, `sanitizer_cfi_generalize_pointers`, `sanitizer_cfi_normalize_integers`, `target_abi`, `target_arch`, `target_endian`, `target_env`, `target_family`, `target_feature`, `target_has_atomic`, `target_has_atomic_equal_alignment`, `target_has_atomic_load_store`, `target_os`, `target_pointer_width`, `target_thread_local`, `target_vendor`, `test`, `ub_checks`, `unix`, and `windows`
[INFO] [stderr]   = help: consider using a Cargo feature instead
[INFO] [stderr]   = help: or consider adding in `Cargo.toml` the `check-cfg` lint config for the lint:
[INFO] [stderr]            [lints.rust]
[INFO] [stderr]            unexpected_cfgs = { level = "warn", check-cfg = ['cfg(tarpaulin)'] }
[INFO] [stderr]   = help: or consider adding `println!("cargo::rustc-check-cfg=cfg(tarpaulin)");` to the top of the `build.rs`
[INFO] [stderr]   = note: see <https://doc.rust-lang.org/nightly/rustc/check-cfg/cargo-specifics.html> for more information about checking conditional configuration
[INFO] [stderr]   = note: `#[warn(unexpected_cfgs)]` on by default
[INFO] [stderr] 
[INFO] [stderr] warning: `blanket` (test "fails") generated 1 warning
[INFO] [stderr]     Finished `test` profile [unoptimized + debuginfo] target(s) in 0.05s
[INFO] [stderr]      Running unittests src/lib.rs (/opt/rustwide/target/debug/deps/blanket-b12df6f7228a6043)
[INFO] [stdout] 
[INFO] [stdout] running 91 tests
[INFO] [stdout] test types::arc::tests::derive::associated_type_generics ... ok
[INFO] [stdout] test types::arc::tests::derive::associated_type_generics_bounded ... ok
[INFO] [stdout] test types::arc::tests::derive::associated_types ... ok
[INFO] [stdout] test types::arc::tests::derive::associated_types_and_generics ... ok
[INFO] [stdout] test types::arc::tests::derive::associated_types_dodgy_name ... ok
[INFO] [stdout] test types::arc::tests::derive::empty ... ok
[INFO] [stdout] test types::arc::tests::derive::generics_bounded ... ok
[INFO] [stdout] test types::arc::tests::derive::generics ... ok
[INFO] [stdout] test types::arc::tests::derive::associated_types_bound ... ok
[INFO] [stdout] test types::arc::tests::derive::associated_types_attrs ... ok
[INFO] [stdout] test types::arc::tests::derive::receiver_self ... ok
[INFO] [stdout] test types::arc::tests::derive::receiver_arbitrary ... ok
[INFO] [stdout] test types::cow::tests::derive::receiver_mut ... ok
[INFO] [stdout] test types::arc::tests::derive::receiver_mut ... ok
[INFO] [stdout] test types::arc::tests::derive::receiver_ref ... ok
[INFO] [stdout] test types::cow::tests::derive::generics ... ok
[INFO] [stdout] test types::cow::tests::derive::receiver_arbitrary ... ok
[INFO] [stdout] test types::arc::tests::derive::generics_lifetime ... ok
[INFO] [stdout] test types::cow::tests::derive::empty ... ok
[INFO] [stdout] test types::cow::tests::derive::receiver_ref ... ok
[INFO] [stdout] test types::arc::tests::derive::associated_type_generics_lifetimes ... ok
[INFO] [stdout] test types::r#box::tests::derive::associated_type_generics ... ok
[INFO] [stdout] test types::r#box::tests::derive::associated_type_generics_lifetimes ... ok
[INFO] [stdout] test types::r#box::tests::derive::associated_types_bound ... ok
[INFO] [stdout] test types::r#box::tests::derive::associated_types ... ok
[INFO] [stdout] test types::r#box::tests::derive::associated_types_attrs ... ok
[INFO] [stdout] test types::r#box::tests::derive::associated_type_generics_bounded ... ok
[INFO] [stdout] test types::cow::tests::derive::receiver_self ... ok
[INFO] [stdout] test types::r#box::tests::derive::empty ... ok
[INFO] [stdout] test types::r#box::tests::derive::associated_types_dodgy_name ... ok
[INFO] [stdout] test types::r#box::tests::derive::associated_types_and_generics ... ok
[INFO] [stdout] test types::r#box::tests::derive::generics_bounded ... ok
[INFO] [stdout] test types::r#box::tests::derive::generics_lifetime ... ok
[INFO] [stdout] test types::r#box::tests::derive::receiver_mut ... ok
[INFO] [stdout] test types::r#box::tests::derive::receiver_self ... ok
[INFO] [stdout] test types::r#box::tests::derive::receiver_arbitrary ... ok
[INFO] [stdout] test types::r#mut::tests::derive::associated_types ... ok
[INFO] [stdout] test types::r#mut::tests::derive::associated_type_generics_lifetimes ... ok
[INFO] [stdout] test types::r#mut::tests::derive::associated_types_attrs ... ok
[INFO] [stdout] test types::r#mut::tests::derive::associated_types_and_generics ... ok
[INFO] [stdout] test types::r#mut::tests::derive::associated_types_bound ... ok
[INFO] [stdout] test types::r#mut::tests::derive::generics_bounded ... ok
[INFO] [stdout] test types::r#mut::tests::derive::generics ... ok
[INFO] [stdout] test types::r#mut::tests::derive::empty ... ok
[INFO] [stdout] test types::r#mut::tests::derive::associated_types_dodgy_name ... ok
[INFO] [stdout] test types::r#box::tests::derive::receiver_ref ... ok
[INFO] [stdout] test types::r#mut::tests::derive::generics_lifetime ... ok
[INFO] [stdout] test types::r#mut::tests::derive::receiver_self ... ok
[INFO] [stdout] test types::r#box::tests::derive::generics ... ok
[INFO] [stdout] test types::r#mut::tests::derive::associated_type_generics ... ok
[INFO] [stdout] test types::r#mut::tests::derive::receiver_mut ... ok
[INFO] [stdout] test types::r#mut::tests::derive::receiver_arbitrary ... ok
[INFO] [stdout] test types::r#mut::tests::derive::associated_type_generics_bounded ... ok
[INFO] [stdout] test types::r#ref::tests::derive::associated_function_generics ... ok
[INFO] [stdout] test types::r#ref::tests::derive::associated_function ... ok
[INFO] [stdout] test types::r#ref::tests::derive::associated_function_return_type ... ok
[INFO] [stdout] test types::r#ref::tests::derive::associated_type_generics ... ok
[INFO] [stdout] test types::r#ref::tests::derive::associated_type_generics_bounded ... ok
[INFO] [stdout] test types::r#ref::tests::derive::associated_types ... ok
[INFO] [stdout] test types::r#ref::tests::derive::associated_types_bound ... ok
[INFO] [stdout] test types::r#ref::tests::derive::generics ... ok
[INFO] [stdout] test types::r#ref::tests::derive::associated_types_attrs ... ok
[INFO] [stdout] test types::r#ref::tests::derive::associated_types_dodgy_name ... ok
[INFO] [stdout] test types::r#ref::tests::derive::associated_type_generics_lifetimes ... ok
[INFO] [stdout] test types::r#ref::tests::derive::generics_bounded ... ok
[INFO] [stdout] test types::r#ref::tests::derive::associated_types_and_generics ... ok
[INFO] [stdout] test types::r#ref::tests::derive::empty ... ok
[INFO] [stdout] test types::r#ref::tests::derive::receiver_arbitrary ... ok
[INFO] [stdout] test types::r#ref::tests::derive::receiver_mut ... ok
[INFO] [stdout] test types::rc::tests::derive::associated_type_generics_bounded ... ok
[INFO] [stdout] test types::r#ref::tests::derive::receiver_ref ... ok
[INFO] [stdout] test types::r#ref::tests::derive::receiver_self ... ok
[INFO] [stdout] test types::rc::tests::derive::associated_type_generics ... ok
[INFO] [stdout] test types::rc::tests::derive::associated_type_generics_lifetimes ... ok
[INFO] [stdout] test types::r#ref::tests::derive::generics_lifetime ... ok
[INFO] [stdout] test types::rc::tests::derive::associated_types ... ok
[INFO] [stdout] test types::rc::tests::derive::associated_types_and_generics ... ok
[INFO] [stdout] test types::rc::tests::derive::associated_types_dodgy_name ... ok
[INFO] [stdout] test types::rc::tests::derive::generics_lifetime ... ok
[INFO] [stdout] test types::rc::tests::derive::empty ... ok
[INFO] [stdout] test types::rc::tests::derive::associated_types_attrs ... ok
[INFO] [stdout] test types::rc::tests::derive::associated_types_bound ... ok
[INFO] [stdout] test types::rc::tests::derive::receiver_arbitrary ... ok
[INFO] [stdout] test types::rc::tests::derive::generics ... ok
[INFO] [stdout] test types::rc::tests::derive::generics_bounded ... ok
[INFO] [stdout] test utils::tests::prepend_function_path ... ok
[INFO] [stdout] test utils::tests::trait_to_generic_ident ... ok
[INFO] [stdout] test types::rc::tests::derive::receiver_self ... ok
[INFO] [stdout] test types::rc::tests::derive::receiver_ref ... ok
[INFO] [stdout] test types::rc::tests::derive::receiver_mut ... ok
[INFO] [stdout] test utils::tests::deref_expr ... ok
[INFO] [stdout] 
[INFO] [stdout] test result: ok. 91 passed; 0 failed; 0 ignored; 0 measured; 0 filtered out; finished in 0.08s
[INFO] [stdout] 
[INFO] [stderr]      Running tests/char_visitor.rs (/opt/rustwide/target/debug/deps/char_visitor-ce67dba64b6b9b43)
[INFO] [stdout] 
[INFO] [stdout] running 2 tests
[INFO] [stdout] test test_overload ... ok
[INFO] [stdout] test test_default ... ok
[INFO] [stdout] 
[INFO] [stdout] test result: ok. 2 passed; 0 failed; 0 ignored; 0 measured; 0 filtered out; finished in 0.01s
[INFO] [stdout] 
[INFO] [stderr]      Running tests/derive_arc/mod.rs (/opt/rustwide/target/debug/deps/derive_arc-2310429b3693a1bc)
[INFO] [stderr]    Compiling proc-macro2 v1.0.89
[INFO] [stderr]    Compiling unicode-ident v1.0.13
[INFO] [stderr]    Compiling impls v1.0.3
[INFO] [stderr]    Compiling static_assertions v1.1.0
[INFO] [stderr]    Compiling quote v1.0.37
[INFO] [stderr]    Compiling syn v2.0.86
[INFO] [stderr]    Compiling blanket v0.4.0 (/opt/rustwide/workdir)
[INFO] [stderr]    Compiling blanket-tests v0.0.0 (/opt/rustwide/target/tests/trybuild/blanket)
[INFO] [stderr]     Finished `dev` profile [unoptimized + debuginfo] target(s) in 8.61s
[INFO] [stderr] 
[INFO] [stderr] 
[INFO] [stderr] test tests/derive_arc/fails/noderive.rs [should fail to compile] ... ok
[INFO] [stderr] test tests/derive_arc/fails/receiver_box.rs [should fail to compile] ... ok
[INFO] [stderr] test tests/derive_arc/fails/receiver_mut.rs [should fail to compile] ... ok
[INFO] [stderr] test tests/derive_arc/fails/receiver_self.rs [should fail to compile] ... ok
[INFO] [stderr] test tests/derive_arc/successes/assoc_function.rs [should pass] ... ok
[INFO] [stderr] test tests/derive_arc/successes/assoc_function_rettype.rs [should pass] ... ok
[INFO] [stderr] test tests/derive_arc/successes/assoc_type.rs [should pass] ... ok
[INFO] [stderr] test tests/derive_arc/successes/async_assoc_function.rs [should pass] ... ok
[INFO] [stderr] test tests/derive_arc/successes/async_method.rs [should pass] ... ok
[INFO] [stderr] test tests/derive_arc/successes/receiver_ref.rs [should pass] ... ok
[INFO] [stderr] test tests/derive_arc/successes/trait_generics.rs [should pass] ... ok
[INFO] [stderr] test tests/derive_arc/successes/where_clause_assoc_fn.rs [should pass] ... ok
[INFO] [stderr] 
[INFO] [stderr] 
[INFO] [stderr]      Running tests/derive_box/mod.rs (/opt/rustwide/target/debug/deps/derive_box-41a510c868cd2ce7)
[INFO] [stderr]    Compiling blanket-tests v0.0.0 (/opt/rustwide/target/tests/trybuild/blanket)
[INFO] [stderr]     Finished `dev` profile [unoptimized + debuginfo] target(s) in 0.12s
[INFO] [stderr] 
[INFO] [stderr] 
[INFO] [stderr] test tests/derive_box/fails/noderive.rs [should fail to compile] ... ok
[INFO] [stderr] test tests/derive_box/fails/unsized_type_self_receiver.rs [should fail to compile] ... ok
[INFO] [stderr] test tests/derive_box/successes/assoc_function.rs [should pass] ... ok
[INFO] [stderr] test tests/derive_box/successes/assoc_function_rettype.rs [should pass] ... ok
[INFO] [stderr] test tests/derive_box/successes/assoc_type.rs [should pass] ... ok
[INFO] [stderr] test tests/derive_box/successes/async_assoc_function.rs [should pass] ... ok
[INFO] [stderr] test tests/derive_box/successes/async_method.rs [should pass] ... ok
[INFO] [stderr] test tests/derive_box/successes/receiver_mix.rs [should pass] ... ok
[INFO] [stderr] test tests/derive_box/successes/receiver_mut.rs [should pass] ... ok
[INFO] [stderr] test tests/derive_box/successes/receiver_ref.rs [should pass] ... ok
[INFO] [stderr] test tests/derive_box/successes/receiver_self.rs [should pass] ... ok
[INFO] [stderr] test tests/derive_box/successes/trait_generics.rs [should pass] ... ok
[INFO] [stderr] test tests/derive_box/successes/trait_generics_bounded.rs [should pass] ... ok
[INFO] [stderr] 
[INFO] [stderr] WARNINGS:
[INFO] [stderr] ┈┈┈┈┈┈┈┈┈┈┈┈┈┈┈┈┈┈┈┈┈┈┈┈┈┈┈┈┈┈┈┈┈┈┈┈┈┈┈┈┈┈┈┈┈┈┈┈┈┈┈┈┈┈┈┈┈┈┈┈
[INFO] [stderr] warning: the feature `associated_type_bounds` has been stable since 1.79.0 and no longer requires an attribute to enable
[INFO] [stderr]  --> tests/derive_box/successes/trait_generics_bounded.rs:1:12
[INFO] [stderr]   |
[INFO] [stderr] 1 | #![feature(associated_type_bounds)]
[INFO] [stderr]   |            ^^^^^^^^^^^^^^^^^^^^^^
[INFO] [stderr]   |
[INFO] [stderr]   = note: `#[warn(stable_features)]` on by default
[INFO] [stderr] ┈┈┈┈┈┈┈┈┈┈┈┈┈┈┈┈┈┈┈┈┈┈┈┈┈┈┈┈┈┈┈┈┈┈┈┈┈┈┈┈┈┈┈┈┈┈┈┈┈┈┈┈┈┈┈┈┈┈┈┈
[INFO] [stderr] 
[INFO] [stderr] STDERR:
[INFO] [stderr] ┈┈┈┈┈┈┈┈┈┈┈┈┈┈┈┈┈┈┈┈┈┈┈┈┈┈┈┈┈┈┈┈┈┈┈┈┈┈┈┈┈┈┈┈┈┈┈┈┈┈┈┈┈┈┈┈┈┈┈┈
[INFO] [stderr] warning: the feature `associated_type_bounds` has been stable since 1.79.0 and no longer requires an attribute to enable
[INFO] [stderr]  --> /opt/rustwide/workdir/tests/derive_box/successes/trait_generics_bounded.rs:1:12
[INFO] [stderr]   |
[INFO] [stderr] 1 | #![feature(associated_type_bounds)]
[INFO] [stderr]   |            ^^^^^^^^^^^^^^^^^^^^^^
[INFO] [stderr]   |
[INFO] [stderr]   = note: `#[warn(stable_features)]` on by default
[INFO] [stderr] ┈┈┈┈┈┈┈┈┈┈┈┈┈┈┈┈┈┈┈┈┈┈┈┈┈┈┈┈┈┈┈┈┈┈┈┈┈┈┈┈┈┈┈┈┈┈┈┈┈┈┈┈┈┈┈┈┈┈┈┈
[INFO] [stderr] 
[INFO] [stderr] test tests/derive_box/successes/trait_generics_lifetime.rs [should pass] ... ok
[INFO] [stderr] 
[INFO] [stderr] WARNINGS:
[INFO] [stderr] ┈┈┈┈┈┈┈┈┈┈┈┈┈┈┈┈┈┈┈┈┈┈┈┈┈┈┈┈┈┈┈┈┈┈┈┈┈┈┈┈┈┈┈┈┈┈┈┈┈┈┈┈┈┈┈┈┈┈┈┈
[INFO] [stderr] warning: the feature `associated_type_bounds` has been stable since 1.79.0 and no longer requires an attribute to enable
[INFO] [stderr]  --> tests/derive_box/successes/trait_generics_lifetime.rs:1:12
[INFO] [stderr]   |
[INFO] [stderr] 1 | #![feature(associated_type_bounds)]
[INFO] [stderr]   |            ^^^^^^^^^^^^^^^^^^^^^^
[INFO] [stderr]   |
[INFO] [stderr]   = note: `#[warn(stable_features)]` on by default
[INFO] [stderr] ┈┈┈┈┈┈┈┈┈┈┈┈┈┈┈┈┈┈┈┈┈┈┈┈┈┈┈┈┈┈┈┈┈┈┈┈┈┈┈┈┈┈┈┈┈┈┈┈┈┈┈┈┈┈┈┈┈┈┈┈
[INFO] [stderr] 
[INFO] [stderr] STDERR:
[INFO] [stderr] ┈┈┈┈┈┈┈┈┈┈┈┈┈┈┈┈┈┈┈┈┈┈┈┈┈┈┈┈┈┈┈┈┈┈┈┈┈┈┈┈┈┈┈┈┈┈┈┈┈┈┈┈┈┈┈┈┈┈┈┈
[INFO] [stderr] warning: the feature `associated_type_bounds` has been stable since 1.79.0 and no longer requires an attribute to enable
[INFO] [stderr]  --> /opt/rustwide/workdir/tests/derive_box/successes/trait_generics_lifetime.rs:1:12
[INFO] [stderr]   |
[INFO] [stderr] 1 | #![feature(associated_type_bounds)]
[INFO] [stderr]   |            ^^^^^^^^^^^^^^^^^^^^^^
[INFO] [stderr]   |
[INFO] [stderr]   = note: `#[warn(stable_features)]` on by default
[INFO] [stderr] ┈┈┈┈┈┈┈┈┈┈┈┈┈┈┈┈┈┈┈┈┈┈┈┈┈┈┈┈┈┈┈┈┈┈┈┈┈┈┈┈┈┈┈┈┈┈┈┈┈┈┈┈┈┈┈┈┈┈┈┈
[INFO] [stderr] 
[INFO] [stderr] test tests/derive_box/successes/unsized_type.rs [should pass] ... ok
[INFO] [stderr] test tests/derive_box/successes/where_clause_assoc_fn.rs [should pass] ... ok
[INFO] [stderr] 
[INFO] [stderr] 
[INFO] [stderr]      Running tests/derive_cow/mod.rs (/opt/rustwide/target/debug/deps/derive_cow-8aaf9f205d3f1b05)
[INFO] [stderr]    Compiling blanket-tests v0.0.0 (/opt/rustwide/target/tests/trybuild/blanket)
[INFO] [stderr]     Finished `dev` profile [unoptimized + debuginfo] target(s) in 0.15s
[INFO] [stderr] 
[INFO] [stderr] 
[INFO] [stderr] test tests/derive_cow/successes/assoc_function.rs ... ok
[INFO] [stderr] test tests/derive_cow/successes/assoc_function_rettype.rs ... ok
[INFO] [stderr] test tests/derive_cow/successes/assoc_type.rs ... ok
[INFO] [stderr] test tests/derive_cow/successes/async_assoc_function.rs ... ok
[INFO] [stderr] test tests/derive_cow/successes/async_method.rs ... ok
[INFO] [stderr] test tests/derive_cow/successes/receiver_ref.rs ... ok
[INFO] [stderr] test tests/derive_cow/successes/trait_generics.rs ... ok
[INFO] [stderr] test tests/derive_cow/successes/where_clause_assoc_fn.rs ... ok
[INFO] [stderr] 
[INFO] [stderr] 
[INFO] [stderr]      Running tests/derive_mut/mod.rs (/opt/rustwide/target/debug/deps/derive_mut-a8d4a150e4688304)
[INFO] [stderr]    Compiling blanket-tests v0.0.0 (/opt/rustwide/target/tests/trybuild/blanket)
[INFO] [stderr]     Finished `dev` profile [unoptimized + debuginfo] target(s) in 0.15s
[INFO] [stderr] 
[INFO] [stderr] 
[INFO] [stderr] test tests/derive_mut/fails/noderive.rs [should fail to compile] ... ok
[INFO] [stderr] test tests/derive_mut/fails/receiver_box.rs [should fail to compile] ... ok
[INFO] [stderr] test tests/derive_mut/fails/receiver_self.rs [should fail to compile] ... ok
[INFO] [stderr] test tests/derive_mut/successes/assoc_function.rs [should pass] ... ok
[INFO] [stderr] test tests/derive_mut/successes/assoc_function_rettype.rs [should pass] ... ok
[INFO] [stderr] test tests/derive_mut/successes/assoc_type.rs [should pass] ... ok
[INFO] [stderr] test tests/derive_mut/successes/receiver_mix.rs [should pass] ... ok
[INFO] [stderr] test tests/derive_mut/successes/receiver_mut.rs [should pass] ... ok
[INFO] [stderr] test tests/derive_mut/successes/receiver_ref.rs [should pass] ... ok
[INFO] [stderr] test tests/derive_mut/successes/trait_generics.rs [should pass] ... ok
[INFO] [stderr] test tests/derive_mut/successes/where_clause_assoc_fn.rs [should pass] ... ok
[INFO] [stderr] 
[INFO] [stderr] 
[INFO] [stderr]      Running tests/derive_rc/mod.rs (/opt/rustwide/target/debug/deps/derive_rc-9e6007851c8acffc)
[INFO] [stderr]    Compiling blanket-tests v0.0.0 (/opt/rustwide/target/tests/trybuild/blanket)
[INFO] [stderr]     Finished `dev` profile [unoptimized + debuginfo] target(s) in 0.11s
[INFO] [stderr] 
[INFO] [stderr] 
[INFO] [stderr] test tests/derive_rc/fails/noderive.rs [should fail to compile] ... ok
[INFO] [stderr] test tests/derive_rc/fails/receiver_box.rs [should fail to compile] ... ok
[INFO] [stderr] test tests/derive_rc/fails/receiver_mut.rs [should fail to compile] ... ok
[INFO] [stderr] test tests/derive_rc/fails/receiver_self.rs [should fail to compile] ... ok
[INFO] [stderr] test tests/derive_rc/successes/assoc_function.rs [should pass] ... ok
[INFO] [stderr] test tests/derive_rc/successes/assoc_function_rettype.rs [should pass] ... ok
[INFO] [stderr] test tests/derive_rc/successes/assoc_type.rs [should pass] ... ok
[INFO] [stderr] test tests/derive_rc/successes/async_assoc_function.rs [should pass] ... ok
[INFO] [stderr] test tests/derive_rc/successes/async_method.rs [should pass] ... ok
[INFO] [stderr] test tests/derive_rc/successes/receiver_ref.rs [should pass] ... ok
[INFO] [stderr] test tests/derive_rc/successes/trait_generics.rs [should pass] ... ok
[INFO] [stderr] test tests/derive_rc/successes/where_clause_assoc_fn.rs [should pass] ... ok
[INFO] [stderr] 
[INFO] [stderr] 
[INFO] [stderr]      Running tests/derive_ref/mod.rs (/opt/rustwide/target/debug/deps/derive_ref-f02aab05f5a4f4dc)
[INFO] [stderr]    Compiling blanket-tests v0.0.0 (/opt/rustwide/target/tests/trybuild/blanket)
[INFO] [stderr]     Finished `dev` profile [unoptimized + debuginfo] target(s) in 0.07s
[INFO] [stderr] 
[INFO] [stderr] 
[INFO] [stderr] test tests/derive_ref/fails/assoc_function_self.rs [should fail to compile] ... mismatch
[INFO] [stderr] 
[INFO] [stderr] EXPECTED:
[INFO] [stderr] ┈┈┈┈┈┈┈┈┈┈┈┈┈┈┈┈┈┈┈┈┈┈┈┈┈┈┈┈┈┈┈┈┈┈┈┈┈┈┈┈┈┈┈┈┈┈┈┈┈┈┈┈┈┈┈┈┈┈┈┈
[INFO] [stderr] error[E0308]: mismatched types
[INFO] [stderr]  --> tests/derive_ref/fails/assoc_function_self.rs:4:1
[INFO] [stderr]   |
[INFO] [stderr] 4 | #[blanket(derive(Ref))]
[INFO] [stderr]   | ^^^^^^^^^^^^^^^^^^^^^^^ expected `&MD`, found type parameter `MD`
[INFO] [stderr] 5 | pub trait MyDefault {
[INFO] [stderr]   |           --------- found this type parameter
[INFO] [stderr] 6 |     fn default() -> Self;
[INFO] [stderr]   |                     ---- expected `&MD` because of return type
[INFO] [stderr]   |
[INFO] [stderr]   = note:   expected reference `&_`
[INFO] [stderr]           found type parameter `_`
[INFO] [stderr]   = note: this error originates in the attribute macro `blanket` (in Nightly builds, run with -Z macro-backtrace for more info)
[INFO] [stderr] 
[INFO] [stderr] error[E0277]: the size for values of type `MD` cannot be known at compilation time
[INFO] [stderr]  --> tests/derive_ref/fails/assoc_function_self.rs:4:1
[INFO] [stderr]   |
[INFO] [stderr] 4 | #[blanket(derive(Ref))]
[INFO] [stderr]   | ^^^^^^^^^^^^^^^^^^^^^^^ doesn't have a size known at compile-time
[INFO] [stderr] 5 | pub trait MyDefault {
[INFO] [stderr]   |           --------- this type parameter needs to be `Sized`
[INFO] [stderr]   |
[INFO] [stderr]   = note: the return type of a function must have a statically known size
[INFO] [stderr]   = note: this error originates in the attribute macro `blanket` (in Nightly builds, run with -Z macro-backtrace for more info)
[INFO] [stderr] help: consider removing the `?Sized` bound to make the type parameter `Sized`
[INFO] [stderr]   |
[INFO] [stderr] 4 - #[blanket(derive(Ref))]
[INFO] [stderr]   |
[INFO] [stderr] ┈┈┈┈┈┈┈┈┈┈┈┈┈┈┈┈┈┈┈┈┈┈┈┈┈┈┈┈┈┈┈┈┈┈┈┈┈┈┈┈┈┈┈┈┈┈┈┈┈┈┈┈┈┈┈┈┈┈┈┈
[INFO] [stderr] 
[INFO] [stderr] ACTUAL OUTPUT:
[INFO] [stderr] ┈┈┈┈┈┈┈┈┈┈┈┈┈┈┈┈┈┈┈┈┈┈┈┈┈┈┈┈┈┈┈┈┈┈┈┈┈┈┈┈┈┈┈┈┈┈┈┈┈┈┈┈┈┈┈┈┈┈┈┈
[INFO] [stderr] error[E0308]: mismatched types
[INFO] [stderr]  --> tests/derive_ref/fails/assoc_function_self.rs:4:1
[INFO] [stderr]   |
[INFO] [stderr] 4 | #[blanket(derive(Ref))]
[INFO] [stderr]   | ^^^^^^^^^^^^^^^^^^^^^^^ expected `&MD`, found type parameter `MD`
[INFO] [stderr] 5 | pub trait MyDefault {
[INFO] [stderr]   |           --------- found this type parameter
[INFO] [stderr] 6 |     fn default() -> Self;
[INFO] [stderr]   |                     ---- expected `&MD` because of return type
[INFO] [stderr]   |
[INFO] [stderr]   = note:   expected reference `&MD`
[INFO] [stderr]           found type parameter `MD`
[INFO] [stderr]   = note: this error originates in the attribute macro `blanket` (in Nightly builds, run with -Z macro-backtrace for more info)
[INFO] [stderr] 
[INFO] [stderr] error[E0277]: the size for values of type `MD` cannot be known at compilation time
[INFO] [stderr]  --> tests/derive_ref/fails/assoc_function_self.rs:4:1
[INFO] [stderr]   |
[INFO] [stderr] 4 | #[blanket(derive(Ref))]
[INFO] [stderr]   | ^^^^^^^^^^^^^^^^^^^^^^^ doesn't have a size known at compile-time
[INFO] [stderr] 5 | pub trait MyDefault {
[INFO] [stderr]   |           --------- this type parameter needs to be `Sized`
[INFO] [stderr]   |
[INFO] [stderr]   = note: the return type of a function must have a statically known size
[INFO] [stderr]   = note: this error originates in the attribute macro `blanket` (in Nightly builds, run with -Z macro-backtrace for more info)
[INFO] [stderr] help: consider removing the `?Sized` bound to make the type parameter `Sized`
[INFO] [stderr]   |
[INFO] [stderr] 4 - #[blanket(derive(Ref))]
[INFO] [stderr] 5 - pub trait MyDefault {
[INFO] [stderr] 4 + #[blanket(derive(Ref))] {
[INFO] [stderr]   |
[INFO] [stderr] ┈┈┈┈┈┈┈┈┈┈┈┈┈┈┈┈┈┈┈┈┈┈┈┈┈┈┈┈┈┈┈┈┈┈┈┈┈┈┈┈┈┈┈┈┈┈┈┈┈┈┈┈┈┈┈┈┈┈┈┈
[INFO] [stderr] note: If the actual output is the correct output you can bless it by rerunning
[INFO] [stderr]       your test with the environment variable TRYBUILD=overwrite
[INFO] [stderr] 
[INFO] [stderr] test tests/derive_ref/fails/noderive.rs [should fail to compile] ... ok
[INFO] [stderr] test tests/derive_ref/fails/receiver_box.rs [should fail to compile] ... ok
[INFO] [stderr] test tests/derive_ref/fails/receiver_mut.rs [should fail to compile] ... ok
[INFO] [stderr] test tests/derive_ref/fails/receiver_self.rs [should fail to compile] ... ok
[INFO] [stderr] test tests/derive_ref/successes/assoc_function.rs [should pass] ... ok
[INFO] [stderr] test tests/derive_ref/successes/assoc_function_rettype.rs [should pass] ... ok
[INFO] [stderr] test tests/derive_ref/successes/assoc_type.rs [should pass] ... ok
[INFO] [stderr] test tests/derive_ref/successes/async_assoc_function.rs [should pass] ... ok
[INFO] [stderr] test tests/derive_ref/successes/async_method.rs [should pass] ... ok
[INFO] [stderr] test tests/derive_ref/successes/receiver_ref.rs [should pass] ... ok
[INFO] [stderr] test tests/derive_ref/successes/trait_generics.rs [should pass] ... ok
[INFO] [stderr] test tests/derive_ref/successes/where_clause_assoc_fn.rs [should pass] ... ok
[INFO] [stderr] 
[INFO] [stderr] 
[INFO] [stderr] thread 'main' panicked at /opt/rustwide/cargo-home/registry/src/index.crates.io-6f17d22bba15001f/trybuild-1.0.101/src/run.rs:101:13:
[INFO] [stderr] 1 of 13 tests failed
[INFO] [stderr] stack backtrace:
[INFO] [stderr]    0:     0x5c787dfe1aea - std::backtrace_rs::backtrace::libunwind::trace::h207520d6e9873551
[INFO] [stderr]                                at /rustc/df4ca44d3fbc9301ee17f30f4d474e6ae4b05252/library/std/src/../../backtrace/src/backtrace/libunwind.rs:116:5
[INFO] [stderr]    1:     0x5c787dfe1aea - std::backtrace_rs::backtrace::trace_unsynchronized::h2ed7433f370e3eca
[INFO] [stderr]                                at /rustc/df4ca44d3fbc9301ee17f30f4d474e6ae4b05252/library/std/src/../../backtrace/src/backtrace/mod.rs:66:5
[INFO] [stderr]    2:     0x5c787dfe1aea - std::sys::backtrace::_print_fmt::h916fac51166b18d7
[INFO] [stderr]                                at /rustc/df4ca44d3fbc9301ee17f30f4d474e6ae4b05252/library/std/src/sys/backtrace.rs:66:9
[INFO] [stderr]    3:     0x5c787dfe1aea - <std::sys::backtrace::BacktraceLock::print::DisplayBacktrace as core::fmt::Display>::fmt::ha0a4c9b8ce3802e6
[INFO] [stderr]                                at /rustc/df4ca44d3fbc9301ee17f30f4d474e6ae4b05252/library/std/src/sys/backtrace.rs:39:26
[INFO] [stderr]    4:     0x5c787e00a733 - core::fmt::rt::Argument::fmt::h4cfc8587d52b3eb5
[INFO] [stderr]                                at /rustc/df4ca44d3fbc9301ee17f30f4d474e6ae4b05252/library/core/src/fmt/rt.rs:177:76
[INFO] [stderr]    5:     0x5c787e00a733 - core::fmt::write::h522cc39e5b36ae9f
[INFO] [stderr]                                at /rustc/df4ca44d3fbc9301ee17f30f4d474e6ae4b05252/library/core/src/fmt/mod.rs:1190:21
[INFO] [stderr]    6:     0x5c787dfde2d3 - std::io::Write::write_fmt::hf1c1dcc8cc1287f0
[INFO] [stderr]                                at /rustc/df4ca44d3fbc9301ee17f30f4d474e6ae4b05252/library/std/src/io/mod.rs:1839:15
[INFO] [stderr]    7:     0x5c787dfe1932 - std::sys::backtrace::BacktraceLock::print::h4b9e00b29e9c0942
[INFO] [stderr]                                at /rustc/df4ca44d3fbc9301ee17f30f4d474e6ae4b05252/library/std/src/sys/backtrace.rs:42:9
[INFO] [stderr]    8:     0x5c787dfe30ac - std::panicking::default_hook::{{closure}}::hb59b88280d0324d9
[INFO] [stderr]                                at /rustc/df4ca44d3fbc9301ee17f30f4d474e6ae4b05252/library/std/src/panicking.rs:268:22
[INFO] [stderr]    9:     0x5c787dfe2ef2 - std::panicking::default_hook::he1dd496665be4a29
[INFO] [stderr]                                at /rustc/df4ca44d3fbc9301ee17f30f4d474e6ae4b05252/library/std/src/panicking.rs:295:9
[INFO] [stderr]   10:     0x5c787dfe36e7 - std::panicking::rust_panic_with_hook::h2ff17fe8f26dfcf8
[INFO] [stderr]                                at /rustc/df4ca44d3fbc9301ee17f30f4d474e6ae4b05252/library/std/src/panicking.rs:801:13
[INFO] [stderr]   11:     0x5c787dfe357a - std::panicking::begin_panic_handler::{{closure}}::h4fad77951c07e101
[INFO] [stderr]                                at /rustc/df4ca44d3fbc9301ee17f30f4d474e6ae4b05252/library/std/src/panicking.rs:674:13
[INFO] [stderr]   12:     0x5c787dfe1fc9 - std::sys::backtrace::__rust_end_short_backtrace::hb1a25b3da5d0ea08
[INFO] [stderr]                                at /rustc/df4ca44d3fbc9301ee17f30f4d474e6ae4b05252/library/std/src/sys/backtrace.rs:170:18
[INFO] [stderr]   13:     0x5c787dfe320c - rust_begin_unwind
[INFO] [stderr]                                at /rustc/df4ca44d3fbc9301ee17f30f4d474e6ae4b05252/library/std/src/panicking.rs:665:5
[INFO] [stderr]   14:     0x5c787e008b90 - core::panicking::panic_fmt::ha9db07b529f9b256
[INFO] [stderr]                                at /rustc/df4ca44d3fbc9301ee17f30f4d474e6ae4b05252/library/core/src/panicking.rs:75:14
[INFO] [stderr]   15:     0x5c787dd11155 - trybuild::run::<impl trybuild::Runner>::run::ha9a6ce04b414555a
[INFO] [stderr]                                at /opt/rustwide/cargo-home/registry/src/index.crates.io-6f17d22bba15001f/trybuild-1.0.101/src/run.rs:101:13
[INFO] [stderr]   16:     0x5c787dd16688 - <trybuild::TestCases as core::ops::drop::Drop>::drop::h4b001f2b1f9ccd7d
[INFO] [stderr]                                at /opt/rustwide/cargo-home/registry/src/index.crates.io-6f17d22bba15001f/trybuild-1.0.101/src/lib.rs:340:13
[INFO] [stderr]   17:     0x5c787dd01fe7 - core::ptr::drop_in_place<trybuild::TestCases>::ha0190b0ab4d3edc4
[INFO] [stderr]                                at /rustc/df4ca44d3fbc9301ee17f30f4d474e6ae4b05252/library/core/src/ptr/mod.rs:521:1
[INFO] [stderr]   18:     0x5c787dd02941 - derive_ref::main::h74fba65d565b0240
[INFO] [stderr]                                at /opt/rustwide/workdir/tests/derive_ref/mod.rs:7:1
[INFO] [stderr]   19:     0x5c787dd01fbb - core::ops::function::FnOnce::call_once::h1b9465ee3c8149da
[INFO] [stderr]                                at /rustc/df4ca44d3fbc9301ee17f30f4d474e6ae4b05252/library/core/src/ops/function.rs:250:5
[INFO] [stderr]   20:     0x5c787dd01f2e - std::sys::backtrace::__rust_begin_short_backtrace::h766003be54aff511
[INFO] [stderr]                                at /rustc/df4ca44d3fbc9301ee17f30f4d474e6ae4b05252/library/std/src/sys/backtrace.rs:154:18
[INFO] [stderr]   21:     0x5c787dd01e71 - std::rt::lang_start::{{closure}}::h1db4dbe47bb67889
[INFO] [stderr]                                at /rustc/df4ca44d3fbc9301ee17f30f4d474e6ae4b05252/library/std/src/rt.rs:195:18
[INFO] [stderr]   22:     0x5c787dfd9c87 - core::ops::function::impls::<impl core::ops::function::FnOnce<A> for &F>::call_once::hd87d66b906e0ccaf
[INFO] [stderr]                                at /rustc/df4ca44d3fbc9301ee17f30f4d474e6ae4b05252/library/core/src/ops/function.rs:284:13
[INFO] [stderr]   23:     0x5c787dfd9c87 - std::panicking::try::do_call::hae3703de71fc9e3a
[INFO] [stderr]                                at /rustc/df4ca44d3fbc9301ee17f30f4d474e6ae4b05252/library/std/src/panicking.rs:557:40
[INFO] [stderr]   24:     0x5c787dfd9c87 - std::panicking::try::h1178330e9a2b2645
[INFO] [stderr]                                at /rustc/df4ca44d3fbc9301ee17f30f4d474e6ae4b05252/library/std/src/panicking.rs:520:19
[INFO] [stderr]   25:     0x5c787dfd9c87 - std::panic::catch_unwind::h0acf49d2305d32ad
[INFO] [stderr]                                at /rustc/df4ca44d3fbc9301ee17f30f4d474e6ae4b05252/library/std/src/panic.rs:358:14
[INFO] [stderr]   26:     0x5c787dfd9c87 - std::rt::lang_start_internal::{{closure}}::h2d95182d798177be
[INFO] [stderr]                                at /rustc/df4ca44d3fbc9301ee17f30f4d474e6ae4b05252/library/std/src/rt.rs:174:48
[INFO] [stderr]   27:     0x5c787dfd9c87 - std::panicking::try::do_call::hb506f5bfe11fd30c
[INFO] [stderr]                                at /rustc/df4ca44d3fbc9301ee17f30f4d474e6ae4b05252/library/std/src/panicking.rs:557:40
[INFO] [stderr]   28:     0x5c787dfd9c87 - std::panicking::try::h54d825c46bd0fa95
[INFO] [stderr]                                at /rustc/df4ca44d3fbc9301ee17f30f4d474e6ae4b05252/library/std/src/panicking.rs:520:19
[INFO] [stderr]   29:     0x5c787dfd9c87 - std::panic::catch_unwind::hffbb0ad20c4e9fac
[INFO] [stderr]                                at /rustc/df4ca44d3fbc9301ee17f30f4d474e6ae4b05252/library/std/src/panic.rs:358:14
[INFO] [stderr]   30:     0x5c787dfd9c87 - std::rt::lang_start_internal::h52c291ef1962c925
[INFO] [stderr]                                at /rustc/df4ca44d3fbc9301ee17f30f4d474e6ae4b05252/library/std/src/rt.rs:174:20
[INFO] [stderr]   31:     0x5c787dd01e4a - std::rt::lang_start::hd8e94a905a7e015e
[INFO] [stderr]                                at /rustc/df4ca44d3fbc9301ee17f30f4d474e6ae4b05252/library/std/src/rt.rs:194:17
[INFO] [stderr]   32:     0x5c787dd0297e - main
[INFO] [stderr]   33:     0x72b79ef3ad90 - <unknown>
[INFO] [stderr]   34:     0x72b79ef3ae40 - __libc_start_main
[INFO] [stderr]   35:     0x5c787dd01d45 - _start
[INFO] [stderr]   36:                0x0 - <unknown>
[INFO] [stderr] error: test failed, to rerun pass `--test derive_ref`
[INFO] running `Command { std: "docker" "inspect" "158caca8ec8ab6373e8c9978abd683c502f28149486d0a19104a445552dcf1c5", kill_on_drop: false }`
[INFO] running `Command { std: "docker" "rm" "-f" "158caca8ec8ab6373e8c9978abd683c502f28149486d0a19104a445552dcf1c5", kill_on_drop: false }`
[INFO] [stdout] 158caca8ec8ab6373e8c9978abd683c502f28149486d0a19104a445552dcf1c5
