[INFO] fetching crate bl602-sdk 0.0.6...
[INFO] testing bl602-sdk-0.0.6 against nightly-2024-10-28+rustflags=-Zrandomize-layout for randomize-layout
[INFO] extracting crate bl602-sdk 0.0.6 into /workspace/builds/worker-6-tc2/source
[INFO] validating manifest of crates.io crate bl602-sdk 0.0.6 on toolchain nightly-2024-10-28
[INFO] running `Command { std: CARGO_HOME="/workspace/cargo-home" RUSTUP_HOME="/workspace/rustup-home" "/workspace/cargo-home/bin/cargo" "+nightly-2024-10-28" "metadata" "--manifest-path" "Cargo.toml" "--no-deps", kill_on_drop: false }`
[INFO] started tweaking crates.io crate bl602-sdk 0.0.6
[INFO] finished tweaking crates.io crate bl602-sdk 0.0.6
[INFO] tweaked toml for crates.io crate bl602-sdk 0.0.6 written to /workspace/builds/worker-6-tc2/source/Cargo.toml
[INFO] running `Command { std: CARGO_HOME="/workspace/cargo-home" RUSTUP_HOME="/workspace/rustup-home" "/workspace/cargo-home/bin/cargo" "+nightly-2024-10-28" "generate-lockfile" "--manifest-path" "Cargo.toml", kill_on_drop: false }`
[INFO] [stderr]     Updating crates.io index
[INFO] [stderr]      Locking 22 packages to latest compatible versions
[INFO] [stderr]       Adding heapless v0.7.17 (available: v0.8.0)
[INFO] running `Command { std: CARGO_HOME="/workspace/cargo-home" RUSTUP_HOME="/workspace/rustup-home" "/workspace/cargo-home/bin/cargo" "+nightly-2024-10-28" "fetch" "--manifest-path" "Cargo.toml", kill_on_drop: false }`
[INFO] running `Command { std: "docker" "create" "-v" "/var/lib/crater-agent-workspace/builds/worker-6-tc2/target:/opt/rustwide/target:rw,Z" "-v" "/var/lib/crater-agent-workspace/builds/worker-6-tc2/source:/opt/rustwide/workdir:ro,Z" "-v" "/var/lib/crater-agent-workspace/cargo-home:/opt/rustwide/cargo-home:ro,Z" "-v" "/var/lib/crater-agent-workspace/rustup-home:/opt/rustwide/rustup-home:ro,Z" "-e" "SOURCE_DIR=/opt/rustwide/workdir" "-e" "CARGO_TARGET_DIR=/opt/rustwide/target" "-e" "CARGO_HOME=/opt/rustwide/cargo-home" "-e" "RUSTUP_HOME=/opt/rustwide/rustup-home" "-w" "/opt/rustwide/workdir" "-m" "1610612736" "--user" "0:0" "--network" "none" "ghcr.io/rust-lang/crates-build-env/linux@sha256:4a844ea9eb2546a2d2c7022eacef16ef2e8229c7fbb2c7d4d55a9ceca922f72d" "/opt/rustwide/cargo-home/bin/cargo" "+nightly-2024-10-28" "metadata" "--no-deps" "--format-version=1", kill_on_drop: false }`
[INFO] [stdout] 2cd5a7446ab9295d2dd4ab14371b44b794d844444bd9ca08fbd16b3c5699c265
[INFO] running `Command { std: "docker" "start" "-a" "2cd5a7446ab9295d2dd4ab14371b44b794d844444bd9ca08fbd16b3c5699c265", kill_on_drop: false }`
[INFO] running `Command { std: "docker" "inspect" "2cd5a7446ab9295d2dd4ab14371b44b794d844444bd9ca08fbd16b3c5699c265", kill_on_drop: false }`
[INFO] running `Command { std: "docker" "rm" "-f" "2cd5a7446ab9295d2dd4ab14371b44b794d844444bd9ca08fbd16b3c5699c265", kill_on_drop: false }`
[INFO] [stdout] 2cd5a7446ab9295d2dd4ab14371b44b794d844444bd9ca08fbd16b3c5699c265
[INFO] running `Command { std: "docker" "create" "-v" "/var/lib/crater-agent-workspace/builds/worker-6-tc2/target:/opt/rustwide/target:rw,Z" "-v" "/var/lib/crater-agent-workspace/builds/worker-6-tc2/source:/opt/rustwide/workdir:ro,Z" "-v" "/var/lib/crater-agent-workspace/cargo-home:/opt/rustwide/cargo-home:ro,Z" "-v" "/var/lib/crater-agent-workspace/rustup-home:/opt/rustwide/rustup-home:ro,Z" "-e" "SOURCE_DIR=/opt/rustwide/workdir" "-e" "CARGO_TARGET_DIR=/opt/rustwide/target" "-e" "CARGO_INCREMENTAL=0" "-e" "RUST_BACKTRACE=full" "-e" "RUSTFLAGS=--cap-lints=forbid -Zrandomize-layout" "-e" "RUSTDOCFLAGS=--cap-lints=forbid" "-e" "CARGO_HOME=/opt/rustwide/cargo-home" "-e" "RUSTUP_HOME=/opt/rustwide/rustup-home" "-w" "/opt/rustwide/workdir" "-m" "1610612736" "--user" "0:0" "--network" "none" "ghcr.io/rust-lang/crates-build-env/linux@sha256:4a844ea9eb2546a2d2c7022eacef16ef2e8229c7fbb2c7d4d55a9ceca922f72d" "/opt/rustwide/cargo-home/bin/cargo" "+nightly-2024-10-28" "build" "--frozen" "--message-format=json", kill_on_drop: false }`
[INFO] [stdout] 63ed2a1da0ea3b91251623a5fd9e9f014acc0ff81fe5581c3042129775662ce1
[INFO] running `Command { std: "docker" "start" "-a" "63ed2a1da0ea3b91251623a5fd9e9f014acc0ff81fe5581c3042129775662ce1", kill_on_drop: false }`
[INFO] [stderr]    Compiling syn v1.0.109
[INFO] [stderr]    Compiling rustc_version v0.4.1
[INFO] [stderr]    Compiling memchr v2.7.4
[INFO] [stderr]    Compiling byteorder v1.5.0
[INFO] [stderr]    Compiling cty v0.2.2
[INFO] [stderr]    Compiling lazy_static v1.5.0
[INFO] [stderr]    Compiling rustc-serialize v0.3.25
[INFO] [stderr]    Compiling stable_deref_trait v1.2.0
[INFO] [stderr]    Compiling spin v0.9.8
[INFO] [stderr]    Compiling hash32 v0.2.1
[INFO] [stderr]    Compiling heapless v0.7.17
[INFO] [stderr]    Compiling cstr_core v0.2.6
[INFO] [stderr]    Compiling bl602-macros v0.0.2
[INFO] [stderr]    Compiling bl602-sdk v0.0.6 (/opt/rustwide/workdir)
[INFO] [stderr]     Finished `dev` profile [unoptimized + debuginfo] target(s) in 3.25s
[INFO] running `Command { std: "docker" "inspect" "63ed2a1da0ea3b91251623a5fd9e9f014acc0ff81fe5581c3042129775662ce1", kill_on_drop: false }`
[INFO] running `Command { std: "docker" "rm" "-f" "63ed2a1da0ea3b91251623a5fd9e9f014acc0ff81fe5581c3042129775662ce1", kill_on_drop: false }`
[INFO] [stdout] 63ed2a1da0ea3b91251623a5fd9e9f014acc0ff81fe5581c3042129775662ce1
[INFO] running `Command { std: "docker" "create" "-v" "/var/lib/crater-agent-workspace/builds/worker-6-tc2/target:/opt/rustwide/target:rw,Z" "-v" "/var/lib/crater-agent-workspace/builds/worker-6-tc2/source:/opt/rustwide/workdir:ro,Z" "-v" "/var/lib/crater-agent-workspace/cargo-home:/opt/rustwide/cargo-home:ro,Z" "-v" "/var/lib/crater-agent-workspace/rustup-home:/opt/rustwide/rustup-home:ro,Z" "-e" "SOURCE_DIR=/opt/rustwide/workdir" "-e" "CARGO_TARGET_DIR=/opt/rustwide/target" "-e" "CARGO_INCREMENTAL=0" "-e" "RUST_BACKTRACE=full" "-e" "RUSTFLAGS=--cap-lints=forbid -Zrandomize-layout" "-e" "RUSTDOCFLAGS=--cap-lints=forbid" "-e" "CARGO_HOME=/opt/rustwide/cargo-home" "-e" "RUSTUP_HOME=/opt/rustwide/rustup-home" "-w" "/opt/rustwide/workdir" "-m" "1610612736" "--user" "0:0" "--network" "none" "ghcr.io/rust-lang/crates-build-env/linux@sha256:4a844ea9eb2546a2d2c7022eacef16ef2e8229c7fbb2c7d4d55a9ceca922f72d" "/opt/rustwide/cargo-home/bin/cargo" "+nightly-2024-10-28" "test" "--frozen" "--no-run" "--message-format=json", kill_on_drop: false }`
[INFO] [stdout] 4a7a88e700143d7aa50e4db3c02d28da51903419b6079841c2527cf7b6f292d7
[INFO] running `Command { std: "docker" "start" "-a" "4a7a88e700143d7aa50e4db3c02d28da51903419b6079841c2527cf7b6f292d7", kill_on_drop: false }`
[INFO] [stderr]    Compiling bl602-sdk v0.0.6 (/opt/rustwide/workdir)
[INFO] [stderr]     Finished `test` profile [unoptimized + debuginfo] target(s) in 0.46s
[INFO] running `Command { std: "docker" "inspect" "4a7a88e700143d7aa50e4db3c02d28da51903419b6079841c2527cf7b6f292d7", kill_on_drop: false }`
[INFO] running `Command { std: "docker" "rm" "-f" "4a7a88e700143d7aa50e4db3c02d28da51903419b6079841c2527cf7b6f292d7", kill_on_drop: false }`
[INFO] [stdout] 4a7a88e700143d7aa50e4db3c02d28da51903419b6079841c2527cf7b6f292d7
[INFO] running `Command { std: "docker" "create" "-v" "/var/lib/crater-agent-workspace/builds/worker-6-tc2/target:/opt/rustwide/target:rw,Z" "-v" "/var/lib/crater-agent-workspace/builds/worker-6-tc2/source:/opt/rustwide/workdir:ro,Z" "-v" "/var/lib/crater-agent-workspace/cargo-home:/opt/rustwide/cargo-home:ro,Z" "-v" "/var/lib/crater-agent-workspace/rustup-home:/opt/rustwide/rustup-home:ro,Z" "-e" "SOURCE_DIR=/opt/rustwide/workdir" "-e" "CARGO_TARGET_DIR=/opt/rustwide/target" "-e" "CARGO_INCREMENTAL=0" "-e" "RUST_BACKTRACE=full" "-e" "RUSTFLAGS=--cap-lints=forbid -Zrandomize-layout" "-e" "RUSTDOCFLAGS=--cap-lints=forbid" "-e" "CARGO_HOME=/opt/rustwide/cargo-home" "-e" "RUSTUP_HOME=/opt/rustwide/rustup-home" "-w" "/opt/rustwide/workdir" "-m" "1610612736" "--user" "0:0" "--network" "none" "ghcr.io/rust-lang/crates-build-env/linux@sha256:4a844ea9eb2546a2d2c7022eacef16ef2e8229c7fbb2c7d4d55a9ceca922f72d" "/opt/rustwide/cargo-home/bin/cargo" "+nightly-2024-10-28" "test" "--frozen", kill_on_drop: false }`
[INFO] [stdout] 7e1cf8cf72db23c4658cbe519176a6296c31b0ddfddf14736ae6699f10967349
[INFO] running `Command { std: "docker" "start" "-a" "7e1cf8cf72db23c4658cbe519176a6296c31b0ddfddf14736ae6699f10967349", kill_on_drop: false }`
[INFO] [stderr]     Finished `test` profile [unoptimized + debuginfo] target(s) in 0.02s
[INFO] [stderr]      Running unittests src/lib.rs (/opt/rustwide/target/debug/deps/bl602_sdk-ab2d60c5ac7b8c08)
[INFO] [stdout] 
[INFO] [stdout] running 0 tests
[INFO] [stdout] 
[INFO] [stdout] test result: ok. 0 passed; 0 failed; 0 ignored; 0 measured; 0 filtered out; finished in 0.00s
[INFO] [stdout] 
[INFO] [stderr]    Doc-tests bl602_sdk
[INFO] [stdout] 
[INFO] [stdout] running 7 tests
[INFO] [stdout] test src/wifi.rs - wifi::state (line 821) ... FAILED
[INFO] [stdout] test src/wifi.rs - wifi::state (line 798) ... FAILED
[INFO] [stdout] test src/wifi.rs - wifi::transition (line 683) ... FAILED
[INFO] [stdout] test src/wifi.rs - wifi::transition (line 673) ... FAILED
[INFO] [stdout] test src/wifi.rs - wifi::transition (line 663) ... FAILED
[INFO] [stdout] test src/wifi.rs - wifi::state (line 776) ... FAILED
[INFO] [stdout] test src/lib.rs - Strn<'a>::new (line 210) ... FAILED
[INFO] [stdout] 
[INFO] [stdout] failures:
[INFO] [stdout] 
[INFO] [stdout] ---- src/wifi.rs - wifi::state (line 821) stdout ----
[INFO] [stdout] error: this file contains an unclosed delimiter
[INFO] [stdout]  --> src/wifi.rs:824:24
[INFO] [stdout]   |
[INFO] [stdout] 1 | struct state finalState = {
[INFO] [stdout]   |                           - unclosed delimiter
[INFO] [stdout] 2 |    .transitions = NULL,
[INFO] [stdout] 3 |    .numTransitions = 0,
[INFO] [stdout]   |                        ^
[INFO] [stdout] 
[INFO] [stdout] error: aborting due to 1 previous error
[INFO] [stdout] 
[INFO] [stdout] Couldn't compile the test.
[INFO] [stdout] ---- src/wifi.rs - wifi::state (line 798) stdout ----
[INFO] [stdout] error: this file contains an unclosed delimiter
[INFO] [stdout]  --> src/wifi.rs:801:24
[INFO] [stdout]   |
[INFO] [stdout] 1 | struct state groupState = {
[INFO] [stdout]   |                           - unclosed delimiter
[INFO] [stdout] 2 |    .entryState = &normalState,
[INFO] [stdout] 3 |    .entryAction = NULL,
[INFO] [stdout]   |                        ^
[INFO] [stdout] 
[INFO] [stdout] error: aborting due to 1 previous error
[INFO] [stdout] 
[INFO] [stdout] Couldn't compile the test.
[INFO] [stdout] ---- src/wifi.rs - wifi::transition (line 683) stdout ----
[INFO] [stdout] error: expected expression, found `.`
[INFO] [stdout]  --> src/wifi.rs:685:4
[INFO] [stdout]   |
[INFO] [stdout] 4 |    .eventType = Event_mouse,
[INFO] [stdout]   |    ^ expected expression
[INFO] [stdout] 
[INFO] [stdout] error: expected expression, found `,`
[INFO] [stdout]  --> src/wifi.rs:688:2
[INFO] [stdout]   |
[INFO] [stdout] 7 | },
[INFO] [stdout]   |  ^ expected expression
[INFO] [stdout] 
[INFO] [stdout] error: aborting due to 2 previous errors
[INFO] [stdout] 
[INFO] [stdout] Couldn't compile the test.
[INFO] [stdout] ---- src/wifi.rs - wifi::transition (line 673) stdout ----
[INFO] [stdout] error: expected expression, found `.`
[INFO] [stdout]  --> src/wifi.rs:675:4
[INFO] [stdout]   |
[INFO] [stdout] 4 |    .eventType = Event_keyboard,
[INFO] [stdout]   |    ^ expected expression
[INFO] [stdout] 
[INFO] [stdout] error: expected expression, found `,`
[INFO] [stdout]  --> src/wifi.rs:680:2
[INFO] [stdout]   |
[INFO] [stdout] 9 | },
[INFO] [stdout]   |  ^ expected expression
[INFO] [stdout] 
[INFO] [stdout] error: aborting due to 2 previous errors
[INFO] [stdout] 
[INFO] [stdout] Couldn't compile the test.
[INFO] [stdout] ---- src/wifi.rs - wifi::transition (line 663) stdout ----
[INFO] [stdout] error: expected expression, found `.`
[INFO] [stdout]  --> src/wifi.rs:665:4
[INFO] [stdout]   |
[INFO] [stdout] 4 |    .eventType = Event_timeout,
[INFO] [stdout]   |    ^ expected expression
[INFO] [stdout] 
[INFO] [stdout] error: expected expression, found `,`
[INFO] [stdout]  --> src/wifi.rs:670:2
[INFO] [stdout]   |
[INFO] [stdout] 9 | },
[INFO] [stdout]   |  ^ expected expression
[INFO] [stdout] 
[INFO] [stdout] error: aborting due to 2 previous errors
[INFO] [stdout] 
[INFO] [stdout] Couldn't compile the test.
[INFO] [stdout] ---- src/wifi.rs - wifi::state (line 776) stdout ----
[INFO] [stdout] error: expected `where`, `{`, `(`, or `;` after struct name, found `normalState`
[INFO] [stdout]  --> src/wifi.rs:777:14
[INFO] [stdout]   |
[INFO] [stdout] 3 | struct state normalState = {
[INFO] [stdout]   |              ^^^^^^^^^^^ expected `where`, `{`, `(`, or `;` after struct name
[INFO] [stdout] 
[INFO] [stdout] error: aborting due to 1 previous error
[INFO] [stdout] 
[INFO] [stdout] Couldn't compile the test.
[INFO] [stdout] ---- src/lib.rs - Strn<'a>::new (line 210) stdout ----
[INFO] [stdout] error: expected `;`, found `strn`
[INFO] [stdout]  --> src/lib.rs:211:24
[INFO] [stdout]   |
[INFO] [stdout] 3 | Strn::new(b"network\0")
[INFO] [stdout]   |                        ^ help: add `;` here
[INFO] [stdout] 4 | strn!("network")
[INFO] [stdout]   | ---- unexpected token
[INFO] [stdout] 
[INFO] [stdout] error: cannot find macro `strn` in this scope
[INFO] [stdout]  --> src/lib.rs:212:1
[INFO] [stdout]   |
[INFO] [stdout] 4 | strn!("network")
[INFO] [stdout]   | ^^^^
[INFO] [stdout]   |
[INFO] [stdout] help: consider importing this macro
[INFO] [stdout]   |
[INFO] [stdout] 2 + use bl602_macros::strn;
[INFO] [stdout]   |
[INFO] [stdout] 
[INFO] [stdout] error: aborting due to 2 previous errors
[INFO] [stdout] 
[INFO] [stdout] Couldn't compile the test.
[INFO] [stdout] 
[INFO] [stdout] failures:
[INFO] [stdout]     src/lib.rs - Strn<'a>::new (line 210)
[INFO] [stdout]     src/wifi.rs - wifi::state (line 776)
[INFO] [stdout]     src/wifi.rs - wifi::state (line 798)
[INFO] [stdout]     src/wifi.rs - wifi::state (line 821)
[INFO] [stdout]     src/wifi.rs - wifi::transition (line 663)
[INFO] [stdout]     src/wifi.rs - wifi::transition (line 673)
[INFO] [stdout]     src/wifi.rs - wifi::transition (line 683)
[INFO] [stdout] 
[INFO] [stdout] test result: FAILED. 0 passed; 7 failed; 0 ignored; 0 measured; 0 filtered out; finished in 0.05s
[INFO] [stdout] 
[INFO] [stderr] error: doctest failed, to rerun pass `--doc`
[INFO] running `Command { std: "docker" "inspect" "7e1cf8cf72db23c4658cbe519176a6296c31b0ddfddf14736ae6699f10967349", kill_on_drop: false }`
[INFO] running `Command { std: "docker" "rm" "-f" "7e1cf8cf72db23c4658cbe519176a6296c31b0ddfddf14736ae6699f10967349", kill_on_drop: false }`
[INFO] [stdout] 7e1cf8cf72db23c4658cbe519176a6296c31b0ddfddf14736ae6699f10967349
