[INFO] fetching crate bitwise_boolean 0.1.0...
[INFO] testing bitwise_boolean-0.1.0 against nightly-2024-10-28 for randomize-layout
[INFO] extracting crate bitwise_boolean 0.1.0 into /workspace/builds/worker-3-tc1/source
[INFO] validating manifest of crates.io crate bitwise_boolean 0.1.0 on toolchain nightly-2024-10-28
[INFO] running `Command { std: CARGO_HOME="/workspace/cargo-home" RUSTUP_HOME="/workspace/rustup-home" "/workspace/cargo-home/bin/cargo" "+nightly-2024-10-28" "metadata" "--manifest-path" "Cargo.toml" "--no-deps", kill_on_drop: false }`
[INFO] started tweaking crates.io crate bitwise_boolean 0.1.0
[INFO] finished tweaking crates.io crate bitwise_boolean 0.1.0
[INFO] tweaked toml for crates.io crate bitwise_boolean 0.1.0 written to /workspace/builds/worker-3-tc1/source/Cargo.toml
[INFO] running `Command { std: CARGO_HOME="/workspace/cargo-home" RUSTUP_HOME="/workspace/rustup-home" "/workspace/cargo-home/bin/cargo" "+nightly-2024-10-28" "generate-lockfile" "--manifest-path" "Cargo.toml", kill_on_drop: false }`
[INFO] [stderr]     Updating crates.io index
[INFO] [stderr]      Locking 4 packages to latest compatible versions
[INFO] [stderr]       Adding syn v1.0.109 (available: v2.0.86)
[INFO] running `Command { std: CARGO_HOME="/workspace/cargo-home" RUSTUP_HOME="/workspace/rustup-home" "/workspace/cargo-home/bin/cargo" "+nightly-2024-10-28" "fetch" "--manifest-path" "Cargo.toml", kill_on_drop: false }`
[INFO] running `Command { std: "docker" "create" "-v" "/var/lib/crater-agent-workspace/builds/worker-3-tc1/target:/opt/rustwide/target:rw,Z" "-v" "/var/lib/crater-agent-workspace/builds/worker-3-tc1/source:/opt/rustwide/workdir:ro,Z" "-v" "/var/lib/crater-agent-workspace/cargo-home:/opt/rustwide/cargo-home:ro,Z" "-v" "/var/lib/crater-agent-workspace/rustup-home:/opt/rustwide/rustup-home:ro,Z" "-e" "SOURCE_DIR=/opt/rustwide/workdir" "-e" "CARGO_TARGET_DIR=/opt/rustwide/target" "-e" "CARGO_HOME=/opt/rustwide/cargo-home" "-e" "RUSTUP_HOME=/opt/rustwide/rustup-home" "-w" "/opt/rustwide/workdir" "-m" "1610612736" "--user" "0:0" "--network" "none" "ghcr.io/rust-lang/crates-build-env/linux@sha256:4a844ea9eb2546a2d2c7022eacef16ef2e8229c7fbb2c7d4d55a9ceca922f72d" "/opt/rustwide/cargo-home/bin/cargo" "+nightly-2024-10-28" "metadata" "--no-deps" "--format-version=1", kill_on_drop: false }`
[INFO] [stdout] 6deeb82bb9248601af93603e47951945f0181bbec27fc432f785202e82369b80
[INFO] running `Command { std: "docker" "start" "-a" "6deeb82bb9248601af93603e47951945f0181bbec27fc432f785202e82369b80", kill_on_drop: false }`
[INFO] running `Command { std: "docker" "inspect" "6deeb82bb9248601af93603e47951945f0181bbec27fc432f785202e82369b80", kill_on_drop: false }`
[INFO] running `Command { std: "docker" "rm" "-f" "6deeb82bb9248601af93603e47951945f0181bbec27fc432f785202e82369b80", kill_on_drop: false }`
[INFO] [stdout] 6deeb82bb9248601af93603e47951945f0181bbec27fc432f785202e82369b80
[INFO] running `Command { std: "docker" "create" "-v" "/var/lib/crater-agent-workspace/builds/worker-3-tc1/target:/opt/rustwide/target:rw,Z" "-v" "/var/lib/crater-agent-workspace/builds/worker-3-tc1/source:/opt/rustwide/workdir:ro,Z" "-v" "/var/lib/crater-agent-workspace/cargo-home:/opt/rustwide/cargo-home:ro,Z" "-v" "/var/lib/crater-agent-workspace/rustup-home:/opt/rustwide/rustup-home:ro,Z" "-e" "SOURCE_DIR=/opt/rustwide/workdir" "-e" "CARGO_TARGET_DIR=/opt/rustwide/target" "-e" "CARGO_INCREMENTAL=0" "-e" "RUST_BACKTRACE=full" "-e" "RUSTFLAGS=--cap-lints=forbid" "-e" "RUSTDOCFLAGS=--cap-lints=forbid" "-e" "CARGO_HOME=/opt/rustwide/cargo-home" "-e" "RUSTUP_HOME=/opt/rustwide/rustup-home" "-w" "/opt/rustwide/workdir" "-m" "1610612736" "--user" "0:0" "--network" "none" "ghcr.io/rust-lang/crates-build-env/linux@sha256:4a844ea9eb2546a2d2c7022eacef16ef2e8229c7fbb2c7d4d55a9ceca922f72d" "/opt/rustwide/cargo-home/bin/cargo" "+nightly-2024-10-28" "build" "--frozen" "--message-format=json", kill_on_drop: false }`
[INFO] [stdout] c854372b0287dcd1472108f58d285103ae862c0cd88293ca6c1226d7f9dc1d4b
[INFO] running `Command { std: "docker" "start" "-a" "c854372b0287dcd1472108f58d285103ae862c0cd88293ca6c1226d7f9dc1d4b", kill_on_drop: false }`
[INFO] [stderr]    Compiling proc-macro2 v1.0.89
[INFO] [stderr]    Compiling unicode-ident v1.0.13
[INFO] [stderr]    Compiling syn v1.0.109
[INFO] [stderr]    Compiling quote v1.0.37
[INFO] [stderr]    Compiling bitwise_boolean v0.1.0 (/opt/rustwide/workdir)
[INFO] [stderr]     Finished `dev` profile [unoptimized + debuginfo] target(s) in 4.59s
[INFO] running `Command { std: "docker" "inspect" "c854372b0287dcd1472108f58d285103ae862c0cd88293ca6c1226d7f9dc1d4b", kill_on_drop: false }`
[INFO] running `Command { std: "docker" "rm" "-f" "c854372b0287dcd1472108f58d285103ae862c0cd88293ca6c1226d7f9dc1d4b", kill_on_drop: false }`
[INFO] [stdout] c854372b0287dcd1472108f58d285103ae862c0cd88293ca6c1226d7f9dc1d4b
[INFO] running `Command { std: "docker" "create" "-v" "/var/lib/crater-agent-workspace/builds/worker-3-tc1/target:/opt/rustwide/target:rw,Z" "-v" "/var/lib/crater-agent-workspace/builds/worker-3-tc1/source:/opt/rustwide/workdir:ro,Z" "-v" "/var/lib/crater-agent-workspace/cargo-home:/opt/rustwide/cargo-home:ro,Z" "-v" "/var/lib/crater-agent-workspace/rustup-home:/opt/rustwide/rustup-home:ro,Z" "-e" "SOURCE_DIR=/opt/rustwide/workdir" "-e" "CARGO_TARGET_DIR=/opt/rustwide/target" "-e" "CARGO_INCREMENTAL=0" "-e" "RUST_BACKTRACE=full" "-e" "RUSTFLAGS=--cap-lints=forbid" "-e" "RUSTDOCFLAGS=--cap-lints=forbid" "-e" "CARGO_HOME=/opt/rustwide/cargo-home" "-e" "RUSTUP_HOME=/opt/rustwide/rustup-home" "-w" "/opt/rustwide/workdir" "-m" "1610612736" "--user" "0:0" "--network" "none" "ghcr.io/rust-lang/crates-build-env/linux@sha256:4a844ea9eb2546a2d2c7022eacef16ef2e8229c7fbb2c7d4d55a9ceca922f72d" "/opt/rustwide/cargo-home/bin/cargo" "+nightly-2024-10-28" "test" "--frozen" "--no-run" "--message-format=json", kill_on_drop: false }`
[INFO] [stdout] 5371410512e096d183d34c9f7c184a36d65cadd9f7f35a78756ec4a9ff7eb2c7
[INFO] running `Command { std: "docker" "start" "-a" "5371410512e096d183d34c9f7c184a36d65cadd9f7f35a78756ec4a9ff7eb2c7", kill_on_drop: false }`
[INFO] [stderr]    Compiling bitwise_boolean v0.1.0 (/opt/rustwide/workdir)
[INFO] [stderr]     Finished `test` profile [unoptimized + debuginfo] target(s) in 0.45s
[INFO] running `Command { std: "docker" "inspect" "5371410512e096d183d34c9f7c184a36d65cadd9f7f35a78756ec4a9ff7eb2c7", kill_on_drop: false }`
[INFO] running `Command { std: "docker" "rm" "-f" "5371410512e096d183d34c9f7c184a36d65cadd9f7f35a78756ec4a9ff7eb2c7", kill_on_drop: false }`
[INFO] [stdout] 5371410512e096d183d34c9f7c184a36d65cadd9f7f35a78756ec4a9ff7eb2c7
[INFO] running `Command { std: "docker" "create" "-v" "/var/lib/crater-agent-workspace/builds/worker-3-tc1/target:/opt/rustwide/target:rw,Z" "-v" "/var/lib/crater-agent-workspace/builds/worker-3-tc1/source:/opt/rustwide/workdir:ro,Z" "-v" "/var/lib/crater-agent-workspace/cargo-home:/opt/rustwide/cargo-home:ro,Z" "-v" "/var/lib/crater-agent-workspace/rustup-home:/opt/rustwide/rustup-home:ro,Z" "-e" "SOURCE_DIR=/opt/rustwide/workdir" "-e" "CARGO_TARGET_DIR=/opt/rustwide/target" "-e" "CARGO_INCREMENTAL=0" "-e" "RUST_BACKTRACE=full" "-e" "RUSTFLAGS=--cap-lints=forbid" "-e" "RUSTDOCFLAGS=--cap-lints=forbid" "-e" "CARGO_HOME=/opt/rustwide/cargo-home" "-e" "RUSTUP_HOME=/opt/rustwide/rustup-home" "-w" "/opt/rustwide/workdir" "-m" "1610612736" "--user" "0:0" "--network" "none" "ghcr.io/rust-lang/crates-build-env/linux@sha256:4a844ea9eb2546a2d2c7022eacef16ef2e8229c7fbb2c7d4d55a9ceca922f72d" "/opt/rustwide/cargo-home/bin/cargo" "+nightly-2024-10-28" "test" "--frozen", kill_on_drop: false }`
[INFO] [stdout] a198825cb0d7127258d3b0aaa4261149cd75f1af97e84a94860d09f3cdbe6d75
[INFO] running `Command { std: "docker" "start" "-a" "a198825cb0d7127258d3b0aaa4261149cd75f1af97e84a94860d09f3cdbe6d75", kill_on_drop: false }`
[INFO] [stderr]     Finished `test` profile [unoptimized + debuginfo] target(s) in 0.03s
[INFO] [stderr]      Running unittests src/lib.rs (/opt/rustwide/target/debug/deps/bitwise_boolean-503449d333270250)
[INFO] [stdout] 
[INFO] [stdout] running 0 tests
[INFO] [stdout] 
[INFO] [stdout] test result: ok. 0 passed; 0 failed; 0 ignored; 0 measured; 0 filtered out; finished in 0.00s
[INFO] [stdout] 
[INFO] [stderr]    Doc-tests bitwise_boolean
[INFO] [stdout] 
[INFO] [stdout] running 2 tests
[INFO] [stdout] test src/../README.md - (line 46) ... FAILED
[INFO] [stdout] test src/../README.md - (line 16) ... ok
[INFO] [stdout] 
[INFO] [stdout] failures:
[INFO] [stdout] 
[INFO] [stdout] ---- src/../README.md - (line 46) stdout ----
[INFO] [stdout] error[E0433]: failed to resolve: use of undeclared type `ExampleSettings`
[INFO] [stdout]  --> src/../README.md:47:20
[INFO] [stdout]   |
[INFO] [stdout] 3 | let mut settings = ExampleSettings::new();
[INFO] [stdout]   |                    ^^^^^^^^^^^^^^^ use of undeclared type `ExampleSettings`
[INFO] [stdout] 
[INFO] [stdout] error: aborting due to 1 previous error
[INFO] [stdout] 
[INFO] [stdout] For more information about this error, try `rustc --explain E0433`.
[INFO] [stdout] Couldn't compile the test.
[INFO] [stdout] 
[INFO] [stdout] failures:
[INFO] [stdout]     src/../README.md - (line 46)
[INFO] [stdout] 
[INFO] [stdout] test result: FAILED. 1 passed; 1 failed; 0 ignored; 0 measured; 0 filtered out; finished in 0.26s
[INFO] [stdout] 
[INFO] [stderr] error: doctest failed, to rerun pass `--doc`
[INFO] running `Command { std: "docker" "inspect" "a198825cb0d7127258d3b0aaa4261149cd75f1af97e84a94860d09f3cdbe6d75", kill_on_drop: false }`
[INFO] running `Command { std: "docker" "rm" "-f" "a198825cb0d7127258d3b0aaa4261149cd75f1af97e84a94860d09f3cdbe6d75", kill_on_drop: false }`
[INFO] [stdout] a198825cb0d7127258d3b0aaa4261149cd75f1af97e84a94860d09f3cdbe6d75
