[INFO] fetching crate bitsock 0.1.1...
[INFO] testing bitsock-0.1.1 against nightly-2024-10-28 for randomize-layout
[INFO] extracting crate bitsock 0.1.1 into /workspace/builds/worker-0-tc1/source
[INFO] validating manifest of crates.io crate bitsock 0.1.1 on toolchain nightly-2024-10-28
[INFO] running `Command { std: CARGO_HOME="/workspace/cargo-home" RUSTUP_HOME="/workspace/rustup-home" "/workspace/cargo-home/bin/cargo" "+nightly-2024-10-28" "metadata" "--manifest-path" "Cargo.toml" "--no-deps", kill_on_drop: false }`
[INFO] started tweaking crates.io crate bitsock 0.1.1
[INFO] finished tweaking crates.io crate bitsock 0.1.1
[INFO] tweaked toml for crates.io crate bitsock 0.1.1 written to /workspace/builds/worker-0-tc1/source/Cargo.toml
[INFO] crate crates.io crate bitsock 0.1.1 already has a lockfile, it will not be regenerated
[INFO] running `Command { std: CARGO_HOME="/workspace/cargo-home" RUSTUP_HOME="/workspace/rustup-home" "/workspace/cargo-home/bin/cargo" "+nightly-2024-10-28" "fetch" "--manifest-path" "Cargo.toml", kill_on_drop: false }`
[INFO] [stderr]  Downloading crates ...
[INFO] [stderr]   Downloaded memoffset v0.6.4
[INFO] [stderr]   Downloaded crossbeam-channel v0.5.1
[INFO] [stderr]   Downloaded crossbeam-epoch v0.9.5
[INFO] [stderr]   Downloaded crossbeam-queue v0.3.2
[INFO] running `Command { std: "docker" "create" "-v" "/var/lib/crater-agent-workspace/builds/worker-0-tc1/target:/opt/rustwide/target:rw,Z" "-v" "/var/lib/crater-agent-workspace/builds/worker-0-tc1/source:/opt/rustwide/workdir:ro,Z" "-v" "/var/lib/crater-agent-workspace/cargo-home:/opt/rustwide/cargo-home:ro,Z" "-v" "/var/lib/crater-agent-workspace/rustup-home:/opt/rustwide/rustup-home:ro,Z" "-e" "SOURCE_DIR=/opt/rustwide/workdir" "-e" "CARGO_TARGET_DIR=/opt/rustwide/target" "-e" "CARGO_HOME=/opt/rustwide/cargo-home" "-e" "RUSTUP_HOME=/opt/rustwide/rustup-home" "-w" "/opt/rustwide/workdir" "-m" "1610612736" "--user" "0:0" "--network" "none" "ghcr.io/rust-lang/crates-build-env/linux@sha256:4a844ea9eb2546a2d2c7022eacef16ef2e8229c7fbb2c7d4d55a9ceca922f72d" "/opt/rustwide/cargo-home/bin/cargo" "+nightly-2024-10-28" "metadata" "--no-deps" "--format-version=1", kill_on_drop: false }`
[INFO] [stdout] d1c7b15d0fe5d864b215aac6d5c45358596c91cf272305f50ca388ebd5514fd0
[INFO] running `Command { std: "docker" "start" "-a" "d1c7b15d0fe5d864b215aac6d5c45358596c91cf272305f50ca388ebd5514fd0", kill_on_drop: false }`
[INFO] running `Command { std: "docker" "inspect" "d1c7b15d0fe5d864b215aac6d5c45358596c91cf272305f50ca388ebd5514fd0", kill_on_drop: false }`
[INFO] running `Command { std: "docker" "rm" "-f" "d1c7b15d0fe5d864b215aac6d5c45358596c91cf272305f50ca388ebd5514fd0", kill_on_drop: false }`
[INFO] [stdout] d1c7b15d0fe5d864b215aac6d5c45358596c91cf272305f50ca388ebd5514fd0
[INFO] running `Command { std: "docker" "create" "-v" "/var/lib/crater-agent-workspace/builds/worker-0-tc1/target:/opt/rustwide/target:rw,Z" "-v" "/var/lib/crater-agent-workspace/builds/worker-0-tc1/source:/opt/rustwide/workdir:ro,Z" "-v" "/var/lib/crater-agent-workspace/cargo-home:/opt/rustwide/cargo-home:ro,Z" "-v" "/var/lib/crater-agent-workspace/rustup-home:/opt/rustwide/rustup-home:ro,Z" "-e" "SOURCE_DIR=/opt/rustwide/workdir" "-e" "CARGO_TARGET_DIR=/opt/rustwide/target" "-e" "CARGO_INCREMENTAL=0" "-e" "RUST_BACKTRACE=full" "-e" "RUSTFLAGS=--cap-lints=forbid" "-e" "RUSTDOCFLAGS=--cap-lints=forbid" "-e" "CARGO_HOME=/opt/rustwide/cargo-home" "-e" "RUSTUP_HOME=/opt/rustwide/rustup-home" "-w" "/opt/rustwide/workdir" "-m" "1610612736" "--user" "0:0" "--network" "none" "ghcr.io/rust-lang/crates-build-env/linux@sha256:4a844ea9eb2546a2d2c7022eacef16ef2e8229c7fbb2c7d4d55a9ceca922f72d" "/opt/rustwide/cargo-home/bin/cargo" "+nightly-2024-10-28" "build" "--frozen" "--message-format=json", kill_on_drop: false }`
[INFO] [stdout] 9c8c5a26d71feabf6076c8c550fb7cdf3800d324fb1e817dde7830f99793ecfa
[INFO] running `Command { std: "docker" "start" "-a" "9c8c5a26d71feabf6076c8c550fb7cdf3800d324fb1e817dde7830f99793ecfa", kill_on_drop: false }`
[INFO] [stderr]    Compiling crossbeam-utils v0.8.5
[INFO] [stderr]    Compiling lazy_static v1.4.0
[INFO] [stderr]    Compiling autocfg v1.0.1
[INFO] [stderr]    Compiling crossbeam-epoch v0.9.5
[INFO] [stderr]    Compiling scopeguard v1.1.0
[INFO] [stderr]    Compiling crossbeam-queue v0.3.2
[INFO] [stderr]    Compiling byteorder v1.4.3
[INFO] [stderr]    Compiling memoffset v0.6.4
[INFO] [stderr]    Compiling crossbeam-channel v0.5.1
[INFO] [stderr]    Compiling crossbeam-deque v0.8.1
[INFO] [stderr]    Compiling crossbeam v0.8.1
[INFO] [stderr]    Compiling bitsock v0.1.1 (/opt/rustwide/workdir)
[INFO] [stderr]     Finished `dev` profile [unoptimized + debuginfo] target(s) in 2.71s
[INFO] running `Command { std: "docker" "inspect" "9c8c5a26d71feabf6076c8c550fb7cdf3800d324fb1e817dde7830f99793ecfa", kill_on_drop: false }`
[INFO] running `Command { std: "docker" "rm" "-f" "9c8c5a26d71feabf6076c8c550fb7cdf3800d324fb1e817dde7830f99793ecfa", kill_on_drop: false }`
[INFO] [stdout] 9c8c5a26d71feabf6076c8c550fb7cdf3800d324fb1e817dde7830f99793ecfa
[INFO] running `Command { std: "docker" "create" "-v" "/var/lib/crater-agent-workspace/builds/worker-0-tc1/target:/opt/rustwide/target:rw,Z" "-v" "/var/lib/crater-agent-workspace/builds/worker-0-tc1/source:/opt/rustwide/workdir:ro,Z" "-v" "/var/lib/crater-agent-workspace/cargo-home:/opt/rustwide/cargo-home:ro,Z" "-v" "/var/lib/crater-agent-workspace/rustup-home:/opt/rustwide/rustup-home:ro,Z" "-e" "SOURCE_DIR=/opt/rustwide/workdir" "-e" "CARGO_TARGET_DIR=/opt/rustwide/target" "-e" "CARGO_INCREMENTAL=0" "-e" "RUST_BACKTRACE=full" "-e" "RUSTFLAGS=--cap-lints=forbid" "-e" "RUSTDOCFLAGS=--cap-lints=forbid" "-e" "CARGO_HOME=/opt/rustwide/cargo-home" "-e" "RUSTUP_HOME=/opt/rustwide/rustup-home" "-w" "/opt/rustwide/workdir" "-m" "1610612736" "--user" "0:0" "--network" "none" "ghcr.io/rust-lang/crates-build-env/linux@sha256:4a844ea9eb2546a2d2c7022eacef16ef2e8229c7fbb2c7d4d55a9ceca922f72d" "/opt/rustwide/cargo-home/bin/cargo" "+nightly-2024-10-28" "test" "--frozen" "--no-run" "--message-format=json", kill_on_drop: false }`
[INFO] [stdout] 62ea7e5204c9c8ad03a760d2bf246ed6d915ef434c012aecfb631d1e846b1577
[INFO] running `Command { std: "docker" "start" "-a" "62ea7e5204c9c8ad03a760d2bf246ed6d915ef434c012aecfb631d1e846b1577", kill_on_drop: false }`
[INFO] [stderr]    Compiling bitsock v0.1.1 (/opt/rustwide/workdir)
[INFO] [stderr]     Finished `test` profile [unoptimized + debuginfo] target(s) in 0.71s
[INFO] running `Command { std: "docker" "inspect" "62ea7e5204c9c8ad03a760d2bf246ed6d915ef434c012aecfb631d1e846b1577", kill_on_drop: false }`
[INFO] running `Command { std: "docker" "rm" "-f" "62ea7e5204c9c8ad03a760d2bf246ed6d915ef434c012aecfb631d1e846b1577", kill_on_drop: false }`
[INFO] [stdout] 62ea7e5204c9c8ad03a760d2bf246ed6d915ef434c012aecfb631d1e846b1577
[INFO] running `Command { std: "docker" "create" "-v" "/var/lib/crater-agent-workspace/builds/worker-0-tc1/target:/opt/rustwide/target:rw,Z" "-v" "/var/lib/crater-agent-workspace/builds/worker-0-tc1/source:/opt/rustwide/workdir:ro,Z" "-v" "/var/lib/crater-agent-workspace/cargo-home:/opt/rustwide/cargo-home:ro,Z" "-v" "/var/lib/crater-agent-workspace/rustup-home:/opt/rustwide/rustup-home:ro,Z" "-e" "SOURCE_DIR=/opt/rustwide/workdir" "-e" "CARGO_TARGET_DIR=/opt/rustwide/target" "-e" "CARGO_INCREMENTAL=0" "-e" "RUST_BACKTRACE=full" "-e" "RUSTFLAGS=--cap-lints=forbid" "-e" "RUSTDOCFLAGS=--cap-lints=forbid" "-e" "CARGO_HOME=/opt/rustwide/cargo-home" "-e" "RUSTUP_HOME=/opt/rustwide/rustup-home" "-w" "/opt/rustwide/workdir" "-m" "1610612736" "--user" "0:0" "--network" "none" "ghcr.io/rust-lang/crates-build-env/linux@sha256:4a844ea9eb2546a2d2c7022eacef16ef2e8229c7fbb2c7d4d55a9ceca922f72d" "/opt/rustwide/cargo-home/bin/cargo" "+nightly-2024-10-28" "test" "--frozen", kill_on_drop: false }`
[INFO] [stdout] 2b55cc284219c49b566ca8049415b8ea040fda298c897f6172e2b2234f3d64f5
[INFO] running `Command { std: "docker" "start" "-a" "2b55cc284219c49b566ca8049415b8ea040fda298c897f6172e2b2234f3d64f5", kill_on_drop: false }`
[INFO] [stderr]     Finished `test` profile [unoptimized + debuginfo] target(s) in 0.03s
[INFO] [stderr]      Running unittests src/lib.rs (/opt/rustwide/target/debug/deps/bitsock-e8bb70fa1827b236)
[INFO] [stdout] 
[INFO] [stdout] running 1 test
[INFO] [stderr]    Doc-tests bitsock
[INFO] [stdout] test tests::check_server_builder ... ok
[INFO] [stdout] 
[INFO] [stdout] test result: ok. 1 passed; 0 failed; 0 ignored; 0 measured; 0 filtered out; finished in 0.00s
[INFO] [stdout] 
[INFO] [stdout] 
[INFO] [stdout] running 2 tests
[INFO] [stdout] test src/server.rs - server::ServerBuilder (line 160) ... FAILED
[INFO] [stdout] test src/server.rs - server::ServerError (line 12) ... FAILED
[INFO] [stdout] 
[INFO] [stdout] failures:
[INFO] [stdout] 
[INFO] [stdout] ---- src/server.rs - server::ServerBuilder (line 160) stdout ----
[INFO] [stdout] error[E0433]: failed to resolve: use of undeclared type `ServerBuilder`
[INFO] [stdout]  --> src/server.rs:163:18
[INFO] [stdout]   |
[INFO] [stdout] 4 |     let server = ServerBuilder::new().address("192.168.1.151").port(4353).build();
[INFO] [stdout]   |                  ^^^^^^^^^^^^^ use of undeclared type `ServerBuilder`
[INFO] [stdout]   |
[INFO] [stdout] help: consider importing this struct
[INFO] [stdout]   |
[INFO] [stdout] 3 + use bitsock::server::ServerBuilder;
[INFO] [stdout]   |
[INFO] [stdout] 
[INFO] [stdout] error: aborting due to 1 previous error
[INFO] [stdout] 
[INFO] [stdout] For more information about this error, try `rustc --explain E0433`.
[INFO] [stdout] Couldn't compile the test.
[INFO] [stdout] ---- src/server.rs - server::ServerError (line 12) stdout ----
[INFO] [stdout] error[E0412]: cannot find type `ServerError` in this scope
[INFO] [stdout]  --> src/server.rs:15:32
[INFO] [stdout]   |
[INFO] [stdout] 5 | fn handle_server_errors(error: ServerError) {
[INFO] [stdout]   |                                ^^^^^^^^^^^ not found in this scope
[INFO] [stdout]   |
[INFO] [stdout] help: consider importing this struct
[INFO] [stdout]   |
[INFO] [stdout] 4 + use bitsock::server::ServerError;
[INFO] [stdout]   |
[INFO] [stdout] 
[INFO] [stdout] error: aborting due to 1 previous error
[INFO] [stdout] 
[INFO] [stdout] For more information about this error, try `rustc --explain E0412`.
[INFO] [stdout] Couldn't compile the test.
[INFO] [stdout] 
[INFO] [stdout] failures:
[INFO] [stdout]     src/server.rs - server::ServerBuilder (line 160)
[INFO] [stdout]     src/server.rs - server::ServerError (line 12)
[INFO] [stdout] 
[INFO] [stdout] test result: FAILED. 0 passed; 2 failed; 0 ignored; 0 measured; 0 filtered out; finished in 0.15s
[INFO] [stdout] 
[INFO] [stderr] error: doctest failed, to rerun pass `--doc`
[INFO] running `Command { std: "docker" "inspect" "2b55cc284219c49b566ca8049415b8ea040fda298c897f6172e2b2234f3d64f5", kill_on_drop: false }`
[INFO] running `Command { std: "docker" "rm" "-f" "2b55cc284219c49b566ca8049415b8ea040fda298c897f6172e2b2234f3d64f5", kill_on_drop: false }`
[INFO] [stdout] 2b55cc284219c49b566ca8049415b8ea040fda298c897f6172e2b2234f3d64f5
