[INFO] fetching crate bitset-fixed-utils 0.1.0...
[INFO] testing bitset-fixed-utils-0.1.0 against nightly-2024-10-28 for randomize-layout
[INFO] extracting crate bitset-fixed-utils 0.1.0 into /workspace/builds/worker-3-tc1/source
[INFO] validating manifest of crates.io crate bitset-fixed-utils 0.1.0 on toolchain nightly-2024-10-28
[INFO] running `Command { std: CARGO_HOME="/workspace/cargo-home" RUSTUP_HOME="/workspace/rustup-home" "/workspace/cargo-home/bin/cargo" "+nightly-2024-10-28" "metadata" "--manifest-path" "Cargo.toml" "--no-deps", kill_on_drop: false }`
[INFO] started tweaking crates.io crate bitset-fixed-utils 0.1.0
[INFO] finished tweaking crates.io crate bitset-fixed-utils 0.1.0
[INFO] tweaked toml for crates.io crate bitset-fixed-utils 0.1.0 written to /workspace/builds/worker-3-tc1/source/Cargo.toml
[INFO] running `Command { std: CARGO_HOME="/workspace/cargo-home" RUSTUP_HOME="/workspace/rustup-home" "/workspace/cargo-home/bin/cargo" "+nightly-2024-10-28" "generate-lockfile" "--manifest-path" "Cargo.toml", kill_on_drop: false }`
[INFO] [stderr]     Updating crates.io index
[INFO] [stderr]      Locking 1 package to latest compatible version
[INFO] running `Command { std: CARGO_HOME="/workspace/cargo-home" RUSTUP_HOME="/workspace/rustup-home" "/workspace/cargo-home/bin/cargo" "+nightly-2024-10-28" "fetch" "--manifest-path" "Cargo.toml", kill_on_drop: false }`
[INFO] [stderr]  Downloading crates ...
[INFO] [stderr]   Downloaded bitset-fixed v0.1.0
[INFO] running `Command { std: "docker" "create" "-v" "/var/lib/crater-agent-workspace/builds/worker-3-tc1/target:/opt/rustwide/target:rw,Z" "-v" "/var/lib/crater-agent-workspace/builds/worker-3-tc1/source:/opt/rustwide/workdir:ro,Z" "-v" "/var/lib/crater-agent-workspace/cargo-home:/opt/rustwide/cargo-home:ro,Z" "-v" "/var/lib/crater-agent-workspace/rustup-home:/opt/rustwide/rustup-home:ro,Z" "-e" "SOURCE_DIR=/opt/rustwide/workdir" "-e" "CARGO_TARGET_DIR=/opt/rustwide/target" "-e" "CARGO_HOME=/opt/rustwide/cargo-home" "-e" "RUSTUP_HOME=/opt/rustwide/rustup-home" "-w" "/opt/rustwide/workdir" "-m" "1610612736" "--user" "0:0" "--network" "none" "ghcr.io/rust-lang/crates-build-env/linux@sha256:4a844ea9eb2546a2d2c7022eacef16ef2e8229c7fbb2c7d4d55a9ceca922f72d" "/opt/rustwide/cargo-home/bin/cargo" "+nightly-2024-10-28" "metadata" "--no-deps" "--format-version=1", kill_on_drop: false }`
[INFO] [stdout] 3b1df390f0152672003ffbc1b95cd9c221565e67201613e9550f1c0cdd0c459e
[INFO] running `Command { std: "docker" "start" "-a" "3b1df390f0152672003ffbc1b95cd9c221565e67201613e9550f1c0cdd0c459e", kill_on_drop: false }`
[INFO] running `Command { std: "docker" "inspect" "3b1df390f0152672003ffbc1b95cd9c221565e67201613e9550f1c0cdd0c459e", kill_on_drop: false }`
[INFO] running `Command { std: "docker" "rm" "-f" "3b1df390f0152672003ffbc1b95cd9c221565e67201613e9550f1c0cdd0c459e", kill_on_drop: false }`
[INFO] [stdout] 3b1df390f0152672003ffbc1b95cd9c221565e67201613e9550f1c0cdd0c459e
[INFO] running `Command { std: "docker" "create" "-v" "/var/lib/crater-agent-workspace/builds/worker-3-tc1/target:/opt/rustwide/target:rw,Z" "-v" "/var/lib/crater-agent-workspace/builds/worker-3-tc1/source:/opt/rustwide/workdir:ro,Z" "-v" "/var/lib/crater-agent-workspace/cargo-home:/opt/rustwide/cargo-home:ro,Z" "-v" "/var/lib/crater-agent-workspace/rustup-home:/opt/rustwide/rustup-home:ro,Z" "-e" "SOURCE_DIR=/opt/rustwide/workdir" "-e" "CARGO_TARGET_DIR=/opt/rustwide/target" "-e" "CARGO_INCREMENTAL=0" "-e" "RUST_BACKTRACE=full" "-e" "RUSTFLAGS=--cap-lints=forbid" "-e" "RUSTDOCFLAGS=--cap-lints=forbid" "-e" "CARGO_HOME=/opt/rustwide/cargo-home" "-e" "RUSTUP_HOME=/opt/rustwide/rustup-home" "-w" "/opt/rustwide/workdir" "-m" "1610612736" "--user" "0:0" "--network" "none" "ghcr.io/rust-lang/crates-build-env/linux@sha256:4a844ea9eb2546a2d2c7022eacef16ef2e8229c7fbb2c7d4d55a9ceca922f72d" "/opt/rustwide/cargo-home/bin/cargo" "+nightly-2024-10-28" "build" "--frozen" "--message-format=json", kill_on_drop: false }`
[INFO] [stdout] f1a485412d92c02d2bfb4adefe8d66aad3a7a12192acd0e5769e70e9b014b833
[INFO] running `Command { std: "docker" "start" "-a" "f1a485412d92c02d2bfb4adefe8d66aad3a7a12192acd0e5769e70e9b014b833", kill_on_drop: false }`
[INFO] [stderr]    Compiling bitset-fixed v0.1.0
[INFO] [stderr]    Compiling bitset-fixed-utils v0.1.0 (/opt/rustwide/workdir)
[INFO] [stderr]     Finished `dev` profile [unoptimized + debuginfo] target(s) in 0.13s
[INFO] running `Command { std: "docker" "inspect" "f1a485412d92c02d2bfb4adefe8d66aad3a7a12192acd0e5769e70e9b014b833", kill_on_drop: false }`
[INFO] running `Command { std: "docker" "rm" "-f" "f1a485412d92c02d2bfb4adefe8d66aad3a7a12192acd0e5769e70e9b014b833", kill_on_drop: false }`
[INFO] [stdout] f1a485412d92c02d2bfb4adefe8d66aad3a7a12192acd0e5769e70e9b014b833
[INFO] running `Command { std: "docker" "create" "-v" "/var/lib/crater-agent-workspace/builds/worker-3-tc1/target:/opt/rustwide/target:rw,Z" "-v" "/var/lib/crater-agent-workspace/builds/worker-3-tc1/source:/opt/rustwide/workdir:ro,Z" "-v" "/var/lib/crater-agent-workspace/cargo-home:/opt/rustwide/cargo-home:ro,Z" "-v" "/var/lib/crater-agent-workspace/rustup-home:/opt/rustwide/rustup-home:ro,Z" "-e" "SOURCE_DIR=/opt/rustwide/workdir" "-e" "CARGO_TARGET_DIR=/opt/rustwide/target" "-e" "CARGO_INCREMENTAL=0" "-e" "RUST_BACKTRACE=full" "-e" "RUSTFLAGS=--cap-lints=forbid" "-e" "RUSTDOCFLAGS=--cap-lints=forbid" "-e" "CARGO_HOME=/opt/rustwide/cargo-home" "-e" "RUSTUP_HOME=/opt/rustwide/rustup-home" "-w" "/opt/rustwide/workdir" "-m" "1610612736" "--user" "0:0" "--network" "none" "ghcr.io/rust-lang/crates-build-env/linux@sha256:4a844ea9eb2546a2d2c7022eacef16ef2e8229c7fbb2c7d4d55a9ceca922f72d" "/opt/rustwide/cargo-home/bin/cargo" "+nightly-2024-10-28" "test" "--frozen" "--no-run" "--message-format=json", kill_on_drop: false }`
[INFO] [stdout] e243f6aee3e2e3dff40dd7de038186dba64fb8e2e4ede9dc7fa358e395dc7811
[INFO] running `Command { std: "docker" "start" "-a" "e243f6aee3e2e3dff40dd7de038186dba64fb8e2e4ede9dc7fa358e395dc7811", kill_on_drop: false }`
[INFO] [stderr]    Compiling bitset-fixed-utils v0.1.0 (/opt/rustwide/workdir)
[INFO] [stderr]     Finished `test` profile [unoptimized + debuginfo] target(s) in 0.16s
[INFO] running `Command { std: "docker" "inspect" "e243f6aee3e2e3dff40dd7de038186dba64fb8e2e4ede9dc7fa358e395dc7811", kill_on_drop: false }`
[INFO] running `Command { std: "docker" "rm" "-f" "e243f6aee3e2e3dff40dd7de038186dba64fb8e2e4ede9dc7fa358e395dc7811", kill_on_drop: false }`
[INFO] [stdout] e243f6aee3e2e3dff40dd7de038186dba64fb8e2e4ede9dc7fa358e395dc7811
[INFO] running `Command { std: "docker" "create" "-v" "/var/lib/crater-agent-workspace/builds/worker-3-tc1/target:/opt/rustwide/target:rw,Z" "-v" "/var/lib/crater-agent-workspace/builds/worker-3-tc1/source:/opt/rustwide/workdir:ro,Z" "-v" "/var/lib/crater-agent-workspace/cargo-home:/opt/rustwide/cargo-home:ro,Z" "-v" "/var/lib/crater-agent-workspace/rustup-home:/opt/rustwide/rustup-home:ro,Z" "-e" "SOURCE_DIR=/opt/rustwide/workdir" "-e" "CARGO_TARGET_DIR=/opt/rustwide/target" "-e" "CARGO_INCREMENTAL=0" "-e" "RUST_BACKTRACE=full" "-e" "RUSTFLAGS=--cap-lints=forbid" "-e" "RUSTDOCFLAGS=--cap-lints=forbid" "-e" "CARGO_HOME=/opt/rustwide/cargo-home" "-e" "RUSTUP_HOME=/opt/rustwide/rustup-home" "-w" "/opt/rustwide/workdir" "-m" "1610612736" "--user" "0:0" "--network" "none" "ghcr.io/rust-lang/crates-build-env/linux@sha256:4a844ea9eb2546a2d2c7022eacef16ef2e8229c7fbb2c7d4d55a9ceca922f72d" "/opt/rustwide/cargo-home/bin/cargo" "+nightly-2024-10-28" "test" "--frozen", kill_on_drop: false }`
[INFO] [stdout] a803dc598c78f956552a522a8ab4425ae321c8096c386d413420a1842c3603e0
[INFO] running `Command { std: "docker" "start" "-a" "a803dc598c78f956552a522a8ab4425ae321c8096c386d413420a1842c3603e0", kill_on_drop: false }`
[INFO] [stderr]     Finished `test` profile [unoptimized + debuginfo] target(s) in 0.00s
[INFO] [stderr]      Running unittests src/lib.rs (/opt/rustwide/target/debug/deps/bitset_fixed_utils-f0ce89e037fe4bd6)
[INFO] [stdout] 
[INFO] [stdout] running 8 tests
[INFO] [stdout] test tests_bitset_iter::bsiter_collect ... ok
[INFO] [stdout] test tests_bitset_iter::bsiter_next_normal_case ... ok
[INFO] [stdout] test tests_bitset_iter::bsiter_no_items ... ok
[INFO] [stdout] test tests_bitset_iter::bsiter_mutiple_words ... ok
[INFO] [stdout] test tests_lexbitset::different_sizes_considered_padded_with_zeroes ... ok
[INFO] [stdout] test tests_lexbitset::same_size_greater_than ... ok
[INFO] [stdout] test tests_lexbitset::same_size_equal ... ok
[INFO] [stdout] test tests_lexbitset::same_size_less_than ... ok
[INFO] [stdout] 
[INFO] [stdout] test result: ok. 8 passed; 0 failed; 0 ignored; 0 measured; 0 filtered out; finished in 0.00s
[INFO] [stdout] 
[INFO] [stderr]    Doc-tests bitset_fixed_utils
[INFO] [stdout] 
[INFO] [stdout] running 2 tests
[INFO] [stdout] test src/lib.rs - LexBitSet (line 88) ... FAILED
[INFO] [stdout] test src/lib.rs - BitSetIter (line 13) ... FAILED
[INFO] [stdout] 
[INFO] [stdout] failures:
[INFO] [stdout] 
[INFO] [stdout] ---- src/lib.rs - LexBitSet (line 88) stdout ----
[INFO] [stdout] error[E0432]: unresolved import `ddo`
[INFO] [stdout]  --> src/lib.rs:90:5
[INFO] [stdout]   |
[INFO] [stdout] 4 | use ddo::LexBitSet;
[INFO] [stdout]   |     ^^^ use of undeclared crate or module `ddo`
[INFO] [stdout] 
[INFO] [stdout] error: aborting due to 1 previous error
[INFO] [stdout] 
[INFO] [stdout] For more information about this error, try `rustc --explain E0432`.
[INFO] [stdout] Couldn't compile the test.
[INFO] [stdout] ---- src/lib.rs - BitSetIter (line 13) stdout ----
[INFO] [stdout] error[E0432]: unresolved import `ddo`
[INFO] [stdout]  --> src/lib.rs:15:5
[INFO] [stdout]   |
[INFO] [stdout] 4 | use ddo::BitSetIter;
[INFO] [stdout]   |     ^^^ use of undeclared crate or module `ddo`
[INFO] [stdout] 
[INFO] [stdout] error: aborting due to 1 previous error
[INFO] [stdout] 
[INFO] [stdout] For more information about this error, try `rustc --explain E0432`.
[INFO] [stdout] Couldn't compile the test.
[INFO] [stdout] 
[INFO] [stdout] failures:
[INFO] [stdout]     src/lib.rs - BitSetIter (line 13)
[INFO] [stdout]     src/lib.rs - LexBitSet (line 88)
[INFO] [stdout] 
[INFO] [stdout] test result: FAILED. 0 passed; 2 failed; 0 ignored; 0 measured; 0 filtered out; finished in 0.03s
[INFO] [stdout] 
[INFO] [stderr] error: doctest failed, to rerun pass `--doc`
[INFO] running `Command { std: "docker" "inspect" "a803dc598c78f956552a522a8ab4425ae321c8096c386d413420a1842c3603e0", kill_on_drop: false }`
[INFO] running `Command { std: "docker" "rm" "-f" "a803dc598c78f956552a522a8ab4425ae321c8096c386d413420a1842c3603e0", kill_on_drop: false }`
[INFO] [stdout] a803dc598c78f956552a522a8ab4425ae321c8096c386d413420a1842c3603e0
