[INFO] fetching crate bitflags-core 0.3.4...
[INFO] testing bitflags-core-0.3.4 against nightly-2024-10-28 for randomize-layout
[INFO] extracting crate bitflags-core 0.3.4 into /workspace/builds/worker-3-tc1/source
[INFO] validating manifest of crates.io crate bitflags-core 0.3.4 on toolchain nightly-2024-10-28
[INFO] running `Command { std: CARGO_HOME="/workspace/cargo-home" RUSTUP_HOME="/workspace/rustup-home" "/workspace/cargo-home/bin/cargo" "+nightly-2024-10-28" "metadata" "--manifest-path" "Cargo.toml" "--no-deps", kill_on_drop: false }`
[INFO] started tweaking crates.io crate bitflags-core 0.3.4
[INFO] finished tweaking crates.io crate bitflags-core 0.3.4
[INFO] tweaked toml for crates.io crate bitflags-core 0.3.4 written to /workspace/builds/worker-3-tc1/source/Cargo.toml
[INFO] running `Command { std: CARGO_HOME="/workspace/cargo-home" RUSTUP_HOME="/workspace/rustup-home" "/workspace/cargo-home/bin/cargo" "+nightly-2024-10-28" "generate-lockfile" "--manifest-path" "Cargo.toml", kill_on_drop: false }`
[INFO] running `Command { std: CARGO_HOME="/workspace/cargo-home" RUSTUP_HOME="/workspace/rustup-home" "/workspace/cargo-home/bin/cargo" "+nightly-2024-10-28" "fetch" "--manifest-path" "Cargo.toml", kill_on_drop: false }`
[INFO] [stderr] warning: no edition set: defaulting to the 2015 edition while the latest is 2021
[INFO] running `Command { std: "docker" "create" "-v" "/var/lib/crater-agent-workspace/builds/worker-3-tc1/target:/opt/rustwide/target:rw,Z" "-v" "/var/lib/crater-agent-workspace/builds/worker-3-tc1/source:/opt/rustwide/workdir:ro,Z" "-v" "/var/lib/crater-agent-workspace/cargo-home:/opt/rustwide/cargo-home:ro,Z" "-v" "/var/lib/crater-agent-workspace/rustup-home:/opt/rustwide/rustup-home:ro,Z" "-e" "SOURCE_DIR=/opt/rustwide/workdir" "-e" "CARGO_TARGET_DIR=/opt/rustwide/target" "-e" "CARGO_HOME=/opt/rustwide/cargo-home" "-e" "RUSTUP_HOME=/opt/rustwide/rustup-home" "-w" "/opt/rustwide/workdir" "-m" "1610612736" "--user" "0:0" "--network" "none" "ghcr.io/rust-lang/crates-build-env/linux@sha256:4a844ea9eb2546a2d2c7022eacef16ef2e8229c7fbb2c7d4d55a9ceca922f72d" "/opt/rustwide/cargo-home/bin/cargo" "+nightly-2024-10-28" "metadata" "--no-deps" "--format-version=1", kill_on_drop: false }`
[INFO] [stdout] 35bee0565360dff3a698e7d5ec327c40a22be4a1387367098be4de1b15af7964
[INFO] running `Command { std: "docker" "start" "-a" "35bee0565360dff3a698e7d5ec327c40a22be4a1387367098be4de1b15af7964", kill_on_drop: false }`
[INFO] running `Command { std: "docker" "inspect" "35bee0565360dff3a698e7d5ec327c40a22be4a1387367098be4de1b15af7964", kill_on_drop: false }`
[INFO] running `Command { std: "docker" "rm" "-f" "35bee0565360dff3a698e7d5ec327c40a22be4a1387367098be4de1b15af7964", kill_on_drop: false }`
[INFO] [stdout] 35bee0565360dff3a698e7d5ec327c40a22be4a1387367098be4de1b15af7964
[INFO] running `Command { std: "docker" "create" "-v" "/var/lib/crater-agent-workspace/builds/worker-3-tc1/target:/opt/rustwide/target:rw,Z" "-v" "/var/lib/crater-agent-workspace/builds/worker-3-tc1/source:/opt/rustwide/workdir:ro,Z" "-v" "/var/lib/crater-agent-workspace/cargo-home:/opt/rustwide/cargo-home:ro,Z" "-v" "/var/lib/crater-agent-workspace/rustup-home:/opt/rustwide/rustup-home:ro,Z" "-e" "SOURCE_DIR=/opt/rustwide/workdir" "-e" "CARGO_TARGET_DIR=/opt/rustwide/target" "-e" "CARGO_INCREMENTAL=0" "-e" "RUST_BACKTRACE=full" "-e" "RUSTFLAGS=--cap-lints=forbid" "-e" "RUSTDOCFLAGS=--cap-lints=forbid" "-e" "CARGO_HOME=/opt/rustwide/cargo-home" "-e" "RUSTUP_HOME=/opt/rustwide/rustup-home" "-w" "/opt/rustwide/workdir" "-m" "1610612736" "--user" "0:0" "--network" "none" "ghcr.io/rust-lang/crates-build-env/linux@sha256:4a844ea9eb2546a2d2c7022eacef16ef2e8229c7fbb2c7d4d55a9ceca922f72d" "/opt/rustwide/cargo-home/bin/cargo" "+nightly-2024-10-28" "build" "--frozen" "--message-format=json", kill_on_drop: false }`
[INFO] [stdout] 0b4edb94b5f086a84454a144b4e4f51c9068f2562d3d11eb1cf540419b3d3e01
[INFO] running `Command { std: "docker" "start" "-a" "0b4edb94b5f086a84454a144b4e4f51c9068f2562d3d11eb1cf540419b3d3e01", kill_on_drop: false }`
[INFO] [stderr] warning: no edition set: defaulting to the 2015 edition while the latest is 2021
[INFO] [stderr]    Compiling bitflags-core v0.3.4 (/opt/rustwide/workdir)
[INFO] [stdout] warning: the feature `no_std` has been stable since 1.6.0 and no longer requires an attribute to enable
[INFO] [stdout]   --> src/lib.rs:11:12
[INFO] [stdout]    |
[INFO] [stdout] 11 | #![feature(no_std)]
[INFO] [stdout]    |            ^^^^^^
[INFO] [stdout]    |
[INFO] [stdout]    = note: `#[warn(stable_features)]` on by default
[INFO] [stdout] 
[INFO] [stdout] 
[INFO] [stderr]     Finished `dev` profile [unoptimized + debuginfo] target(s) in 0.06s
[INFO] running `Command { std: "docker" "inspect" "0b4edb94b5f086a84454a144b4e4f51c9068f2562d3d11eb1cf540419b3d3e01", kill_on_drop: false }`
[INFO] running `Command { std: "docker" "rm" "-f" "0b4edb94b5f086a84454a144b4e4f51c9068f2562d3d11eb1cf540419b3d3e01", kill_on_drop: false }`
[INFO] [stdout] 0b4edb94b5f086a84454a144b4e4f51c9068f2562d3d11eb1cf540419b3d3e01
[INFO] running `Command { std: "docker" "create" "-v" "/var/lib/crater-agent-workspace/builds/worker-3-tc1/target:/opt/rustwide/target:rw,Z" "-v" "/var/lib/crater-agent-workspace/builds/worker-3-tc1/source:/opt/rustwide/workdir:ro,Z" "-v" "/var/lib/crater-agent-workspace/cargo-home:/opt/rustwide/cargo-home:ro,Z" "-v" "/var/lib/crater-agent-workspace/rustup-home:/opt/rustwide/rustup-home:ro,Z" "-e" "SOURCE_DIR=/opt/rustwide/workdir" "-e" "CARGO_TARGET_DIR=/opt/rustwide/target" "-e" "CARGO_INCREMENTAL=0" "-e" "RUST_BACKTRACE=full" "-e" "RUSTFLAGS=--cap-lints=forbid" "-e" "RUSTDOCFLAGS=--cap-lints=forbid" "-e" "CARGO_HOME=/opt/rustwide/cargo-home" "-e" "RUSTUP_HOME=/opt/rustwide/rustup-home" "-w" "/opt/rustwide/workdir" "-m" "1610612736" "--user" "0:0" "--network" "none" "ghcr.io/rust-lang/crates-build-env/linux@sha256:4a844ea9eb2546a2d2c7022eacef16ef2e8229c7fbb2c7d4d55a9ceca922f72d" "/opt/rustwide/cargo-home/bin/cargo" "+nightly-2024-10-28" "test" "--frozen" "--no-run" "--message-format=json", kill_on_drop: false }`
[INFO] [stdout] 79fb8d5dec2bce67d9915ea96766eda83e27299bf1be67d18f14461db327dffb
[INFO] running `Command { std: "docker" "start" "-a" "79fb8d5dec2bce67d9915ea96766eda83e27299bf1be67d18f14461db327dffb", kill_on_drop: false }`
[INFO] [stderr] warning: no edition set: defaulting to the 2015 edition while the latest is 2021
[INFO] [stderr]    Compiling bitflags-core v0.3.4 (/opt/rustwide/workdir)
[INFO] [stdout] warning: the feature `no_std` has been stable since 1.6.0 and no longer requires an attribute to enable
[INFO] [stdout]   --> src/lib.rs:11:12
[INFO] [stdout]    |
[INFO] [stdout] 11 | #![feature(no_std)]
[INFO] [stdout]    |            ^^^^^^
[INFO] [stdout]    |
[INFO] [stdout]    = note: `#[warn(stable_features)]` on by default
[INFO] [stdout] 
[INFO] [stdout] 
[INFO] [stdout] warning: the feature `no_std` has been stable since 1.6.0 and no longer requires an attribute to enable
[INFO] [stdout]   --> src/lib.rs:11:12
[INFO] [stdout]    |
[INFO] [stdout] 11 | #![feature(no_std)]
[INFO] [stdout]    |            ^^^^^^
[INFO] [stdout]    |
[INFO] [stdout]    = note: `#[warn(stable_features)]` on by default
[INFO] [stdout] 
[INFO] [stdout] 
[INFO] [stderr]     Finished `test` profile [unoptimized + debuginfo] target(s) in 0.22s
[INFO] running `Command { std: "docker" "inspect" "79fb8d5dec2bce67d9915ea96766eda83e27299bf1be67d18f14461db327dffb", kill_on_drop: false }`
[INFO] running `Command { std: "docker" "rm" "-f" "79fb8d5dec2bce67d9915ea96766eda83e27299bf1be67d18f14461db327dffb", kill_on_drop: false }`
[INFO] [stdout] 79fb8d5dec2bce67d9915ea96766eda83e27299bf1be67d18f14461db327dffb
[INFO] running `Command { std: "docker" "create" "-v" "/var/lib/crater-agent-workspace/builds/worker-3-tc1/target:/opt/rustwide/target:rw,Z" "-v" "/var/lib/crater-agent-workspace/builds/worker-3-tc1/source:/opt/rustwide/workdir:ro,Z" "-v" "/var/lib/crater-agent-workspace/cargo-home:/opt/rustwide/cargo-home:ro,Z" "-v" "/var/lib/crater-agent-workspace/rustup-home:/opt/rustwide/rustup-home:ro,Z" "-e" "SOURCE_DIR=/opt/rustwide/workdir" "-e" "CARGO_TARGET_DIR=/opt/rustwide/target" "-e" "CARGO_INCREMENTAL=0" "-e" "RUST_BACKTRACE=full" "-e" "RUSTFLAGS=--cap-lints=forbid" "-e" "RUSTDOCFLAGS=--cap-lints=forbid" "-e" "CARGO_HOME=/opt/rustwide/cargo-home" "-e" "RUSTUP_HOME=/opt/rustwide/rustup-home" "-w" "/opt/rustwide/workdir" "-m" "1610612736" "--user" "0:0" "--network" "none" "ghcr.io/rust-lang/crates-build-env/linux@sha256:4a844ea9eb2546a2d2c7022eacef16ef2e8229c7fbb2c7d4d55a9ceca922f72d" "/opt/rustwide/cargo-home/bin/cargo" "+nightly-2024-10-28" "test" "--frozen", kill_on_drop: false }`
[INFO] [stdout] fc3e8625630a8528c87e8e7ae4d77441737a44bd089761962b9e900d88937629
[INFO] running `Command { std: "docker" "start" "-a" "fc3e8625630a8528c87e8e7ae4d77441737a44bd089761962b9e900d88937629", kill_on_drop: false }`
[INFO] [stderr] warning: no edition set: defaulting to the 2015 edition while the latest is 2021
[INFO] [stderr] warning: the feature `no_std` has been stable since 1.6.0 and no longer requires an attribute to enable
[INFO] [stderr]   --> src/lib.rs:11:12
[INFO] [stderr]    |
[INFO] [stderr] 11 | #![feature(no_std)]
[INFO] [stderr]    |            ^^^^^^
[INFO] [stderr]    |
[INFO] [stderr]    = note: `#[warn(stable_features)]` on by default
[INFO] [stderr] 
[INFO] [stderr] warning: `bitflags-core` (lib) generated 1 warning
[INFO] [stderr] warning: `bitflags-core` (lib test) generated 1 warning (1 duplicate)
[INFO] [stderr]     Finished `test` profile [unoptimized + debuginfo] target(s) in 0.01s
[INFO] [stderr]      Running unittests src/lib.rs (/opt/rustwide/target/debug/deps/bitflags_core-3795ea369428253b)
[INFO] [stdout] 
[INFO] [stdout] running 0 tests
[INFO] [stderr]    Doc-tests bitflags_core
[INFO] [stdout] 
[INFO] [stdout] test result: ok. 0 passed; 0 failed; 0 ignored; 0 measured; 0 filtered out; finished in 0.00s
[INFO] [stdout] 
[INFO] [stdout] 
[INFO] [stdout] running 2 tests
[INFO] [stdout] test src/lib.rs - bitflags (line 52) ... FAILED
[INFO] [stdout] test src/lib.rs - bitflags (line 24) ... FAILED
[INFO] [stdout] 
[INFO] [stdout] failures:
[INFO] [stdout] 
[INFO] [stdout] ---- src/lib.rs - bitflags (line 52) stdout ----
[INFO] [stdout] error[E0463]: can't find crate for `bitflags`
[INFO] [stdout]  --> src/lib.rs:54:1
[INFO] [stdout]   |
[INFO] [stdout] 3 | extern crate bitflags;
[INFO] [stdout]   | ^^^^^^^^^^^^^^^^^^^^^^ can't find crate
[INFO] [stdout] 
[INFO] [stdout] error: cannot find macro `bitflags` in this scope
[INFO] [stdout]  --> src/lib.rs:58:1
[INFO] [stdout]   |
[INFO] [stdout] 7 | bitflags! {
[INFO] [stdout]   | ^^^^^^^^
[INFO] [stdout]   |
[INFO] [stdout] note: `bitflags` is imported here, but it is an unresolved item, not a macro
[INFO] [stdout]  --> src/lib.rs:54:1
[INFO] [stdout]   |
[INFO] [stdout] 3 | extern crate bitflags;
[INFO] [stdout]   | ^^^^^^^^^^^^^^^^^^^^^^
[INFO] [stdout] 
[INFO] [stdout] error[E0412]: cannot find type `Flags` in this scope
[INFO] [stdout]   --> src/lib.rs:65:6
[INFO] [stdout]    |
[INFO] [stdout] 14 | impl Flags {
[INFO] [stdout]    |      ^^^^^ not found in this scope
[INFO] [stdout] 
[INFO] [stdout] error[E0412]: cannot find type `Flags` in this scope
[INFO] [stdout]   --> src/lib.rs:72:23
[INFO] [stdout]    |
[INFO] [stdout] 21 | impl fmt::Display for Flags {
[INFO] [stdout]    |                       ^^^^^ not found in this scope
[INFO] [stdout] 
[INFO] [stdout] error[E0425]: cannot find value `FLAG_A` in this scope
[INFO] [stdout]   --> src/lib.rs:79:21
[INFO] [stdout]    |
[INFO] [stdout] 28 |     let mut flags = FLAG_A | FLAG_B;
[INFO] [stdout]    |                     ^^^^^^ not found in this scope
[INFO] [stdout] 
[INFO] [stdout] error[E0425]: cannot find value `FLAG_B` in this scope
[INFO] [stdout]   --> src/lib.rs:79:30
[INFO] [stdout]    |
[INFO] [stdout] 28 |     let mut flags = FLAG_A | FLAG_B;
[INFO] [stdout]    |                              ^^^^^^ not found in this scope
[INFO] [stdout] 
[INFO] [stdout] error[E0425]: cannot find value `FLAG_A` in this scope
[INFO] [stdout]   --> src/lib.rs:83:32
[INFO] [stdout]    |
[INFO] [stdout] 32 |     assert_eq!(format!("{:?}", FLAG_A | FLAG_B), "FLAG_A | FLAG_B");
[INFO] [stdout]    |                                ^^^^^^ not found in this scope
[INFO] [stdout] 
[INFO] [stdout] error[E0425]: cannot find value `FLAG_B` in this scope
[INFO] [stdout]   --> src/lib.rs:83:41
[INFO] [stdout]    |
[INFO] [stdout] 32 |     assert_eq!(format!("{:?}", FLAG_A | FLAG_B), "FLAG_A | FLAG_B");
[INFO] [stdout]    |                                         ^^^^^^ not found in this scope
[INFO] [stdout] 
[INFO] [stdout] error[E0425]: cannot find value `FLAG_B` in this scope
[INFO] [stdout]   --> src/lib.rs:84:32
[INFO] [stdout]    |
[INFO] [stdout] 33 |     assert_eq!(format!("{:?}", FLAG_B), "FLAG_B");
[INFO] [stdout]    |                                ^^^^^^ not found in this scope
[INFO] [stdout] 
[INFO] [stdout] error: aborting due to 9 previous errors
[INFO] [stdout] 
[INFO] [stdout] Some errors have detailed explanations: E0412, E0425, E0463.
[INFO] [stdout] For more information about an error, try `rustc --explain E0412`.
[INFO] [stdout] Couldn't compile the test.
[INFO] [stdout] ---- src/lib.rs - bitflags (line 24) stdout ----
[INFO] [stdout] error[E0463]: can't find crate for `bitflags`
[INFO] [stdout]  --> src/lib.rs:26:1
[INFO] [stdout]   |
[INFO] [stdout] 3 | extern crate bitflags;
[INFO] [stdout]   | ^^^^^^^^^^^^^^^^^^^^^^ can't find crate
[INFO] [stdout] 
[INFO] [stdout] error: cannot find macro `bitflags` in this scope
[INFO] [stdout]  --> src/lib.rs:28:1
[INFO] [stdout]   |
[INFO] [stdout] 5 | bitflags! {
[INFO] [stdout]   | ^^^^^^^^
[INFO] [stdout]   |
[INFO] [stdout] note: `bitflags` is imported here, but it is an unresolved item, not a macro
[INFO] [stdout]  --> src/lib.rs:26:1
[INFO] [stdout]   |
[INFO] [stdout] 3 | extern crate bitflags;
[INFO] [stdout]   | ^^^^^^^^^^^^^^^^^^^^^^
[INFO] [stdout] 
[INFO] [stdout] error[E0425]: cannot find value `FLAG_A` in this scope
[INFO] [stdout]   --> src/lib.rs:40:14
[INFO] [stdout]    |
[INFO] [stdout] 17 |     let e1 = FLAG_A | FLAG_C;
[INFO] [stdout]    |              ^^^^^^ not found in this scope
[INFO] [stdout] 
[INFO] [stdout] error[E0425]: cannot find value `FLAG_C` in this scope
[INFO] [stdout]   --> src/lib.rs:40:23
[INFO] [stdout]    |
[INFO] [stdout] 17 |     let e1 = FLAG_A | FLAG_C;
[INFO] [stdout]    |                       ^^^^^^ not found in this scope
[INFO] [stdout] 
[INFO] [stdout] error[E0425]: cannot find value `FLAG_B` in this scope
[INFO] [stdout]   --> src/lib.rs:41:14
[INFO] [stdout]    |
[INFO] [stdout] 18 |     let e2 = FLAG_B | FLAG_C;
[INFO] [stdout]    |              ^^^^^^ not found in this scope
[INFO] [stdout] 
[INFO] [stdout] error[E0425]: cannot find value `FLAG_C` in this scope
[INFO] [stdout]   --> src/lib.rs:41:23
[INFO] [stdout]    |
[INFO] [stdout] 18 |     let e2 = FLAG_B | FLAG_C;
[INFO] [stdout]    |                       ^^^^^^ not found in this scope
[INFO] [stdout] 
[INFO] [stdout] error[E0425]: cannot find value `FLAG_ABC` in this scope
[INFO] [stdout]   --> src/lib.rs:42:26
[INFO] [stdout]    |
[INFO] [stdout] 19 |     assert!((e1 | e2) == FLAG_ABC);   // union
[INFO] [stdout]    |                          ^^^^^^^^ not found in this scope
[INFO] [stdout] 
[INFO] [stdout] error[E0425]: cannot find value `FLAG_C` in this scope
[INFO] [stdout]   --> src/lib.rs:43:26
[INFO] [stdout]    |
[INFO] [stdout] 20 |     assert!((e1 & e2) == FLAG_C);     // intersection
[INFO] [stdout]    |                          ^^^^^^ not found in this scope
[INFO] [stdout] 
[INFO] [stdout] error[E0425]: cannot find value `FLAG_A` in this scope
[INFO] [stdout]   --> src/lib.rs:44:26
[INFO] [stdout]    |
[INFO] [stdout] 21 |     assert!((e1 - e2) == FLAG_A);     // set difference
[INFO] [stdout]    |                          ^^^^^^ not found in this scope
[INFO] [stdout] 
[INFO] [stdout] error[E0425]: cannot find value `FLAG_A` in this scope
[INFO] [stdout]   --> src/lib.rs:45:20
[INFO] [stdout]    |
[INFO] [stdout] 22 |     assert!(!e2 == FLAG_A);           // set complement
[INFO] [stdout]    |                    ^^^^^^ not found in this scope
[INFO] [stdout] 
[INFO] [stdout] error: aborting due to 10 previous errors
[INFO] [stdout] 
[INFO] [stdout] Some errors have detailed explanations: E0425, E0463.
[INFO] [stdout] For more information about an error, try `rustc --explain E0425`.
[INFO] [stdout] Couldn't compile the test.
[INFO] [stdout] 
[INFO] [stdout] failures:
[INFO] [stdout]     src/lib.rs - bitflags (line 24)
[INFO] [stdout]     src/lib.rs - bitflags (line 52)
[INFO] [stdout] 
[INFO] [stdout] test result: FAILED. 0 passed; 2 failed; 0 ignored; 0 measured; 0 filtered out; finished in 0.12s
[INFO] [stdout] 
[INFO] [stderr] error: doctest failed, to rerun pass `--doc`
[INFO] running `Command { std: "docker" "inspect" "fc3e8625630a8528c87e8e7ae4d77441737a44bd089761962b9e900d88937629", kill_on_drop: false }`
[INFO] running `Command { std: "docker" "rm" "-f" "fc3e8625630a8528c87e8e7ae4d77441737a44bd089761962b9e900d88937629", kill_on_drop: false }`
[INFO] [stdout] fc3e8625630a8528c87e8e7ae4d77441737a44bd089761962b9e900d88937629
