[INFO] fetching crate bitcoincore-zmqsequence 0.1.0...
[INFO] testing bitcoincore-zmqsequence-0.1.0 against nightly-2024-10-28 for randomize-layout
[INFO] extracting crate bitcoincore-zmqsequence 0.1.0 into /workspace/builds/worker-0-tc1/source
[INFO] validating manifest of crates.io crate bitcoincore-zmqsequence 0.1.0 on toolchain nightly-2024-10-28
[INFO] running `Command { std: CARGO_HOME="/workspace/cargo-home" RUSTUP_HOME="/workspace/rustup-home" "/workspace/cargo-home/bin/cargo" "+nightly-2024-10-28" "metadata" "--manifest-path" "Cargo.toml" "--no-deps", kill_on_drop: false }`
[INFO] started tweaking crates.io crate bitcoincore-zmqsequence 0.1.0
[INFO] finished tweaking crates.io crate bitcoincore-zmqsequence 0.1.0
[INFO] tweaked toml for crates.io crate bitcoincore-zmqsequence 0.1.0 written to /workspace/builds/worker-0-tc1/source/Cargo.toml
[INFO] running `Command { std: CARGO_HOME="/workspace/cargo-home" RUSTUP_HOME="/workspace/rustup-home" "/workspace/cargo-home/bin/cargo" "+nightly-2024-10-28" "generate-lockfile" "--manifest-path" "Cargo.toml", kill_on_drop: false }`
[INFO] [stderr]     Updating crates.io index
[INFO] [stderr]      Locking 90 packages to latest compatible versions
[INFO] [stderr]       Adding bitcoincore-rpc v0.17.0 (available: v0.19.0)
[INFO] running `Command { std: CARGO_HOME="/workspace/cargo-home" RUSTUP_HOME="/workspace/rustup-home" "/workspace/cargo-home/bin/cargo" "+nightly-2024-10-28" "fetch" "--manifest-path" "Cargo.toml", kill_on_drop: false }`
[INFO] [stderr]  Downloading crates ...
[INFO] [stderr]   Downloaded jsonrpc v0.14.1
[INFO] [stderr]   Downloaded jwalk v0.8.1
[INFO] [stderr]   Downloaded bitcoincore-rpc-json v0.17.0
[INFO] [stderr]   Downloaded bitcoincore-rpc v0.17.0
[INFO] [stderr]   Downloaded dircpy v0.3.19
[INFO] [stderr]   Downloaded zmq-sys v0.12.0
[INFO] [stderr]   Downloaded bitcoin-private v0.1.0
[INFO] [stderr]   Downloaded bitcoin_hashes v0.12.0
[INFO] [stderr]   Downloaded zmq v0.10.0
[INFO] [stderr]   Downloaded bitcoin v0.30.2
[INFO] [stderr]   Downloaded zeromq-src v0.2.6+4.3.4
[INFO] running `Command { std: "docker" "create" "-v" "/var/lib/crater-agent-workspace/builds/worker-0-tc1/target:/opt/rustwide/target:rw,Z" "-v" "/var/lib/crater-agent-workspace/builds/worker-0-tc1/source:/opt/rustwide/workdir:ro,Z" "-v" "/var/lib/crater-agent-workspace/cargo-home:/opt/rustwide/cargo-home:ro,Z" "-v" "/var/lib/crater-agent-workspace/rustup-home:/opt/rustwide/rustup-home:ro,Z" "-e" "SOURCE_DIR=/opt/rustwide/workdir" "-e" "CARGO_TARGET_DIR=/opt/rustwide/target" "-e" "CARGO_HOME=/opt/rustwide/cargo-home" "-e" "RUSTUP_HOME=/opt/rustwide/rustup-home" "-w" "/opt/rustwide/workdir" "-m" "1610612736" "--user" "0:0" "--network" "none" "ghcr.io/rust-lang/crates-build-env/linux@sha256:4a844ea9eb2546a2d2c7022eacef16ef2e8229c7fbb2c7d4d55a9ceca922f72d" "/opt/rustwide/cargo-home/bin/cargo" "+nightly-2024-10-28" "metadata" "--no-deps" "--format-version=1", kill_on_drop: false }`
[INFO] [stdout] 230a037d0e19f4d428f1ba328c802dab32d0b1f745e83a66d56328a18b8c4e58
[INFO] running `Command { std: "docker" "start" "-a" "230a037d0e19f4d428f1ba328c802dab32d0b1f745e83a66d56328a18b8c4e58", kill_on_drop: false }`
[INFO] running `Command { std: "docker" "inspect" "230a037d0e19f4d428f1ba328c802dab32d0b1f745e83a66d56328a18b8c4e58", kill_on_drop: false }`
[INFO] running `Command { std: "docker" "rm" "-f" "230a037d0e19f4d428f1ba328c802dab32d0b1f745e83a66d56328a18b8c4e58", kill_on_drop: false }`
[INFO] [stdout] 230a037d0e19f4d428f1ba328c802dab32d0b1f745e83a66d56328a18b8c4e58
[INFO] running `Command { std: "docker" "create" "-v" "/var/lib/crater-agent-workspace/builds/worker-0-tc1/target:/opt/rustwide/target:rw,Z" "-v" "/var/lib/crater-agent-workspace/builds/worker-0-tc1/source:/opt/rustwide/workdir:ro,Z" "-v" "/var/lib/crater-agent-workspace/cargo-home:/opt/rustwide/cargo-home:ro,Z" "-v" "/var/lib/crater-agent-workspace/rustup-home:/opt/rustwide/rustup-home:ro,Z" "-e" "SOURCE_DIR=/opt/rustwide/workdir" "-e" "CARGO_TARGET_DIR=/opt/rustwide/target" "-e" "CARGO_INCREMENTAL=0" "-e" "RUST_BACKTRACE=full" "-e" "RUSTFLAGS=--cap-lints=forbid" "-e" "RUSTDOCFLAGS=--cap-lints=forbid" "-e" "CARGO_HOME=/opt/rustwide/cargo-home" "-e" "RUSTUP_HOME=/opt/rustwide/rustup-home" "-w" "/opt/rustwide/workdir" "-m" "1610612736" "--user" "0:0" "--network" "none" "ghcr.io/rust-lang/crates-build-env/linux@sha256:4a844ea9eb2546a2d2c7022eacef16ef2e8229c7fbb2c7d4d55a9ceca922f72d" "/opt/rustwide/cargo-home/bin/cargo" "+nightly-2024-10-28" "build" "--frozen" "--message-format=json", kill_on_drop: false }`
[INFO] [stdout] 23b210590d62a709cd74610d6ba72d13101e3b9192a3999157fd15a71e7d0721
[INFO] running `Command { std: "docker" "start" "-a" "23b210590d62a709cd74610d6ba72d13101e3b9192a3999157fd15a71e7d0721", kill_on_drop: false }`
[INFO] [stderr]    Compiling crossbeam-utils v0.8.20
[INFO] [stderr]    Compiling serde v1.0.214
[INFO] [stderr]    Compiling rayon-core v1.12.1
[INFO] [stderr]    Compiling libc v0.2.161
[INFO] [stderr]    Compiling hashbrown v0.15.0
[INFO] [stderr]    Compiling either v1.13.0
[INFO] [stderr]    Compiling equivalent v1.0.1
[INFO] [stderr]    Compiling target-lexicon v0.12.16
[INFO] [stderr]    Compiling same-file v1.0.6
[INFO] [stderr]    Compiling winnow v0.6.20
[INFO] [stderr]    Compiling smallvec v1.13.2
[INFO] [stderr]    Compiling pkg-config v0.3.31
[INFO] [stderr]    Compiling heck v0.5.0
[INFO] [stderr]    Compiling version-compare v0.2.0
[INFO] [stderr]    Compiling tinyvec_macros v0.1.1
[INFO] [stderr]    Compiling syn v2.0.86
[INFO] [stderr]    Compiling tinyvec v1.8.0
[INFO] [stderr]    Compiling thiserror v1.0.66
[INFO] [stderr]    Compiling walkdir v2.5.0
[INFO] [stderr]    Compiling percent-encoding v2.3.1
[INFO] [stderr]    Compiling unicode-bidi v0.3.17
[INFO] [stderr]    Compiling zmq v0.10.0
[INFO] [stderr]    Compiling bitflags v1.3.2
[INFO] [stderr]    Compiling hex v0.4.3
[INFO] [stderr]    Compiling form_urlencoded v1.2.1
[INFO] [stderr]    Compiling indexmap v2.6.0
[INFO] [stderr]    Compiling cfg-expr v0.15.8
[INFO] [stderr]    Compiling crossbeam-epoch v0.9.18
[INFO] [stderr]    Compiling crossbeam-channel v0.5.13
[INFO] [stderr]    Compiling crossbeam-queue v0.3.11
[INFO] [stderr]    Compiling unicode-normalization v0.1.24
[INFO] [stderr]    Compiling jobserver v0.1.32
[INFO] [stderr]    Compiling crossbeam-deque v0.8.5
[INFO] [stderr]    Compiling crossbeam v0.8.4
[INFO] [stderr]    Compiling cc v1.1.31
[INFO] [stderr]    Compiling idna v0.5.0
[INFO] [stderr]    Compiling rayon v1.10.0
[INFO] [stderr]    Compiling thiserror-impl v1.0.66
[INFO] [stderr]    Compiling url v2.5.2
[INFO] [stderr]    Compiling serde_spanned v0.6.8
[INFO] [stderr]    Compiling toml_datetime v0.6.8
[INFO] [stderr]    Compiling toml_edit v0.22.22
[INFO] [stderr]    Compiling jwalk v0.8.1
[INFO] [stderr]    Compiling dircpy v0.3.19
[INFO] [stderr]    Compiling zeromq-src v0.2.6+4.3.4
[INFO] [stderr]    Compiling toml v0.8.19
[INFO] [stderr]    Compiling system-deps v6.2.2
[INFO] [stderr]    Compiling zmq-sys v0.12.0
[INFO] [stderr]    Compiling bitcoincore-zmqsequence v0.1.0 (/opt/rustwide/workdir)
[INFO] [stderr]     Finished `dev` profile [unoptimized + debuginfo] target(s) in 26.07s
[INFO] running `Command { std: "docker" "inspect" "23b210590d62a709cd74610d6ba72d13101e3b9192a3999157fd15a71e7d0721", kill_on_drop: false }`
[INFO] running `Command { std: "docker" "rm" "-f" "23b210590d62a709cd74610d6ba72d13101e3b9192a3999157fd15a71e7d0721", kill_on_drop: false }`
[INFO] [stdout] 23b210590d62a709cd74610d6ba72d13101e3b9192a3999157fd15a71e7d0721
[INFO] running `Command { std: "docker" "create" "-v" "/var/lib/crater-agent-workspace/builds/worker-0-tc1/target:/opt/rustwide/target:rw,Z" "-v" "/var/lib/crater-agent-workspace/builds/worker-0-tc1/source:/opt/rustwide/workdir:ro,Z" "-v" "/var/lib/crater-agent-workspace/cargo-home:/opt/rustwide/cargo-home:ro,Z" "-v" "/var/lib/crater-agent-workspace/rustup-home:/opt/rustwide/rustup-home:ro,Z" "-e" "SOURCE_DIR=/opt/rustwide/workdir" "-e" "CARGO_TARGET_DIR=/opt/rustwide/target" "-e" "CARGO_INCREMENTAL=0" "-e" "RUST_BACKTRACE=full" "-e" "RUSTFLAGS=--cap-lints=forbid" "-e" "RUSTDOCFLAGS=--cap-lints=forbid" "-e" "CARGO_HOME=/opt/rustwide/cargo-home" "-e" "RUSTUP_HOME=/opt/rustwide/rustup-home" "-w" "/opt/rustwide/workdir" "-m" "1610612736" "--user" "0:0" "--network" "none" "ghcr.io/rust-lang/crates-build-env/linux@sha256:4a844ea9eb2546a2d2c7022eacef16ef2e8229c7fbb2c7d4d55a9ceca922f72d" "/opt/rustwide/cargo-home/bin/cargo" "+nightly-2024-10-28" "test" "--frozen" "--no-run" "--message-format=json", kill_on_drop: false }`
[INFO] [stdout] edc6b297a0e3cfbd5bc1dbfe9dc8fd7ca6ad4afa358ed24289e749c2dd147695
[INFO] running `Command { std: "docker" "start" "-a" "edc6b297a0e3cfbd5bc1dbfe9dc8fd7ca6ad4afa358ed24289e749c2dd147695", kill_on_drop: false }`
[INFO] [stderr]    Compiling bitcoincore-zmqsequence v0.1.0 (/opt/rustwide/workdir)
[INFO] [stderr]     Finished `test` profile [unoptimized + debuginfo] target(s) in 0.47s
[INFO] running `Command { std: "docker" "inspect" "edc6b297a0e3cfbd5bc1dbfe9dc8fd7ca6ad4afa358ed24289e749c2dd147695", kill_on_drop: false }`
[INFO] running `Command { std: "docker" "rm" "-f" "edc6b297a0e3cfbd5bc1dbfe9dc8fd7ca6ad4afa358ed24289e749c2dd147695", kill_on_drop: false }`
[INFO] [stdout] edc6b297a0e3cfbd5bc1dbfe9dc8fd7ca6ad4afa358ed24289e749c2dd147695
[INFO] running `Command { std: "docker" "create" "-v" "/var/lib/crater-agent-workspace/builds/worker-0-tc1/target:/opt/rustwide/target:rw,Z" "-v" "/var/lib/crater-agent-workspace/builds/worker-0-tc1/source:/opt/rustwide/workdir:ro,Z" "-v" "/var/lib/crater-agent-workspace/cargo-home:/opt/rustwide/cargo-home:ro,Z" "-v" "/var/lib/crater-agent-workspace/rustup-home:/opt/rustwide/rustup-home:ro,Z" "-e" "SOURCE_DIR=/opt/rustwide/workdir" "-e" "CARGO_TARGET_DIR=/opt/rustwide/target" "-e" "CARGO_INCREMENTAL=0" "-e" "RUST_BACKTRACE=full" "-e" "RUSTFLAGS=--cap-lints=forbid" "-e" "RUSTDOCFLAGS=--cap-lints=forbid" "-e" "CARGO_HOME=/opt/rustwide/cargo-home" "-e" "RUSTUP_HOME=/opt/rustwide/rustup-home" "-w" "/opt/rustwide/workdir" "-m" "1610612736" "--user" "0:0" "--network" "none" "ghcr.io/rust-lang/crates-build-env/linux@sha256:4a844ea9eb2546a2d2c7022eacef16ef2e8229c7fbb2c7d4d55a9ceca922f72d" "/opt/rustwide/cargo-home/bin/cargo" "+nightly-2024-10-28" "test" "--frozen", kill_on_drop: false }`
[INFO] [stdout] 5af803a6e6c6d4e5f66644ee6c297f815112531b3a838e838fd5487e215611ef
[INFO] running `Command { std: "docker" "start" "-a" "5af803a6e6c6d4e5f66644ee6c297f815112531b3a838e838fd5487e215611ef", kill_on_drop: false }`
[INFO] [stderr]     Finished `test` profile [unoptimized + debuginfo] target(s) in 0.11s
[INFO] [stderr]      Running unittests src/lib.rs (/opt/rustwide/target/debug/deps/bitcoincore_zmqsequence-3ca8620ce0e0240e)
[INFO] [stdout] 
[INFO] [stdout] running 0 tests
[INFO] [stdout] 
[INFO] [stdout] test result: ok. 0 passed; 0 failed; 0 ignored; 0 measured; 0 filtered out; finished in 0.00s
[INFO] [stdout] 
[INFO] [stderr]    Doc-tests bitcoincore_zmqsequence
[INFO] [stdout] 
[INFO] [stdout] running 1 test
[INFO] [stdout] test src/lib.rs - ZmqSeqListener (line 135) ... FAILED
[INFO] [stdout] 
[INFO] [stdout] failures:
[INFO] [stdout] 
[INFO] [stdout] ---- src/lib.rs - ZmqSeqListener (line 135) stdout ----
[INFO] [stdout] error[E0433]: failed to resolve: use of undeclared type `ZmqSeqListener`
[INFO] [stdout]  --> src/lib.rs:136:22
[INFO] [stdout]   |
[INFO] [stdout] 3 | let zmqseqlistener = ZmqSeqListener::start(&Url::from_str("tcp://localhost:29000")?)?;
[INFO] [stdout]   |                      ^^^^^^^^^^^^^^ use of undeclared type `ZmqSeqListener`
[INFO] [stdout]   |
[INFO] [stdout] help: consider importing this struct
[INFO] [stdout]   |
[INFO] [stdout] 2 + use bitcoincore_zmqsequence::ZmqSeqListener;
[INFO] [stdout]   |
[INFO] [stdout] 
[INFO] [stdout] error[E0433]: failed to resolve: use of undeclared type `Url`
[INFO] [stdout]  --> src/lib.rs:136:45
[INFO] [stdout]   |
[INFO] [stdout] 3 | let zmqseqlistener = ZmqSeqListener::start(&Url::from_str("tcp://localhost:29000")?)?;
[INFO] [stdout]   |                                             ^^^ use of undeclared type `Url`
[INFO] [stdout]   |
[INFO] [stdout] help: consider importing this struct
[INFO] [stdout]   |
[INFO] [stdout] 2 + use url::Url;
[INFO] [stdout]   |
[INFO] [stdout] 
[INFO] [stdout] error: aborting due to 2 previous errors
[INFO] [stdout] 
[INFO] [stdout] For more information about this error, try `rustc --explain E0433`.
[INFO] [stdout] Couldn't compile the test.
[INFO] [stdout] 
[INFO] [stdout] failures:
[INFO] [stdout]     src/lib.rs - ZmqSeqListener (line 135)
[INFO] [stdout] 
[INFO] [stdout] test result: FAILED. 0 passed; 1 failed; 0 ignored; 0 measured; 0 filtered out; finished in 0.09s
[INFO] [stdout] 
[INFO] [stderr] error: doctest failed, to rerun pass `--doc`
[INFO] running `Command { std: "docker" "inspect" "5af803a6e6c6d4e5f66644ee6c297f815112531b3a838e838fd5487e215611ef", kill_on_drop: false }`
[INFO] running `Command { std: "docker" "rm" "-f" "5af803a6e6c6d4e5f66644ee6c297f815112531b3a838e838fd5487e215611ef", kill_on_drop: false }`
[INFO] [stdout] 5af803a6e6c6d4e5f66644ee6c297f815112531b3a838e838fd5487e215611ef
