[INFO] fetching crate bitcoincash-bech32 0.1.0...
[INFO] testing bitcoincash-bech32-0.1.0 against nightly-2024-10-28 for randomize-layout
[INFO] extracting crate bitcoincash-bech32 0.1.0 into /workspace/builds/worker-6-tc1/source
[INFO] validating manifest of crates.io crate bitcoincash-bech32 0.1.0 on toolchain nightly-2024-10-28
[INFO] running `Command { std: CARGO_HOME="/workspace/cargo-home" RUSTUP_HOME="/workspace/rustup-home" "/workspace/cargo-home/bin/cargo" "+nightly-2024-10-28" "metadata" "--manifest-path" "Cargo.toml" "--no-deps", kill_on_drop: false }`
[INFO] started tweaking crates.io crate bitcoincash-bech32 0.1.0
[INFO] finished tweaking crates.io crate bitcoincash-bech32 0.1.0
[INFO] tweaked toml for crates.io crate bitcoincash-bech32 0.1.0 written to /workspace/builds/worker-6-tc1/source/Cargo.toml
[INFO] running `Command { std: CARGO_HOME="/workspace/cargo-home" RUSTUP_HOME="/workspace/rustup-home" "/workspace/cargo-home/bin/cargo" "+nightly-2024-10-28" "generate-lockfile" "--manifest-path" "Cargo.toml", kill_on_drop: false }`
[INFO] [stderr]     Blocking waiting for file lock on package cache
[INFO] running `Command { std: CARGO_HOME="/workspace/cargo-home" RUSTUP_HOME="/workspace/rustup-home" "/workspace/cargo-home/bin/cargo" "+nightly-2024-10-28" "fetch" "--manifest-path" "Cargo.toml", kill_on_drop: false }`
[INFO] [stderr] warning: no edition set: defaulting to the 2015 edition while the latest is 2021
[INFO] [stderr]     Blocking waiting for file lock on package cache
[INFO] running `Command { std: "docker" "create" "-v" "/var/lib/crater-agent-workspace/builds/worker-6-tc1/target:/opt/rustwide/target:rw,Z" "-v" "/var/lib/crater-agent-workspace/builds/worker-6-tc1/source:/opt/rustwide/workdir:ro,Z" "-v" "/var/lib/crater-agent-workspace/cargo-home:/opt/rustwide/cargo-home:ro,Z" "-v" "/var/lib/crater-agent-workspace/rustup-home:/opt/rustwide/rustup-home:ro,Z" "-e" "SOURCE_DIR=/opt/rustwide/workdir" "-e" "CARGO_TARGET_DIR=/opt/rustwide/target" "-e" "CARGO_HOME=/opt/rustwide/cargo-home" "-e" "RUSTUP_HOME=/opt/rustwide/rustup-home" "-w" "/opt/rustwide/workdir" "-m" "1610612736" "--user" "0:0" "--network" "none" "ghcr.io/rust-lang/crates-build-env/linux@sha256:4a844ea9eb2546a2d2c7022eacef16ef2e8229c7fbb2c7d4d55a9ceca922f72d" "/opt/rustwide/cargo-home/bin/cargo" "+nightly-2024-10-28" "metadata" "--no-deps" "--format-version=1", kill_on_drop: false }`
[INFO] [stdout] a33fa30997eb0793949cc9bd661bb344646fe6ea9837e59f356e0d4b3c129060
[INFO] running `Command { std: "docker" "start" "-a" "a33fa30997eb0793949cc9bd661bb344646fe6ea9837e59f356e0d4b3c129060", kill_on_drop: false }`
[INFO] running `Command { std: "docker" "inspect" "a33fa30997eb0793949cc9bd661bb344646fe6ea9837e59f356e0d4b3c129060", kill_on_drop: false }`
[INFO] running `Command { std: "docker" "rm" "-f" "a33fa30997eb0793949cc9bd661bb344646fe6ea9837e59f356e0d4b3c129060", kill_on_drop: false }`
[INFO] [stdout] a33fa30997eb0793949cc9bd661bb344646fe6ea9837e59f356e0d4b3c129060
[INFO] running `Command { std: "docker" "create" "-v" "/var/lib/crater-agent-workspace/builds/worker-6-tc1/target:/opt/rustwide/target:rw,Z" "-v" "/var/lib/crater-agent-workspace/builds/worker-6-tc1/source:/opt/rustwide/workdir:ro,Z" "-v" "/var/lib/crater-agent-workspace/cargo-home:/opt/rustwide/cargo-home:ro,Z" "-v" "/var/lib/crater-agent-workspace/rustup-home:/opt/rustwide/rustup-home:ro,Z" "-e" "SOURCE_DIR=/opt/rustwide/workdir" "-e" "CARGO_TARGET_DIR=/opt/rustwide/target" "-e" "CARGO_INCREMENTAL=0" "-e" "RUST_BACKTRACE=full" "-e" "RUSTFLAGS=--cap-lints=forbid" "-e" "RUSTDOCFLAGS=--cap-lints=forbid" "-e" "CARGO_HOME=/opt/rustwide/cargo-home" "-e" "RUSTUP_HOME=/opt/rustwide/rustup-home" "-w" "/opt/rustwide/workdir" "-m" "1610612736" "--user" "0:0" "--network" "none" "ghcr.io/rust-lang/crates-build-env/linux@sha256:4a844ea9eb2546a2d2c7022eacef16ef2e8229c7fbb2c7d4d55a9ceca922f72d" "/opt/rustwide/cargo-home/bin/cargo" "+nightly-2024-10-28" "build" "--frozen" "--message-format=json", kill_on_drop: false }`
[INFO] [stdout] 258e763f612cdff45f0fc4136287da26ec8305708d655a5f3c3cdbe6e30a7425
[INFO] running `Command { std: "docker" "start" "-a" "258e763f612cdff45f0fc4136287da26ec8305708d655a5f3c3cdbe6e30a7425", kill_on_drop: false }`
[INFO] [stderr] warning: no edition set: defaulting to the 2015 edition while the latest is 2021
[INFO] [stderr]    Compiling bitcoincash-bech32 v0.1.0 (/opt/rustwide/workdir)
[INFO] [stderr]     Finished `dev` profile [unoptimized + debuginfo] target(s) in 0.40s
[INFO] running `Command { std: "docker" "inspect" "258e763f612cdff45f0fc4136287da26ec8305708d655a5f3c3cdbe6e30a7425", kill_on_drop: false }`
[INFO] running `Command { std: "docker" "rm" "-f" "258e763f612cdff45f0fc4136287da26ec8305708d655a5f3c3cdbe6e30a7425", kill_on_drop: false }`
[INFO] [stdout] 258e763f612cdff45f0fc4136287da26ec8305708d655a5f3c3cdbe6e30a7425
[INFO] running `Command { std: "docker" "create" "-v" "/var/lib/crater-agent-workspace/builds/worker-6-tc1/target:/opt/rustwide/target:rw,Z" "-v" "/var/lib/crater-agent-workspace/builds/worker-6-tc1/source:/opt/rustwide/workdir:ro,Z" "-v" "/var/lib/crater-agent-workspace/cargo-home:/opt/rustwide/cargo-home:ro,Z" "-v" "/var/lib/crater-agent-workspace/rustup-home:/opt/rustwide/rustup-home:ro,Z" "-e" "SOURCE_DIR=/opt/rustwide/workdir" "-e" "CARGO_TARGET_DIR=/opt/rustwide/target" "-e" "CARGO_INCREMENTAL=0" "-e" "RUST_BACKTRACE=full" "-e" "RUSTFLAGS=--cap-lints=forbid" "-e" "RUSTDOCFLAGS=--cap-lints=forbid" "-e" "CARGO_HOME=/opt/rustwide/cargo-home" "-e" "RUSTUP_HOME=/opt/rustwide/rustup-home" "-w" "/opt/rustwide/workdir" "-m" "1610612736" "--user" "0:0" "--network" "none" "ghcr.io/rust-lang/crates-build-env/linux@sha256:4a844ea9eb2546a2d2c7022eacef16ef2e8229c7fbb2c7d4d55a9ceca922f72d" "/opt/rustwide/cargo-home/bin/cargo" "+nightly-2024-10-28" "test" "--frozen" "--no-run" "--message-format=json", kill_on_drop: false }`
[INFO] [stdout] d84ba43598398275728b9d3b949a2d57243dce5ceb4e996bb70e2bac0d4ce3ea
[INFO] running `Command { std: "docker" "start" "-a" "d84ba43598398275728b9d3b949a2d57243dce5ceb4e996bb70e2bac0d4ce3ea", kill_on_drop: false }`
[INFO] [stderr] warning: no edition set: defaulting to the 2015 edition while the latest is 2021
[INFO] [stderr]    Compiling bitcoincash-bech32 v0.1.0 (/opt/rustwide/workdir)
[INFO] [stderr]     Finished `test` profile [unoptimized + debuginfo] target(s) in 0.98s
[INFO] running `Command { std: "docker" "inspect" "d84ba43598398275728b9d3b949a2d57243dce5ceb4e996bb70e2bac0d4ce3ea", kill_on_drop: false }`
[INFO] running `Command { std: "docker" "rm" "-f" "d84ba43598398275728b9d3b949a2d57243dce5ceb4e996bb70e2bac0d4ce3ea", kill_on_drop: false }`
[INFO] [stdout] d84ba43598398275728b9d3b949a2d57243dce5ceb4e996bb70e2bac0d4ce3ea
[INFO] running `Command { std: "docker" "create" "-v" "/var/lib/crater-agent-workspace/builds/worker-6-tc1/target:/opt/rustwide/target:rw,Z" "-v" "/var/lib/crater-agent-workspace/builds/worker-6-tc1/source:/opt/rustwide/workdir:ro,Z" "-v" "/var/lib/crater-agent-workspace/cargo-home:/opt/rustwide/cargo-home:ro,Z" "-v" "/var/lib/crater-agent-workspace/rustup-home:/opt/rustwide/rustup-home:ro,Z" "-e" "SOURCE_DIR=/opt/rustwide/workdir" "-e" "CARGO_TARGET_DIR=/opt/rustwide/target" "-e" "CARGO_INCREMENTAL=0" "-e" "RUST_BACKTRACE=full" "-e" "RUSTFLAGS=--cap-lints=forbid" "-e" "RUSTDOCFLAGS=--cap-lints=forbid" "-e" "CARGO_HOME=/opt/rustwide/cargo-home" "-e" "RUSTUP_HOME=/opt/rustwide/rustup-home" "-w" "/opt/rustwide/workdir" "-m" "1610612736" "--user" "0:0" "--network" "none" "ghcr.io/rust-lang/crates-build-env/linux@sha256:4a844ea9eb2546a2d2c7022eacef16ef2e8229c7fbb2c7d4d55a9ceca922f72d" "/opt/rustwide/cargo-home/bin/cargo" "+nightly-2024-10-28" "test" "--frozen", kill_on_drop: false }`
[INFO] [stdout] 95a3f89192fcc4d0badc5ecc6a1f87970a1b4671e8df2116d532042dd71c30fd
[INFO] running `Command { std: "docker" "start" "-a" "95a3f89192fcc4d0badc5ecc6a1f87970a1b4671e8df2116d532042dd71c30fd", kill_on_drop: false }`
[INFO] [stderr] warning: no edition set: defaulting to the 2015 edition while the latest is 2021
[INFO] [stderr]     Finished `test` profile [unoptimized + debuginfo] target(s) in 0.02s
[INFO] [stderr]      Running unittests src/lib.rs (/opt/rustwide/target/debug/deps/bitcoincash_bech32-81789e40132bbc6b)
[INFO] [stdout] 
[INFO] [stdout] running 15 tests
[INFO] [stdout] test tests::check_base32 ... ok
[INFO] [stdout] test tests::invalid_conversion ... ok
[INFO] [stdout] test tests::getters ... ok
[INFO] [stdout] test tests::from_base32 ... ok
[INFO] [stdout] test tests::invalid_strings ... ok
[INFO] [stdout] test tests::convert_bits_invalid_bit_size ... ok
[INFO] [stdout] test tests::test_hrp_case ... ok
[INFO] [stdout] test tests::valid_conversion ... ok
[INFO] [stdout] test tests::writer ... ok
[INFO] [stdout] test tests::write_on_drop ... ok
[INFO] [stdout] test tests::reverse_charset ... ok
[INFO] [stdout] test tests::round_test ... ok
[INFO] [stdout] test tests::to_base32 ... ok
[INFO] [stdout] test tests::valid_checksum ... ok
[INFO] [stderr]    Doc-tests bitcoincash_bech32
[INFO] [stdout] test tests::test_encode ... ok
[INFO] [stdout] 
[INFO] [stdout] test result: ok. 15 passed; 0 failed; 0 ignored; 0 measured; 0 filtered out; finished in 0.03s
[INFO] [stdout] 
[INFO] [stdout] 
[INFO] [stdout] running 2 tests
[INFO] [stdout] test src/lib.rs - convert_bits (line 668) ... FAILED
[INFO] [stdout] test src/lib.rs - (line 33) ... FAILED
[INFO] [stdout] 
[INFO] [stdout] failures:
[INFO] [stdout] 
[INFO] [stdout] ---- src/lib.rs - convert_bits (line 668) stdout ----
[INFO] [stdout] error[E0432]: unresolved import `bech32`
[INFO] [stdout]  --> src/lib.rs:669:5
[INFO] [stdout]   |
[INFO] [stdout] 3 | use bech32::convert_bits;
[INFO] [stdout]   |     ^^^^^^ you might be missing crate `bech32`
[INFO] [stdout]   |
[INFO] [stdout] help: consider importing the `bech32` crate
[INFO] [stdout]   |
[INFO] [stdout] 2 + extern crate bech32;
[INFO] [stdout]   |
[INFO] [stdout] 
[INFO] [stdout] error: aborting due to 1 previous error
[INFO] [stdout] 
[INFO] [stdout] For more information about this error, try `rustc --explain E0432`.
[INFO] [stdout] Couldn't compile the test.
[INFO] [stdout] ---- src/lib.rs - (line 33) stdout ----
[INFO] [stdout] error[E0432]: unresolved imports `bech32`, `bech32`
[INFO] [stdout]  --> src/lib.rs:34:5
[INFO] [stdout]   |
[INFO] [stdout] 3 | use bech32::{self, FromBase32, ToBase32, Variant};
[INFO] [stdout]   |     ^^^^^^   ^^^^ no `bech32` in the root
[INFO] [stdout]   |     |
[INFO] [stdout]   |     you might be missing crate `bech32`
[INFO] [stdout]   |
[INFO] [stdout] help: consider importing the `bech32` crate
[INFO] [stdout]   |
[INFO] [stdout] 2 + extern crate bech32;
[INFO] [stdout]   |
[INFO] [stdout] 
[INFO] [stdout] error[E0599]: no method named `to_base32` found for struct `Vec<{integer}>` in the current scope
[INFO] [stdout]  --> src/lib.rs:35:63
[INFO] [stdout]   |
[INFO] [stdout] 4 | let encoded = bech32::encode("bech32", vec![0x00, 0x01, 0x02].to_base32(), Variant::Bech32).unwrap();
[INFO] [stdout]   |                                                               ^^^^^^^^^ method not found in `Vec<{integer}>`
[INFO] [stdout] 
[INFO] [stdout] error[E0599]: no function or associated item named `from_base32` found for struct `Vec<u8>` in the current scope
[INFO] [stdout]  --> src/lib.rs:39:23
[INFO] [stdout]   |
[INFO] [stdout] 8 | assert_eq!(Vec::<u8>::from_base32(&data).unwrap(), vec![0x00, 0x01, 0x02]);
[INFO] [stdout]   |                       ^^^^^^^^^^^ function or associated item not found in `Vec<u8>`
[INFO] [stdout]   |
[INFO] [stdout] note: if you're trying to build a new `Vec<u8>` consider using one of the following associated functions:
[INFO] [stdout]       Vec::<T>::new
[INFO] [stdout]       Vec::<T>::with_capacity
[INFO] [stdout]       Vec::<T>::try_with_capacity
[INFO] [stdout]       Vec::<T>::from_raw_parts
[INFO] [stdout]       and 6 others
[INFO] [stdout]  --> /rustc/df4ca44d3fbc9301ee17f30f4d474e6ae4b05252/library/alloc/src/vec/mod.rs:422:5
[INFO] [stdout] 
[INFO] [stdout] error: aborting due to 3 previous errors
[INFO] [stdout] 
[INFO] [stdout] Some errors have detailed explanations: E0432, E0599.
[INFO] [stdout] For more information about an error, try `rustc --explain E0432`.
[INFO] [stdout] Couldn't compile the test.
[INFO] [stdout] 
[INFO] [stdout] failures:
[INFO] [stdout]     src/lib.rs - (line 33)
[INFO] [stdout]     src/lib.rs - convert_bits (line 668)
[INFO] [stdout] 
[INFO] [stdout] test result: FAILED. 0 passed; 2 failed; 0 ignored; 0 measured; 0 filtered out; finished in 0.20s
[INFO] [stdout] 
[INFO] [stderr] error: doctest failed, to rerun pass `--doc`
[INFO] running `Command { std: "docker" "inspect" "95a3f89192fcc4d0badc5ecc6a1f87970a1b4671e8df2116d532042dd71c30fd", kill_on_drop: false }`
[INFO] running `Command { std: "docker" "rm" "-f" "95a3f89192fcc4d0badc5ecc6a1f87970a1b4671e8df2116d532042dd71c30fd", kill_on_drop: false }`
[INFO] [stdout] 95a3f89192fcc4d0badc5ecc6a1f87970a1b4671e8df2116d532042dd71c30fd
