[INFO] fetching crate bitchomp 0.2.8...
[INFO] testing bitchomp-0.2.8 against nightly-2024-10-28 for randomize-layout
[INFO] extracting crate bitchomp 0.2.8 into /workspace/builds/worker-1-tc1/source
[INFO] validating manifest of crates.io crate bitchomp 0.2.8 on toolchain nightly-2024-10-28
[INFO] running `Command { std: CARGO_HOME="/workspace/cargo-home" RUSTUP_HOME="/workspace/rustup-home" "/workspace/cargo-home/bin/cargo" "+nightly-2024-10-28" "metadata" "--manifest-path" "Cargo.toml" "--no-deps", kill_on_drop: false }`
[INFO] started tweaking crates.io crate bitchomp 0.2.8
[INFO] finished tweaking crates.io crate bitchomp 0.2.8
[INFO] tweaked toml for crates.io crate bitchomp 0.2.8 written to /workspace/builds/worker-1-tc1/source/Cargo.toml
[INFO] running `Command { std: CARGO_HOME="/workspace/cargo-home" RUSTUP_HOME="/workspace/rustup-home" "/workspace/cargo-home/bin/cargo" "+nightly-2024-10-28" "generate-lockfile" "--manifest-path" "Cargo.toml", kill_on_drop: false }`
[INFO] [stderr]     Updating crates.io index
[INFO] [stderr]      Locking 2 packages to latest compatible versions
[INFO] running `Command { std: CARGO_HOME="/workspace/cargo-home" RUSTUP_HOME="/workspace/rustup-home" "/workspace/cargo-home/bin/cargo" "+nightly-2024-10-28" "fetch" "--manifest-path" "Cargo.toml", kill_on_drop: false }`
[INFO] running `Command { std: "docker" "create" "-v" "/var/lib/crater-agent-workspace/builds/worker-1-tc1/target:/opt/rustwide/target:rw,Z" "-v" "/var/lib/crater-agent-workspace/builds/worker-1-tc1/source:/opt/rustwide/workdir:ro,Z" "-v" "/var/lib/crater-agent-workspace/cargo-home:/opt/rustwide/cargo-home:ro,Z" "-v" "/var/lib/crater-agent-workspace/rustup-home:/opt/rustwide/rustup-home:ro,Z" "-e" "SOURCE_DIR=/opt/rustwide/workdir" "-e" "CARGO_TARGET_DIR=/opt/rustwide/target" "-e" "CARGO_HOME=/opt/rustwide/cargo-home" "-e" "RUSTUP_HOME=/opt/rustwide/rustup-home" "-w" "/opt/rustwide/workdir" "-m" "1610612736" "--user" "0:0" "--network" "none" "ghcr.io/rust-lang/crates-build-env/linux@sha256:4a844ea9eb2546a2d2c7022eacef16ef2e8229c7fbb2c7d4d55a9ceca922f72d" "/opt/rustwide/cargo-home/bin/cargo" "+nightly-2024-10-28" "metadata" "--no-deps" "--format-version=1", kill_on_drop: false }`
[INFO] [stdout] 9088875b2c93d6d9355d9879066a909bfa0b21c2ebcb2d45c02d3ac46a0385ee
[INFO] running `Command { std: "docker" "start" "-a" "9088875b2c93d6d9355d9879066a909bfa0b21c2ebcb2d45c02d3ac46a0385ee", kill_on_drop: false }`
[INFO] running `Command { std: "docker" "inspect" "9088875b2c93d6d9355d9879066a909bfa0b21c2ebcb2d45c02d3ac46a0385ee", kill_on_drop: false }`
[INFO] running `Command { std: "docker" "rm" "-f" "9088875b2c93d6d9355d9879066a909bfa0b21c2ebcb2d45c02d3ac46a0385ee", kill_on_drop: false }`
[INFO] [stdout] 9088875b2c93d6d9355d9879066a909bfa0b21c2ebcb2d45c02d3ac46a0385ee
[INFO] running `Command { std: "docker" "create" "-v" "/var/lib/crater-agent-workspace/builds/worker-1-tc1/target:/opt/rustwide/target:rw,Z" "-v" "/var/lib/crater-agent-workspace/builds/worker-1-tc1/source:/opt/rustwide/workdir:ro,Z" "-v" "/var/lib/crater-agent-workspace/cargo-home:/opt/rustwide/cargo-home:ro,Z" "-v" "/var/lib/crater-agent-workspace/rustup-home:/opt/rustwide/rustup-home:ro,Z" "-e" "SOURCE_DIR=/opt/rustwide/workdir" "-e" "CARGO_TARGET_DIR=/opt/rustwide/target" "-e" "CARGO_INCREMENTAL=0" "-e" "RUST_BACKTRACE=full" "-e" "RUSTFLAGS=--cap-lints=forbid" "-e" "RUSTDOCFLAGS=--cap-lints=forbid" "-e" "CARGO_HOME=/opt/rustwide/cargo-home" "-e" "RUSTUP_HOME=/opt/rustwide/rustup-home" "-w" "/opt/rustwide/workdir" "-m" "1610612736" "--user" "0:0" "--network" "none" "ghcr.io/rust-lang/crates-build-env/linux@sha256:4a844ea9eb2546a2d2c7022eacef16ef2e8229c7fbb2c7d4d55a9ceca922f72d" "/opt/rustwide/cargo-home/bin/cargo" "+nightly-2024-10-28" "build" "--frozen" "--message-format=json", kill_on_drop: false }`
[INFO] [stdout] 437cc747d84c769742937d15e7235dca0dc9c7d9628d8e7a42b3d6daa4b5c899
[INFO] running `Command { std: "docker" "start" "-a" "437cc747d84c769742937d15e7235dca0dc9c7d9628d8e7a42b3d6daa4b5c899", kill_on_drop: false }`
[INFO] [stderr]    Compiling bitchomp v0.2.8 (/opt/rustwide/workdir)
[INFO] [stdout] warning: elided lifetime has a name
[INFO] [stdout]    --> src/bytereader.rs:143:69
[INFO] [stdout]     |
[INFO] [stdout] 79  | impl<'a> ByteReader<'a> {
[INFO] [stdout]     |      -- lifetime `'a` declared here
[INFO] [stdout] ...
[INFO] [stdout] 143 |     pub fn iter<T: TryFromBytes>(&'a mut self) -> ByteReaderIterator<T>
[INFO] [stdout]     |                                                                     ^ this elided lifetime gets resolved as `'a`
[INFO] [stdout]     |
[INFO] [stdout]     = note: `#[warn(elided_named_lifetimes)]` on by default
[INFO] [stdout] 
[INFO] [stdout] 
[INFO] [stderr]     Finished `dev` profile [unoptimized + debuginfo] target(s) in 0.22s
[INFO] running `Command { std: "docker" "inspect" "437cc747d84c769742937d15e7235dca0dc9c7d9628d8e7a42b3d6daa4b5c899", kill_on_drop: false }`
[INFO] running `Command { std: "docker" "rm" "-f" "437cc747d84c769742937d15e7235dca0dc9c7d9628d8e7a42b3d6daa4b5c899", kill_on_drop: false }`
[INFO] [stdout] 437cc747d84c769742937d15e7235dca0dc9c7d9628d8e7a42b3d6daa4b5c899
[INFO] running `Command { std: "docker" "create" "-v" "/var/lib/crater-agent-workspace/builds/worker-1-tc1/target:/opt/rustwide/target:rw,Z" "-v" "/var/lib/crater-agent-workspace/builds/worker-1-tc1/source:/opt/rustwide/workdir:ro,Z" "-v" "/var/lib/crater-agent-workspace/cargo-home:/opt/rustwide/cargo-home:ro,Z" "-v" "/var/lib/crater-agent-workspace/rustup-home:/opt/rustwide/rustup-home:ro,Z" "-e" "SOURCE_DIR=/opt/rustwide/workdir" "-e" "CARGO_TARGET_DIR=/opt/rustwide/target" "-e" "CARGO_INCREMENTAL=0" "-e" "RUST_BACKTRACE=full" "-e" "RUSTFLAGS=--cap-lints=forbid" "-e" "RUSTDOCFLAGS=--cap-lints=forbid" "-e" "CARGO_HOME=/opt/rustwide/cargo-home" "-e" "RUSTUP_HOME=/opt/rustwide/rustup-home" "-w" "/opt/rustwide/workdir" "-m" "1610612736" "--user" "0:0" "--network" "none" "ghcr.io/rust-lang/crates-build-env/linux@sha256:4a844ea9eb2546a2d2c7022eacef16ef2e8229c7fbb2c7d4d55a9ceca922f72d" "/opt/rustwide/cargo-home/bin/cargo" "+nightly-2024-10-28" "test" "--frozen" "--no-run" "--message-format=json", kill_on_drop: false }`
[INFO] [stdout] 24589ad770cea2508a1c0fdebfe8d07fd86f8d49f2ca769578ac2932364ab4b6
[INFO] running `Command { std: "docker" "start" "-a" "24589ad770cea2508a1c0fdebfe8d07fd86f8d49f2ca769578ac2932364ab4b6", kill_on_drop: false }`
[INFO] [stderr]    Compiling bitchomp v0.2.8 (/opt/rustwide/workdir)
[INFO] [stdout] warning: elided lifetime has a name
[INFO] [stdout]    --> src/bytereader.rs:143:69
[INFO] [stdout]     |
[INFO] [stdout] 79  | impl<'a> ByteReader<'a> {
[INFO] [stdout]     |      -- lifetime `'a` declared here
[INFO] [stdout] ...
[INFO] [stdout] 143 |     pub fn iter<T: TryFromBytes>(&'a mut self) -> ByteReaderIterator<T>
[INFO] [stdout]     |                                                                     ^ this elided lifetime gets resolved as `'a`
[INFO] [stdout]     |
[INFO] [stdout]     = note: `#[warn(elided_named_lifetimes)]` on by default
[INFO] [stdout] 
[INFO] [stdout] 
[INFO] [stdout] warning: elided lifetime has a name
[INFO] [stdout]    --> src/bytereader.rs:143:69
[INFO] [stdout]     |
[INFO] [stdout] 79  | impl<'a> ByteReader<'a> {
[INFO] [stdout]     |      -- lifetime `'a` declared here
[INFO] [stdout] ...
[INFO] [stdout] 143 |     pub fn iter<T: TryFromBytes>(&'a mut self) -> ByteReaderIterator<T>
[INFO] [stdout]     |                                                                     ^ this elided lifetime gets resolved as `'a`
[INFO] [stdout]     |
[INFO] [stdout]     = note: `#[warn(elided_named_lifetimes)]` on by default
[INFO] [stdout] 
[INFO] [stdout] 
[INFO] [stderr]     Finished `test` profile [unoptimized + debuginfo] target(s) in 0.32s
[INFO] running `Command { std: "docker" "inspect" "24589ad770cea2508a1c0fdebfe8d07fd86f8d49f2ca769578ac2932364ab4b6", kill_on_drop: false }`
[INFO] running `Command { std: "docker" "rm" "-f" "24589ad770cea2508a1c0fdebfe8d07fd86f8d49f2ca769578ac2932364ab4b6", kill_on_drop: false }`
[INFO] [stdout] 24589ad770cea2508a1c0fdebfe8d07fd86f8d49f2ca769578ac2932364ab4b6
[INFO] running `Command { std: "docker" "create" "-v" "/var/lib/crater-agent-workspace/builds/worker-1-tc1/target:/opt/rustwide/target:rw,Z" "-v" "/var/lib/crater-agent-workspace/builds/worker-1-tc1/source:/opt/rustwide/workdir:ro,Z" "-v" "/var/lib/crater-agent-workspace/cargo-home:/opt/rustwide/cargo-home:ro,Z" "-v" "/var/lib/crater-agent-workspace/rustup-home:/opt/rustwide/rustup-home:ro,Z" "-e" "SOURCE_DIR=/opt/rustwide/workdir" "-e" "CARGO_TARGET_DIR=/opt/rustwide/target" "-e" "CARGO_INCREMENTAL=0" "-e" "RUST_BACKTRACE=full" "-e" "RUSTFLAGS=--cap-lints=forbid" "-e" "RUSTDOCFLAGS=--cap-lints=forbid" "-e" "CARGO_HOME=/opt/rustwide/cargo-home" "-e" "RUSTUP_HOME=/opt/rustwide/rustup-home" "-w" "/opt/rustwide/workdir" "-m" "1610612736" "--user" "0:0" "--network" "none" "ghcr.io/rust-lang/crates-build-env/linux@sha256:4a844ea9eb2546a2d2c7022eacef16ef2e8229c7fbb2c7d4d55a9ceca922f72d" "/opt/rustwide/cargo-home/bin/cargo" "+nightly-2024-10-28" "test" "--frozen", kill_on_drop: false }`
[INFO] [stdout] 29eb8bb2925a9fc975386ce1d4aa427aa85f3930c77c7ccb538a7032ab257a70
[INFO] running `Command { std: "docker" "start" "-a" "29eb8bb2925a9fc975386ce1d4aa427aa85f3930c77c7ccb538a7032ab257a70", kill_on_drop: false }`
[INFO] [stderr] warning: elided lifetime has a name
[INFO] [stderr]    --> src/bytereader.rs:143:69
[INFO] [stderr]     |
[INFO] [stderr] 79  | impl<'a> ByteReader<'a> {
[INFO] [stderr]     |      -- lifetime `'a` declared here
[INFO] [stderr] ...
[INFO] [stderr] 143 |     pub fn iter<T: TryFromBytes>(&'a mut self) -> ByteReaderIterator<T>
[INFO] [stderr]     |                                                                     ^ this elided lifetime gets resolved as `'a`
[INFO] [stderr]     |
[INFO] [stderr]     = note: `#[warn(elided_named_lifetimes)]` on by default
[INFO] [stderr] 
[INFO] [stderr] warning: `bitchomp` (lib) generated 1 warning
[INFO] [stderr] warning: `bitchomp` (lib test) generated 1 warning (1 duplicate)
[INFO] [stderr]     Finished `test` profile [unoptimized + debuginfo] target(s) in 0.01s
[INFO] [stderr]      Running unittests src/lib.rs (/opt/rustwide/target/debug/deps/bitchomp-f845baa7d6bb32ff)
[INFO] [stdout] 
[INFO] [stdout] running 5 tests
[INFO] [stdout] test test::benchmark_bytereader ... FAILED
[INFO] [stdout] test test::bytereader_raw_reading ... FAILED
[INFO] [stdout] test test::test_bytereader ... FAILED
[INFO] [stdout] test test::test_bytereader_read_sized_vector ... ok
[INFO] [stdout] test test::test_bytewriter ... ok
[INFO] [stdout] 
[INFO] [stdout] failures:
[INFO] [stdout] 
[INFO] [stdout] ---- test::benchmark_bytereader stdout ----
[INFO] [stdout] Error: IOError(Os { code: 2, kind: NotFound, message: "No such file or directory" })
[INFO] [stdout] 
[INFO] [stdout] ---- test::bytereader_raw_reading stdout ----
[INFO] [stdout] Error: IOError(Os { code: 2, kind: NotFound, message: "No such file or directory" })
[INFO] [stdout] 
[INFO] [stdout] ---- test::test_bytereader stdout ----
[INFO] [stdout] Error: IOError(Os { code: 2, kind: NotFound, message: "No such file or directory" })
[INFO] [stdout] 
[INFO] [stdout] 
[INFO] [stdout] failures:
[INFO] [stdout]     test::benchmark_bytereader
[INFO] [stdout]     test::bytereader_raw_reading
[INFO] [stdout]     test::test_bytereader
[INFO] [stdout] 
[INFO] [stdout] test result: FAILED. 2 passed; 3 failed; 0 ignored; 0 measured; 0 filtered out; finished in 0.00s
[INFO] [stdout] 
[INFO] [stderr] error: test failed, to rerun pass `--lib`
[INFO] running `Command { std: "docker" "inspect" "29eb8bb2925a9fc975386ce1d4aa427aa85f3930c77c7ccb538a7032ab257a70", kill_on_drop: false }`
[INFO] running `Command { std: "docker" "rm" "-f" "29eb8bb2925a9fc975386ce1d4aa427aa85f3930c77c7ccb538a7032ab257a70", kill_on_drop: false }`
[INFO] [stdout] 29eb8bb2925a9fc975386ce1d4aa427aa85f3930c77c7ccb538a7032ab257a70
