[INFO] fetching crate bit_manipulation 0.2.40...
[INFO] testing bit_manipulation-0.2.40 against nightly-2024-10-28+rustflags=-Zrandomize-layout for randomize-layout
[INFO] extracting crate bit_manipulation 0.2.40 into /workspace/builds/worker-6-tc2/source
[INFO] validating manifest of crates.io crate bit_manipulation 0.2.40 on toolchain nightly-2024-10-28
[INFO] running `Command { std: CARGO_HOME="/workspace/cargo-home" RUSTUP_HOME="/workspace/rustup-home" "/workspace/cargo-home/bin/cargo" "+nightly-2024-10-28" "metadata" "--manifest-path" "Cargo.toml" "--no-deps", kill_on_drop: false }`
[INFO] started tweaking crates.io crate bit_manipulation 0.2.40
[INFO] finished tweaking crates.io crate bit_manipulation 0.2.40
[INFO] tweaked toml for crates.io crate bit_manipulation 0.2.40 written to /workspace/builds/worker-6-tc2/source/Cargo.toml
[INFO] running `Command { std: CARGO_HOME="/workspace/cargo-home" RUSTUP_HOME="/workspace/rustup-home" "/workspace/cargo-home/bin/cargo" "+nightly-2024-10-28" "generate-lockfile" "--manifest-path" "Cargo.toml", kill_on_drop: false }`
[INFO] running `Command { std: CARGO_HOME="/workspace/cargo-home" RUSTUP_HOME="/workspace/rustup-home" "/workspace/cargo-home/bin/cargo" "+nightly-2024-10-28" "fetch" "--manifest-path" "Cargo.toml", kill_on_drop: false }`
[INFO] running `Command { std: "docker" "create" "-v" "/var/lib/crater-agent-workspace/builds/worker-6-tc2/target:/opt/rustwide/target:rw,Z" "-v" "/var/lib/crater-agent-workspace/builds/worker-6-tc2/source:/opt/rustwide/workdir:ro,Z" "-v" "/var/lib/crater-agent-workspace/cargo-home:/opt/rustwide/cargo-home:ro,Z" "-v" "/var/lib/crater-agent-workspace/rustup-home:/opt/rustwide/rustup-home:ro,Z" "-e" "SOURCE_DIR=/opt/rustwide/workdir" "-e" "CARGO_TARGET_DIR=/opt/rustwide/target" "-e" "CARGO_HOME=/opt/rustwide/cargo-home" "-e" "RUSTUP_HOME=/opt/rustwide/rustup-home" "-w" "/opt/rustwide/workdir" "-m" "1610612736" "--user" "0:0" "--network" "none" "ghcr.io/rust-lang/crates-build-env/linux@sha256:4a844ea9eb2546a2d2c7022eacef16ef2e8229c7fbb2c7d4d55a9ceca922f72d" "/opt/rustwide/cargo-home/bin/cargo" "+nightly-2024-10-28" "metadata" "--no-deps" "--format-version=1", kill_on_drop: false }`
[INFO] [stdout] bf326962156880cac73d945c253e4a3f98891c3cd83f2635fef0d5afca17b9fc
[INFO] running `Command { std: "docker" "start" "-a" "bf326962156880cac73d945c253e4a3f98891c3cd83f2635fef0d5afca17b9fc", kill_on_drop: false }`
[INFO] running `Command { std: "docker" "inspect" "bf326962156880cac73d945c253e4a3f98891c3cd83f2635fef0d5afca17b9fc", kill_on_drop: false }`
[INFO] running `Command { std: "docker" "rm" "-f" "bf326962156880cac73d945c253e4a3f98891c3cd83f2635fef0d5afca17b9fc", kill_on_drop: false }`
[INFO] [stdout] bf326962156880cac73d945c253e4a3f98891c3cd83f2635fef0d5afca17b9fc
[INFO] running `Command { std: "docker" "create" "-v" "/var/lib/crater-agent-workspace/builds/worker-6-tc2/target:/opt/rustwide/target:rw,Z" "-v" "/var/lib/crater-agent-workspace/builds/worker-6-tc2/source:/opt/rustwide/workdir:ro,Z" "-v" "/var/lib/crater-agent-workspace/cargo-home:/opt/rustwide/cargo-home:ro,Z" "-v" "/var/lib/crater-agent-workspace/rustup-home:/opt/rustwide/rustup-home:ro,Z" "-e" "SOURCE_DIR=/opt/rustwide/workdir" "-e" "CARGO_TARGET_DIR=/opt/rustwide/target" "-e" "CARGO_INCREMENTAL=0" "-e" "RUST_BACKTRACE=full" "-e" "RUSTFLAGS=--cap-lints=forbid -Zrandomize-layout" "-e" "RUSTDOCFLAGS=--cap-lints=forbid" "-e" "CARGO_HOME=/opt/rustwide/cargo-home" "-e" "RUSTUP_HOME=/opt/rustwide/rustup-home" "-w" "/opt/rustwide/workdir" "-m" "1610612736" "--user" "0:0" "--network" "none" "ghcr.io/rust-lang/crates-build-env/linux@sha256:4a844ea9eb2546a2d2c7022eacef16ef2e8229c7fbb2c7d4d55a9ceca922f72d" "/opt/rustwide/cargo-home/bin/cargo" "+nightly-2024-10-28" "build" "--frozen" "--message-format=json", kill_on_drop: false }`
[INFO] [stdout] 0c033685afcd5dc92803497c573d92810b4852d591087281538de4f0008408f2
[INFO] running `Command { std: "docker" "start" "-a" "0c033685afcd5dc92803497c573d92810b4852d591087281538de4f0008408f2", kill_on_drop: false }`
[INFO] [stderr]    Compiling bit_manipulation v0.2.40 (/opt/rustwide/workdir)
[INFO] [stderr]     Finished `dev` profile [unoptimized + debuginfo] target(s) in 0.06s
[INFO] running `Command { std: "docker" "inspect" "0c033685afcd5dc92803497c573d92810b4852d591087281538de4f0008408f2", kill_on_drop: false }`
[INFO] running `Command { std: "docker" "rm" "-f" "0c033685afcd5dc92803497c573d92810b4852d591087281538de4f0008408f2", kill_on_drop: false }`
[INFO] [stdout] 0c033685afcd5dc92803497c573d92810b4852d591087281538de4f0008408f2
[INFO] running `Command { std: "docker" "create" "-v" "/var/lib/crater-agent-workspace/builds/worker-6-tc2/target:/opt/rustwide/target:rw,Z" "-v" "/var/lib/crater-agent-workspace/builds/worker-6-tc2/source:/opt/rustwide/workdir:ro,Z" "-v" "/var/lib/crater-agent-workspace/cargo-home:/opt/rustwide/cargo-home:ro,Z" "-v" "/var/lib/crater-agent-workspace/rustup-home:/opt/rustwide/rustup-home:ro,Z" "-e" "SOURCE_DIR=/opt/rustwide/workdir" "-e" "CARGO_TARGET_DIR=/opt/rustwide/target" "-e" "CARGO_INCREMENTAL=0" "-e" "RUST_BACKTRACE=full" "-e" "RUSTFLAGS=--cap-lints=forbid -Zrandomize-layout" "-e" "RUSTDOCFLAGS=--cap-lints=forbid" "-e" "CARGO_HOME=/opt/rustwide/cargo-home" "-e" "RUSTUP_HOME=/opt/rustwide/rustup-home" "-w" "/opt/rustwide/workdir" "-m" "1610612736" "--user" "0:0" "--network" "none" "ghcr.io/rust-lang/crates-build-env/linux@sha256:4a844ea9eb2546a2d2c7022eacef16ef2e8229c7fbb2c7d4d55a9ceca922f72d" "/opt/rustwide/cargo-home/bin/cargo" "+nightly-2024-10-28" "test" "--frozen" "--no-run" "--message-format=json", kill_on_drop: false }`
[INFO] [stdout] 253ffdf3a3e60a51af6136ea4f268b56fa071e8153a51b6852ea29bb76cba428
[INFO] running `Command { std: "docker" "start" "-a" "253ffdf3a3e60a51af6136ea4f268b56fa071e8153a51b6852ea29bb76cba428", kill_on_drop: false }`
[INFO] [stderr]    Compiling bit_manipulation v0.2.40 (/opt/rustwide/workdir)
[INFO] [stderr]     Finished `test` profile [unoptimized + debuginfo] target(s) in 0.18s
[INFO] running `Command { std: "docker" "inspect" "253ffdf3a3e60a51af6136ea4f268b56fa071e8153a51b6852ea29bb76cba428", kill_on_drop: false }`
[INFO] running `Command { std: "docker" "rm" "-f" "253ffdf3a3e60a51af6136ea4f268b56fa071e8153a51b6852ea29bb76cba428", kill_on_drop: false }`
[INFO] [stdout] 253ffdf3a3e60a51af6136ea4f268b56fa071e8153a51b6852ea29bb76cba428
[INFO] running `Command { std: "docker" "create" "-v" "/var/lib/crater-agent-workspace/builds/worker-6-tc2/target:/opt/rustwide/target:rw,Z" "-v" "/var/lib/crater-agent-workspace/builds/worker-6-tc2/source:/opt/rustwide/workdir:ro,Z" "-v" "/var/lib/crater-agent-workspace/cargo-home:/opt/rustwide/cargo-home:ro,Z" "-v" "/var/lib/crater-agent-workspace/rustup-home:/opt/rustwide/rustup-home:ro,Z" "-e" "SOURCE_DIR=/opt/rustwide/workdir" "-e" "CARGO_TARGET_DIR=/opt/rustwide/target" "-e" "CARGO_INCREMENTAL=0" "-e" "RUST_BACKTRACE=full" "-e" "RUSTFLAGS=--cap-lints=forbid -Zrandomize-layout" "-e" "RUSTDOCFLAGS=--cap-lints=forbid" "-e" "CARGO_HOME=/opt/rustwide/cargo-home" "-e" "RUSTUP_HOME=/opt/rustwide/rustup-home" "-w" "/opt/rustwide/workdir" "-m" "1610612736" "--user" "0:0" "--network" "none" "ghcr.io/rust-lang/crates-build-env/linux@sha256:4a844ea9eb2546a2d2c7022eacef16ef2e8229c7fbb2c7d4d55a9ceca922f72d" "/opt/rustwide/cargo-home/bin/cargo" "+nightly-2024-10-28" "test" "--frozen", kill_on_drop: false }`
[INFO] [stdout] 5e5da380e2f0bf73b74789ef25c4b637228c9919b0df25173f3005da5330cfb0
[INFO] running `Command { std: "docker" "start" "-a" "5e5da380e2f0bf73b74789ef25c4b637228c9919b0df25173f3005da5330cfb0", kill_on_drop: false }`
[INFO] [stderr]     Finished `test` profile [unoptimized + debuginfo] target(s) in 0.00s
[INFO] [stderr]      Running unittests src/lib.rs (/opt/rustwide/target/debug/deps/bit_manipulation-12eca94b1d8cadfa)
[INFO] [stdout] 
[INFO] [stdout] running 6 tests
[INFO] [stdout] test tests::are_bits_on ... ok
[INFO] [stdout] test tests::clear_bits ... ok
[INFO] [stdout] test tests::clear_bit ... ok
[INFO] [stdout] test tests::set_bit ... ok
[INFO] [stdout] test tests::set_bits ... ok
[INFO] [stdout] test tests::test_max_size ... ok
[INFO] [stdout] 
[INFO] [stdout] test result: ok. 6 passed; 0 failed; 0 ignored; 0 measured; 0 filtered out; finished in 0.00s
[INFO] [stdout] 
[INFO] [stderr]    Doc-tests bit_manipulation
[INFO] [stdout] 
[INFO] [stdout] running 11 tests
[INFO] [stdout] test src/lib.rs - bit_manipulation::Bits<T>::new (line 73) ... FAILED
[INFO] [stdout] test src/lib.rs - bit_manipulation::Bits<T>::is_bit_on (line 107) ... FAILED
[INFO] [stdout] test src/lib.rs - bit_manipulation::Bits<T>::clear_bit (line 260) ... FAILED
[INFO] [stdout] test src/lib.rs - bit_manipulation::Bits<T>::get_value (line 363) ... FAILED
[INFO] [stdout] test src/lib.rs - bit_manipulation::Bits<T>::set_bit (line 183) ... FAILED
[INFO] [stdout] test src/lib.rs - bit_manipulation::Bits<T>::set_bits (line 223) ... FAILED
[INFO] [stdout] test src/lib.rs - bit_manipulation::Bits<T>::get_all_bits (line 391) ... FAILED
[INFO] [stdout] test src/lib.rs - bit_manipulation::Bits<T>::clear_bits (line 303) ... FAILED
[INFO] [stdout] test src/lib.rs - bit_manipulation::Bits<T>::are_bits_on (line 144) ... FAILED
[INFO] [stdout] test src/lib.rs - bit_manipulation::Bits<T>::clear_all_bits (line 334) ... FAILED
[INFO] [stdout] test src/lib.rs - bit_manipulation::Bits<T>::set_all_flags (line 415) ... FAILED
[INFO] [stdout] 
[INFO] [stdout] failures:
[INFO] [stdout] 
[INFO] [stdout] ---- src/lib.rs - bit_manipulation::Bits<T>::new (line 73) stdout ----
[INFO] [stdout] error[E0412]: cannot find type `Bits` in this scope
[INFO] [stdout]  --> src/lib.rs:74:11
[INFO] [stdout]   |
[INFO] [stdout] 3 | let bits: Bits<u8> = Bits::new();
[INFO] [stdout]   |           ^^^^ not found in this scope
[INFO] [stdout]   |
[INFO] [stdout] help: consider importing this struct
[INFO] [stdout]   |
[INFO] [stdout] 2 + use bit_manipulation::bit_manipulation::Bits;
[INFO] [stdout]   |
[INFO] [stdout] 
[INFO] [stdout] error[E0433]: failed to resolve: use of undeclared type `Bits`
[INFO] [stdout]  --> src/lib.rs:74:22
[INFO] [stdout]   |
[INFO] [stdout] 3 | let bits: Bits<u8> = Bits::new();
[INFO] [stdout]   |                      ^^^^ use of undeclared type `Bits`
[INFO] [stdout]   |
[INFO] [stdout] help: consider importing this struct
[INFO] [stdout]   |
[INFO] [stdout] 2 + use bit_manipulation::bit_manipulation::Bits;
[INFO] [stdout]   |
[INFO] [stdout] 
[INFO] [stdout] error: aborting due to 2 previous errors
[INFO] [stdout] 
[INFO] [stdout] Some errors have detailed explanations: E0412, E0433.
[INFO] [stdout] For more information about an error, try `rustc --explain E0412`.
[INFO] [stdout] Couldn't compile the test.
[INFO] [stdout] ---- src/lib.rs - bit_manipulation::Bits<T>::is_bit_on (line 107) stdout ----
[INFO] [stdout] error[E0412]: cannot find type `Bits` in this scope
[INFO] [stdout]  --> src/lib.rs:108:11
[INFO] [stdout]   |
[INFO] [stdout] 3 | let bits: Bits<u8> = Bits::new();
[INFO] [stdout]   |           ^^^^ not found in this scope
[INFO] [stdout]   |
[INFO] [stdout] help: consider importing this struct
[INFO] [stdout]   |
[INFO] [stdout] 2 + use bit_manipulation::bit_manipulation::Bits;
[INFO] [stdout]   |
[INFO] [stdout] 
[INFO] [stdout] error[E0433]: failed to resolve: use of undeclared type `Bits`
[INFO] [stdout]  --> src/lib.rs:108:22
[INFO] [stdout]   |
[INFO] [stdout] 3 | let bits: Bits<u8> = Bits::new();
[INFO] [stdout]   |                      ^^^^ use of undeclared type `Bits`
[INFO] [stdout]   |
[INFO] [stdout] help: consider importing this struct
[INFO] [stdout]   |
[INFO] [stdout] 2 + use bit_manipulation::bit_manipulation::Bits;
[INFO] [stdout]   |
[INFO] [stdout] 
[INFO] [stdout] error: aborting due to 2 previous errors
[INFO] [stdout] 
[INFO] [stdout] Some errors have detailed explanations: E0412, E0433.
[INFO] [stdout] For more information about an error, try `rustc --explain E0412`.
[INFO] [stdout] Couldn't compile the test.
[INFO] [stdout] ---- src/lib.rs - bit_manipulation::Bits<T>::clear_bit (line 260) stdout ----
[INFO] [stdout] error[E0412]: cannot find type `Bits` in this scope
[INFO] [stdout]  --> src/lib.rs:261:15
[INFO] [stdout]   |
[INFO] [stdout] 3 | let mut bits: Bits<u8> = Bits::new();
[INFO] [stdout]   |               ^^^^ not found in this scope
[INFO] [stdout]   |
[INFO] [stdout] help: consider importing this struct
[INFO] [stdout]   |
[INFO] [stdout] 2 + use bit_manipulation::bit_manipulation::Bits;
[INFO] [stdout]   |
[INFO] [stdout] 
[INFO] [stdout] error[E0433]: failed to resolve: use of undeclared type `Bits`
[INFO] [stdout]  --> src/lib.rs:261:26
[INFO] [stdout]   |
[INFO] [stdout] 3 | let mut bits: Bits<u8> = Bits::new();
[INFO] [stdout]   |                          ^^^^ use of undeclared type `Bits`
[INFO] [stdout]   |
[INFO] [stdout] help: consider importing this struct
[INFO] [stdout]   |
[INFO] [stdout] 2 + use bit_manipulation::bit_manipulation::Bits;
[INFO] [stdout]   |
[INFO] [stdout] 
[INFO] [stdout] error: aborting due to 2 previous errors
[INFO] [stdout] 
[INFO] [stdout] Some errors have detailed explanations: E0412, E0433.
[INFO] [stdout] For more information about an error, try `rustc --explain E0412`.
[INFO] [stdout] Couldn't compile the test.
[INFO] [stdout] ---- src/lib.rs - bit_manipulation::Bits<T>::get_value (line 363) stdout ----
[INFO] [stdout] error[E0412]: cannot find type `Bits` in this scope
[INFO] [stdout]  --> src/lib.rs:364:15
[INFO] [stdout]   |
[INFO] [stdout] 3 | let mut bits: Bits<u8> = Bits::new();
[INFO] [stdout]   |               ^^^^ not found in this scope
[INFO] [stdout]   |
[INFO] [stdout] help: consider importing this struct
[INFO] [stdout]   |
[INFO] [stdout] 2 + use bit_manipulation::bit_manipulation::Bits;
[INFO] [stdout]   |
[INFO] [stdout] 
[INFO] [stdout] error[E0433]: failed to resolve: use of undeclared type `Bits`
[INFO] [stdout]  --> src/lib.rs:364:26
[INFO] [stdout]   |
[INFO] [stdout] 3 | let mut bits: Bits<u8> = Bits::new();
[INFO] [stdout]   |                          ^^^^ use of undeclared type `Bits`
[INFO] [stdout]   |
[INFO] [stdout] help: consider importing this struct
[INFO] [stdout]   |
[INFO] [stdout] 2 + use bit_manipulation::bit_manipulation::Bits;
[INFO] [stdout]   |
[INFO] [stdout] 
[INFO] [stdout] error: aborting due to 2 previous errors
[INFO] [stdout] 
[INFO] [stdout] Some errors have detailed explanations: E0412, E0433.
[INFO] [stdout] For more information about an error, try `rustc --explain E0412`.
[INFO] [stdout] Couldn't compile the test.
[INFO] [stdout] ---- src/lib.rs - bit_manipulation::Bits<T>::set_bit (line 183) stdout ----
[INFO] [stdout] error[E0412]: cannot find type `Bits` in this scope
[INFO] [stdout]  --> src/lib.rs:184:15
[INFO] [stdout]   |
[INFO] [stdout] 3 | let mut bits: Bits<u8> = Bits::new();
[INFO] [stdout]   |               ^^^^ not found in this scope
[INFO] [stdout]   |
[INFO] [stdout] help: consider importing this struct
[INFO] [stdout]   |
[INFO] [stdout] 2 + use bit_manipulation::bit_manipulation::Bits;
[INFO] [stdout]   |
[INFO] [stdout] 
[INFO] [stdout] error[E0433]: failed to resolve: use of undeclared type `Bits`
[INFO] [stdout]  --> src/lib.rs:184:26
[INFO] [stdout]   |
[INFO] [stdout] 3 | let mut bits: Bits<u8> = Bits::new();
[INFO] [stdout]   |                          ^^^^ use of undeclared type `Bits`
[INFO] [stdout]   |
[INFO] [stdout] help: consider importing this struct
[INFO] [stdout]   |
[INFO] [stdout] 2 + use bit_manipulation::bit_manipulation::Bits;
[INFO] [stdout]   |
[INFO] [stdout] 
[INFO] [stdout] error: aborting due to 2 previous errors
[INFO] [stdout] 
[INFO] [stdout] Some errors have detailed explanations: E0412, E0433.
[INFO] [stdout] For more information about an error, try `rustc --explain E0412`.
[INFO] [stdout] Couldn't compile the test.
[INFO] [stdout] ---- src/lib.rs - bit_manipulation::Bits<T>::set_bits (line 223) stdout ----
[INFO] [stdout] error[E0412]: cannot find type `Bits` in this scope
[INFO] [stdout]  --> src/lib.rs:224:15
[INFO] [stdout]   |
[INFO] [stdout] 3 | let mut bits: Bits<u8> = Bits::new();
[INFO] [stdout]   |               ^^^^ not found in this scope
[INFO] [stdout]   |
[INFO] [stdout] help: consider importing this struct
[INFO] [stdout]   |
[INFO] [stdout] 2 + use bit_manipulation::bit_manipulation::Bits;
[INFO] [stdout]   |
[INFO] [stdout] 
[INFO] [stdout] error[E0433]: failed to resolve: use of undeclared type `Bits`
[INFO] [stdout]  --> src/lib.rs:224:26
[INFO] [stdout]   |
[INFO] [stdout] 3 | let mut bits: Bits<u8> = Bits::new();
[INFO] [stdout]   |                          ^^^^ use of undeclared type `Bits`
[INFO] [stdout]   |
[INFO] [stdout] help: consider importing this struct
[INFO] [stdout]   |
[INFO] [stdout] 2 + use bit_manipulation::bit_manipulation::Bits;
[INFO] [stdout]   |
[INFO] [stdout] 
[INFO] [stdout] error: aborting due to 2 previous errors
[INFO] [stdout] 
[INFO] [stdout] Some errors have detailed explanations: E0412, E0433.
[INFO] [stdout] For more information about an error, try `rustc --explain E0412`.
[INFO] [stdout] Couldn't compile the test.
[INFO] [stdout] ---- src/lib.rs - bit_manipulation::Bits<T>::get_all_bits (line 391) stdout ----
[INFO] [stdout] error[E0412]: cannot find type `Bits` in this scope
[INFO] [stdout]  --> src/lib.rs:392:15
[INFO] [stdout]   |
[INFO] [stdout] 3 | let mut bits: Bits<u8> = Bits::new();
[INFO] [stdout]   |               ^^^^ not found in this scope
[INFO] [stdout]   |
[INFO] [stdout] help: consider importing this struct
[INFO] [stdout]   |
[INFO] [stdout] 2 + use bit_manipulation::bit_manipulation::Bits;
[INFO] [stdout]   |
[INFO] [stdout] 
[INFO] [stdout] error[E0433]: failed to resolve: use of undeclared type `Bits`
[INFO] [stdout]  --> src/lib.rs:392:26
[INFO] [stdout]   |
[INFO] [stdout] 3 | let mut bits: Bits<u8> = Bits::new();
[INFO] [stdout]   |                          ^^^^ use of undeclared type `Bits`
[INFO] [stdout]   |
[INFO] [stdout] help: consider importing this struct
[INFO] [stdout]   |
[INFO] [stdout] 2 + use bit_manipulation::bit_manipulation::Bits;
[INFO] [stdout]   |
[INFO] [stdout] 
[INFO] [stdout] error: aborting due to 2 previous errors
[INFO] [stdout] 
[INFO] [stdout] Some errors have detailed explanations: E0412, E0433.
[INFO] [stdout] For more information about an error, try `rustc --explain E0412`.
[INFO] [stdout] Couldn't compile the test.
[INFO] [stdout] ---- src/lib.rs - bit_manipulation::Bits<T>::clear_bits (line 303) stdout ----
[INFO] [stdout] error[E0412]: cannot find type `Bits` in this scope
[INFO] [stdout]  --> src/lib.rs:304:15
[INFO] [stdout]   |
[INFO] [stdout] 3 | let mut bits: Bits<u8> = Bits::new();
[INFO] [stdout]   |               ^^^^ not found in this scope
[INFO] [stdout]   |
[INFO] [stdout] help: consider importing this struct
[INFO] [stdout]   |
[INFO] [stdout] 2 + use bit_manipulation::bit_manipulation::Bits;
[INFO] [stdout]   |
[INFO] [stdout] 
[INFO] [stdout] error[E0433]: failed to resolve: use of undeclared type `Bits`
[INFO] [stdout]  --> src/lib.rs:304:26
[INFO] [stdout]   |
[INFO] [stdout] 3 | let mut bits: Bits<u8> = Bits::new();
[INFO] [stdout]   |                          ^^^^ use of undeclared type `Bits`
[INFO] [stdout]   |
[INFO] [stdout] help: consider importing this struct
[INFO] [stdout]   |
[INFO] [stdout] 2 + use bit_manipulation::bit_manipulation::Bits;
[INFO] [stdout]   |
[INFO] [stdout] 
[INFO] [stdout] error: aborting due to 2 previous errors
[INFO] [stdout] 
[INFO] [stdout] Some errors have detailed explanations: E0412, E0433.
[INFO] [stdout] For more information about an error, try `rustc --explain E0412`.
[INFO] [stdout] Couldn't compile the test.
[INFO] [stdout] ---- src/lib.rs - bit_manipulation::Bits<T>::are_bits_on (line 144) stdout ----
[INFO] [stdout] error[E0412]: cannot find type `Bits` in this scope
[INFO] [stdout]  --> src/lib.rs:145:11
[INFO] [stdout]   |
[INFO] [stdout] 3 | let bits: Bits<u8> = Bits::new();
[INFO] [stdout]   |           ^^^^ not found in this scope
[INFO] [stdout]   |
[INFO] [stdout] help: consider importing this struct
[INFO] [stdout]   |
[INFO] [stdout] 2 + use bit_manipulation::bit_manipulation::Bits;
[INFO] [stdout]   |
[INFO] [stdout] 
[INFO] [stdout] error[E0433]: failed to resolve: use of undeclared type `Bits`
[INFO] [stdout]  --> src/lib.rs:145:22
[INFO] [stdout]   |
[INFO] [stdout] 3 | let bits: Bits<u8> = Bits::new();
[INFO] [stdout]   |                      ^^^^ use of undeclared type `Bits`
[INFO] [stdout]   |
[INFO] [stdout] help: consider importing this struct
[INFO] [stdout]   |
[INFO] [stdout] 2 + use bit_manipulation::bit_manipulation::Bits;
[INFO] [stdout]   |
[INFO] [stdout] 
[INFO] [stdout] error: aborting due to 2 previous errors
[INFO] [stdout] 
[INFO] [stdout] Some errors have detailed explanations: E0412, E0433.
[INFO] [stdout] For more information about an error, try `rustc --explain E0412`.
[INFO] [stdout] Couldn't compile the test.
[INFO] [stdout] ---- src/lib.rs - bit_manipulation::Bits<T>::clear_all_bits (line 334) stdout ----
[INFO] [stdout] error[E0412]: cannot find type `Bits` in this scope
[INFO] [stdout]  --> src/lib.rs:335:15
[INFO] [stdout]   |
[INFO] [stdout] 3 | let mut bits: Bits<u8> = Bits::new();
[INFO] [stdout]   |               ^^^^ not found in this scope
[INFO] [stdout]   |
[INFO] [stdout] help: consider importing this struct
[INFO] [stdout]   |
[INFO] [stdout] 2 + use bit_manipulation::bit_manipulation::Bits;
[INFO] [stdout]   |
[INFO] [stdout] 
[INFO] [stdout] error[E0433]: failed to resolve: use of undeclared type `Bits`
[INFO] [stdout]  --> src/lib.rs:335:26
[INFO] [stdout]   |
[INFO] [stdout] 3 | let mut bits: Bits<u8> = Bits::new();
[INFO] [stdout]   |                          ^^^^ use of undeclared type `Bits`
[INFO] [stdout]   |
[INFO] [stdout] help: consider importing this struct
[INFO] [stdout]   |
[INFO] [stdout] 2 + use bit_manipulation::bit_manipulation::Bits;
[INFO] [stdout]   |
[INFO] [stdout] 
[INFO] [stdout] error: aborting due to 2 previous errors
[INFO] [stdout] 
[INFO] [stdout] Some errors have detailed explanations: E0412, E0433.
[INFO] [stdout] For more information about an error, try `rustc --explain E0412`.
[INFO] [stdout] Couldn't compile the test.
[INFO] [stdout] ---- src/lib.rs - bit_manipulation::Bits<T>::set_all_flags (line 415) stdout ----
[INFO] [stdout] error[E0412]: cannot find type `Bits` in this scope
[INFO] [stdout]  --> src/lib.rs:416:15
[INFO] [stdout]   |
[INFO] [stdout] 3 | let mut bits: Bits<u8> = Bits::new();
[INFO] [stdout]   |               ^^^^ not found in this scope
[INFO] [stdout]   |
[INFO] [stdout] help: consider importing this struct
[INFO] [stdout]   |
[INFO] [stdout] 2 + use bit_manipulation::bit_manipulation::Bits;
[INFO] [stdout]   |
[INFO] [stdout] 
[INFO] [stdout] error[E0433]: failed to resolve: use of undeclared type `Bits`
[INFO] [stdout]  --> src/lib.rs:416:26
[INFO] [stdout]   |
[INFO] [stdout] 3 | let mut bits: Bits<u8> = Bits::new();
[INFO] [stdout]   |                          ^^^^ use of undeclared type `Bits`
[INFO] [stdout]   |
[INFO] [stdout] help: consider importing this struct
[INFO] [stdout]   |
[INFO] [stdout] 2 + use bit_manipulation::bit_manipulation::Bits;
[INFO] [stdout]   |
[INFO] [stdout] 
[INFO] [stdout] error[E0412]: cannot find type `Bits` in this scope
[INFO] [stdout]  --> src/lib.rs:422:15
[INFO] [stdout]   |
[INFO] [stdout] 9 | let mut bits: Bits<u16> = Bits::new();
[INFO] [stdout]   |               ^^^^ not found in this scope
[INFO] [stdout]   |
[INFO] [stdout] help: consider importing this struct
[INFO] [stdout]   |
[INFO] [stdout] 2 + use bit_manipulation::bit_manipulation::Bits;
[INFO] [stdout]   |
[INFO] [stdout] 
[INFO] [stdout] error[E0433]: failed to resolve: use of undeclared type `Bits`
[INFO] [stdout]  --> src/lib.rs:422:27
[INFO] [stdout]   |
[INFO] [stdout] 9 | let mut bits: Bits<u16> = Bits::new();
[INFO] [stdout]   |                           ^^^^ use of undeclared type `Bits`
[INFO] [stdout]   |
[INFO] [stdout] help: consider importing this struct
[INFO] [stdout]   |
[INFO] [stdout] 2 + use bit_manipulation::bit_manipulation::Bits;
[INFO] [stdout]   |
[INFO] [stdout] 
[INFO] [stdout] error[E0412]: cannot find type `Bits` in this scope
[INFO] [stdout]   --> src/lib.rs:426:15
[INFO] [stdout]    |
[INFO] [stdout] 13 | let mut bits: Bits<u32> = Bits::new();
[INFO] [stdout]    |               ^^^^ not found in this scope
[INFO] [stdout]    |
[INFO] [stdout] help: consider importing this struct
[INFO] [stdout]    |
[INFO] [stdout] 2  + use bit_manipulation::bit_manipulation::Bits;
[INFO] [stdout]    |
[INFO] [stdout] 
[INFO] [stdout] error[E0433]: failed to resolve: use of undeclared type `Bits`
[INFO] [stdout]   --> src/lib.rs:426:27
[INFO] [stdout]    |
[INFO] [stdout] 13 | let mut bits: Bits<u32> = Bits::new();
[INFO] [stdout]    |                           ^^^^ use of undeclared type `Bits`
[INFO] [stdout]    |
[INFO] [stdout] help: consider importing this struct
[INFO] [stdout]    |
[INFO] [stdout] 2  + use bit_manipulation::bit_manipulation::Bits;
[INFO] [stdout]    |
[INFO] [stdout] 
[INFO] [stdout] error[E0412]: cannot find type `Bits` in this scope
[INFO] [stdout]   --> src/lib.rs:430:15
[INFO] [stdout]    |
[INFO] [stdout] 17 | let mut bits: Bits<u64> = Bits::new();
[INFO] [stdout]    |               ^^^^ not found in this scope
[INFO] [stdout]    |
[INFO] [stdout] help: consider importing this struct
[INFO] [stdout]    |
[INFO] [stdout] 2  + use bit_manipulation::bit_manipulation::Bits;
[INFO] [stdout]    |
[INFO] [stdout] 
[INFO] [stdout] error[E0433]: failed to resolve: use of undeclared type `Bits`
[INFO] [stdout]   --> src/lib.rs:430:27
[INFO] [stdout]    |
[INFO] [stdout] 17 | let mut bits: Bits<u64> = Bits::new();
[INFO] [stdout]    |                           ^^^^ use of undeclared type `Bits`
[INFO] [stdout]    |
[INFO] [stdout] help: consider importing this struct
[INFO] [stdout]    |
[INFO] [stdout] 2  + use bit_manipulation::bit_manipulation::Bits;
[INFO] [stdout]    |
[INFO] [stdout] 
[INFO] [stdout] error[E0412]: cannot find type `Bits` in this scope
[INFO] [stdout]   --> src/lib.rs:434:15
[INFO] [stdout]    |
[INFO] [stdout] 21 | let mut bits: Bits<u128> = Bits::new();
[INFO] [stdout]    |               ^^^^ not found in this scope
[INFO] [stdout]    |
[INFO] [stdout] help: consider importing this struct
[INFO] [stdout]    |
[INFO] [stdout] 2  + use bit_manipulation::bit_manipulation::Bits;
[INFO] [stdout]    |
[INFO] [stdout] 
[INFO] [stdout] error[E0433]: failed to resolve: use of undeclared type `Bits`
[INFO] [stdout]   --> src/lib.rs:434:28
[INFO] [stdout]    |
[INFO] [stdout] 21 | let mut bits: Bits<u128> = Bits::new();
[INFO] [stdout]    |                            ^^^^ use of undeclared type `Bits`
[INFO] [stdout]    |
[INFO] [stdout] help: consider importing this struct
[INFO] [stdout]    |
[INFO] [stdout] 2  + use bit_manipulation::bit_manipulation::Bits;
[INFO] [stdout]    |
[INFO] [stdout] 
[INFO] [stdout] error: aborting due to 10 previous errors
[INFO] [stdout] 
[INFO] [stdout] Some errors have detailed explanations: E0412, E0433.
[INFO] [stdout] For more information about an error, try `rustc --explain E0412`.
[INFO] [stdout] Couldn't compile the test.
[INFO] [stdout] 
[INFO] [stdout] failures:
[INFO] [stdout]     src/lib.rs - bit_manipulation::Bits<T>::are_bits_on (line 144)
[INFO] [stdout]     src/lib.rs - bit_manipulation::Bits<T>::clear_all_bits (line 334)
[INFO] [stdout]     src/lib.rs - bit_manipulation::Bits<T>::clear_bit (line 260)
[INFO] [stdout]     src/lib.rs - bit_manipulation::Bits<T>::clear_bits (line 303)
[INFO] [stdout]     src/lib.rs - bit_manipulation::Bits<T>::get_all_bits (line 391)
[INFO] [stdout]     src/lib.rs - bit_manipulation::Bits<T>::get_value (line 363)
[INFO] [stdout]     src/lib.rs - bit_manipulation::Bits<T>::is_bit_on (line 107)
[INFO] [stdout]     src/lib.rs - bit_manipulation::Bits<T>::new (line 73)
[INFO] [stdout]     src/lib.rs - bit_manipulation::Bits<T>::set_all_flags (line 415)
[INFO] [stdout]     src/lib.rs - bit_manipulation::Bits<T>::set_bit (line 183)
[INFO] [stdout]     src/lib.rs - bit_manipulation::Bits<T>::set_bits (line 223)
[INFO] [stdout] 
[INFO] [stdout] test result: FAILED. 0 passed; 11 failed; 0 ignored; 0 measured; 0 filtered out; finished in 0.06s
[INFO] [stdout] 
[INFO] [stderr] error: doctest failed, to rerun pass `--doc`
[INFO] running `Command { std: "docker" "inspect" "5e5da380e2f0bf73b74789ef25c4b637228c9919b0df25173f3005da5330cfb0", kill_on_drop: false }`
[INFO] running `Command { std: "docker" "rm" "-f" "5e5da380e2f0bf73b74789ef25c4b637228c9919b0df25173f3005da5330cfb0", kill_on_drop: false }`
[INFO] [stdout] 5e5da380e2f0bf73b74789ef25c4b637228c9919b0df25173f3005da5330cfb0
