[INFO] fetching crate bit-vec-omnitool 0.7.0...
[INFO] testing bit-vec-omnitool-0.7.0 against nightly-2024-10-28+rustflags=-Zrandomize-layout for randomize-layout
[INFO] extracting crate bit-vec-omnitool 0.7.0 into /workspace/builds/worker-3-tc2/source
[INFO] validating manifest of crates.io crate bit-vec-omnitool 0.7.0 on toolchain nightly-2024-10-28
[INFO] running `Command { std: CARGO_HOME="/workspace/cargo-home" RUSTUP_HOME="/workspace/rustup-home" "/workspace/cargo-home/bin/cargo" "+nightly-2024-10-28" "metadata" "--manifest-path" "Cargo.toml" "--no-deps", kill_on_drop: false }`
[INFO] started tweaking crates.io crate bit-vec-omnitool 0.7.0
[INFO] finished tweaking crates.io crate bit-vec-omnitool 0.7.0
[INFO] tweaked toml for crates.io crate bit-vec-omnitool 0.7.0 written to /workspace/builds/worker-3-tc2/source/Cargo.toml
[INFO] running `Command { std: CARGO_HOME="/workspace/cargo-home" RUSTUP_HOME="/workspace/rustup-home" "/workspace/cargo-home/bin/cargo" "+nightly-2024-10-28" "generate-lockfile" "--manifest-path" "Cargo.toml", kill_on_drop: false }`
[INFO] [stderr]     Updating crates.io index
[INFO] [stderr]      Locking 41 packages to latest compatible versions
[INFO] running `Command { std: CARGO_HOME="/workspace/cargo-home" RUSTUP_HOME="/workspace/rustup-home" "/workspace/cargo-home/bin/cargo" "+nightly-2024-10-28" "fetch" "--manifest-path" "Cargo.toml", kill_on_drop: false }`
[INFO] running `Command { std: "docker" "create" "-v" "/var/lib/crater-agent-workspace/builds/worker-3-tc2/target:/opt/rustwide/target:rw,Z" "-v" "/var/lib/crater-agent-workspace/builds/worker-3-tc2/source:/opt/rustwide/workdir:ro,Z" "-v" "/var/lib/crater-agent-workspace/cargo-home:/opt/rustwide/cargo-home:ro,Z" "-v" "/var/lib/crater-agent-workspace/rustup-home:/opt/rustwide/rustup-home:ro,Z" "-e" "SOURCE_DIR=/opt/rustwide/workdir" "-e" "CARGO_TARGET_DIR=/opt/rustwide/target" "-e" "CARGO_HOME=/opt/rustwide/cargo-home" "-e" "RUSTUP_HOME=/opt/rustwide/rustup-home" "-w" "/opt/rustwide/workdir" "-m" "1610612736" "--user" "0:0" "--network" "none" "ghcr.io/rust-lang/crates-build-env/linux@sha256:4a844ea9eb2546a2d2c7022eacef16ef2e8229c7fbb2c7d4d55a9ceca922f72d" "/opt/rustwide/cargo-home/bin/cargo" "+nightly-2024-10-28" "metadata" "--no-deps" "--format-version=1", kill_on_drop: false }`
[INFO] [stdout] cdba6f7e122ef93def8b7ad45ca53229bc3a2b8801c1d8bd85a09d4b29d23cfc
[INFO] running `Command { std: "docker" "start" "-a" "cdba6f7e122ef93def8b7ad45ca53229bc3a2b8801c1d8bd85a09d4b29d23cfc", kill_on_drop: false }`
[INFO] running `Command { std: "docker" "inspect" "cdba6f7e122ef93def8b7ad45ca53229bc3a2b8801c1d8bd85a09d4b29d23cfc", kill_on_drop: false }`
[INFO] running `Command { std: "docker" "rm" "-f" "cdba6f7e122ef93def8b7ad45ca53229bc3a2b8801c1d8bd85a09d4b29d23cfc", kill_on_drop: false }`
[INFO] [stdout] cdba6f7e122ef93def8b7ad45ca53229bc3a2b8801c1d8bd85a09d4b29d23cfc
[INFO] running `Command { std: "docker" "create" "-v" "/var/lib/crater-agent-workspace/builds/worker-3-tc2/target:/opt/rustwide/target:rw,Z" "-v" "/var/lib/crater-agent-workspace/builds/worker-3-tc2/source:/opt/rustwide/workdir:ro,Z" "-v" "/var/lib/crater-agent-workspace/cargo-home:/opt/rustwide/cargo-home:ro,Z" "-v" "/var/lib/crater-agent-workspace/rustup-home:/opt/rustwide/rustup-home:ro,Z" "-e" "SOURCE_DIR=/opt/rustwide/workdir" "-e" "CARGO_TARGET_DIR=/opt/rustwide/target" "-e" "CARGO_INCREMENTAL=0" "-e" "RUST_BACKTRACE=full" "-e" "RUSTFLAGS=--cap-lints=forbid -Zrandomize-layout" "-e" "RUSTDOCFLAGS=--cap-lints=forbid" "-e" "CARGO_HOME=/opt/rustwide/cargo-home" "-e" "RUSTUP_HOME=/opt/rustwide/rustup-home" "-w" "/opt/rustwide/workdir" "-m" "1610612736" "--user" "0:0" "--network" "none" "ghcr.io/rust-lang/crates-build-env/linux@sha256:4a844ea9eb2546a2d2c7022eacef16ef2e8229c7fbb2c7d4d55a9ceca922f72d" "/opt/rustwide/cargo-home/bin/cargo" "+nightly-2024-10-28" "build" "--frozen" "--message-format=json", kill_on_drop: false }`
[INFO] [stdout] b7f624ea6959a938471f06ffb485105d0641a26d5203d8af03705ff7ea757d49
[INFO] running `Command { std: "docker" "start" "-a" "b7f624ea6959a938471f06ffb485105d0641a26d5203d8af03705ff7ea757d49", kill_on_drop: false }`
[INFO] [stderr]    Compiling bit-vec-omnitool v0.7.0 (/opt/rustwide/workdir)
[INFO] [stderr]     Finished `dev` profile [unoptimized + debuginfo] target(s) in 0.20s
[INFO] running `Command { std: "docker" "inspect" "b7f624ea6959a938471f06ffb485105d0641a26d5203d8af03705ff7ea757d49", kill_on_drop: false }`
[INFO] running `Command { std: "docker" "rm" "-f" "b7f624ea6959a938471f06ffb485105d0641a26d5203d8af03705ff7ea757d49", kill_on_drop: false }`
[INFO] [stdout] b7f624ea6959a938471f06ffb485105d0641a26d5203d8af03705ff7ea757d49
[INFO] running `Command { std: "docker" "create" "-v" "/var/lib/crater-agent-workspace/builds/worker-3-tc2/target:/opt/rustwide/target:rw,Z" "-v" "/var/lib/crater-agent-workspace/builds/worker-3-tc2/source:/opt/rustwide/workdir:ro,Z" "-v" "/var/lib/crater-agent-workspace/cargo-home:/opt/rustwide/cargo-home:ro,Z" "-v" "/var/lib/crater-agent-workspace/rustup-home:/opt/rustwide/rustup-home:ro,Z" "-e" "SOURCE_DIR=/opt/rustwide/workdir" "-e" "CARGO_TARGET_DIR=/opt/rustwide/target" "-e" "CARGO_INCREMENTAL=0" "-e" "RUST_BACKTRACE=full" "-e" "RUSTFLAGS=--cap-lints=forbid -Zrandomize-layout" "-e" "RUSTDOCFLAGS=--cap-lints=forbid" "-e" "CARGO_HOME=/opt/rustwide/cargo-home" "-e" "RUSTUP_HOME=/opt/rustwide/rustup-home" "-w" "/opt/rustwide/workdir" "-m" "1610612736" "--user" "0:0" "--network" "none" "ghcr.io/rust-lang/crates-build-env/linux@sha256:4a844ea9eb2546a2d2c7022eacef16ef2e8229c7fbb2c7d4d55a9ceca922f72d" "/opt/rustwide/cargo-home/bin/cargo" "+nightly-2024-10-28" "test" "--frozen" "--no-run" "--message-format=json", kill_on_drop: false }`
[INFO] [stdout] bd461951342ad36d1ea82fb8d2d78e36bf2f4108d13c4bdf4dfc57a1fd396d63
[INFO] running `Command { std: "docker" "start" "-a" "bd461951342ad36d1ea82fb8d2d78e36bf2f4108d13c4bdf4dfc57a1fd396d63", kill_on_drop: false }`
[INFO] [stderr]    Compiling libc v0.2.161
[INFO] [stderr]    Compiling serde v1.0.214
[INFO] [stderr]    Compiling memchr v2.7.4
[INFO] [stderr]    Compiling syn v2.0.86
[INFO] [stderr]    Compiling getrandom v0.2.15
[INFO] [stderr]    Compiling rand_core v0.6.4
[INFO] [stderr]    Compiling rand_xorshift v0.3.0
[INFO] [stderr]    Compiling zerocopy-derive v0.7.35
[INFO] [stderr]    Compiling zerocopy v0.7.35
[INFO] [stderr]    Compiling serde_json v1.0.132
[INFO] [stderr]    Compiling ppv-lite86 v0.2.20
[INFO] [stderr]    Compiling rand_chacha v0.3.1
[INFO] [stderr]    Compiling rand v0.8.5
[INFO] [stderr]    Compiling bit-vec-omnitool v0.7.0 (/opt/rustwide/workdir)
[INFO] [stderr]     Finished `test` profile [unoptimized + debuginfo] target(s) in 4.71s
[INFO] running `Command { std: "docker" "inspect" "bd461951342ad36d1ea82fb8d2d78e36bf2f4108d13c4bdf4dfc57a1fd396d63", kill_on_drop: false }`
[INFO] running `Command { std: "docker" "rm" "-f" "bd461951342ad36d1ea82fb8d2d78e36bf2f4108d13c4bdf4dfc57a1fd396d63", kill_on_drop: false }`
[INFO] [stdout] bd461951342ad36d1ea82fb8d2d78e36bf2f4108d13c4bdf4dfc57a1fd396d63
[INFO] running `Command { std: "docker" "create" "-v" "/var/lib/crater-agent-workspace/builds/worker-3-tc2/target:/opt/rustwide/target:rw,Z" "-v" "/var/lib/crater-agent-workspace/builds/worker-3-tc2/source:/opt/rustwide/workdir:ro,Z" "-v" "/var/lib/crater-agent-workspace/cargo-home:/opt/rustwide/cargo-home:ro,Z" "-v" "/var/lib/crater-agent-workspace/rustup-home:/opt/rustwide/rustup-home:ro,Z" "-e" "SOURCE_DIR=/opt/rustwide/workdir" "-e" "CARGO_TARGET_DIR=/opt/rustwide/target" "-e" "CARGO_INCREMENTAL=0" "-e" "RUST_BACKTRACE=full" "-e" "RUSTFLAGS=--cap-lints=forbid -Zrandomize-layout" "-e" "RUSTDOCFLAGS=--cap-lints=forbid" "-e" "CARGO_HOME=/opt/rustwide/cargo-home" "-e" "RUSTUP_HOME=/opt/rustwide/rustup-home" "-w" "/opt/rustwide/workdir" "-m" "1610612736" "--user" "0:0" "--network" "none" "ghcr.io/rust-lang/crates-build-env/linux@sha256:4a844ea9eb2546a2d2c7022eacef16ef2e8229c7fbb2c7d4d55a9ceca922f72d" "/opt/rustwide/cargo-home/bin/cargo" "+nightly-2024-10-28" "test" "--frozen", kill_on_drop: false }`
[INFO] [stdout] ac0fa6ab53b482f3530df961fd33566414a515486098c17772b2cfd488abea94
[INFO] running `Command { std: "docker" "start" "-a" "ac0fa6ab53b482f3530df961fd33566414a515486098c17772b2cfd488abea94", kill_on_drop: false }`
[INFO] [stderr]     Finished `test` profile [unoptimized + debuginfo] target(s) in 0.04s
[INFO] [stderr]      Running unittests src/lib.rs (/opt/rustwide/target/debug/deps/bit_vec_omnitool-46809499bf6c27eb)
[INFO] [stdout] 
[INFO] [stdout] running 48 tests
[INFO] [stdout] test tests::iter ... ok
[INFO] [stdout] test tests::test_0_elements ... ok
[INFO] [stdout] test tests::test_10_elements ... ok
[INFO] [stdout] test tests::test_1_element ... ok
[INFO] [stdout] test tests::test_2_elements ... ok
[INFO] [stdout] test tests::test_31_elements ... ok
[INFO] [stdout] test tests::test_32_elements ... ok
[INFO] [stdout] test tests::test_33_elements ... ok
[INFO] [stdout] test tests::test_big_bit_vec_tests ... ok
[INFO] [stdout] test tests::test_big_clear ... ok
[INFO] [stdout] test tests::test_big_xnor ... ok
[INFO] [stdout] test tests::test_big_xor ... ok
[INFO] [stdout] test tests::test_bit_vec_append ... ok
[INFO] [stdout] test tests::test_big_difference ... ok
[INFO] [stdout] test tests::test_bit_vec_append_aligned_to_unaligned ... ok
[INFO] [stdout] test tests::test_bit_vec_extend ... ok
[INFO] [stdout] test tests::test_bit_vec_grow ... ok
[INFO] [stdout] test tests::test_bit_vec_lt ... ok
[INFO] [stdout] test tests::test_bit_vec_reserve ... ok
[INFO] [stdout] test tests::test_bit_vec_push_pop ... ok
[INFO] [stdout] test tests::test_bit_vec_truncate ... ok
[INFO] [stdout] test tests::test_bit_vec_unaligned_large_append ... ok
[INFO] [stdout] test tests::test_from_bytes ... ok
[INFO] [stdout] test tests::test_bit_vec_unaligned_small_append ... ok
[INFO] [stdout] test tests::test_get_mut ... ok
[INFO] [stdout] test tests::test_bit_vec_split_off ... ok
[INFO] [stdout] test tests::test_into_iter ... ok
[INFO] [stdout] test tests::test_debug_output ... ok
[INFO] [stdout] test tests::test_display_output ... ok
[INFO] [stdout] test tests::test_equal_differing_sizes ... ok
[INFO] [stdout] test tests::test_equal_sneaky_big ... ok
[INFO] [stdout] test tests::test_equal_sneaky_small ... ok
[INFO] [stdout] test tests::test_equal_greatly_differing_sizes ... ok
[INFO] [stdout] test tests::test_from_bools ... ok
[INFO] [stdout] test tests::test_ord ... ok
[INFO] [stdout] test tests::test_iter_mut ... ok
[INFO] [stdout] test tests::test_small_bit_vec_tests ... ok
[INFO] [stdout] test tests::test_small_clear ... ok
[INFO] [stdout] test tests::test_small_difference ... ok
[INFO] [stdout] test tests::test_small_nand ... ok
[INFO] [stdout] test tests::test_small_nor ... ok
[INFO] [stdout] test tests::test_to_bytes ... ok
[INFO] [stdout] test tests::test_small_xnor ... ok
[INFO] [stdout] test tests::test_small_xor ... ok
[INFO] [stdout] test tests::test_to_bools ... ok
[INFO] [stdout] test tests::test_bit_vec_iterator ... ok
[INFO] [stdout] test tests::test_count_ones ... ok
[INFO] [stdout] test tests::test_count_zeros ... ok
[INFO] [stdout] 
[INFO] [stdout] test result: ok. 48 passed; 0 failed; 0 ignored; 0 measured; 0 filtered out; finished in 0.01s
[INFO] [stdout] 
[INFO] [stderr]    Doc-tests bit_vec_omnitool
[INFO] [stdout] 
[INFO] [stdout] running 40 tests
[INFO] [stdout] test src/lib.rs - BitVec<B>::count_ones (line 1059) ... FAILED
[INFO] [stdout] test src/lib.rs - BitVec<B>::count_zeros (line 1082) ... FAILED
[INFO] [stdout] test src/lib.rs - (line 39) ... FAILED
[INFO] [stdout] test src/lib.rs - BitVec<B>::difference (line 866) ... FAILED
[INFO] [stdout] test src/lib.rs - BitVec<B>::all (line 1030) ... FAILED
[INFO] [stdout] test src/lib.rs - BitVec (line 213) ... FAILED
[INFO] [stdout] test src/lib.rs - BitVec<B>::and (line 834) ... FAILED
[INFO] [stdout] test src/lib.rs - BitVec<B>::any (line 1280) ... FAILED
[INFO] [stdout] test src/lib.rs - BitVec<B>::eq_vec (line 1351) ... FAILED
[INFO] [stdout] test src/lib.rs - BitVec<B>::capacity (line 1459) ... FAILED
[INFO] [stdout] test src/lib.rs - BitVec<B>::append (line 1150) ... FAILED
[INFO] [stdout] test src/lib.rs - BitVec<B>::get (line 541) ... FAILED
[INFO] [stdout] test src/lib.rs - BitVec<B>::get_unchecked_mut (line 627) ... FAILED
[INFO] [stdout] test src/lib.rs - BitVec<B>::grow (line 1479) ... FAILED
[INFO] [stdout] test src/lib.rs - BitVec<B>::get_mut (line 598) ... FAILED
[INFO] [stdout] test src/lib.rs - BitVec<B>::get_unchecked (line 576) ... FAILED
[INFO] [stdout] test src/lib.rs - BitVec<B>::iter_mut (line 1125) ... FAILED
[INFO] [stdout] test src/lib.rs - BitVec<B>::push (line 1564) ... FAILED
[INFO] [stdout] test src/lib.rs - BitVec<B>::iter (line 1106) ... FAILED
[INFO] [stdout] test src/lib.rs - BitVec<B>::pop (line 1532) ... FAILED
[INFO] [stdout] test src/lib.rs - BitVec<B>::nand (line 935) ... FAILED
[INFO] [stdout] test src/lib.rs - BitVec<B>::reserve_exact (line 1433) ... FAILED
[INFO] [stdout] test src/lib.rs - BitVec<B>::intersect (line 773) ... FAILED
[INFO] [stdout] test src/lib.rs - BitVec<B>::nor (line 969) ... FAILED
[INFO] [stdout] test src/lib.rs - BitVec<B>::reserve (line 1399) ... FAILED
[INFO] [stdout] test src/lib.rs - BitVec<B>::none (line 1262) ... FAILED
[INFO] [stdout] test src/lib.rs - BitVec<B>::or (line 803) ... FAILED
[INFO] [stdout] test src/lib.rs - BitVec<B>::set_all (line 688) ... FAILED
[INFO] [stdout] test src/lib.rs - BitVec<B>::negate (line 711) ... FAILED
[INFO] [stdout] test src/lib.rs - BitVec<B>::set (line 657) ... FAILED
[INFO] [stdout] test src/lib.rs - BitVec<B>::split_off (line 1203) ... FAILED
[INFO] [stdout] test src/lib.rs - BitVec<B>::to_bytes (line 1301) ... FAILED
[INFO] [stdout] test src/lib.rs - BitVec<B>::union (line 742) ... FAILED
[INFO] [stdout] test src/lib.rs - BitVec<u32>::from_bytes (line 355) ... FAILED
[INFO] [stdout] test src/lib.rs - BitVec<u32>::from_elem (line 314) ... FAILED
[INFO] [stdout] test src/lib.rs - BitVec<B>::truncate (line 1372) ... FAILED
[INFO] [stdout] test src/lib.rs - BitVec<B>::xor (line 904) ... FAILED
[INFO] [stdout] test src/lib.rs - BitVec<u32>::new (line 300) ... FAILED
[INFO] [stdout] test src/lib.rs - BitVec<u32>::from_fn (line 399) ... FAILED
[INFO] [stdout] test src/lib.rs - BitVec<B>::xnor (line 1003) ... FAILED
[INFO] [stdout] 
[INFO] [stdout] failures:
[INFO] [stdout] 
[INFO] [stdout] ---- src/lib.rs - BitVec<B>::count_ones (line 1059) stdout ----
[INFO] [stdout] error[E0432]: unresolved import `bit_vec`
[INFO] [stdout]  --> src/lib.rs:1060:5
[INFO] [stdout]   |
[INFO] [stdout] 3 | use bit_vec::BitVec;
[INFO] [stdout]   |     ^^^^^^^ you might be missing crate `bit_vec`
[INFO] [stdout]   |
[INFO] [stdout] help: consider importing the `bit_vec` crate
[INFO] [stdout]   |
[INFO] [stdout] 2 + extern crate bit_vec;
[INFO] [stdout]   |
[INFO] [stdout] 
[INFO] [stdout] error: aborting due to 1 previous error
[INFO] [stdout] 
[INFO] [stdout] For more information about this error, try `rustc --explain E0432`.
[INFO] [stdout] Couldn't compile the test.
[INFO] [stdout] ---- src/lib.rs - BitVec<B>::count_zeros (line 1082) stdout ----
[INFO] [stdout] error[E0432]: unresolved import `bit_vec`
[INFO] [stdout]  --> src/lib.rs:1083:5
[INFO] [stdout]   |
[INFO] [stdout] 3 | use bit_vec::BitVec;
[INFO] [stdout]   |     ^^^^^^^ you might be missing crate `bit_vec`
[INFO] [stdout]   |
[INFO] [stdout] help: consider importing the `bit_vec` crate
[INFO] [stdout]   |
[INFO] [stdout] 2 + extern crate bit_vec;
[INFO] [stdout]   |
[INFO] [stdout] 
[INFO] [stdout] error: aborting due to 1 previous error
[INFO] [stdout] 
[INFO] [stdout] For more information about this error, try `rustc --explain E0432`.
[INFO] [stdout] Couldn't compile the test.
[INFO] [stdout] ---- src/lib.rs - (line 39) stdout ----
[INFO] [stdout] error[E0432]: unresolved import `bit_vec`
[INFO] [stdout]  --> src/lib.rs:40:5
[INFO] [stdout]   |
[INFO] [stdout] 3 | use bit_vec::BitVec;
[INFO] [stdout]   |     ^^^^^^^ you might be missing crate `bit_vec`
[INFO] [stdout]   |
[INFO] [stdout] help: consider importing the `bit_vec` crate
[INFO] [stdout]   |
[INFO] [stdout] 2 + extern crate bit_vec;
[INFO] [stdout]   |
[INFO] [stdout] 
[INFO] [stdout] error: aborting due to 1 previous error
[INFO] [stdout] 
[INFO] [stdout] For more information about this error, try `rustc --explain E0432`.
[INFO] [stdout] Couldn't compile the test.
[INFO] [stdout] ---- src/lib.rs - BitVec<B>::difference (line 866) stdout ----
[INFO] [stdout] error[E0432]: unresolved import `bit_vec`
[INFO] [stdout]  --> src/lib.rs:867:5
[INFO] [stdout]   |
[INFO] [stdout] 3 | use bit_vec::BitVec;
[INFO] [stdout]   |     ^^^^^^^ you might be missing crate `bit_vec`
[INFO] [stdout]   |
[INFO] [stdout] help: consider importing the `bit_vec` crate
[INFO] [stdout]   |
[INFO] [stdout] 2 + extern crate bit_vec;
[INFO] [stdout]   |
[INFO] [stdout] 
[INFO] [stdout] error: aborting due to 1 previous error
[INFO] [stdout] 
[INFO] [stdout] For more information about this error, try `rustc --explain E0432`.
[INFO] [stdout] Couldn't compile the test.
[INFO] [stdout] ---- src/lib.rs - BitVec<B>::all (line 1030) stdout ----
[INFO] [stdout] error[E0432]: unresolved import `bit_vec`
[INFO] [stdout]  --> src/lib.rs:1031:5
[INFO] [stdout]   |
[INFO] [stdout] 3 | use bit_vec::BitVec;
[INFO] [stdout]   |     ^^^^^^^ you might be missing crate `bit_vec`
[INFO] [stdout]   |
[INFO] [stdout] help: consider importing the `bit_vec` crate
[INFO] [stdout]   |
[INFO] [stdout] 2 + extern crate bit_vec;
[INFO] [stdout]   |
[INFO] [stdout] 
[INFO] [stdout] error: aborting due to 1 previous error
[INFO] [stdout] 
[INFO] [stdout] For more information about this error, try `rustc --explain E0432`.
[INFO] [stdout] Couldn't compile the test.
[INFO] [stdout] ---- src/lib.rs - BitVec (line 213) stdout ----
[INFO] [stdout] error[E0432]: unresolved import `bit_vec`
[INFO] [stdout]  --> src/lib.rs:214:5
[INFO] [stdout]   |
[INFO] [stdout] 3 | use bit_vec::BitVec;
[INFO] [stdout]   |     ^^^^^^^ you might be missing crate `bit_vec`
[INFO] [stdout]   |
[INFO] [stdout] help: consider importing the `bit_vec` crate
[INFO] [stdout]   |
[INFO] [stdout] 2 + extern crate bit_vec;
[INFO] [stdout]   |
[INFO] [stdout] 
[INFO] [stdout] error: aborting due to 1 previous error
[INFO] [stdout] 
[INFO] [stdout] For more information about this error, try `rustc --explain E0432`.
[INFO] [stdout] Couldn't compile the test.
[INFO] [stdout] ---- src/lib.rs - BitVec<B>::and (line 834) stdout ----
[INFO] [stdout] error[E0432]: unresolved import `bit_vec`
[INFO] [stdout]  --> src/lib.rs:835:5
[INFO] [stdout]   |
[INFO] [stdout] 3 | use bit_vec::BitVec;
[INFO] [stdout]   |     ^^^^^^^ you might be missing crate `bit_vec`
[INFO] [stdout]   |
[INFO] [stdout] help: consider importing the `bit_vec` crate
[INFO] [stdout]   |
[INFO] [stdout] 2 + extern crate bit_vec;
[INFO] [stdout]   |
[INFO] [stdout] 
[INFO] [stdout] error: aborting due to 1 previous error
[INFO] [stdout] 
[INFO] [stdout] For more information about this error, try `rustc --explain E0432`.
[INFO] [stdout] Couldn't compile the test.
[INFO] [stdout] ---- src/lib.rs - BitVec<B>::any (line 1280) stdout ----
[INFO] [stdout] error[E0432]: unresolved import `bit_vec`
[INFO] [stdout]  --> src/lib.rs:1281:5
[INFO] [stdout]   |
[INFO] [stdout] 3 | use bit_vec::BitVec;
[INFO] [stdout]   |     ^^^^^^^ you might be missing crate `bit_vec`
[INFO] [stdout]   |
[INFO] [stdout] help: consider importing the `bit_vec` crate
[INFO] [stdout]   |
[INFO] [stdout] 2 + extern crate bit_vec;
[INFO] [stdout]   |
[INFO] [stdout] 
[INFO] [stdout] error: aborting due to 1 previous error
[INFO] [stdout] 
[INFO] [stdout] For more information about this error, try `rustc --explain E0432`.
[INFO] [stdout] Couldn't compile the test.
[INFO] [stdout] ---- src/lib.rs - BitVec<B>::eq_vec (line 1351) stdout ----
[INFO] [stdout] error[E0432]: unresolved import `bit_vec`
[INFO] [stdout]  --> src/lib.rs:1352:5
[INFO] [stdout]   |
[INFO] [stdout] 3 | use bit_vec::BitVec;
[INFO] [stdout]   |     ^^^^^^^ you might be missing crate `bit_vec`
[INFO] [stdout]   |
[INFO] [stdout] help: consider importing the `bit_vec` crate
[INFO] [stdout]   |
[INFO] [stdout] 2 + extern crate bit_vec;
[INFO] [stdout]   |
[INFO] [stdout] 
[INFO] [stdout] error: aborting due to 1 previous error
[INFO] [stdout] 
[INFO] [stdout] For more information about this error, try `rustc --explain E0432`.
[INFO] [stdout] Couldn't compile the test.
[INFO] [stdout] ---- src/lib.rs - BitVec<B>::capacity (line 1459) stdout ----
[INFO] [stdout] error[E0432]: unresolved import `bit_vec`
[INFO] [stdout]  --> src/lib.rs:1460:5
[INFO] [stdout]   |
[INFO] [stdout] 3 | use bit_vec::BitVec;
[INFO] [stdout]   |     ^^^^^^^ you might be missing crate `bit_vec`
[INFO] [stdout]   |
[INFO] [stdout] help: consider importing the `bit_vec` crate
[INFO] [stdout]   |
[INFO] [stdout] 2 + extern crate bit_vec;
[INFO] [stdout]   |
[INFO] [stdout] 
[INFO] [stdout] error: aborting due to 1 previous error
[INFO] [stdout] 
[INFO] [stdout] For more information about this error, try `rustc --explain E0432`.
[INFO] [stdout] Couldn't compile the test.
[INFO] [stdout] ---- src/lib.rs - BitVec<B>::append (line 1150) stdout ----
[INFO] [stdout] error[E0432]: unresolved import `bit_vec`
[INFO] [stdout]  --> src/lib.rs:1151:5
[INFO] [stdout]   |
[INFO] [stdout] 3 | use bit_vec::BitVec;
[INFO] [stdout]   |     ^^^^^^^ you might be missing crate `bit_vec`
[INFO] [stdout]   |
[INFO] [stdout] help: consider importing the `bit_vec` crate
[INFO] [stdout]   |
[INFO] [stdout] 2 + extern crate bit_vec;
[INFO] [stdout]   |
[INFO] [stdout] 
[INFO] [stdout] error: aborting due to 1 previous error
[INFO] [stdout] 
[INFO] [stdout] For more information about this error, try `rustc --explain E0432`.
[INFO] [stdout] Couldn't compile the test.
[INFO] [stdout] ---- src/lib.rs - BitVec<B>::get (line 541) stdout ----
[INFO] [stdout] error[E0432]: unresolved import `bit_vec`
[INFO] [stdout]  --> src/lib.rs:542:5
[INFO] [stdout]   |
[INFO] [stdout] 3 | use bit_vec::BitVec;
[INFO] [stdout]   |     ^^^^^^^ you might be missing crate `bit_vec`
[INFO] [stdout]   |
[INFO] [stdout] help: consider importing the `bit_vec` crate
[INFO] [stdout]   |
[INFO] [stdout] 2 + extern crate bit_vec;
[INFO] [stdout]   |
[INFO] [stdout] 
[INFO] [stdout] error: aborting due to 1 previous error
[INFO] [stdout] 
[INFO] [stdout] For more information about this error, try `rustc --explain E0432`.
[INFO] [stdout] Couldn't compile the test.
[INFO] [stdout] ---- src/lib.rs - BitVec<B>::get_unchecked_mut (line 627) stdout ----
[INFO] [stdout] error[E0432]: unresolved import `bit_vec`
[INFO] [stdout]  --> src/lib.rs:628:5
[INFO] [stdout]   |
[INFO] [stdout] 3 | use bit_vec::BitVec;
[INFO] [stdout]   |     ^^^^^^^ you might be missing crate `bit_vec`
[INFO] [stdout]   |
[INFO] [stdout] help: consider importing the `bit_vec` crate
[INFO] [stdout]   |
[INFO] [stdout] 2 + extern crate bit_vec;
[INFO] [stdout]   |
[INFO] [stdout] 
[INFO] [stdout] error: aborting due to 1 previous error
[INFO] [stdout] 
[INFO] [stdout] For more information about this error, try `rustc --explain E0432`.
[INFO] [stdout] Couldn't compile the test.
[INFO] [stdout] ---- src/lib.rs - BitVec<B>::grow (line 1479) stdout ----
[INFO] [stdout] error[E0432]: unresolved import `bit_vec`
[INFO] [stdout]  --> src/lib.rs:1480:5
[INFO] [stdout]   |
[INFO] [stdout] 3 | use bit_vec::BitVec;
[INFO] [stdout]   |     ^^^^^^^ you might be missing crate `bit_vec`
[INFO] [stdout]   |
[INFO] [stdout] help: consider importing the `bit_vec` crate
[INFO] [stdout]   |
[INFO] [stdout] 2 + extern crate bit_vec;
[INFO] [stdout]   |
[INFO] [stdout] 
[INFO] [stdout] error: aborting due to 1 previous error
[INFO] [stdout] 
[INFO] [stdout] For more information about this error, try `rustc --explain E0432`.
[INFO] [stdout] Couldn't compile the test.
[INFO] [stdout] ---- src/lib.rs - BitVec<B>::get_mut (line 598) stdout ----
[INFO] [stdout] error[E0432]: unresolved import `bit_vec`
[INFO] [stdout]  --> src/lib.rs:599:5
[INFO] [stdout]   |
[INFO] [stdout] 3 | use bit_vec::BitVec;
[INFO] [stdout]   |     ^^^^^^^ you might be missing crate `bit_vec`
[INFO] [stdout]   |
[INFO] [stdout] help: consider importing the `bit_vec` crate
[INFO] [stdout]   |
[INFO] [stdout] 2 + extern crate bit_vec;
[INFO] [stdout]   |
[INFO] [stdout] 
[INFO] [stdout] error: aborting due to 1 previous error
[INFO] [stdout] 
[INFO] [stdout] For more information about this error, try `rustc --explain E0432`.
[INFO] [stdout] Couldn't compile the test.
[INFO] [stdout] ---- src/lib.rs - BitVec<B>::get_unchecked (line 576) stdout ----
[INFO] [stdout] error[E0432]: unresolved import `bit_vec`
[INFO] [stdout]  --> src/lib.rs:577:5
[INFO] [stdout]   |
[INFO] [stdout] 3 | use bit_vec::BitVec;
[INFO] [stdout]   |     ^^^^^^^ you might be missing crate `bit_vec`
[INFO] [stdout]   |
[INFO] [stdout] help: consider importing the `bit_vec` crate
[INFO] [stdout]   |
[INFO] [stdout] 2 + extern crate bit_vec;
[INFO] [stdout]   |
[INFO] [stdout] 
[INFO] [stdout] error: aborting due to 1 previous error
[INFO] [stdout] 
[INFO] [stdout] For more information about this error, try `rustc --explain E0432`.
[INFO] [stdout] Couldn't compile the test.
[INFO] [stdout] ---- src/lib.rs - BitVec<B>::iter_mut (line 1125) stdout ----
[INFO] [stdout] error[E0432]: unresolved import `bit_vec`
[INFO] [stdout]  --> src/lib.rs:1126:5
[INFO] [stdout]   |
[INFO] [stdout] 3 | use bit_vec::BitVec;
[INFO] [stdout]   |     ^^^^^^^ you might be missing crate `bit_vec`
[INFO] [stdout]   |
[INFO] [stdout] help: consider importing the `bit_vec` crate
[INFO] [stdout]   |
[INFO] [stdout] 2 + extern crate bit_vec;
[INFO] [stdout]   |
[INFO] [stdout] 
[INFO] [stdout] error: aborting due to 1 previous error
[INFO] [stdout] 
[INFO] [stdout] For more information about this error, try `rustc --explain E0432`.
[INFO] [stdout] Couldn't compile the test.
[INFO] [stdout] ---- src/lib.rs - BitVec<B>::push (line 1564) stdout ----
[INFO] [stdout] error[E0432]: unresolved import `bit_vec`
[INFO] [stdout]  --> src/lib.rs:1565:5
[INFO] [stdout]   |
[INFO] [stdout] 3 | use bit_vec::BitVec;
[INFO] [stdout]   |     ^^^^^^^ you might be missing crate `bit_vec`
[INFO] [stdout]   |
[INFO] [stdout] help: consider importing the `bit_vec` crate
[INFO] [stdout]   |
[INFO] [stdout] 2 + extern crate bit_vec;
[INFO] [stdout]   |
[INFO] [stdout] 
[INFO] [stdout] error: aborting due to 1 previous error
[INFO] [stdout] 
[INFO] [stdout] For more information about this error, try `rustc --explain E0432`.
[INFO] [stdout] Couldn't compile the test.
[INFO] [stdout] ---- src/lib.rs - BitVec<B>::iter (line 1106) stdout ----
[INFO] [stdout] error[E0432]: unresolved import `bit_vec`
[INFO] [stdout]  --> src/lib.rs:1107:5
[INFO] [stdout]   |
[INFO] [stdout] 3 | use bit_vec::BitVec;
[INFO] [stdout]   |     ^^^^^^^ you might be missing crate `bit_vec`
[INFO] [stdout]   |
[INFO] [stdout] help: consider importing the `bit_vec` crate
[INFO] [stdout]   |
[INFO] [stdout] 2 + extern crate bit_vec;
[INFO] [stdout]   |
[INFO] [stdout] 
[INFO] [stdout] error: aborting due to 1 previous error
[INFO] [stdout] 
[INFO] [stdout] For more information about this error, try `rustc --explain E0432`.
[INFO] [stdout] Couldn't compile the test.
[INFO] [stdout] ---- src/lib.rs - BitVec<B>::pop (line 1532) stdout ----
[INFO] [stdout] error[E0432]: unresolved import `bit_vec`
[INFO] [stdout]  --> src/lib.rs:1533:5
[INFO] [stdout]   |
[INFO] [stdout] 3 | use bit_vec::BitVec;
[INFO] [stdout]   |     ^^^^^^^ you might be missing crate `bit_vec`
[INFO] [stdout]   |
[INFO] [stdout] help: consider importing the `bit_vec` crate
[INFO] [stdout]   |
[INFO] [stdout] 2 + extern crate bit_vec;
[INFO] [stdout]   |
[INFO] [stdout] 
[INFO] [stdout] error: aborting due to 1 previous error
[INFO] [stdout] 
[INFO] [stdout] For more information about this error, try `rustc --explain E0432`.
[INFO] [stdout] Couldn't compile the test.
[INFO] [stdout] ---- src/lib.rs - BitVec<B>::nand (line 935) stdout ----
[INFO] [stdout] error[E0432]: unresolved import `bit_vec`
[INFO] [stdout]  --> src/lib.rs:936:5
[INFO] [stdout]   |
[INFO] [stdout] 3 | use bit_vec::BitVec;
[INFO] [stdout]   |     ^^^^^^^ you might be missing crate `bit_vec`
[INFO] [stdout]   |
[INFO] [stdout] help: consider importing the `bit_vec` crate
[INFO] [stdout]   |
[INFO] [stdout] 2 + extern crate bit_vec;
[INFO] [stdout]   |
[INFO] [stdout] 
[INFO] [stdout] error: aborting due to 1 previous error
[INFO] [stdout] 
[INFO] [stdout] For more information about this error, try `rustc --explain E0432`.
[INFO] [stdout] Couldn't compile the test.
[INFO] [stdout] ---- src/lib.rs - BitVec<B>::reserve_exact (line 1433) stdout ----
[INFO] [stdout] error[E0432]: unresolved import `bit_vec`
[INFO] [stdout]  --> src/lib.rs:1434:5
[INFO] [stdout]   |
[INFO] [stdout] 3 | use bit_vec::BitVec;
[INFO] [stdout]   |     ^^^^^^^ you might be missing crate `bit_vec`
[INFO] [stdout]   |
[INFO] [stdout] help: consider importing the `bit_vec` crate
[INFO] [stdout]   |
[INFO] [stdout] 2 + extern crate bit_vec;
[INFO] [stdout]   |
[INFO] [stdout] 
[INFO] [stdout] error: aborting due to 1 previous error
[INFO] [stdout] 
[INFO] [stdout] For more information about this error, try `rustc --explain E0432`.
[INFO] [stdout] Couldn't compile the test.
[INFO] [stdout] ---- src/lib.rs - BitVec<B>::intersect (line 773) stdout ----
[INFO] [stdout] error[E0432]: unresolved import `bit_vec`
[INFO] [stdout]  --> src/lib.rs:774:5
[INFO] [stdout]   |
[INFO] [stdout] 3 | use bit_vec::BitVec;
[INFO] [stdout]   |     ^^^^^^^ you might be missing crate `bit_vec`
[INFO] [stdout]   |
[INFO] [stdout] help: consider importing the `bit_vec` crate
[INFO] [stdout]   |
[INFO] [stdout] 2 + extern crate bit_vec;
[INFO] [stdout]   |
[INFO] [stdout] 
[INFO] [stdout] error: aborting due to 1 previous error
[INFO] [stdout] 
[INFO] [stdout] For more information about this error, try `rustc --explain E0432`.
[INFO] [stdout] Couldn't compile the test.
[INFO] [stdout] ---- src/lib.rs - BitVec<B>::nor (line 969) stdout ----
[INFO] [stdout] error[E0432]: unresolved import `bit_vec`
[INFO] [stdout]  --> src/lib.rs:970:5
[INFO] [stdout]   |
[INFO] [stdout] 3 | use bit_vec::BitVec;
[INFO] [stdout]   |     ^^^^^^^ you might be missing crate `bit_vec`
[INFO] [stdout]   |
[INFO] [stdout] help: consider importing the `bit_vec` crate
[INFO] [stdout]   |
[INFO] [stdout] 2 + extern crate bit_vec;
[INFO] [stdout]   |
[INFO] [stdout] 
[INFO] [stdout] error: aborting due to 1 previous error
[INFO] [stdout] 
[INFO] [stdout] For more information about this error, try `rustc --explain E0432`.
[INFO] [stdout] Couldn't compile the test.
[INFO] [stdout] ---- src/lib.rs - BitVec<B>::reserve (line 1399) stdout ----
[INFO] [stdout] error[E0432]: unresolved import `bit_vec`
[INFO] [stdout]  --> src/lib.rs:1400:5
[INFO] [stdout]   |
[INFO] [stdout] 3 | use bit_vec::BitVec;
[INFO] [stdout]   |     ^^^^^^^ you might be missing crate `bit_vec`
[INFO] [stdout]   |
[INFO] [stdout] help: consider importing the `bit_vec` crate
[INFO] [stdout]   |
[INFO] [stdout] 2 + extern crate bit_vec;
[INFO] [stdout]   |
[INFO] [stdout] 
[INFO] [stdout] error: aborting due to 1 previous error
[INFO] [stdout] 
[INFO] [stdout] For more information about this error, try `rustc --explain E0432`.
[INFO] [stdout] Couldn't compile the test.
[INFO] [stdout] ---- src/lib.rs - BitVec<B>::none (line 1262) stdout ----
[INFO] [stdout] error[E0432]: unresolved import `bit_vec`
[INFO] [stdout]  --> src/lib.rs:1263:5
[INFO] [stdout]   |
[INFO] [stdout] 3 | use bit_vec::BitVec;
[INFO] [stdout]   |     ^^^^^^^ you might be missing crate `bit_vec`
[INFO] [stdout]   |
[INFO] [stdout] help: consider importing the `bit_vec` crate
[INFO] [stdout]   |
[INFO] [stdout] 2 + extern crate bit_vec;
[INFO] [stdout]   |
[INFO] [stdout] 
[INFO] [stdout] error: aborting due to 1 previous error
[INFO] [stdout] 
[INFO] [stdout] For more information about this error, try `rustc --explain E0432`.
[INFO] [stdout] Couldn't compile the test.
[INFO] [stdout] ---- src/lib.rs - BitVec<B>::or (line 803) stdout ----
[INFO] [stdout] error[E0432]: unresolved import `bit_vec`
[INFO] [stdout]  --> src/lib.rs:804:5
[INFO] [stdout]   |
[INFO] [stdout] 3 | use bit_vec::BitVec;
[INFO] [stdout]   |     ^^^^^^^ you might be missing crate `bit_vec`
[INFO] [stdout]   |
[INFO] [stdout] help: consider importing the `bit_vec` crate
[INFO] [stdout]   |
[INFO] [stdout] 2 + extern crate bit_vec;
[INFO] [stdout]   |
[INFO] [stdout] 
[INFO] [stdout] error: aborting due to 1 previous error
[INFO] [stdout] 
[INFO] [stdout] For more information about this error, try `rustc --explain E0432`.
[INFO] [stdout] Couldn't compile the test.
[INFO] [stdout] ---- src/lib.rs - BitVec<B>::set_all (line 688) stdout ----
[INFO] [stdout] error[E0432]: unresolved import `bit_vec`
[INFO] [stdout]  --> src/lib.rs:689:5
[INFO] [stdout]   |
[INFO] [stdout] 3 | use bit_vec::BitVec;
[INFO] [stdout]   |     ^^^^^^^ you might be missing crate `bit_vec`
[INFO] [stdout]   |
[INFO] [stdout] help: consider importing the `bit_vec` crate
[INFO] [stdout]   |
[INFO] [stdout] 2 + extern crate bit_vec;
[INFO] [stdout]   |
[INFO] [stdout] 
[INFO] [stdout] error: aborting due to 1 previous error
[INFO] [stdout] 
[INFO] [stdout] For more information about this error, try `rustc --explain E0432`.
[INFO] [stdout] Couldn't compile the test.
[INFO] [stdout] ---- src/lib.rs - BitVec<B>::negate (line 711) stdout ----
[INFO] [stdout] error[E0432]: unresolved import `bit_vec`
[INFO] [stdout]  --> src/lib.rs:712:5
[INFO] [stdout]   |
[INFO] [stdout] 3 | use bit_vec::BitVec;
[INFO] [stdout]   |     ^^^^^^^ you might be missing crate `bit_vec`
[INFO] [stdout]   |
[INFO] [stdout] help: consider importing the `bit_vec` crate
[INFO] [stdout]   |
[INFO] [stdout] 2 + extern crate bit_vec;
[INFO] [stdout]   |
[INFO] [stdout] 
[INFO] [stdout] error: aborting due to 1 previous error
[INFO] [stdout] 
[INFO] [stdout] For more information about this error, try `rustc --explain E0432`.
[INFO] [stdout] Couldn't compile the test.
[INFO] [stdout] ---- src/lib.rs - BitVec<B>::set (line 657) stdout ----
[INFO] [stdout] error[E0432]: unresolved import `bit_vec`
[INFO] [stdout]  --> src/lib.rs:658:5
[INFO] [stdout]   |
[INFO] [stdout] 3 | use bit_vec::BitVec;
[INFO] [stdout]   |     ^^^^^^^ you might be missing crate `bit_vec`
[INFO] [stdout]   |
[INFO] [stdout] help: consider importing the `bit_vec` crate
[INFO] [stdout]   |
[INFO] [stdout] 2 + extern crate bit_vec;
[INFO] [stdout]   |
[INFO] [stdout] 
[INFO] [stdout] error: aborting due to 1 previous error
[INFO] [stdout] 
[INFO] [stdout] For more information about this error, try `rustc --explain E0432`.
[INFO] [stdout] Couldn't compile the test.
[INFO] [stdout] ---- src/lib.rs - BitVec<B>::split_off (line 1203) stdout ----
[INFO] [stdout] error[E0432]: unresolved import `bit_vec`
[INFO] [stdout]  --> src/lib.rs:1204:5
[INFO] [stdout]   |
[INFO] [stdout] 3 | use bit_vec::BitVec;
[INFO] [stdout]   |     ^^^^^^^ you might be missing crate `bit_vec`
[INFO] [stdout]   |
[INFO] [stdout] help: consider importing the `bit_vec` crate
[INFO] [stdout]   |
[INFO] [stdout] 2 + extern crate bit_vec;
[INFO] [stdout]   |
[INFO] [stdout] 
[INFO] [stdout] error: aborting due to 1 previous error
[INFO] [stdout] 
[INFO] [stdout] For more information about this error, try `rustc --explain E0432`.
[INFO] [stdout] Couldn't compile the test.
[INFO] [stdout] ---- src/lib.rs - BitVec<B>::to_bytes (line 1301) stdout ----
[INFO] [stdout] error[E0432]: unresolved import `bit_vec`
[INFO] [stdout]  --> src/lib.rs:1302:5
[INFO] [stdout]   |
[INFO] [stdout] 3 | use bit_vec::BitVec;
[INFO] [stdout]   |     ^^^^^^^ you might be missing crate `bit_vec`
[INFO] [stdout]   |
[INFO] [stdout] help: consider importing the `bit_vec` crate
[INFO] [stdout]   |
[INFO] [stdout] 2 + extern crate bit_vec;
[INFO] [stdout]   |
[INFO] [stdout] 
[INFO] [stdout] error: aborting due to 1 previous error
[INFO] [stdout] 
[INFO] [stdout] For more information about this error, try `rustc --explain E0432`.
[INFO] [stdout] Couldn't compile the test.
[INFO] [stdout] ---- src/lib.rs - BitVec<B>::union (line 742) stdout ----
[INFO] [stdout] error[E0432]: unresolved import `bit_vec`
[INFO] [stdout]  --> src/lib.rs:743:5
[INFO] [stdout]   |
[INFO] [stdout] 3 | use bit_vec::BitVec;
[INFO] [stdout]   |     ^^^^^^^ you might be missing crate `bit_vec`
[INFO] [stdout]   |
[INFO] [stdout] help: consider importing the `bit_vec` crate
[INFO] [stdout]   |
[INFO] [stdout] 2 + extern crate bit_vec;
[INFO] [stdout]   |
[INFO] [stdout] 
[INFO] [stdout] error: aborting due to 1 previous error
[INFO] [stdout] 
[INFO] [stdout] For more information about this error, try `rustc --explain E0432`.
[INFO] [stdout] Couldn't compile the test.
[INFO] [stdout] ---- src/lib.rs - BitVec<u32>::from_bytes (line 355) stdout ----
[INFO] [stdout] error[E0432]: unresolved import `bit_vec`
[INFO] [stdout]  --> src/lib.rs:356:5
[INFO] [stdout]   |
[INFO] [stdout] 3 | use bit_vec::BitVec;
[INFO] [stdout]   |     ^^^^^^^ you might be missing crate `bit_vec`
[INFO] [stdout]   |
[INFO] [stdout] help: consider importing the `bit_vec` crate
[INFO] [stdout]   |
[INFO] [stdout] 2 + extern crate bit_vec;
[INFO] [stdout]   |
[INFO] [stdout] 
[INFO] [stdout] error: aborting due to 1 previous error
[INFO] [stdout] 
[INFO] [stdout] For more information about this error, try `rustc --explain E0432`.
[INFO] [stdout] Couldn't compile the test.
[INFO] [stdout] ---- src/lib.rs - BitVec<u32>::from_elem (line 314) stdout ----
[INFO] [stdout] error[E0432]: unresolved import `bit_vec`
[INFO] [stdout]  --> src/lib.rs:315:5
[INFO] [stdout]   |
[INFO] [stdout] 3 | use bit_vec::BitVec;
[INFO] [stdout]   |     ^^^^^^^ you might be missing crate `bit_vec`
[INFO] [stdout]   |
[INFO] [stdout] help: consider importing the `bit_vec` crate
[INFO] [stdout]   |
[INFO] [stdout] 2 + extern crate bit_vec;
[INFO] [stdout]   |
[INFO] [stdout] 
[INFO] [stdout] error: aborting due to 1 previous error
[INFO] [stdout] 
[INFO] [stdout] For more information about this error, try `rustc --explain E0432`.
[INFO] [stdout] Couldn't compile the test.
[INFO] [stdout] ---- src/lib.rs - BitVec<B>::truncate (line 1372) stdout ----
[INFO] [stdout] error[E0432]: unresolved import `bit_vec`
[INFO] [stdout]  --> src/lib.rs:1373:5
[INFO] [stdout]   |
[INFO] [stdout] 3 | use bit_vec::BitVec;
[INFO] [stdout]   |     ^^^^^^^ you might be missing crate `bit_vec`
[INFO] [stdout]   |
[INFO] [stdout] help: consider importing the `bit_vec` crate
[INFO] [stdout]   |
[INFO] [stdout] 2 + extern crate bit_vec;
[INFO] [stdout]   |
[INFO] [stdout] 
[INFO] [stdout] error: aborting due to 1 previous error
[INFO] [stdout] 
[INFO] [stdout] For more information about this error, try `rustc --explain E0432`.
[INFO] [stdout] Couldn't compile the test.
[INFO] [stdout] ---- src/lib.rs - BitVec<B>::xor (line 904) stdout ----
[INFO] [stdout] error[E0432]: unresolved import `bit_vec`
[INFO] [stdout]  --> src/lib.rs:905:5
[INFO] [stdout]   |
[INFO] [stdout] 3 | use bit_vec::BitVec;
[INFO] [stdout]   |     ^^^^^^^ you might be missing crate `bit_vec`
[INFO] [stdout]   |
[INFO] [stdout] help: consider importing the `bit_vec` crate
[INFO] [stdout]   |
[INFO] [stdout] 2 + extern crate bit_vec;
[INFO] [stdout]   |
[INFO] [stdout] 
[INFO] [stdout] error: aborting due to 1 previous error
[INFO] [stdout] 
[INFO] [stdout] For more information about this error, try `rustc --explain E0432`.
[INFO] [stdout] Couldn't compile the test.
[INFO] [stdout] ---- src/lib.rs - BitVec<u32>::new (line 300) stdout ----
[INFO] [stdout] error[E0432]: unresolved import `bit_vec`
[INFO] [stdout]  --> src/lib.rs:301:5
[INFO] [stdout]   |
[INFO] [stdout] 3 | use bit_vec::BitVec;
[INFO] [stdout]   |     ^^^^^^^ you might be missing crate `bit_vec`
[INFO] [stdout]   |
[INFO] [stdout] help: consider importing the `bit_vec` crate
[INFO] [stdout]   |
[INFO] [stdout] 2 + extern crate bit_vec;
[INFO] [stdout]   |
[INFO] [stdout] 
[INFO] [stdout] error: aborting due to 1 previous error
[INFO] [stdout] 
[INFO] [stdout] For more information about this error, try `rustc --explain E0432`.
[INFO] [stdout] Couldn't compile the test.
[INFO] [stdout] ---- src/lib.rs - BitVec<u32>::from_fn (line 399) stdout ----
[INFO] [stdout] error[E0432]: unresolved import `bit_vec`
[INFO] [stdout]  --> src/lib.rs:400:5
[INFO] [stdout]   |
[INFO] [stdout] 3 | use bit_vec::BitVec;
[INFO] [stdout]   |     ^^^^^^^ you might be missing crate `bit_vec`
[INFO] [stdout]   |
[INFO] [stdout] help: consider importing the `bit_vec` crate
[INFO] [stdout]   |
[INFO] [stdout] 2 + extern crate bit_vec;
[INFO] [stdout]   |
[INFO] [stdout] 
[INFO] [stdout] error: aborting due to 1 previous error
[INFO] [stdout] 
[INFO] [stdout] For more information about this error, try `rustc --explain E0432`.
[INFO] [stdout] Couldn't compile the test.
[INFO] [stdout] ---- src/lib.rs - BitVec<B>::xnor (line 1003) stdout ----
[INFO] [stdout] error[E0432]: unresolved import `bit_vec`
[INFO] [stdout]  --> src/lib.rs:1004:5
[INFO] [stdout]   |
[INFO] [stdout] 3 | use bit_vec::BitVec;
[INFO] [stdout]   |     ^^^^^^^ you might be missing crate `bit_vec`
[INFO] [stdout]   |
[INFO] [stdout] help: consider importing the `bit_vec` crate
[INFO] [stdout]   |
[INFO] [stdout] 2 + extern crate bit_vec;
[INFO] [stdout]   |
[INFO] [stdout] 
[INFO] [stdout] error: aborting due to 1 previous error
[INFO] [stdout] 
[INFO] [stdout] For more information about this error, try `rustc --explain E0432`.
[INFO] [stdout] Couldn't compile the test.
[INFO] [stdout] 
[INFO] [stdout] failures:
[INFO] [stdout]     src/lib.rs - (line 39)
[INFO] [stdout]     src/lib.rs - BitVec (line 213)
[INFO] [stdout]     src/lib.rs - BitVec<B>::all (line 1030)
[INFO] [stdout]     src/lib.rs - BitVec<B>::and (line 834)
[INFO] [stdout]     src/lib.rs - BitVec<B>::any (line 1280)
[INFO] [stdout]     src/lib.rs - BitVec<B>::append (line 1150)
[INFO] [stdout]     src/lib.rs - BitVec<B>::capacity (line 1459)
[INFO] [stdout]     src/lib.rs - BitVec<B>::count_ones (line 1059)
[INFO] [stdout]     src/lib.rs - BitVec<B>::count_zeros (line 1082)
[INFO] [stdout]     src/lib.rs - BitVec<B>::difference (line 866)
[INFO] [stdout]     src/lib.rs - BitVec<B>::eq_vec (line 1351)
[INFO] [stdout]     src/lib.rs - BitVec<B>::get (line 541)
[INFO] [stdout]     src/lib.rs - BitVec<B>::get_mut (line 598)
[INFO] [stdout]     src/lib.rs - BitVec<B>::get_unchecked (line 576)
[INFO] [stdout]     src/lib.rs - BitVec<B>::get_unchecked_mut (line 627)
[INFO] [stdout]     src/lib.rs - BitVec<B>::grow (line 1479)
[INFO] [stdout]     src/lib.rs - BitVec<B>::intersect (line 773)
[INFO] [stdout]     src/lib.rs - BitVec<B>::iter (line 1106)
[INFO] [stdout]     src/lib.rs - BitVec<B>::iter_mut (line 1125)
[INFO] [stdout]     src/lib.rs - BitVec<B>::nand (line 935)
[INFO] [stdout]     src/lib.rs - BitVec<B>::negate (line 711)
[INFO] [stdout]     src/lib.rs - BitVec<B>::none (line 1262)
[INFO] [stdout]     src/lib.rs - BitVec<B>::nor (line 969)
[INFO] [stdout]     src/lib.rs - BitVec<B>::or (line 803)
[INFO] [stdout]     src/lib.rs - BitVec<B>::pop (line 1532)
[INFO] [stdout]     src/lib.rs - BitVec<B>::push (line 1564)
[INFO] [stdout]     src/lib.rs - BitVec<B>::reserve (line 1399)
[INFO] [stdout]     src/lib.rs - BitVec<B>::reserve_exact (line 1433)
[INFO] [stdout]     src/lib.rs - BitVec<B>::set (line 657)
[INFO] [stdout]     src/lib.rs - BitVec<B>::set_all (line 688)
[INFO] [stdout]     src/lib.rs - BitVec<B>::split_off (line 1203)
[INFO] [stdout]     src/lib.rs - BitVec<B>::to_bytes (line 1301)
[INFO] [stdout]     src/lib.rs - BitVec<B>::truncate (line 1372)
[INFO] [stdout]     src/lib.rs - BitVec<B>::union (line 742)
[INFO] [stdout]     src/lib.rs - BitVec<B>::xnor (line 1003)
[INFO] [stdout]     src/lib.rs - BitVec<B>::xor (line 904)
[INFO] [stdout]     src/lib.rs - BitVec<u32>::from_bytes (line 355)
[INFO] [stdout]     src/lib.rs - BitVec<u32>::from_elem (line 314)
[INFO] [stdout]     src/lib.rs - BitVec<u32>::from_fn (line 399)
[INFO] [stdout]     src/lib.rs - BitVec<u32>::new (line 300)
[INFO] [stdout] 
[INFO] [stdout] test result: FAILED. 0 passed; 40 failed; 0 ignored; 0 measured; 0 filtered out; finished in 0.27s
[INFO] [stdout] 
[INFO] [stderr] error: doctest failed, to rerun pass `--doc`
[INFO] running `Command { std: "docker" "inspect" "ac0fa6ab53b482f3530df961fd33566414a515486098c17772b2cfd488abea94", kill_on_drop: false }`
[INFO] running `Command { std: "docker" "rm" "-f" "ac0fa6ab53b482f3530df961fd33566414a515486098c17772b2cfd488abea94", kill_on_drop: false }`
[INFO] [stdout] ac0fa6ab53b482f3530df961fd33566414a515486098c17772b2cfd488abea94
