[INFO] fetching crate biome_diagnostics 0.5.7...
[INFO] testing biome_diagnostics-0.5.7 against nightly-2024-10-28 for randomize-layout
[INFO] extracting crate biome_diagnostics 0.5.7 into /workspace/builds/worker-2-tc1/source
[INFO] validating manifest of crates.io crate biome_diagnostics 0.5.7 on toolchain nightly-2024-10-28
[INFO] running `Command { std: CARGO_HOME="/workspace/cargo-home" RUSTUP_HOME="/workspace/rustup-home" "/workspace/cargo-home/bin/cargo" "+nightly-2024-10-28" "metadata" "--manifest-path" "Cargo.toml" "--no-deps", kill_on_drop: false }`
[INFO] started tweaking crates.io crate biome_diagnostics 0.5.7
[INFO] removed 0 missing examples
[INFO] finished tweaking crates.io crate biome_diagnostics 0.5.7
[INFO] tweaked toml for crates.io crate biome_diagnostics 0.5.7 written to /workspace/builds/worker-2-tc1/source/Cargo.toml
[INFO] crate crates.io crate biome_diagnostics 0.5.7 already has a lockfile, it will not be regenerated
[INFO] running `Command { std: CARGO_HOME="/workspace/cargo-home" RUSTUP_HOME="/workspace/rustup-home" "/workspace/cargo-home/bin/cargo" "+nightly-2024-10-28" "fetch" "--manifest-path" "Cargo.toml", kill_on_drop: false }`
[INFO] [stderr]     Updating crates.io index
[INFO] [stderr]     Blocking waiting for file lock on package cache
[INFO] [stderr]  Downloading crates ...
[INFO] [stderr]   Downloaded trybuild v1.0.80
[INFO] [stderr]   Downloaded biome_markup v0.5.7
[INFO] [stderr]   Downloaded termcolor v1.2.0
[INFO] [stderr]   Downloaded biome_console v0.5.7
[INFO] [stderr]   Downloaded tracing-attributes v0.1.23
[INFO] [stderr]   Downloaded similar v2.2.1
[INFO] [stderr]   Downloaded bitflags v2.3.1
[INFO] [stderr]   Downloaded biome_rowan v0.5.7
[INFO] [stderr]   Downloaded oxc_resolver v1.5.1
[INFO] [stderr]   Downloaded serde_derive_internals v0.26.0
[INFO] [stderr]   Downloaded bpaf v0.9.5
[INFO] [stderr]   Downloaded schemars v0.8.12
[INFO] [stderr]   Downloaded serde_json v1.0.113
[INFO] [stderr]   Downloaded basic-toml v0.1.2
[INFO] [stderr]   Downloaded object v0.30.3
[INFO] [stderr]   Downloaded syn v2.0.48
[INFO] [stderr]   Downloaded indexmap v2.2.3
[INFO] [stderr]   Downloaded serde_derive v1.0.196
[INFO] [stderr]   Downloaded dyn-clone v1.0.11
[INFO] [stderr]   Downloaded biome_diagnostics_categories v0.5.7
[INFO] [stderr]   Downloaded countme v3.0.1
[INFO] [stderr]   Downloaded biome_text_size v0.5.7
[INFO] [stderr]   Downloaded bpaf_derive v0.5.5
[INFO] [stderr]   Downloaded schemars_derive v0.8.12
[INFO] [stderr]   Downloaded biome_diagnostics_macros v0.5.7
[INFO] [stderr]   Downloaded biome_text_edit v0.5.7
[INFO] [stderr]   Downloaded json-strip-comments v1.0.2
[INFO] [stderr]   Downloaded serde v1.0.196
[INFO] [stderr]   Downloaded gimli v0.27.2
[INFO] running `Command { std: "docker" "create" "-v" "/var/lib/crater-agent-workspace/builds/worker-2-tc1/target:/opt/rustwide/target:rw,Z" "-v" "/var/lib/crater-agent-workspace/builds/worker-2-tc1/source:/opt/rustwide/workdir:ro,Z" "-v" "/var/lib/crater-agent-workspace/cargo-home:/opt/rustwide/cargo-home:ro,Z" "-v" "/var/lib/crater-agent-workspace/rustup-home:/opt/rustwide/rustup-home:ro,Z" "-e" "SOURCE_DIR=/opt/rustwide/workdir" "-e" "CARGO_TARGET_DIR=/opt/rustwide/target" "-e" "CARGO_HOME=/opt/rustwide/cargo-home" "-e" "RUSTUP_HOME=/opt/rustwide/rustup-home" "-w" "/opt/rustwide/workdir" "-m" "1610612736" "--user" "0:0" "--network" "none" "ghcr.io/rust-lang/crates-build-env/linux@sha256:4a844ea9eb2546a2d2c7022eacef16ef2e8229c7fbb2c7d4d55a9ceca922f72d" "/opt/rustwide/cargo-home/bin/cargo" "+nightly-2024-10-28" "metadata" "--no-deps" "--format-version=1", kill_on_drop: false }`
[INFO] [stdout] 6fb0e114e66e0c87d6a1f87e7068d4167e7e431dd7bc47b25d206ff695c0f452
[INFO] running `Command { std: "docker" "start" "-a" "6fb0e114e66e0c87d6a1f87e7068d4167e7e431dd7bc47b25d206ff695c0f452", kill_on_drop: false }`
[INFO] running `Command { std: "docker" "inspect" "6fb0e114e66e0c87d6a1f87e7068d4167e7e431dd7bc47b25d206ff695c0f452", kill_on_drop: false }`
[INFO] running `Command { std: "docker" "rm" "-f" "6fb0e114e66e0c87d6a1f87e7068d4167e7e431dd7bc47b25d206ff695c0f452", kill_on_drop: false }`
[INFO] [stdout] 6fb0e114e66e0c87d6a1f87e7068d4167e7e431dd7bc47b25d206ff695c0f452
[INFO] running `Command { std: "docker" "create" "-v" "/var/lib/crater-agent-workspace/builds/worker-2-tc1/target:/opt/rustwide/target:rw,Z" "-v" "/var/lib/crater-agent-workspace/builds/worker-2-tc1/source:/opt/rustwide/workdir:ro,Z" "-v" "/var/lib/crater-agent-workspace/cargo-home:/opt/rustwide/cargo-home:ro,Z" "-v" "/var/lib/crater-agent-workspace/rustup-home:/opt/rustwide/rustup-home:ro,Z" "-e" "SOURCE_DIR=/opt/rustwide/workdir" "-e" "CARGO_TARGET_DIR=/opt/rustwide/target" "-e" "CARGO_INCREMENTAL=0" "-e" "RUST_BACKTRACE=full" "-e" "RUSTFLAGS=--cap-lints=forbid" "-e" "RUSTDOCFLAGS=--cap-lints=forbid" "-e" "CARGO_HOME=/opt/rustwide/cargo-home" "-e" "RUSTUP_HOME=/opt/rustwide/rustup-home" "-w" "/opt/rustwide/workdir" "-m" "1610612736" "--user" "0:0" "--network" "none" "ghcr.io/rust-lang/crates-build-env/linux@sha256:4a844ea9eb2546a2d2c7022eacef16ef2e8229c7fbb2c7d4d55a9ceca922f72d" "/opt/rustwide/cargo-home/bin/cargo" "+nightly-2024-10-28" "build" "--frozen" "--message-format=json", kill_on_drop: false }`
[INFO] [stdout] a8fd6c21679841e6eee89614fb8e48c0d92dd9848acc57c2fb359b52632fe685
[INFO] running `Command { std: "docker" "start" "-a" "a8fd6c21679841e6eee89614fb8e48c0d92dd9848acc57c2fb359b52632fe685", kill_on_drop: false }`
[INFO] [stderr]    Compiling proc-macro2 v1.0.78
[INFO] [stderr]    Compiling unicode-ident v1.0.8
[INFO] [stderr]    Compiling syn v1.0.109
[INFO] [stderr]    Compiling serde v1.0.196
[INFO] [stderr]    Compiling autocfg v1.1.0
[INFO] [stderr]    Compiling version_check v0.9.4
[INFO] [stderr]    Compiling hashbrown v0.14.3
[INFO] [stderr]    Compiling memchr v2.6.4
[INFO] [stderr]    Compiling libc v0.2.153
[INFO] [stderr]    Compiling serde_json v1.0.113
[INFO] [stderr]    Compiling once_cell v1.19.0
[INFO] [stderr]    Compiling proc-macro-error-attr v1.0.4
[INFO] [stderr]    Compiling proc-macro-error v1.0.4
[INFO] [stderr]    Compiling lock_api v0.4.11
[INFO] [stderr]    Compiling lazy_static v1.4.0
[INFO] [stderr]    Compiling parking_lot_core v0.9.9
[INFO] [stderr]    Compiling unicode-segmentation v1.10.1
[INFO] [stderr]    Compiling itoa v1.0.6
[INFO] [stderr]    Compiling ryu v1.0.13
[INFO] [stderr]    Compiling regex-automata v0.1.10
[INFO] [stderr]    Compiling tracing-core v0.1.30
[INFO] [stderr]    Compiling memoffset v0.8.0
[INFO] [stderr]    Compiling quote v1.0.35
[INFO] [stderr]    Compiling bstr v0.2.17
[INFO] [stderr]    Compiling pin-project-lite v0.2.13
[INFO] [stderr]    Compiling scopeguard v1.1.0
[INFO] [stderr]    Compiling smallvec v1.10.0
[INFO] [stderr]    Compiling cc v1.0.79
[INFO] [stderr]    Compiling thiserror v1.0.57
[INFO] [stderr]    Compiling schemars v0.8.12
[INFO] [stderr]    Compiling syn v2.0.48
[INFO] [stderr]    Compiling biome_diagnostics_categories v0.5.7
[INFO] [stderr]    Compiling similar v2.2.1
[INFO] [stderr]    Compiling adler v1.0.2
[INFO] [stderr]    Compiling gimli v0.27.2
[INFO] [stderr]    Compiling dyn-clone v1.0.11
[INFO] [stderr]    Compiling dashmap v5.5.3
[INFO] [stderr]    Compiling miniz_oxide v0.6.2
[INFO] [stderr]    Compiling biome_markup v0.5.7
[INFO] [stderr]    Compiling backtrace v0.3.67
[INFO] [stderr]    Compiling object v0.30.3
[INFO] [stderr]    Compiling termcolor v1.2.0
[INFO] [stderr]    Compiling rustc-demangle v0.1.21
[INFO] [stderr]    Compiling countme v3.0.1
[INFO] [stderr]    Compiling dunce v1.0.4
[INFO] [stderr]    Compiling unicode-width v0.1.10
[INFO] [stderr]    Compiling hashbrown v0.12.3
[INFO] [stderr]    Compiling json-strip-comments v1.0.2
[INFO] [stderr]    Compiling bitflags v2.3.1
[INFO] [stderr]    Compiling addr2line v0.19.0
[INFO] [stderr]    Compiling serde_derive v1.0.196
[INFO] [stderr]    Compiling thiserror-impl v1.0.57
[INFO] [stderr]    Compiling bpaf_derive v0.5.5
[INFO] [stderr]    Compiling serde_derive_internals v0.26.0
[INFO] [stderr]    Compiling bpaf v0.9.5
[INFO] [stderr]    Compiling tracing-attributes v0.1.23
[INFO] [stderr]    Compiling schemars_derive v0.8.12
[INFO] [stderr]    Compiling biome_diagnostics_macros v0.5.7
[INFO] [stderr]    Compiling tracing v0.1.37
[INFO] [stderr]    Compiling indexmap v2.2.3
[INFO] [stderr]    Compiling biome_text_size v0.5.7
[INFO] [stderr]    Compiling biome_text_edit v0.5.7
[INFO] [stderr]    Compiling biome_rowan v0.5.7
[INFO] [stderr]    Compiling oxc_resolver v1.5.1
[INFO] [stderr]    Compiling biome_console v0.5.7
[INFO] [stderr]    Compiling biome_diagnostics v0.5.7 (/opt/rustwide/workdir)
[INFO] [stderr]     Finished `dev` profile [unoptimized + debuginfo] target(s) in 48.48s
[INFO] running `Command { std: "docker" "inspect" "a8fd6c21679841e6eee89614fb8e48c0d92dd9848acc57c2fb359b52632fe685", kill_on_drop: false }`
[INFO] running `Command { std: "docker" "rm" "-f" "a8fd6c21679841e6eee89614fb8e48c0d92dd9848acc57c2fb359b52632fe685", kill_on_drop: false }`
[INFO] [stdout] a8fd6c21679841e6eee89614fb8e48c0d92dd9848acc57c2fb359b52632fe685
[INFO] running `Command { std: "docker" "create" "-v" "/var/lib/crater-agent-workspace/builds/worker-2-tc1/target:/opt/rustwide/target:rw,Z" "-v" "/var/lib/crater-agent-workspace/builds/worker-2-tc1/source:/opt/rustwide/workdir:ro,Z" "-v" "/var/lib/crater-agent-workspace/cargo-home:/opt/rustwide/cargo-home:ro,Z" "-v" "/var/lib/crater-agent-workspace/rustup-home:/opt/rustwide/rustup-home:ro,Z" "-e" "SOURCE_DIR=/opt/rustwide/workdir" "-e" "CARGO_TARGET_DIR=/opt/rustwide/target" "-e" "CARGO_INCREMENTAL=0" "-e" "RUST_BACKTRACE=full" "-e" "RUSTFLAGS=--cap-lints=forbid" "-e" "RUSTDOCFLAGS=--cap-lints=forbid" "-e" "CARGO_HOME=/opt/rustwide/cargo-home" "-e" "RUSTUP_HOME=/opt/rustwide/rustup-home" "-w" "/opt/rustwide/workdir" "-m" "1610612736" "--user" "0:0" "--network" "none" "ghcr.io/rust-lang/crates-build-env/linux@sha256:4a844ea9eb2546a2d2c7022eacef16ef2e8229c7fbb2c7d4d55a9ceca922f72d" "/opt/rustwide/cargo-home/bin/cargo" "+nightly-2024-10-28" "test" "--frozen" "--no-run" "--message-format=json", kill_on_drop: false }`
[INFO] [stdout] d46eb203ada837bf01cc1118eca5283bdceb56741c6669415d8a49c5c7c5ca16
[INFO] running `Command { std: "docker" "start" "-a" "d46eb203ada837bf01cc1118eca5283bdceb56741c6669415d8a49c5c7c5ca16", kill_on_drop: false }`
[INFO] [stderr]    Compiling trybuild v1.0.80
[INFO] [stderr]    Compiling basic-toml v0.1.2
[INFO] [stderr]    Compiling glob v0.3.1
[INFO] [stderr]    Compiling biome_diagnostics v0.5.7 (/opt/rustwide/workdir)
[INFO] [stderr]     Finished `test` profile [unoptimized + debuginfo] target(s) in 8.95s
[INFO] running `Command { std: "docker" "inspect" "d46eb203ada837bf01cc1118eca5283bdceb56741c6669415d8a49c5c7c5ca16", kill_on_drop: false }`
[INFO] running `Command { std: "docker" "rm" "-f" "d46eb203ada837bf01cc1118eca5283bdceb56741c6669415d8a49c5c7c5ca16", kill_on_drop: false }`
[INFO] [stdout] d46eb203ada837bf01cc1118eca5283bdceb56741c6669415d8a49c5c7c5ca16
[INFO] running `Command { std: "docker" "create" "-v" "/var/lib/crater-agent-workspace/builds/worker-2-tc1/target:/opt/rustwide/target:rw,Z" "-v" "/var/lib/crater-agent-workspace/builds/worker-2-tc1/source:/opt/rustwide/workdir:ro,Z" "-v" "/var/lib/crater-agent-workspace/cargo-home:/opt/rustwide/cargo-home:ro,Z" "-v" "/var/lib/crater-agent-workspace/rustup-home:/opt/rustwide/rustup-home:ro,Z" "-e" "SOURCE_DIR=/opt/rustwide/workdir" "-e" "CARGO_TARGET_DIR=/opt/rustwide/target" "-e" "CARGO_INCREMENTAL=0" "-e" "RUST_BACKTRACE=full" "-e" "RUSTFLAGS=--cap-lints=forbid" "-e" "RUSTDOCFLAGS=--cap-lints=forbid" "-e" "CARGO_HOME=/opt/rustwide/cargo-home" "-e" "RUSTUP_HOME=/opt/rustwide/rustup-home" "-w" "/opt/rustwide/workdir" "-m" "1610612736" "--user" "0:0" "--network" "none" "ghcr.io/rust-lang/crates-build-env/linux@sha256:4a844ea9eb2546a2d2c7022eacef16ef2e8229c7fbb2c7d4d55a9ceca922f72d" "/opt/rustwide/cargo-home/bin/cargo" "+nightly-2024-10-28" "test" "--frozen", kill_on_drop: false }`
[INFO] [stdout] a23817377ec283fc78dd69ab292db9a25a72bbcdcbcbb1601e0d846ef6401375
[INFO] running `Command { std: "docker" "start" "-a" "a23817377ec283fc78dd69ab292db9a25a72bbcdcbcbb1601e0d846ef6401375", kill_on_drop: false }`
[INFO] [stderr]     Finished `test` profile [unoptimized + debuginfo] target(s) in 0.11s
[INFO] [stderr]      Running unittests src/lib.rs (/opt/rustwide/target/debug/deps/biome_diagnostics-99f1029f513c6ef7)
[INFO] [stdout] 
[INFO] [stdout] running 26 tests
[INFO] [stdout] test display::diff::tests::remove_single_line ... ok
[INFO] [stdout] test display::diff::tests::remove_many_lines ... ok
[INFO] [stdout] test display::diff::tests::test_inline ... ok
[INFO] [stdout] test display::diff::tests::remove_empty_line ... ok
[INFO] [stdout] test display::diff::tests::test_ellipsis ... ok
[INFO] [stdout] test display::diff::tests::test_single_line ... ok
[INFO] [stdout] test display::diff::tests::insert_single_line ... ok
[INFO] [stdout] test display::frame::tests::print_width ... ok
[INFO] [stdout] test display::message::test::message_size ... ok
[INFO] [stdout] test display::tests::test_backtrace_advice ... ok
[INFO] [stdout] test display::tests::test_frame_advice ... ok
[INFO] [stdout] test display::tests::test_command_advice ... ok
[INFO] [stdout] test display::tests::test_group_advice ... ok
[INFO] [stdout] test display::tests::test_diff_advice ... ok
[INFO] [stdout] test display::tests::test_header ... ok
[INFO] [stdout] test display::tests::test_list_advice ... ok
[INFO] [stdout] test location::tests::line_starts_with_carriage_return ... ok
[INFO] [stdout] test error::tests::test_error_size ... ok
[INFO] [stdout] test error::tests::test_result_size ... ok
[INFO] [stdout] test display::tests::test_log_advices ... ok
[INFO] [stdout] test error::tests::test_drop ... ok
[INFO] [stdout] test location::tests::line_starts_with_carriage_return_line_feed ... ok
[INFO] [stdout] test serde::tests::test_serialize ... ok
[INFO] [stdout] test display::diff::tests::insert_many_lines ... ok
[INFO] [stdout] test location::tests::line_starts_with_line_feed ... ok
[INFO] [stdout] test serde::tests::test_deserialize ... ok
[INFO] [stdout] 
[INFO] [stdout] test result: ok. 26 passed; 0 failed; 0 ignored; 0 measured; 0 filtered out; finished in 0.02s
[INFO] [stdout] 
[INFO] [stderr]      Running tests/macros.rs (/opt/rustwide/target/debug/deps/macros-dda9144e4ce3c111)
[INFO] [stdout] 
[INFO] [stdout] running 1 test
[INFO] [stderr]    Compiling proc-macro2 v1.0.78
[INFO] [stderr]    Compiling unicode-ident v1.0.8
[INFO] [stderr]    Compiling syn v1.0.109
[INFO] [stderr]    Compiling serde v1.0.196
[INFO] [stderr]    Compiling version_check v0.9.4
[INFO] [stderr]    Compiling autocfg v1.1.0
[INFO] [stderr]     Checking cfg-if v1.0.0
[INFO] [stderr]     Checking memchr v2.6.4
[INFO] [stderr]     Checking hashbrown v0.14.3
[INFO] [stderr]    Compiling libc v0.2.153
[INFO] [stderr]     Checking once_cell v1.19.0
[INFO] [stderr]    Compiling serde_json v1.0.113
[INFO] [stderr]     Checking equivalent v1.0.1
[INFO] [stderr]     Checking ryu v1.0.13
[INFO] [stderr]     Checking itoa v1.0.6
[INFO] [stderr]     Checking lazy_static v1.4.0
[INFO] [stderr]    Compiling proc-macro-error-attr v1.0.4
[INFO] [stderr]    Compiling proc-macro-error v1.0.4
[INFO] [stderr]     Checking regex-automata v0.1.10
[INFO] [stderr]     Checking unicode-segmentation v1.10.1
[INFO] [stderr]    Compiling lock_api v0.4.11
[INFO] [stderr]    Compiling parking_lot_core v0.9.9
[INFO] [stderr]    Compiling memoffset v0.8.0
[INFO] [stderr]     Checking tracing-core v0.1.30
[INFO] [stderr]    Compiling quote v1.0.35
[INFO] [stderr]     Checking scopeguard v1.1.0
[INFO] [stderr]     Checking bstr v0.2.17
[INFO] [stderr]    Compiling cc v1.0.79
[INFO] [stderr]    Compiling schemars v0.8.12
[INFO] [stderr]     Checking smallvec v1.10.0
[INFO] [stderr]    Compiling syn v2.0.48
[INFO] [stderr]     Checking pin-project-lite v0.2.13
[INFO] [stderr]    Compiling thiserror v1.0.57
[INFO] [stderr]     Checking similar v2.2.1
[INFO] [stderr]     Checking dyn-clone v1.0.11
[INFO] [stderr]    Compiling biome_diagnostics_categories v0.5.7
[INFO] [stderr]     Checking gimli v0.27.2
[INFO] [stderr]     Checking adler v1.0.2
[INFO] [stderr]     Checking rustc-hash v1.1.0
[INFO] [stderr]     Checking miniz_oxide v0.6.2
[INFO] [stderr]     Checking dashmap v5.5.3
[INFO] [stderr]     Checking object v0.30.3
[INFO] [stderr]     Checking rustc-demangle v0.1.21
[INFO] [stderr]     Checking countme v3.0.1
[INFO] [stderr]     Checking hashbrown v0.12.3
[INFO] [stderr]     Checking termcolor v1.2.0
[INFO] [stderr]     Checking unicode-width v0.1.10
[INFO] [stderr]    Compiling biome_markup v0.5.7
[INFO] [stderr]     Checking dunce v1.0.4
[INFO] [stderr]     Checking json-strip-comments v1.0.2
[INFO] [stderr]     Checking bitflags v2.3.1
[INFO] [stderr]    Compiling backtrace v0.3.67
[INFO] [stderr]     Checking addr2line v0.19.0
[INFO] [stderr]    Compiling serde_derive_internals v0.26.0
[INFO] [stderr]    Compiling serde_derive v1.0.196
[INFO] [stderr]    Compiling thiserror-impl v1.0.57
[INFO] [stderr]    Compiling bpaf_derive v0.5.5
[INFO] [stderr]    Compiling tracing-attributes v0.1.23
[INFO] [stderr]    Compiling schemars_derive v0.8.12
[INFO] [stderr]    Compiling biome_diagnostics_macros v0.5.7
[INFO] [stderr]     Checking bpaf v0.9.5
[INFO] [stderr]     Checking tracing v0.1.37
[INFO] [stderr]     Checking indexmap v2.2.3
[INFO] [stderr]     Checking biome_text_size v0.5.7
[INFO] [stderr]     Checking biome_text_edit v0.5.7
[INFO] [stderr]     Checking biome_rowan v0.5.7
[INFO] [stderr]     Checking oxc_resolver v1.5.1
[INFO] [stderr]     Checking biome_console v0.5.7
[INFO] [stderr]     Checking biome_diagnostics v0.5.7 (/opt/rustwide/workdir)
[INFO] [stderr]     Checking biome_diagnostics-tests v0.0.0 (/opt/rustwide/target/tests/trybuild/biome_diagnostics)
[INFO] [stderr]     Finished `dev` profile [unoptimized + debuginfo] target(s) in 46.39s
[INFO] [stderr] 
[INFO] [stderr] 
[INFO] [stderr] test tests/macros/category_ident.rs ... ok
[INFO] [stderr] test tests/macros/category_paren.rs ... mismatch
[INFO] [stderr] 
[INFO] [stderr] EXPECTED:
[INFO] [stderr] ┈┈┈┈┈┈┈┈┈┈┈┈┈┈┈┈┈┈┈┈┈┈┈┈┈┈┈┈┈┈┈┈┈┈┈┈┈┈┈┈┈┈┈┈┈┈┈┈┈┈┈┈┈┈┈┈┈┈┈┈
[INFO] [stderr] error: unexpected token
[INFO] [stderr]  --> tests/macros/category_paren.rs:4:22
[INFO] [stderr]   |
[INFO] [stderr] 4 | #[diagnostic(message(description = Ident))]
[INFO] [stderr]   |                      ^^^^^^^^^^^
[INFO] [stderr] ┈┈┈┈┈┈┈┈┈┈┈┈┈┈┈┈┈┈┈┈┈┈┈┈┈┈┈┈┈┈┈┈┈┈┈┈┈┈┈┈┈┈┈┈┈┈┈┈┈┈┈┈┈┈┈┈┈┈┈┈
[INFO] [stderr] 
[INFO] [stderr] ACTUAL OUTPUT:
[INFO] [stderr] ┈┈┈┈┈┈┈┈┈┈┈┈┈┈┈┈┈┈┈┈┈┈┈┈┈┈┈┈┈┈┈┈┈┈┈┈┈┈┈┈┈┈┈┈┈┈┈┈┈┈┈┈┈┈┈┈┈┈┈┈
[INFO] [stderr] error: unexpected token
[INFO] [stderr]  --> tests/macros/category_paren.rs:4:22
[INFO] [stderr]   |
[INFO] [stderr] 4 | #[diagnostic(message(description = Ident))]
[INFO] [stderr]   |                      ^^^^^^^^^^^
[INFO] [stderr] 
[INFO] [stderr] error: expected expression, found end of macro arguments
[INFO] [stderr]  --> tests/macros/category_paren.rs:3:17
[INFO] [stderr]   |
[INFO] [stderr] 3 | #[derive(Debug, Diagnostic)]
[INFO] [stderr]   |                 ^^^^^^^^^^
[INFO] [stderr]   |
[INFO] [stderr]   = note: this error originates in the derive macro `Diagnostic` (in Nightly builds, run with -Z macro-backtrace for more info)
[INFO] [stderr] 
[INFO] [stderr] error[E0061]: this method takes 1 argument but 0 arguments were supplied
[INFO] [stderr]  --> tests/macros/category_paren.rs:3:17
[INFO] [stderr]   |
[INFO] [stderr] 3 | #[derive(Debug, Diagnostic)]
[INFO] [stderr]   |                 ^^^^^^^^^^ argument #1 of type `Markup<'_>` is missing
[INFO] [stderr]   |
[INFO] [stderr] note: method defined here
[INFO] [stderr]  --> $CARGO/biome_console-0.5.7/src/fmt.rs
[INFO] [stderr]   |
[INFO] [stderr]   |     pub fn write_markup(&mut self, markup: Markup) -> io::Result<()> {
[INFO] [stderr]   |            ^^^^^^^^^^^^
[INFO] [stderr]   = note: this error originates in the derive macro `Diagnostic` (in Nightly builds, run with -Z macro-backtrace for more info)
[INFO] [stderr] ┈┈┈┈┈┈┈┈┈┈┈┈┈┈┈┈┈┈┈┈┈┈┈┈┈┈┈┈┈┈┈┈┈┈┈┈┈┈┈┈┈┈┈┈┈┈┈┈┈┈┈┈┈┈┈┈┈┈┈┈
[INFO] [stderr] note: If the actual output is the correct output you can bless it by rerunning
[INFO] [stderr]       your test with the environment variable TRYBUILD=overwrite
[INFO] [stderr] 
[INFO] [stderr] test tests/macros/description_ident.rs ... ok
[INFO] [stderr] test tests/macros/description_paren.rs ... mismatch
[INFO] [stderr] 
[INFO] [stderr] EXPECTED:
[INFO] [stderr] ┈┈┈┈┈┈┈┈┈┈┈┈┈┈┈┈┈┈┈┈┈┈┈┈┈┈┈┈┈┈┈┈┈┈┈┈┈┈┈┈┈┈┈┈┈┈┈┈┈┈┈┈┈┈┈┈┈┈┈┈
[INFO] [stderr] error: unexpected token
[INFO] [stderr]  --> tests/macros/description_paren.rs:4:22
[INFO] [stderr]   |
[INFO] [stderr] 4 | #[diagnostic(message(description("description")))]
[INFO] [stderr]   |                      ^^^^^^^^^^^
[INFO] [stderr] ┈┈┈┈┈┈┈┈┈┈┈┈┈┈┈┈┈┈┈┈┈┈┈┈┈┈┈┈┈┈┈┈┈┈┈┈┈┈┈┈┈┈┈┈┈┈┈┈┈┈┈┈┈┈┈┈┈┈┈┈
[INFO] [stderr] 
[INFO] [stderr] ACTUAL OUTPUT:
[INFO] [stderr] ┈┈┈┈┈┈┈┈┈┈┈┈┈┈┈┈┈┈┈┈┈┈┈┈┈┈┈┈┈┈┈┈┈┈┈┈┈┈┈┈┈┈┈┈┈┈┈┈┈┈┈┈┈┈┈┈┈┈┈┈
[INFO] [stderr] error: unexpected token
[INFO] [stderr]  --> tests/macros/description_paren.rs:4:22
[INFO] [stderr]   |
[INFO] [stderr] 4 | #[diagnostic(message(description("description")))]
[INFO] [stderr]   |                      ^^^^^^^^^^^
[INFO] [stderr] 
[INFO] [stderr] error: expected expression, found end of macro arguments
[INFO] [stderr]  --> tests/macros/description_paren.rs:3:17
[INFO] [stderr]   |
[INFO] [stderr] 3 | #[derive(Debug, Diagnostic)]
[INFO] [stderr]   |                 ^^^^^^^^^^
[INFO] [stderr]   |
[INFO] [stderr]   = note: this error originates in the derive macro `Diagnostic` (in Nightly builds, run with -Z macro-backtrace for more info)
[INFO] [stderr] 
[INFO] [stderr] error[E0061]: this method takes 1 argument but 0 arguments were supplied
[INFO] [stderr]  --> tests/macros/description_paren.rs:3:17
[INFO] [stderr]   |
[INFO] [stderr] 3 | #[derive(Debug, Diagnostic)]
[INFO] [stderr]   |                 ^^^^^^^^^^ argument #1 of type `Markup<'_>` is missing
[INFO] [stderr]   |
[INFO] [stderr] note: method defined here
[INFO] [stderr]  --> $CARGO/biome_console-0.5.7/src/fmt.rs
[INFO] [stderr]   |
[INFO] [stderr]   |     pub fn write_markup(&mut self, markup: Markup) -> io::Result<()> {
[INFO] [stderr]   |            ^^^^^^^^^^^^
[INFO] [stderr]   = note: this error originates in the derive macro `Diagnostic` (in Nightly builds, run with -Z macro-backtrace for more info)
[INFO] [stderr] ┈┈┈┈┈┈┈┈┈┈┈┈┈┈┈┈┈┈┈┈┈┈┈┈┈┈┈┈┈┈┈┈┈┈┈┈┈┈┈┈┈┈┈┈┈┈┈┈┈┈┈┈┈┈┈┈┈┈┈┈
[INFO] [stderr] note: If the actual output is the correct output you can bless it by rerunning
[INFO] [stderr]       your test with the environment variable TRYBUILD=overwrite
[INFO] [stderr] 
[INFO] [stderr] test tests/macros/description_syntax_error.rs ... ok
[INFO] [stderr] test tests/macros/error_enum.rs ... ok
[INFO] [stderr] test tests/macros/error_union.rs ... ok
[INFO] [stderr] test tests/macros/location_eq.rs ... ok
[INFO] [stderr] test tests/macros/severity_lit_str.rs ... ok
[INFO] [stderr] test tests/macros/severity_paren.rs ... ok
[INFO] [stderr] test tests/macros/tags_comma.rs ... ok
[INFO] [stderr] test tests/macros/tags_eq.rs ... ok
[INFO] [stderr] test tests/macros/unknown_container_attr.rs ... ok
[INFO] [stderr] test tests/macros/unknown_field_attr.rs ... ok
[INFO] [stderr] test tests/macros/unknown_location_attr.rs ... ok
[INFO] [stderr] test tests/macros/unknown_message_attr.rs ... mismatch
[INFO] [stderr] 
[INFO] [stderr] EXPECTED:
[INFO] [stderr] ┈┈┈┈┈┈┈┈┈┈┈┈┈┈┈┈┈┈┈┈┈┈┈┈┈┈┈┈┈┈┈┈┈┈┈┈┈┈┈┈┈┈┈┈┈┈┈┈┈┈┈┈┈┈┈┈┈┈┈┈
[INFO] [stderr] error: unexpected token
[INFO] [stderr]  --> tests/macros/unknown_message_attr.rs:4:22
[INFO] [stderr]   |
[INFO] [stderr] 4 | #[diagnostic(message(unknown))]
[INFO] [stderr]   |                      ^^^^^^^
[INFO] [stderr] ┈┈┈┈┈┈┈┈┈┈┈┈┈┈┈┈┈┈┈┈┈┈┈┈┈┈┈┈┈┈┈┈┈┈┈┈┈┈┈┈┈┈┈┈┈┈┈┈┈┈┈┈┈┈┈┈┈┈┈┈
[INFO] [stderr] 
[INFO] [stderr] ACTUAL OUTPUT:
[INFO] [stderr] ┈┈┈┈┈┈┈┈┈┈┈┈┈┈┈┈┈┈┈┈┈┈┈┈┈┈┈┈┈┈┈┈┈┈┈┈┈┈┈┈┈┈┈┈┈┈┈┈┈┈┈┈┈┈┈┈┈┈┈┈
[INFO] [stderr] error: unexpected token
[INFO] [stderr]  --> tests/macros/unknown_message_attr.rs:4:22
[INFO] [stderr]   |
[INFO] [stderr] 4 | #[diagnostic(message(unknown))]
[INFO] [stderr]   |                      ^^^^^^^
[INFO] [stderr] 
[INFO] [stderr] error: expected expression, found end of macro arguments
[INFO] [stderr]  --> tests/macros/unknown_message_attr.rs:3:17
[INFO] [stderr]   |
[INFO] [stderr] 3 | #[derive(Debug, Diagnostic)]
[INFO] [stderr]   |                 ^^^^^^^^^^
[INFO] [stderr]   |
[INFO] [stderr]   = note: this error originates in the derive macro `Diagnostic` (in Nightly builds, run with -Z macro-backtrace for more info)
[INFO] [stderr] 
[INFO] [stderr] error[E0061]: this method takes 1 argument but 0 arguments were supplied
[INFO] [stderr]  --> tests/macros/unknown_message_attr.rs:3:17
[INFO] [stderr]   |
[INFO] [stderr] 3 | #[derive(Debug, Diagnostic)]
[INFO] [stderr]   |                 ^^^^^^^^^^ argument #1 of type `Markup<'_>` is missing
[INFO] [stderr]   |
[INFO] [stderr] note: method defined here
[INFO] [stderr]  --> $CARGO/biome_console-0.5.7/src/fmt.rs
[INFO] [stderr]   |
[INFO] [stderr]   |     pub fn write_markup(&mut self, markup: Markup) -> io::Result<()> {
[INFO] [stderr]   |            ^^^^^^^^^^^^
[INFO] [stderr]   = note: this error originates in the derive macro `Diagnostic` (in Nightly builds, run with -Z macro-backtrace for more info)
[INFO] [stderr] ┈┈┈┈┈┈┈┈┈┈┈┈┈┈┈┈┈┈┈┈┈┈┈┈┈┈┈┈┈┈┈┈┈┈┈┈┈┈┈┈┈┈┈┈┈┈┈┈┈┈┈┈┈┈┈┈┈┈┈┈
[INFO] [stderr] note: If the actual output is the correct output you can bless it by rerunning
[INFO] [stderr]       your test with the environment variable TRYBUILD=overwrite
[INFO] [stderr] 
[INFO] [stderr] 
[INFO] [stderr] 
[INFO] [stdout] test test_macros ... FAILED
[INFO] [stdout] 
[INFO] [stdout] failures:
[INFO] [stdout] 
[INFO] [stdout] ---- test_macros stdout ----
[INFO] [stdout] thread 'test_macros' panicked at /opt/rustwide/cargo-home/registry/src/index.crates.io-6f17d22bba15001f/trybuild-1.0.80/src/run.rs:101:13:
[INFO] [stdout] 3 of 16 tests failed
[INFO] [stdout] stack backtrace:
[INFO] [stdout]    0:     0x5b7f3c54654a - std::backtrace_rs::backtrace::libunwind::trace::h207520d6e9873551
[INFO] [stdout]                                at /rustc/df4ca44d3fbc9301ee17f30f4d474e6ae4b05252/library/std/src/../../backtrace/src/backtrace/libunwind.rs:116:5
[INFO] [stdout]    1:     0x5b7f3c54654a - std::backtrace_rs::backtrace::trace_unsynchronized::h2ed7433f370e3eca
[INFO] [stdout]                                at /rustc/df4ca44d3fbc9301ee17f30f4d474e6ae4b05252/library/std/src/../../backtrace/src/backtrace/mod.rs:66:5
[INFO] [stdout]    2:     0x5b7f3c54654a - std::sys::backtrace::_print_fmt::h916fac51166b18d7
[INFO] [stdout]                                at /rustc/df4ca44d3fbc9301ee17f30f4d474e6ae4b05252/library/std/src/sys/backtrace.rs:66:9
[INFO] [stdout]    3:     0x5b7f3c54654a - <std::sys::backtrace::BacktraceLock::print::DisplayBacktrace as core::fmt::Display>::fmt::ha0a4c9b8ce3802e6
[INFO] [stdout]                                at /rustc/df4ca44d3fbc9301ee17f30f4d474e6ae4b05252/library/std/src/sys/backtrace.rs:39:26
[INFO] [stdout]    4:     0x5b7f3c56f683 - core::fmt::rt::Argument::fmt::h4cfc8587d52b3eb5
[INFO] [stdout]                                at /rustc/df4ca44d3fbc9301ee17f30f4d474e6ae4b05252/library/core/src/fmt/rt.rs:177:76
[INFO] [stdout]    5:     0x5b7f3c56f683 - core::fmt::write::h522cc39e5b36ae9f
[INFO] [stdout]                                at /rustc/df4ca44d3fbc9301ee17f30f4d474e6ae4b05252/library/core/src/fmt/mod.rs:1190:21
[INFO] [stdout]    6:     0x5b7f3c542583 - std::io::Write::write_fmt::h7d3c26752da97734
[INFO] [stdout]                                at /rustc/df4ca44d3fbc9301ee17f30f4d474e6ae4b05252/library/std/src/io/mod.rs:1839:15
[INFO] [stdout]    7:     0x5b7f3c546392 - std::sys::backtrace::BacktraceLock::print::h4b9e00b29e9c0942
[INFO] [stdout]                                at /rustc/df4ca44d3fbc9301ee17f30f4d474e6ae4b05252/library/std/src/sys/backtrace.rs:42:9
[INFO] [stdout]    8:     0x5b7f3c5479da - std::panicking::default_hook::{{closure}}::hb59b88280d0324d9
[INFO] [stdout]                                at /rustc/df4ca44d3fbc9301ee17f30f4d474e6ae4b05252/library/std/src/panicking.rs:268:22
[INFO] [stdout]    9:     0x5b7f3c5477e4 - std::panicking::default_hook::he1dd496665be4a29
[INFO] [stdout]                                at /rustc/df4ca44d3fbc9301ee17f30f4d474e6ae4b05252/library/std/src/panicking.rs:292:9
[INFO] [stdout]   10:     0x5b7f3c50f439 - <alloc::boxed::Box<F,A> as core::ops::function::Fn<Args>>::call::h4ff71de18744e1dc
[INFO] [stdout]                                at /rustc/df4ca44d3fbc9301ee17f30f4d474e6ae4b05252/library/alloc/src/boxed.rs:2468:9
[INFO] [stdout]   11:     0x5b7f3c50f439 - test::test_main::{{closure}}::hcf7c055ce117aa81
[INFO] [stdout]                                at /rustc/df4ca44d3fbc9301ee17f30f4d474e6ae4b05252/library/test/src/lib.rs:133:21
[INFO] [stdout]   12:     0x5b7f3c5480d8 - <alloc::boxed::Box<F,A> as core::ops::function::Fn<Args>>::call::h1d66c6bbd60c9692
[INFO] [stdout]                                at /rustc/df4ca44d3fbc9301ee17f30f4d474e6ae4b05252/library/alloc/src/boxed.rs:2468:9
[INFO] [stdout]   13:     0x5b7f3c5480d8 - std::panicking::rust_panic_with_hook::h2ff17fe8f26dfcf8
[INFO] [stdout]                                at /rustc/df4ca44d3fbc9301ee17f30f4d474e6ae4b05252/library/std/src/panicking.rs:809:13
[INFO] [stdout]   14:     0x5b7f3c547e9a - std::panicking::begin_panic_handler::{{closure}}::h4fad77951c07e101
[INFO] [stdout]                                at /rustc/df4ca44d3fbc9301ee17f30f4d474e6ae4b05252/library/std/src/panicking.rs:674:13
[INFO] [stdout]   15:     0x5b7f3c546a29 - std::sys::backtrace::__rust_end_short_backtrace::hb1a25b3da5d0ea08
[INFO] [stdout]                                at /rustc/df4ca44d3fbc9301ee17f30f4d474e6ae4b05252/library/std/src/sys/backtrace.rs:170:18
[INFO] [stdout]   16:     0x5b7f3c547b2c - rust_begin_unwind
[INFO] [stdout]                                at /rustc/df4ca44d3fbc9301ee17f30f4d474e6ae4b05252/library/std/src/panicking.rs:665:5
[INFO] [stdout]   17:     0x5b7f3c56e080 - core::panicking::panic_fmt::ha9db07b529f9b256
[INFO] [stdout]                                at /rustc/df4ca44d3fbc9301ee17f30f4d474e6ae4b05252/library/core/src/panicking.rs:75:14
[INFO] [stdout]   18:     0x5b7f3c3ecdb4 - trybuild::run::<impl trybuild::Runner>::run::h291c28da691da155
[INFO] [stdout]                                at /opt/rustwide/cargo-home/registry/src/index.crates.io-6f17d22bba15001f/trybuild-1.0.80/src/run.rs:101:13
[INFO] [stdout]   19:     0x5b7f3c3f2408 - <trybuild::TestCases as core::ops::drop::Drop>::drop::hc5769e6b0eeaf682
[INFO] [stdout]                                at /opt/rustwide/cargo-home/registry/src/index.crates.io-6f17d22bba15001f/trybuild-1.0.80/src/lib.rs:315:13
[INFO] [stdout]   20:     0x5b7f3c2efa57 - core::ptr::drop_in_place<trybuild::TestCases>::h7f5623925ff473b4
[INFO] [stdout]                                at /rustc/df4ca44d3fbc9301ee17f30f4d474e6ae4b05252/library/core/src/ptr/mod.rs:521:1
[INFO] [stdout]   21:     0x5b7f3c2f01a3 - macros::test_macros::hf1b86d3c4ddeeb4f
[INFO] [stdout]                                at /opt/rustwide/workdir/tests/macros.rs:5:1
[INFO] [stdout]   22:     0x5b7f3c2f0137 - macros::test_macros::{{closure}}::h5567324cdcedc97c
[INFO] [stdout]                                at /opt/rustwide/workdir/tests/macros.rs:2:17
[INFO] [stdout]   23:     0x5b7f3c2efa06 - core::ops::function::FnOnce::call_once::haf1a60eccb4ea4ab
[INFO] [stdout]                                at /rustc/df4ca44d3fbc9301ee17f30f4d474e6ae4b05252/library/core/src/ops/function.rs:250:5
[INFO] [stdout]   24:     0x5b7f3c513d0b - core::ops::function::FnOnce::call_once::h22c3ba5715e93f05
[INFO] [stdout]                                at /rustc/df4ca44d3fbc9301ee17f30f4d474e6ae4b05252/library/core/src/ops/function.rs:250:5
[INFO] [stdout]   25:     0x5b7f3c513d0b - test::__rust_begin_short_backtrace::h8e82d8113d0da17f
[INFO] [stdout]                                at /rustc/df4ca44d3fbc9301ee17f30f4d474e6ae4b05252/library/test/src/lib.rs:621:18
[INFO] [stdout]   26:     0x5b7f3c513687 - test::run_test_in_process::{{closure}}::h33235f4f20b7b7c7
[INFO] [stdout]                                at /rustc/df4ca44d3fbc9301ee17f30f4d474e6ae4b05252/library/test/src/lib.rs:644:60
[INFO] [stdout]   27:     0x5b7f3c513687 - <core::panic::unwind_safe::AssertUnwindSafe<F> as core::ops::function::FnOnce<()>>::call_once::hb5043206310c586f
[INFO] [stdout]                                at /rustc/df4ca44d3fbc9301ee17f30f4d474e6ae4b05252/library/core/src/panic/unwind_safe.rs:272:9
[INFO] [stdout]   28:     0x5b7f3c513687 - std::panicking::try::do_call::h9ad4731a60ab23e2
[INFO] [stdout]                                at /rustc/df4ca44d3fbc9301ee17f30f4d474e6ae4b05252/library/std/src/panicking.rs:557:40
[INFO] [stdout]   29:     0x5b7f3c513687 - std::panicking::try::h3824d23db772a716
[INFO] [stdout]                                at /rustc/df4ca44d3fbc9301ee17f30f4d474e6ae4b05252/library/std/src/panicking.rs:520:19
[INFO] [stdout]   30:     0x5b7f3c513687 - std::panic::catch_unwind::h5afd514605fde46b
[INFO] [stdout]                                at /rustc/df4ca44d3fbc9301ee17f30f4d474e6ae4b05252/library/std/src/panic.rs:358:14
[INFO] [stdout]   31:     0x5b7f3c513687 - test::run_test_in_process::h0d5cbfa7067d1720
[INFO] [stdout]                                at /rustc/df4ca44d3fbc9301ee17f30f4d474e6ae4b05252/library/test/src/lib.rs:644:27
[INFO] [stdout]   32:     0x5b7f3c513687 - test::run_test::{{closure}}::h708eb8872708115d
[INFO] [stdout]                                at /rustc/df4ca44d3fbc9301ee17f30f4d474e6ae4b05252/library/test/src/lib.rs:565:43
[INFO] [stdout]   33:     0x5b7f3c4d6da4 - test::run_test::{{closure}}::h392c51cee94713ab
[INFO] [stdout]                                at /rustc/df4ca44d3fbc9301ee17f30f4d474e6ae4b05252/library/test/src/lib.rs:595:41
[INFO] [stdout]   34:     0x5b7f3c4d6da4 - std::sys::backtrace::__rust_begin_short_backtrace::h2f40290710935a8b
[INFO] [stdout]                                at /rustc/df4ca44d3fbc9301ee17f30f4d474e6ae4b05252/library/std/src/sys/backtrace.rs:154:18
[INFO] [stdout]   35:     0x5b7f3c4da54e - std::thread::Builder::spawn_unchecked_::{{closure}}::{{closure}}::h3fd968d89053a903
[INFO] [stdout]                                at /rustc/df4ca44d3fbc9301ee17f30f4d474e6ae4b05252/library/std/src/thread/mod.rs:541:17
[INFO] [stdout]   36:     0x5b7f3c4da54e - <core::panic::unwind_safe::AssertUnwindSafe<F> as core::ops::function::FnOnce<()>>::call_once::h743f637ba4229880
[INFO] [stdout]                                at /rustc/df4ca44d3fbc9301ee17f30f4d474e6ae4b05252/library/core/src/panic/unwind_safe.rs:272:9
[INFO] [stdout]   37:     0x5b7f3c4da54e - std::panicking::try::do_call::h07440897322525a6
[INFO] [stdout]                                at /rustc/df4ca44d3fbc9301ee17f30f4d474e6ae4b05252/library/std/src/panicking.rs:557:40
[INFO] [stdout]   38:     0x5b7f3c4da54e - std::panicking::try::he5a2e00188156637
[INFO] [stdout]                                at /rustc/df4ca44d3fbc9301ee17f30f4d474e6ae4b05252/library/std/src/panicking.rs:520:19
[INFO] [stdout]   39:     0x5b7f3c4da54e - std::panic::catch_unwind::hbaf3cae49b3c6433
[INFO] [stdout]                                at /rustc/df4ca44d3fbc9301ee17f30f4d474e6ae4b05252/library/std/src/panic.rs:358:14
[INFO] [stdout]   40:     0x5b7f3c4da54e - std::thread::Builder::spawn_unchecked_::{{closure}}::h8e141ea224820bce
[INFO] [stdout]                                at /rustc/df4ca44d3fbc9301ee17f30f4d474e6ae4b05252/library/std/src/thread/mod.rs:540:30
[INFO] [stdout]   41:     0x5b7f3c4da54e - core::ops::function::FnOnce::call_once{{vtable.shim}}::h90d312fedd7b8ea8
[INFO] [stdout]                                at /rustc/df4ca44d3fbc9301ee17f30f4d474e6ae4b05252/library/core/src/ops/function.rs:250:5
[INFO] [stdout]   42:     0x5b7f3c54ce9b - <alloc::boxed::Box<F,A> as core::ops::function::FnOnce<Args>>::call_once::h69aa08ddb6adb8b6
[INFO] [stdout]                                at /rustc/df4ca44d3fbc9301ee17f30f4d474e6ae4b05252/library/alloc/src/boxed.rs:2454:9
[INFO] [stdout]   43:     0x5b7f3c54ce9b - <alloc::boxed::Box<F,A> as core::ops::function::FnOnce<Args>>::call_once::h5aa36efdb79c806f
[INFO] [stdout]                                at /rustc/df4ca44d3fbc9301ee17f30f4d474e6ae4b05252/library/alloc/src/boxed.rs:2454:9
[INFO] [stdout]   44:     0x5b7f3c54ce9b - std::sys::pal::unix::thread::Thread::new::thread_start::h6cd80a1b4be5158d
[INFO] [stdout]                                at /rustc/df4ca44d3fbc9301ee17f30f4d474e6ae4b05252/library/std/src/sys/pal/unix/thread.rs:105:17
[INFO] [stdout]   45:     0x7147740c2ac3 - <unknown>
[INFO] [stdout]   46:     0x714774153a04 - clone
[INFO] [stdout]   47:                0x0 - <unknown>
[INFO] [stdout] 
[INFO] [stdout] 
[INFO] [stdout] failures:
[INFO] [stdout]     test_macros
[INFO] [stdout] 
[INFO] [stdout] test result: FAILED. 0 passed; 1 failed; 0 ignored; 0 measured; 0 filtered out; finished in 47.76s
[INFO] [stdout] 
[INFO] [stderr] error: test failed, to rerun pass `--test macros`
[INFO] running `Command { std: "docker" "inspect" "a23817377ec283fc78dd69ab292db9a25a72bbcdcbcbb1601e0d846ef6401375", kill_on_drop: false }`
[INFO] running `Command { std: "docker" "rm" "-f" "a23817377ec283fc78dd69ab292db9a25a72bbcdcbcbb1601e0d846ef6401375", kill_on_drop: false }`
[INFO] [stdout] a23817377ec283fc78dd69ab292db9a25a72bbcdcbcbb1601e0d846ef6401375
