[INFO] fetching crate binread 2.2.0...
[INFO] testing binread-2.2.0 against nightly-2024-10-28 for randomize-layout
[INFO] extracting crate binread 2.2.0 into /workspace/builds/worker-5-tc1/source
[INFO] validating manifest of crates.io crate binread 2.2.0 on toolchain nightly-2024-10-28
[INFO] running `Command { std: CARGO_HOME="/workspace/cargo-home" RUSTUP_HOME="/workspace/rustup-home" "/workspace/cargo-home/bin/cargo" "+nightly-2024-10-28" "metadata" "--manifest-path" "Cargo.toml" "--no-deps", kill_on_drop: false }`
[INFO] started tweaking crates.io crate binread 2.2.0
[INFO] removed 0 missing tests
[INFO] finished tweaking crates.io crate binread 2.2.0
[INFO] tweaked toml for crates.io crate binread 2.2.0 written to /workspace/builds/worker-5-tc1/source/Cargo.toml
[INFO] running `Command { std: CARGO_HOME="/workspace/cargo-home" RUSTUP_HOME="/workspace/rustup-home" "/workspace/cargo-home/bin/cargo" "+nightly-2024-10-28" "generate-lockfile" "--manifest-path" "Cargo.toml", kill_on_drop: false }`
[INFO] [stderr]     Updating crates.io index
[INFO] [stderr]      Locking 41 packages to latest compatible versions
[INFO] [stderr]       Adding modular-bitfield v0.9.0 (available: v0.11.2)
[INFO] running `Command { std: CARGO_HOME="/workspace/cargo-home" RUSTUP_HOME="/workspace/rustup-home" "/workspace/cargo-home/bin/cargo" "+nightly-2024-10-28" "fetch" "--manifest-path" "Cargo.toml", kill_on_drop: false }`
[INFO] [stderr]  Downloading crates ...
[INFO] [stderr]   Downloaded array-init v2.1.0
[INFO] [stderr]   Downloaded modular-bitfield-impl v0.9.0
[INFO] [stderr]   Downloaded binread_derive v2.1.0
[INFO] [stderr]   Downloaded modular-bitfield v0.9.0
[INFO] running `Command { std: "docker" "create" "-v" "/var/lib/crater-agent-workspace/builds/worker-5-tc1/target:/opt/rustwide/target:rw,Z" "-v" "/var/lib/crater-agent-workspace/builds/worker-5-tc1/source:/opt/rustwide/workdir:ro,Z" "-v" "/var/lib/crater-agent-workspace/cargo-home:/opt/rustwide/cargo-home:ro,Z" "-v" "/var/lib/crater-agent-workspace/rustup-home:/opt/rustwide/rustup-home:ro,Z" "-e" "SOURCE_DIR=/opt/rustwide/workdir" "-e" "CARGO_TARGET_DIR=/opt/rustwide/target" "-e" "CARGO_HOME=/opt/rustwide/cargo-home" "-e" "RUSTUP_HOME=/opt/rustwide/rustup-home" "-w" "/opt/rustwide/workdir" "-m" "1610612736" "--user" "0:0" "--network" "none" "ghcr.io/rust-lang/crates-build-env/linux@sha256:4a844ea9eb2546a2d2c7022eacef16ef2e8229c7fbb2c7d4d55a9ceca922f72d" "/opt/rustwide/cargo-home/bin/cargo" "+nightly-2024-10-28" "metadata" "--no-deps" "--format-version=1", kill_on_drop: false }`
[INFO] [stdout] 77d0402c896696f3242ac3a92407a1169b51c200e689922c7324939ca7203620
[INFO] running `Command { std: "docker" "start" "-a" "77d0402c896696f3242ac3a92407a1169b51c200e689922c7324939ca7203620", kill_on_drop: false }`
[INFO] running `Command { std: "docker" "inspect" "77d0402c896696f3242ac3a92407a1169b51c200e689922c7324939ca7203620", kill_on_drop: false }`
[INFO] running `Command { std: "docker" "rm" "-f" "77d0402c896696f3242ac3a92407a1169b51c200e689922c7324939ca7203620", kill_on_drop: false }`
[INFO] [stdout] 77d0402c896696f3242ac3a92407a1169b51c200e689922c7324939ca7203620
[INFO] running `Command { std: "docker" "create" "-v" "/var/lib/crater-agent-workspace/builds/worker-5-tc1/target:/opt/rustwide/target:rw,Z" "-v" "/var/lib/crater-agent-workspace/builds/worker-5-tc1/source:/opt/rustwide/workdir:ro,Z" "-v" "/var/lib/crater-agent-workspace/cargo-home:/opt/rustwide/cargo-home:ro,Z" "-v" "/var/lib/crater-agent-workspace/rustup-home:/opt/rustwide/rustup-home:ro,Z" "-e" "SOURCE_DIR=/opt/rustwide/workdir" "-e" "CARGO_TARGET_DIR=/opt/rustwide/target" "-e" "CARGO_INCREMENTAL=0" "-e" "RUST_BACKTRACE=full" "-e" "RUSTFLAGS=--cap-lints=forbid" "-e" "RUSTDOCFLAGS=--cap-lints=forbid" "-e" "CARGO_HOME=/opt/rustwide/cargo-home" "-e" "RUSTUP_HOME=/opt/rustwide/rustup-home" "-w" "/opt/rustwide/workdir" "-m" "1610612736" "--user" "0:0" "--network" "none" "ghcr.io/rust-lang/crates-build-env/linux@sha256:4a844ea9eb2546a2d2c7022eacef16ef2e8229c7fbb2c7d4d55a9ceca922f72d" "/opt/rustwide/cargo-home/bin/cargo" "+nightly-2024-10-28" "build" "--frozen" "--message-format=json", kill_on_drop: false }`
[INFO] [stdout] 0f5f270343d53346f353b8a4b10ede53d093233915bbf894e84fb7ba0004a6d1
[INFO] running `Command { std: "docker" "start" "-a" "0f5f270343d53346f353b8a4b10ede53d093233915bbf894e84fb7ba0004a6d1", kill_on_drop: false }`
[INFO] [stderr]    Compiling syn v1.0.109
[INFO] [stderr]    Compiling rustversion v1.0.18
[INFO] [stderr]    Compiling either v1.13.0
[INFO] [stderr]    Compiling binread_derive v2.1.0
[INFO] [stderr]    Compiling binread v2.2.0 (/opt/rustwide/workdir)
[INFO] [stdout] warning: unused import: `binread_impls::*`
[INFO] [stdout]    --> src/lib.rs:176:9
[INFO] [stdout]     |
[INFO] [stdout] 176 | pub use binread_impls::*;
[INFO] [stdout]     |         ^^^^^^^^^^^^^^^^
[INFO] [stdout]     |
[INFO] [stdout]     = note: `#[warn(unused_imports)]` on by default
[INFO] [stdout] 
[INFO] [stdout] 
[INFO] [stderr]     Finished `dev` profile [unoptimized + debuginfo] target(s) in 6.35s
[INFO] running `Command { std: "docker" "inspect" "0f5f270343d53346f353b8a4b10ede53d093233915bbf894e84fb7ba0004a6d1", kill_on_drop: false }`
[INFO] running `Command { std: "docker" "rm" "-f" "0f5f270343d53346f353b8a4b10ede53d093233915bbf894e84fb7ba0004a6d1", kill_on_drop: false }`
[INFO] [stdout] 0f5f270343d53346f353b8a4b10ede53d093233915bbf894e84fb7ba0004a6d1
[INFO] running `Command { std: "docker" "create" "-v" "/var/lib/crater-agent-workspace/builds/worker-5-tc1/target:/opt/rustwide/target:rw,Z" "-v" "/var/lib/crater-agent-workspace/builds/worker-5-tc1/source:/opt/rustwide/workdir:ro,Z" "-v" "/var/lib/crater-agent-workspace/cargo-home:/opt/rustwide/cargo-home:ro,Z" "-v" "/var/lib/crater-agent-workspace/rustup-home:/opt/rustwide/rustup-home:ro,Z" "-e" "SOURCE_DIR=/opt/rustwide/workdir" "-e" "CARGO_TARGET_DIR=/opt/rustwide/target" "-e" "CARGO_INCREMENTAL=0" "-e" "RUST_BACKTRACE=full" "-e" "RUSTFLAGS=--cap-lints=forbid" "-e" "RUSTDOCFLAGS=--cap-lints=forbid" "-e" "CARGO_HOME=/opt/rustwide/cargo-home" "-e" "RUSTUP_HOME=/opt/rustwide/rustup-home" "-w" "/opt/rustwide/workdir" "-m" "1610612736" "--user" "0:0" "--network" "none" "ghcr.io/rust-lang/crates-build-env/linux@sha256:4a844ea9eb2546a2d2c7022eacef16ef2e8229c7fbb2c7d4d55a9ceca922f72d" "/opt/rustwide/cargo-home/bin/cargo" "+nightly-2024-10-28" "test" "--frozen" "--no-run" "--message-format=json", kill_on_drop: false }`
[INFO] [stdout] e6c03093db91762e4a838a86f599490b4dacaa83753a6ab791962d6f035af942
[INFO] running `Command { std: "docker" "start" "-a" "e6c03093db91762e4a838a86f599490b4dacaa83753a6ab791962d6f035af942", kill_on_drop: false }`
[INFO] [stderr]    Compiling serde v1.0.214
[INFO] [stderr]    Compiling target-triple v0.1.3
[INFO] [stderr]    Compiling winnow v0.6.20
[INFO] [stderr]    Compiling glob v0.3.1
[INFO] [stderr]    Compiling syn v2.0.86
[INFO] [stderr]    Compiling modular-bitfield-impl v0.9.0
[INFO] [stdout] warning: unused import: `binread_impls::*`
[INFO] [stdout]    --> src/lib.rs:176:9
[INFO] [stdout]     |
[INFO] [stdout] 176 | pub use binread_impls::*;
[INFO] [stdout]     |         ^^^^^^^^^^^^^^^^
[INFO] [stdout]     |
[INFO] [stdout]     = note: `#[warn(unused_imports)]` on by default
[INFO] [stdout] 
[INFO] [stdout] 
[INFO] [stderr]    Compiling modular-bitfield v0.9.0
[INFO] [stderr]    Compiling serde_derive v1.0.214
[INFO] [stderr]    Compiling toml_datetime v0.6.8
[INFO] [stderr]    Compiling serde_spanned v0.6.8
[INFO] [stderr]    Compiling serde_json v1.0.132
[INFO] [stderr]    Compiling toml_edit v0.22.22
[INFO] [stderr]    Compiling toml v0.8.19
[INFO] [stderr]    Compiling trybuild v1.0.101
[INFO] [stderr]    Compiling binread v2.2.0 (/opt/rustwide/workdir)
[INFO] [stdout] warning: unused import: `binread_impls::*`
[INFO] [stdout]    --> src/lib.rs:176:9
[INFO] [stdout]     |
[INFO] [stdout] 176 | pub use binread_impls::*;
[INFO] [stdout]     |         ^^^^^^^^^^^^^^^^
[INFO] [stdout]     |
[INFO] [stdout]     = note: `#[warn(unused_imports)]` on by default
[INFO] [stdout] 
[INFO] [stdout] 
[INFO] [stdout] warning: field `a` is never read
[INFO] [stdout]   --> tests/derive/enums.rs:72:15
[INFO] [stdout]    |
[INFO] [stdout] 72 |         One { a: u16 },
[INFO] [stdout]    |         ---   ^
[INFO] [stdout]    |         |
[INFO] [stdout]    |         field in this variant
[INFO] [stdout]    |
[INFO] [stdout]    = note: `Test` has a derived impl for the trait `Debug`, but this is intentionally ignored during dead code analysis
[INFO] [stdout]    = note: `#[warn(dead_code)]` on by default
[INFO] [stdout] 
[INFO] [stdout] 
[INFO] [stdout] warning: field `a` is never read
[INFO] [stdout]   --> tests/derive/enums.rs:74:15
[INFO] [stdout]    |
[INFO] [stdout] 74 |         Two { a: u16 },
[INFO] [stdout]    |         ---   ^
[INFO] [stdout]    |         |
[INFO] [stdout]    |         field in this variant
[INFO] [stdout]    |
[INFO] [stdout]    = note: `Test` has a derived impl for the trait `Debug`, but this is intentionally ignored during dead code analysis
[INFO] [stdout] 
[INFO] [stdout] 
[INFO] [stdout] warning: fields `a` and `b` are never read
[INFO] [stdout]    --> tests/derive/enums.rs:102:13
[INFO] [stdout]     |
[INFO] [stdout] 102 |         A { a: u8, b: u8 },
[INFO] [stdout]     |         -   ^      ^
[INFO] [stdout]     |         |
[INFO] [stdout]     |         fields in this variant
[INFO] [stdout]     |
[INFO] [stdout]     = note: `Test` has a derived impl for the trait `Debug`, but this is intentionally ignored during dead code analysis
[INFO] [stdout] 
[INFO] [stdout] 
[INFO] [stdout] warning: fields `a` and `b` are never read
[INFO] [stdout]    --> tests/derive/enums.rs:103:13
[INFO] [stdout]     |
[INFO] [stdout] 103 |         B { a: u16, b: u8 },
[INFO] [stdout]     |         -   ^       ^
[INFO] [stdout]     |         |
[INFO] [stdout]     |         fields in this variant
[INFO] [stdout]     |
[INFO] [stdout]     = note: `Test` has a derived impl for the trait `Debug`, but this is intentionally ignored during dead code analysis
[INFO] [stdout] 
[INFO] [stdout] 
[INFO] [stdout] warning: fields `a` and `b` are never read
[INFO] [stdout]    --> tests/derive/enums.rs:117:13
[INFO] [stdout]     |
[INFO] [stdout] 116 |         A {
[INFO] [stdout]     |         - fields in this variant
[INFO] [stdout] 117 |             a: u8,
[INFO] [stdout]     |             ^
[INFO] [stdout] ...
[INFO] [stdout] 120 |             b: u16,
[INFO] [stdout]     |             ^
[INFO] [stdout]     |
[INFO] [stdout]     = note: `Test` has a derived impl for the trait `Debug`, but this is intentionally ignored during dead code analysis
[INFO] [stdout] 
[INFO] [stdout] 
[INFO] [stdout] warning: fields `a` and `b` are never read
[INFO] [stdout]    --> tests/derive/enums.rs:135:13
[INFO] [stdout]     |
[INFO] [stdout] 135 |         A { a: u8, b: u8 },
[INFO] [stdout]     |         -   ^      ^
[INFO] [stdout]     |         |
[INFO] [stdout]     |         fields in this variant
[INFO] [stdout]     |
[INFO] [stdout]     = note: `Test` has a derived impl for the trait `Debug`, but this is intentionally ignored during dead code analysis
[INFO] [stdout] 
[INFO] [stdout] 
[INFO] [stdout] warning: field `a` is never read
[INFO] [stdout]    --> tests/derive/enums.rs:150:15
[INFO] [stdout]     |
[INFO] [stdout] 150 |         One { a: u16 },
[INFO] [stdout]     |         ---   ^
[INFO] [stdout]     |         |
[INFO] [stdout]     |         field in this variant
[INFO] [stdout]     |
[INFO] [stdout]     = note: `Test` has a derived impl for the trait `Debug`, but this is intentionally ignored during dead code analysis
[INFO] [stdout] 
[INFO] [stdout] 
[INFO] [stdout] warning: field `a` is never read
[INFO] [stdout]    --> tests/derive/enums.rs:152:15
[INFO] [stdout]     |
[INFO] [stdout] 152 |         Two { a: u16 },
[INFO] [stdout]     |         ---   ^
[INFO] [stdout]     |         |
[INFO] [stdout]     |         field in this variant
[INFO] [stdout]     |
[INFO] [stdout]     = note: `Test` has a derived impl for the trait `Debug`, but this is intentionally ignored during dead code analysis
[INFO] [stdout] 
[INFO] [stdout] 
[INFO] [stdout] warning: fields `extra_entry_count`, `entries`, `start_as_none`, and `calc_test` are never read
[INFO] [stdout]   --> tests/derive/structs.rs:16:9
[INFO] [stdout]    |
[INFO] [stdout] 15 |     struct Test {
[INFO] [stdout]    |            ---- fields in this struct
[INFO] [stdout] 16 |         extra_entry_count: u32,
[INFO] [stdout]    |         ^^^^^^^^^^^^^^^^^
[INFO] [stdout] ...
[INFO] [stdout] 19 |         entries: Vec<FilePtr<u32, TestEntry>>,
[INFO] [stdout]    |         ^^^^^^^
[INFO] [stdout] ...
[INFO] [stdout] 22 |         start_as_none: Option<PlainObject>,
[INFO] [stdout]    |         ^^^^^^^^^^^^^
[INFO] [stdout] ...
[INFO] [stdout] 25 |         calc_test: u32,
[INFO] [stdout]    |         ^^^^^^^^^
[INFO] [stdout]    |
[INFO] [stdout]    = note: `Test` has a derived impl for the trait `Debug`, but this is intentionally ignored during dead code analysis
[INFO] [stdout] 
[INFO] [stdout] 
[INFO] [stdout] warning: fields `entry_num`, `offsets`, `name`, and `extra_val` are never read
[INFO] [stdout]   --> tests/derive/structs.rs:44:9
[INFO] [stdout]    |
[INFO] [stdout] 42 |     struct TestEntry {
[INFO] [stdout]    |            --------- fields in this struct
[INFO] [stdout] 43 |         #[br(map = |val: u32| val.to_string())]
[INFO] [stdout] 44 |         entry_num: String,
[INFO] [stdout]    |         ^^^^^^^^^
[INFO] [stdout] ...
[INFO] [stdout] 50 |         offsets: (u16, u16),
[INFO] [stdout]    |         ^^^^^^^
[INFO] [stdout] ...
[INFO] [stdout] 53 |         name: Option<FilePtr<u32, NullString>>,
[INFO] [stdout]    |         ^^^^
[INFO] [stdout] ...
[INFO] [stdout] 56 |         extra_val: u8,
[INFO] [stdout]    |         ^^^^^^^^^
[INFO] [stdout]    |
[INFO] [stdout]    = note: `TestEntry` has a derived impl for the trait `Debug`, but this is intentionally ignored during dead code analysis
[INFO] [stdout] 
[INFO] [stdout] 
[INFO] [stdout] warning: field `a` is never read
[INFO] [stdout]   --> tests/derive/structs.rs:67:9
[INFO] [stdout]    |
[INFO] [stdout] 65 |     struct Test {
[INFO] [stdout]    |            ---- field in this struct
[INFO] [stdout] 66 |         #[br(assert(a == 1))]
[INFO] [stdout] 67 |         a: u8,
[INFO] [stdout]    |         ^
[INFO] [stdout]    |
[INFO] [stdout]    = note: `Test` has a derived impl for the trait `Debug`, but this is intentionally ignored during dead code analysis
[INFO] [stdout] 
[INFO] [stdout] 
[INFO] [stdout] warning: field `a` is never read
[INFO] [stdout]   --> tests/derive/structs.rs:89:9
[INFO] [stdout]    |
[INFO] [stdout] 87 |     struct Test {
[INFO] [stdout]    |            ---- field in this struct
[INFO] [stdout] 88 |         #[br(assert(a == 1, Oops(a)))]
[INFO] [stdout] 89 |         a: u8,
[INFO] [stdout]    |         ^
[INFO] [stdout]    |
[INFO] [stdout]    = note: `Test` has a derived impl for the trait `Debug`, but this is intentionally ignored during dead code analysis
[INFO] [stdout] 
[INFO] [stdout] 
[INFO] [stdout] warning: field `a` is never read
[INFO] [stdout]    --> tests/derive/structs.rs:103:9
[INFO] [stdout]     |
[INFO] [stdout] 101 |     struct Test {
[INFO] [stdout]     |            ---- field in this struct
[INFO] [stdout] 102 |         #[br(assert(a == 1, "a was {}", a))]
[INFO] [stdout] 103 |         a: u8,
[INFO] [stdout]     |         ^
[INFO] [stdout]     |
[INFO] [stdout]     = note: `Test` has a derived impl for the trait `Debug`, but this is intentionally ignored during dead code analysis
[INFO] [stdout] 
[INFO] [stdout] 
[INFO] [stdout] warning: field `b` is never read
[INFO] [stdout]    --> tests/derive/structs.rs:312:9
[INFO] [stdout]     |
[INFO] [stdout] 309 |     struct Test {
[INFO] [stdout]     |            ---- field in this struct
[INFO] [stdout] ...
[INFO] [stdout] 312 |         b: u8,
[INFO] [stdout]     |         ^
[INFO] [stdout]     |
[INFO] [stdout]     = note: `Test` has a derived impl for the trait `Debug`, but this is intentionally ignored during dead code analysis
[INFO] [stdout] 
[INFO] [stdout] 
[INFO] [stdout] warning: fields `a` and `b` are never read
[INFO] [stdout]    --> tests/derive/structs.rs:324:9
[INFO] [stdout]     |
[INFO] [stdout] 323 |     struct Test {
[INFO] [stdout]     |            ---- fields in this struct
[INFO] [stdout] 324 |         a: u8,
[INFO] [stdout]     |         ^
[INFO] [stdout] 325 |         b: u8,
[INFO] [stdout]     |         ^
[INFO] [stdout]     |
[INFO] [stdout]     = note: `Test` has a derived impl for the trait `Debug`, but this is intentionally ignored during dead code analysis
[INFO] [stdout] 
[INFO] [stdout] 
[INFO] [stdout] warning: fields `a` and `b` are never read
[INFO] [stdout]    --> tests/derive/structs.rs:338:9
[INFO] [stdout]     |
[INFO] [stdout] 337 |     struct Test {
[INFO] [stdout]     |            ---- fields in this struct
[INFO] [stdout] 338 |         a: u8,
[INFO] [stdout]     |         ^
[INFO] [stdout] ...
[INFO] [stdout] 341 |         b: u16,
[INFO] [stdout]     |         ^
[INFO] [stdout]     |
[INFO] [stdout]     = note: `Test` has a derived impl for the trait `Debug`, but this is intentionally ignored during dead code analysis
[INFO] [stdout] 
[INFO] [stdout] 
[INFO] [stdout] warning: fields `a` and `b` are never read
[INFO] [stdout]    --> tests/derive/structs.rs:354:9
[INFO] [stdout]     |
[INFO] [stdout] 353 |     struct Test {
[INFO] [stdout]     |            ---- fields in this struct
[INFO] [stdout] 354 |         a: u8,
[INFO] [stdout]     |         ^
[INFO] [stdout] ...
[INFO] [stdout] 358 |         b: u8,
[INFO] [stdout]     |         ^
[INFO] [stdout]     |
[INFO] [stdout]     = note: `Test` has a derived impl for the trait `Debug`, but this is intentionally ignored during dead code analysis
[INFO] [stdout] 
[INFO] [stdout] 
[INFO] [stdout] warning: method `by_ref` is never used
[INFO] [stdout]   --> src/io/no_std.rs:41:8
[INFO] [stdout]    |
[INFO] [stdout] 9  | pub trait Read {
[INFO] [stdout]    |           ---- method in this trait
[INFO] [stdout] ...
[INFO] [stdout] 41 |     fn by_ref(&mut self) -> &mut Self
[INFO] [stdout]    |        ^^^^^^
[INFO] [stdout]    |
[INFO] [stdout]    = note: `#[warn(dead_code)]` on by default
[INFO] [stdout] 
[INFO] [stdout] 
[INFO] [stdout] warning: variants `End` and `Current` are never constructed
[INFO] [stdout]   --> src/io/no_std.rs:85:5
[INFO] [stdout]    |
[INFO] [stdout] 83 | pub enum SeekFrom {
[INFO] [stdout]    |          -------- variants in this enum
[INFO] [stdout] 84 |     Start(u64),
[INFO] [stdout] 85 |     End(i64),
[INFO] [stdout]    |     ^^^
[INFO] [stdout] 86 |     Current(i64),
[INFO] [stdout]    |     ^^^^^^^
[INFO] [stdout]    |
[INFO] [stdout]    = note: `SeekFrom` has derived impls for the traits `Clone` and `Debug`, but these are intentionally ignored during dead code analysis
[INFO] [stdout] 
[INFO] [stdout] 
[INFO] [stdout] warning: method `stream_position` is never used
[INFO] [stdout]   --> src/io/no_std.rs:91:8
[INFO] [stdout]    |
[INFO] [stdout] 89 | pub trait Seek {
[INFO] [stdout]    |           ---- method in this trait
[INFO] [stdout] 90 |     fn seek(&mut self, pos: SeekFrom) -> Result<u64>;
[INFO] [stdout] 91 |     fn stream_position(&mut self) -> Result<u64> {
[INFO] [stdout]    |        ^^^^^^^^^^^^^^^
[INFO] [stdout] 
[INFO] [stdout] 
[INFO] [stderr]     Finished `test` profile [unoptimized + debuginfo] target(s) in 8.92s
[INFO] running `Command { std: "docker" "inspect" "e6c03093db91762e4a838a86f599490b4dacaa83753a6ab791962d6f035af942", kill_on_drop: false }`
[INFO] running `Command { std: "docker" "rm" "-f" "e6c03093db91762e4a838a86f599490b4dacaa83753a6ab791962d6f035af942", kill_on_drop: false }`
[INFO] [stdout] e6c03093db91762e4a838a86f599490b4dacaa83753a6ab791962d6f035af942
[INFO] running `Command { std: "docker" "create" "-v" "/var/lib/crater-agent-workspace/builds/worker-5-tc1/target:/opt/rustwide/target:rw,Z" "-v" "/var/lib/crater-agent-workspace/builds/worker-5-tc1/source:/opt/rustwide/workdir:ro,Z" "-v" "/var/lib/crater-agent-workspace/cargo-home:/opt/rustwide/cargo-home:ro,Z" "-v" "/var/lib/crater-agent-workspace/rustup-home:/opt/rustwide/rustup-home:ro,Z" "-e" "SOURCE_DIR=/opt/rustwide/workdir" "-e" "CARGO_TARGET_DIR=/opt/rustwide/target" "-e" "CARGO_INCREMENTAL=0" "-e" "RUST_BACKTRACE=full" "-e" "RUSTFLAGS=--cap-lints=forbid" "-e" "RUSTDOCFLAGS=--cap-lints=forbid" "-e" "CARGO_HOME=/opt/rustwide/cargo-home" "-e" "RUSTUP_HOME=/opt/rustwide/rustup-home" "-w" "/opt/rustwide/workdir" "-m" "1610612736" "--user" "0:0" "--network" "none" "ghcr.io/rust-lang/crates-build-env/linux@sha256:4a844ea9eb2546a2d2c7022eacef16ef2e8229c7fbb2c7d4d55a9ceca922f72d" "/opt/rustwide/cargo-home/bin/cargo" "+nightly-2024-10-28" "test" "--frozen", kill_on_drop: false }`
[INFO] [stdout] 100aa338960e28db461c0980e3a5c42b638e66e6a9a3eaecd7a08c6cb0fdb891
[INFO] running `Command { std: "docker" "start" "-a" "100aa338960e28db461c0980e3a5c42b638e66e6a9a3eaecd7a08c6cb0fdb891", kill_on_drop: false }`
[INFO] [stderr] warning: unused import: `binread_impls::*`
[INFO] [stderr]    --> src/lib.rs:176:9
[INFO] [stderr]     |
[INFO] [stderr] 176 | pub use binread_impls::*;
[INFO] [stderr]     |         ^^^^^^^^^^^^^^^^
[INFO] [stderr]     |
[INFO] [stderr]     = note: `#[warn(unused_imports)]` on by default
[INFO] [stderr] 
[INFO] [stderr] warning: `binread` (lib) generated 1 warning (run `cargo fix --lib -p binread` to apply 1 suggestion)
[INFO] [stderr] warning: method `by_ref` is never used
[INFO] [stderr]   --> src/io/no_std.rs:41:8
[INFO] [stderr]    |
[INFO] [stderr] 9  | pub trait Read {
[INFO] [stderr]    |           ---- method in this trait
[INFO] [stderr] ...
[INFO] [stderr] 41 |     fn by_ref(&mut self) -> &mut Self
[INFO] [stderr]    |        ^^^^^^
[INFO] [stderr]    |
[INFO] [stderr]    = note: `#[warn(dead_code)]` on by default
[INFO] [stderr] 
[INFO] [stderr] warning: variants `End` and `Current` are never constructed
[INFO] [stderr]   --> src/io/no_std.rs:85:5
[INFO] [stderr]    |
[INFO] [stderr] 83 | pub enum SeekFrom {
[INFO] [stderr]    |          -------- variants in this enum
[INFO] [stderr] 84 |     Start(u64),
[INFO] [stderr] 85 |     End(i64),
[INFO] [stderr]    |     ^^^
[INFO] [stderr] 86 |     Current(i64),
[INFO] [stderr]    |     ^^^^^^^
[INFO] [stderr]    |
[INFO] [stderr]    = note: `SeekFrom` has derived impls for the traits `Clone` and `Debug`, but these are intentionally ignored during dead code analysis
[INFO] [stderr] 
[INFO] [stderr] warning: method `stream_position` is never used
[INFO] [stderr]   --> src/io/no_std.rs:91:8
[INFO] [stderr]    |
[INFO] [stderr] 89 | pub trait Seek {
[INFO] [stderr]    |           ---- method in this trait
[INFO] [stderr] 90 |     fn seek(&mut self, pos: SeekFrom) -> Result<u64>;
[INFO] [stderr] 91 |     fn stream_position(&mut self) -> Result<u64> {
[INFO] [stderr]    |        ^^^^^^^^^^^^^^^
[INFO] [stderr] 
[INFO] [stderr] warning: field `a` is never read
[INFO] [stderr]   --> tests/derive/enums.rs:72:15
[INFO] [stderr]    |
[INFO] [stderr] 72 |         One { a: u16 },
[INFO] [stderr]    |         ---   ^
[INFO] [stderr]    |         |
[INFO] [stderr]    |         field in this variant
[INFO] [stderr]    |
[INFO] [stderr]    = note: `Test` has a derived impl for the trait `Debug`, but this is intentionally ignored during dead code analysis
[INFO] [stderr]    = note: `#[warn(dead_code)]` on by default
[INFO] [stderr] 
[INFO] [stderr] warning: field `a` is never read
[INFO] [stderr]   --> tests/derive/enums.rs:74:15
[INFO] [stderr]    |
[INFO] [stderr] 74 |         Two { a: u16 },
[INFO] [stderr]    |         ---   ^
[INFO] [stderr]    |         |
[INFO] [stderr]    |         field in this variant
[INFO] [stderr]    |
[INFO] [stderr]    = note: `Test` has a derived impl for the trait `Debug`, but this is intentionally ignored during dead code analysis
[INFO] [stderr] 
[INFO] [stderr] warning: fields `a` and `b` are never read
[INFO] [stderr]    --> tests/derive/enums.rs:102:13
[INFO] [stderr]     |
[INFO] [stderr] 102 |         A { a: u8, b: u8 },
[INFO] [stderr]     |         -   ^      ^
[INFO] [stderr]     |         |
[INFO] [stderr]     |         fields in this variant
[INFO] [stderr]     |
[INFO] [stderr]     = note: `Test` has a derived impl for the trait `Debug`, but this is intentionally ignored during dead code analysis
[INFO] [stderr] 
[INFO] [stderr] warning: fields `a` and `b` are never read
[INFO] [stderr]    --> tests/derive/enums.rs:103:13
[INFO] [stderr]     |
[INFO] [stderr] 103 |         B { a: u16, b: u8 },
[INFO] [stderr]     |         -   ^       ^
[INFO] [stderr]     |         |
[INFO] [stderr]     |         fields in this variant
[INFO] [stderr]     |
[INFO] [stderr]     = note: `Test` has a derived impl for the trait `Debug`, but this is intentionally ignored during dead code analysis
[INFO] [stderr] 
[INFO] [stderr] warning: fields `a` and `b` are never read
[INFO] [stderr]    --> tests/derive/enums.rs:117:13
[INFO] [stderr]     |
[INFO] [stderr] 116 |         A {
[INFO] [stderr]     |         - fields in this variant
[INFO] [stderr] 117 |             a: u8,
[INFO] [stderr]     |             ^
[INFO] [stderr] ...
[INFO] [stderr] 120 |             b: u16,
[INFO] [stderr]     |             ^
[INFO] [stderr]     |
[INFO] [stderr]     = note: `Test` has a derived impl for the trait `Debug`, but this is intentionally ignored during dead code analysis
[INFO] [stderr] 
[INFO] [stderr] warning: fields `a` and `b` are never read
[INFO] [stderr]    --> tests/derive/enums.rs:135:13
[INFO] [stderr]     |
[INFO] [stderr] 135 |         A { a: u8, b: u8 },
[INFO] [stderr]     |         -   ^      ^
[INFO] [stderr]     |         |
[INFO] [stderr]     |         fields in this variant
[INFO] [stderr]     |
[INFO] [stderr]     = note: `Test` has a derived impl for the trait `Debug`, but this is intentionally ignored during dead code analysis
[INFO] [stderr] 
[INFO] [stderr] warning: field `a` is never read
[INFO] [stderr]    --> tests/derive/enums.rs:150:15
[INFO] [stderr]     |
[INFO] [stderr] 150 |         One { a: u16 },
[INFO] [stderr]     |         ---   ^
[INFO] [stderr]     |         |
[INFO] [stderr]     |         field in this variant
[INFO] [stderr]     |
[INFO] [stderr]     = note: `Test` has a derived impl for the trait `Debug`, but this is intentionally ignored during dead code analysis
[INFO] [stderr] 
[INFO] [stderr] warning: field `a` is never read
[INFO] [stderr]    --> tests/derive/enums.rs:152:15
[INFO] [stderr]     |
[INFO] [stderr] 152 |         Two { a: u16 },
[INFO] [stderr]     |         ---   ^
[INFO] [stderr]     |         |
[INFO] [stderr]     |         field in this variant
[INFO] [stderr]     |
[INFO] [stderr]     = note: `Test` has a derived impl for the trait `Debug`, but this is intentionally ignored during dead code analysis
[INFO] [stderr] 
[INFO] [stderr] warning: fields `extra_entry_count`, `entries`, `start_as_none`, and `calc_test` are never read
[INFO] [stderr]   --> tests/derive/structs.rs:16:9
[INFO] [stderr]    |
[INFO] [stderr] 15 |     struct Test {
[INFO] [stderr]    |            ---- fields in this struct
[INFO] [stderr] 16 |         extra_entry_count: u32,
[INFO] [stderr]    |         ^^^^^^^^^^^^^^^^^
[INFO] [stderr] ...
[INFO] [stderr] 19 |         entries: Vec<FilePtr<u32, TestEntry>>,
[INFO] [stderr]    |         ^^^^^^^
[INFO] [stderr] ...
[INFO] [stderr] 22 |         start_as_none: Option<PlainObject>,
[INFO] [stderr]    |         ^^^^^^^^^^^^^
[INFO] [stderr] ...
[INFO] [stderr] 25 |         calc_test: u32,
[INFO] [stderr]    |         ^^^^^^^^^
[INFO] [stderr]    |
[INFO] [stderr]    = note: `Test` has a derived impl for the trait `Debug`, but this is intentionally ignored during dead code analysis
[INFO] [stderr] 
[INFO] [stderr] warning: fields `entry_num`, `offsets`, `name`, and `extra_val` are never read
[INFO] [stderr]   --> tests/derive/structs.rs:44:9
[INFO] [stderr]    |
[INFO] [stderr] 42 |     struct TestEntry {
[INFO] [stderr]    |            --------- fields in this struct
[INFO] [stderr] 43 |         #[br(map = |val: u32| val.to_string())]
[INFO] [stderr] 44 |         entry_num: String,
[INFO] [stderr]    |         ^^^^^^^^^
[INFO] [stderr] ...
[INFO] [stderr] 50 |         offsets: (u16, u16),
[INFO] [stderr]    |         ^^^^^^^
[INFO] [stderr] ...
[INFO] [stderr] 53 |         name: Option<FilePtr<u32, NullString>>,
[INFO] [stderr]    |         ^^^^
[INFO] [stderr] ...
[INFO] [stderr] 56 |         extra_val: u8,
[INFO] [stderr]    |         ^^^^^^^^^
[INFO] [stderr]    |
[INFO] [stderr]    = note: `TestEntry` has a derived impl for the trait `Debug`, but this is intentionally ignored during dead code analysis
[INFO] [stderr] 
[INFO] [stderr] warning: field `a` is never read
[INFO] [stderr]   --> tests/derive/structs.rs:67:9
[INFO] [stderr]    |
[INFO] [stderr] 65 |     struct Test {
[INFO] [stderr]    |            ---- field in this struct
[INFO] [stderr] 66 |         #[br(assert(a == 1))]
[INFO] [stderr] 67 |         a: u8,
[INFO] [stderr]    |         ^
[INFO] [stderr]    |
[INFO] [stderr]    = note: `Test` has a derived impl for the trait `Debug`, but this is intentionally ignored during dead code analysis
[INFO] [stderr] 
[INFO] [stderr] warning: field `a` is never read
[INFO] [stderr]   --> tests/derive/structs.rs:89:9
[INFO] [stderr]    |
[INFO] [stderr] 87 |     struct Test {
[INFO] [stderr]    |            ---- field in this struct
[INFO] [stderr] 88 |         #[br(assert(a == 1, Oops(a)))]
[INFO] [stderr] 89 |         a: u8,
[INFO] [stderr]    |         ^
[INFO] [stderr]    |
[INFO] [stderr]    = note: `Test` has a derived impl for the trait `Debug`, but this is intentionally ignored during dead code analysis
[INFO] [stderr] 
[INFO] [stderr] warning: field `a` is never read
[INFO] [stderr]    --> tests/derive/structs.rs:103:9
[INFO] [stderr]     |
[INFO] [stderr] 101 |     struct Test {
[INFO] [stderr]     |            ---- field in this struct
[INFO] [stderr] 102 |         #[br(assert(a == 1, "a was {}", a))]
[INFO] [stderr] 103 |         a: u8,
[INFO] [stderr]     |         ^
[INFO] [stderr]     |
[INFO] [stderr]     = note: `Test` has a derived impl for the trait `Debug`, but this is intentionally ignored during dead code analysis
[INFO] [stderr] 
[INFO] [stderr] warning: field `b` is never read
[INFO] [stderr]    --> tests/derive/structs.rs:312:9
[INFO] [stderr]     |
[INFO] [stderr] 309 |     struct Test {
[INFO] [stderr]     |            ---- field in this struct
[INFO] [stderr] ...
[INFO] [stderr] 312 |         b: u8,
[INFO] [stderr]     |         ^
[INFO] [stderr]     |
[INFO] [stderr]     = note: `Test` has a derived impl for the trait `Debug`, but this is intentionally ignored during dead code analysis
[INFO] [stderr] 
[INFO] [stderr] warning: fields `a` and `b` are never read
[INFO] [stderr]    --> tests/derive/structs.rs:324:9
[INFO] [stderr]     |
[INFO] [stderr] 323 |     struct Test {
[INFO] [stderr]     |            ---- fields in this struct
[INFO] [stderr] 324 |         a: u8,
[INFO] [stderr]     |         ^
[INFO] [stderr] 325 |         b: u8,
[INFO] [stderr]     |         ^
[INFO] [stderr]     |
[INFO] [stderr]     = note: `Test` has a derived impl for the trait `Debug`, but this is intentionally ignored during dead code analysis
[INFO] [stderr] 
[INFO] [stderr] warning: fields `a` and `b` are never read
[INFO] [stderr]    --> tests/derive/structs.rs:338:9
[INFO] [stderr]     |
[INFO] [stderr] 337 |     struct Test {
[INFO] [stderr]     |            ---- fields in this struct
[INFO] [stderr] 338 |         a: u8,
[INFO] [stderr]     |         ^
[INFO] [stderr] ...
[INFO] [stderr] 341 |         b: u16,
[INFO] [stderr]     |         ^
[INFO] [stderr]     |
[INFO] [stderr]     = note: `Test` has a derived impl for the trait `Debug`, but this is intentionally ignored during dead code analysis
[INFO] [stderr] 
[INFO] [stderr] warning: fields `a` and `b` are never read
[INFO] [stderr]    --> tests/derive/structs.rs:354:9
[INFO] [stderr]     |
[INFO] [stderr] 353 |     struct Test {
[INFO] [stderr]     |            ---- fields in this struct
[INFO] [stderr] 354 |         a: u8,
[INFO] [stderr]     |         ^
[INFO] [stderr] ...
[INFO] [stderr] 358 |         b: u8,
[INFO] [stderr]     |         ^
[INFO] [stderr]     |
[INFO] [stderr]     = note: `Test` has a derived impl for the trait `Debug`, but this is intentionally ignored during dead code analysis
[INFO] [stderr] 
[INFO] [stderr] warning: `binread` (lib test) generated 4 warnings (1 duplicate)
[INFO] [stderr] warning: `binread` (test "derive_tests") generated 17 warnings
[INFO] [stderr]     Finished `test` profile [unoptimized + debuginfo] target(s) in 0.03s
[INFO] [stderr]      Running unittests src/lib.rs (/opt/rustwide/target/debug/deps/binread-0e6158dff87bc977)
[INFO] [stdout] 
[INFO] [stdout] running 13 tests
[INFO] [stdout] test endian::tests::endian_to_string ... ok
[INFO] [stdout] test io::cursor::test::cursor_test ... ok
[INFO] [stdout] test io::no_std::tests::interupt_once ... ok
[INFO] [stdout] test io::no_std::tests::iter_bytes ... ok
[INFO] [stdout] test io::no_std::tests::read_exact ... ok
[INFO] [stdout] test io::no_std::tests::return_error ... ok
[INFO] [stdout] test pos_value::tests::pos_value ... ok
[INFO] [stdout] test punctuated::tests::punctuated_trailing ... ok
[INFO] [stdout] test punctuated::tests::punctuated ... ok
[INFO] [stdout] test strings::tests::null_strings ... ok
[INFO] [stdout] test strings::tests::null_wide_strings ... ok
[INFO] [stdout] test punctuated::tests::missing_count - should panic ... ok
[INFO] [stdout] test punctuated::tests::missing_count_trailing - should panic ... ok
[INFO] [stdout] 
[INFO] [stdout] test result: ok. 13 passed; 0 failed; 0 ignored; 0 measured; 0 filtered out; finished in 0.01s
[INFO] [stdout] 
[INFO] [stderr]      Running tests/after_parse_test.rs (/opt/rustwide/target/debug/deps/after_parse_test-db8ee1d54f1fedc0)
[INFO] [stdout] 
[INFO] [stdout] running 2 tests
[INFO] [stdout] test BinReaderExt_calls_after_parse ... ok
[INFO] [stdout] test try_calls_after_parse ... ok
[INFO] [stdout] 
[INFO] [stdout] test result: ok. 2 passed; 0 failed; 0 ignored; 0 measured; 0 filtered out; finished in 0.00s
[INFO] [stdout] 
[INFO] [stderr]      Running tests/derive_tests.rs (/opt/rustwide/target/debug/deps/derive_tests-6e4d01a06ac0b57a)
[INFO] [stdout] 
[INFO] [stdout] running 45 tests
[INFO] [stdout] test derive::enums::enum_assert ... ok
[INFO] [stdout] test derive::enums::enum_calc_temp_field ... ok
[INFO] [stdout] test derive::enums::enum_endianness ... ok
[INFO] [stdout] test derive::enums::enum_return_all_errors ... ok
[INFO] [stdout] test derive::enums::enum_return_unexpected_error ... ok
[INFO] [stdout] test derive::enums::enum_rewind_on_assert ... ok
[INFO] [stdout] test derive::enums::enum_rewind_on_variant_assert ... ok
[INFO] [stdout] test derive::enums::enum_rewind_on_eof ... ok
[INFO] [stdout] test derive::enums::mixed_enum ... ok
[INFO] [stdout] test derive::struct_generic::derive_generic ... ok
[INFO] [stdout] test derive::struct_map::map_closure ... ok
[INFO] [stdout] test derive::struct_map::map_expr ... ok
[INFO] [stdout] test derive::struct_map::map_struct ... ok
[INFO] [stdout] test derive::struct_map::try_map_field ... ok
[INFO] [stdout] test derive::struct_map::try_map_struct ... ok
[INFO] [stdout] test derive::structs::all_the_things ... ok
[INFO] [stdout] test derive::structs::assert ... ok
[INFO] [stdout] test derive::structs::assert_custom_err ... ok
[INFO] [stdout] test derive::structs::assert_formatted ... ok
[INFO] [stdout] test derive::structs::calc_temp_field ... ok
[INFO] [stdout] test derive::structs::calc_try ... ok
[INFO] [stdout] test derive::structs::deref_now ... ok
[INFO] [stdout] test derive::structs::empty_imports ... ok
[INFO] [stdout] test derive::structs::if_alternate ... ok
[INFO] [stdout] test derive::structs::ignore_and_default ... ok
[INFO] [stdout] test derive::structs::import_tuple ... ok
[INFO] [stdout] test derive::structs::magic_char ... ok
[INFO] [stdout] test derive::structs::offset_after ... ok
[INFO] [stdout] test derive::structs::pad_after_before ... ok
[INFO] [stdout] test derive::structs::rewind_on_assert ... ok
[INFO] [stdout] test derive::structs::magic_byte ... ok
[INFO] [stdout] test derive::structs::rewind_on_eof ... ok
[INFO] [stdout] test derive::structs::magic_field ... ok
[INFO] [stdout] test derive::structs::try_directive ... ok
[INFO] [stdout] test derive::unit_enum::unit_enum_magic_bytes ... ok
[INFO] [stdout] test derive::unit_enum::unit_enum_magic_pre_assert ... ok
[INFO] [stdout] test derive::unit_enum::unit_enum_rewind_on_eof ... ok
[INFO] [stdout] test derive::unit_enum::unit_enum_rewind_on_no_variant ... ok
[INFO] [stdout] test derive::unit_struct::unit_struct_import_pre_assert ... ok
[INFO] [stdout] test derive::structs::rewind_on_field_assert ... ok
[INFO] [stdout] test derive::unit_struct::unit_struct_magic ... ok
[INFO] [stdout] test derive::structs::tuple_calc_temp_field ... ok
[INFO] [stdout] test derive::structs::tuple ... ok
[INFO] [stdout] test derive::unit_enum::unit_enum_repr ... ok
[INFO] [stdout] test derive::unit_enum::unit_enum_magic ... ok
[INFO] [stdout] 
[INFO] [stdout] test result: ok. 45 passed; 0 failed; 0 ignored; 0 measured; 0 filtered out; finished in 0.00s
[INFO] [stdout] 
[INFO] [stderr]      Running tests/lib.rs (/opt/rustwide/target/debug/deps/lib-d8a675f0ee366b92)
[INFO] [stdout] 
[INFO] [stdout] running 0 tests
[INFO] [stdout] 
[INFO] [stdout] test result: ok. 0 passed; 0 failed; 0 ignored; 0 measured; 0 filtered out; finished in 0.00s
[INFO] [stdout] 
[INFO] [stderr]      Running tests/ui.rs (/opt/rustwide/target/debug/deps/ui-5e04946cf237aa28)
[INFO] [stdout] 
[INFO] [stdout] running 1 test
[INFO] [stderr]    Compiling proc-macro2 v1.0.89
[INFO] [stderr]    Compiling unicode-ident v1.0.13
[INFO] [stderr]    Compiling syn v1.0.109
[INFO] [stderr]    Compiling rustversion v1.0.18
[INFO] [stderr]    Compiling either v1.13.0
[INFO] [stderr]    Compiling quote v1.0.37
[INFO] [stderr]    Compiling binread_derive v2.1.0
[INFO] [stderr]    Compiling modular-bitfield-impl v0.9.0
[INFO] [stderr]     Checking modular-bitfield v0.9.0
[INFO] [stderr]     Checking binread v2.2.0 (/opt/rustwide/workdir)
[INFO] [stderr] warning: unused import: `binread_impls::*`
[INFO] [stderr]    --> /opt/rustwide/workdir/src/lib.rs:176:9
[INFO] [stderr]     |
[INFO] [stderr] 176 | pub use binread_impls::*;
[INFO] [stderr]     |         ^^^^^^^^^^^^^^^^
[INFO] [stderr]     |
[INFO] [stderr]     = note: `#[warn(unused_imports)]` on by default
[INFO] [stderr] 
[INFO] [stderr] warning: `binread` (lib) generated 1 warning (run `cargo fix --lib -p binread` to apply 1 suggestion)
[INFO] [stderr]     Checking binread-tests v0.0.0 (/opt/rustwide/target/tests/trybuild/binread)
[INFO] [stderr]     Finished `dev` profile [unoptimized + debuginfo] target(s) in 6.56s
[INFO] [stderr] 
[INFO] [stderr] 
[INFO] [stderr] test tests/ui/conflicting_keyword_bool.rs ... ok
[INFO] [stderr] test tests/ui/conflicting_keyword_cond_endian.rs ... ok
[INFO] [stderr] test tests/ui/conflicting_keyword_enum_error_mode.rs ... ok
[INFO] [stderr] test tests/ui/conflicting_keyword_imports.rs ... ok
[INFO] [stderr] test tests/ui/conflicting_keyword_map.rs ... ok
[INFO] [stderr] test tests/ui/conflicting_keyword_option.rs ... ok
[INFO] [stderr] test tests/ui/conflicting_keyword_passed_args.rs ... ok
[INFO] [stderr] test tests/ui/conflicting_keyword_read_mode.rs ... ok
[INFO] [stderr] test tests/ui/deref_now_offset_after_conflict.rs ... ok
[INFO] [stderr] test tests/ui/enum_missing_magic_repr.rs ... ok
[INFO] [stderr] test tests/ui/invalid_assert_args.rs ... ok
[INFO] [stderr] test tests/ui/invalid_assert_condition.rs ... mismatch
[INFO] [stderr] 
[INFO] [stderr] EXPECTED:
[INFO] [stderr] ┈┈┈┈┈┈┈┈┈┈┈┈┈┈┈┈┈┈┈┈┈┈┈┈┈┈┈┈┈┈┈┈┈┈┈┈┈┈┈┈┈┈┈┈┈┈┈┈┈┈┈┈┈┈┈┈┈┈┈┈
[INFO] [stderr] error[E0308]: mismatched types
[INFO] [stderr]  --> $DIR/invalid_assert_condition.rs:4:13
[INFO] [stderr]   |
[INFO] [stderr] 4 | #[br(assert("wrong type"))]
[INFO] [stderr]   |             ^^^^^^^^^^^^ expected `bool`, found `&str`
[INFO] [stderr]   |
[INFO] [stderr] note: return type inferred to be `bool` here
[INFO] [stderr]  --> $DIR/invalid_assert_condition.rs:3:10
[INFO] [stderr]   |
[INFO] [stderr] 3 | #[derive(BinRead)]
[INFO] [stderr]   |          ^^^^^^^
[INFO] [stderr] ┈┈┈┈┈┈┈┈┈┈┈┈┈┈┈┈┈┈┈┈┈┈┈┈┈┈┈┈┈┈┈┈┈┈┈┈┈┈┈┈┈┈┈┈┈┈┈┈┈┈┈┈┈┈┈┈┈┈┈┈
[INFO] [stderr] 
[INFO] [stderr] ACTUAL OUTPUT:
[INFO] [stderr] ┈┈┈┈┈┈┈┈┈┈┈┈┈┈┈┈┈┈┈┈┈┈┈┈┈┈┈┈┈┈┈┈┈┈┈┈┈┈┈┈┈┈┈┈┈┈┈┈┈┈┈┈┈┈┈┈┈┈┈┈
[INFO] [stderr] error[E0308]: mismatched types
[INFO] [stderr]  --> tests/ui/invalid_assert_condition.rs:4:13
[INFO] [stderr]   |
[INFO] [stderr] 3 | #[derive(BinRead)]
[INFO] [stderr]   |          ------- arguments to this function are incorrect
[INFO] [stderr] 4 | #[br(assert("wrong type"))]
[INFO] [stderr]   |             ^^^^^^^^^^^^ expected `bool`, found `&str`
[INFO] [stderr]   |
[INFO] [stderr] note: function defined here
[INFO] [stderr]  --> src/private.rs
[INFO] [stderr]   |
[INFO] [stderr]   | pub fn assert<MsgFn, Msg, ErrorFn, Err>(
[INFO] [stderr]   |        ^^^^^^
[INFO] [stderr] ┈┈┈┈┈┈┈┈┈┈┈┈┈┈┈┈┈┈┈┈┈┈┈┈┈┈┈┈┈┈┈┈┈┈┈┈┈┈┈┈┈┈┈┈┈┈┈┈┈┈┈┈┈┈┈┈┈┈┈┈
[INFO] [stderr] note: If the actual output is the correct output you can bless it by rerunning
[INFO] [stderr]       your test with the environment variable TRYBUILD=overwrite
[INFO] [stderr] 
[INFO] [stderr] test tests/ui/invalid_assert_variable.rs ... ok
[INFO] [stderr] test tests/ui/invalid_if_args.rs ... ok
[INFO] [stderr] test tests/ui/invalid_if_condition.rs ... ok
[INFO] [stderr] test tests/ui/invalid_keyword_enum.rs ... ok
[INFO] [stderr] test tests/ui/invalid_keyword_enum_variant.rs ... ok
[INFO] [stderr] test tests/ui/invalid_keyword_struct.rs ... ok
[INFO] [stderr] test tests/ui/invalid_keyword_struct_field.rs ... ok
[INFO] [stderr] test tests/ui/invalid_keyword_unit_enum.rs ... ok
[INFO] [stderr] test tests/ui/invalid_keyword_unit_enum_field.rs ... ok
[INFO] [stderr] test tests/ui/invalid_keyword_with_imports.rs ... ok
[INFO] [stderr] test tests/ui/invalid_magic_type.rs ... ok
[INFO] [stderr] test tests/ui/invalid_map_fn.rs ... mismatch
[INFO] [stderr] 
[INFO] [stderr] EXPECTED:
[INFO] [stderr] ┈┈┈┈┈┈┈┈┈┈┈┈┈┈┈┈┈┈┈┈┈┈┈┈┈┈┈┈┈┈┈┈┈┈┈┈┈┈┈┈┈┈┈┈┈┈┈┈┈┈┈┈┈┈┈┈┈┈┈┈
[INFO] [stderr] error[E0425]: cannot find value `does_not_exist` in this scope
[INFO] [stderr]  --> $DIR/invalid_map_fn.rs:5:16
[INFO] [stderr]   |
[INFO] [stderr] 5 |     #[br(map = does_not_exist)]
[INFO] [stderr]   |                ^^^^^^^^^^^^^^ not found in this scope
[INFO] [stderr] ┈┈┈┈┈┈┈┈┈┈┈┈┈┈┈┈┈┈┈┈┈┈┈┈┈┈┈┈┈┈┈┈┈┈┈┈┈┈┈┈┈┈┈┈┈┈┈┈┈┈┈┈┈┈┈┈┈┈┈┈
[INFO] [stderr] 
[INFO] [stderr] ACTUAL OUTPUT:
[INFO] [stderr] ┈┈┈┈┈┈┈┈┈┈┈┈┈┈┈┈┈┈┈┈┈┈┈┈┈┈┈┈┈┈┈┈┈┈┈┈┈┈┈┈┈┈┈┈┈┈┈┈┈┈┈┈┈┈┈┈┈┈┈┈
[INFO] [stderr] error[E0425]: cannot find value `does_not_exist` in this scope
[INFO] [stderr]  --> tests/ui/invalid_map_fn.rs:5:16
[INFO] [stderr]   |
[INFO] [stderr] 5 |     #[br(map = does_not_exist)]
[INFO] [stderr]   |                ^^^^^^^^^^^^^^ not found in this scope
[INFO] [stderr] 
[INFO] [stderr] warning: this function depends on never type fallback being `()`
[INFO] [stderr]  --> tests/ui/invalid_map_fn.rs:3:10
[INFO] [stderr]   |
[INFO] [stderr] 3 | #[derive(BinRead)]
[INFO] [stderr]   |          ^^^^^^^
[INFO] [stderr]   |
[INFO] [stderr]   = warning: this was previously accepted by the compiler but is being phased out; it will become a hard error in a future release!
[INFO] [stderr]   = note: for more information, see issue #123748 <https://github.com/rust-lang/rust/issues/123748>
[INFO] [stderr]   = help: specify the types explicitly
[INFO] [stderr] note: in edition 2024, the requirement `!: BinRead` will fail
[INFO] [stderr]  --> tests/ui/invalid_map_fn.rs:3:10
[INFO] [stderr]   |
[INFO] [stderr] 3 | #[derive(BinRead)]
[INFO] [stderr]   |          ^^^^^^^
[INFO] [stderr]   = note: `#[warn(dependency_on_unit_never_type_fallback)]` on by default
[INFO] [stderr]   = note: this warning originates in the derive macro `BinRead` (in Nightly builds, run with -Z macro-backtrace for more info)
[INFO] [stderr] ┈┈┈┈┈┈┈┈┈┈┈┈┈┈┈┈┈┈┈┈┈┈┈┈┈┈┈┈┈┈┈┈┈┈┈┈┈┈┈┈┈┈┈┈┈┈┈┈┈┈┈┈┈┈┈┈┈┈┈┈
[INFO] [stderr] note: If the actual output is the correct output you can bless it by rerunning
[INFO] [stderr]       your test with the environment variable TRYBUILD=overwrite
[INFO] [stderr] 
[INFO] [stderr] test tests/ui/invalid_map_return_type.rs ... mismatch
[INFO] [stderr] 
[INFO] [stderr] EXPECTED:
[INFO] [stderr] ┈┈┈┈┈┈┈┈┈┈┈┈┈┈┈┈┈┈┈┈┈┈┈┈┈┈┈┈┈┈┈┈┈┈┈┈┈┈┈┈┈┈┈┈┈┈┈┈┈┈┈┈┈┈┈┈┈┈┈┈
[INFO] [stderr] error[E0308]: mismatched types
[INFO] [stderr]  --> $DIR/invalid_map_return_type.rs:5:20
[INFO] [stderr]   |
[INFO] [stderr] 5 |     #[br(map = |_| 0u8)]
[INFO] [stderr]   |                    ^^^ expected `i32`, found `u8`
[INFO] [stderr]   |
[INFO] [stderr] help: change the type of the numeric literal from `u8` to `i32`
[INFO] [stderr]   |
[INFO] [stderr] 5 |     #[br(map = |_| 0i32)]
[INFO] [stderr]   |                    ~~~~
[INFO] [stderr] ┈┈┈┈┈┈┈┈┈┈┈┈┈┈┈┈┈┈┈┈┈┈┈┈┈┈┈┈┈┈┈┈┈┈┈┈┈┈┈┈┈┈┈┈┈┈┈┈┈┈┈┈┈┈┈┈┈┈┈┈
[INFO] [stderr] 
[INFO] [stderr] ACTUAL OUTPUT:
[INFO] [stderr] ┈┈┈┈┈┈┈┈┈┈┈┈┈┈┈┈┈┈┈┈┈┈┈┈┈┈┈┈┈┈┈┈┈┈┈┈┈┈┈┈┈┈┈┈┈┈┈┈┈┈┈┈┈┈┈┈┈┈┈┈
[INFO] [stderr] error[E0308]: mismatched types
[INFO] [stderr]  --> tests/ui/invalid_map_return_type.rs:5:20
[INFO] [stderr]   |
[INFO] [stderr] 5 |     #[br(map = |_| 0u8)]
[INFO] [stderr]   |                    ^^^ expected `i32`, found `u8`
[INFO] [stderr]   |
[INFO] [stderr] help: change the type of the numeric literal from `u8` to `i32`
[INFO] [stderr]   |
[INFO] [stderr] 5 |     #[br(map = |_| 0i32)]
[INFO] [stderr]   |                     ~~~
[INFO] [stderr] 
[INFO] [stderr] warning: this function depends on never type fallback being `()`
[INFO] [stderr]  --> tests/ui/invalid_map_return_type.rs:3:10
[INFO] [stderr]   |
[INFO] [stderr] 3 | #[derive(BinRead)]
[INFO] [stderr]   |          ^^^^^^^
[INFO] [stderr]   |
[INFO] [stderr]   = warning: this was previously accepted by the compiler but is being phased out; it will become a hard error in a future release!
[INFO] [stderr]   = note: for more information, see issue #123748 <https://github.com/rust-lang/rust/issues/123748>
[INFO] [stderr]   = help: specify the types explicitly
[INFO] [stderr] note: in edition 2024, the requirement `!: BinRead` will fail
[INFO] [stderr]  --> tests/ui/invalid_map_return_type.rs:3:10
[INFO] [stderr]   |
[INFO] [stderr] 3 | #[derive(BinRead)]
[INFO] [stderr]   |          ^^^^^^^
[INFO] [stderr]   = note: `#[warn(dependency_on_unit_never_type_fallback)]` on by default
[INFO] [stderr]   = note: this warning originates in the derive macro `BinRead` (in Nightly builds, run with -Z macro-backtrace for more info)
[INFO] [stderr] ┈┈┈┈┈┈┈┈┈┈┈┈┈┈┈┈┈┈┈┈┈┈┈┈┈┈┈┈┈┈┈┈┈┈┈┈┈┈┈┈┈┈┈┈┈┈┈┈┈┈┈┈┈┈┈┈┈┈┈┈
[INFO] [stderr] note: If the actual output is the correct output you can bless it by rerunning
[INFO] [stderr]       your test with the environment variable TRYBUILD=overwrite
[INFO] [stderr] 
[INFO] [stderr] test tests/ui/invalid_offset_type.rs ... mismatch
[INFO] [stderr] 
[INFO] [stderr] EXPECTED:
[INFO] [stderr] ┈┈┈┈┈┈┈┈┈┈┈┈┈┈┈┈┈┈┈┈┈┈┈┈┈┈┈┈┈┈┈┈┈┈┈┈┈┈┈┈┈┈┈┈┈┈┈┈┈┈┈┈┈┈┈┈┈┈┈┈
[INFO] [stderr] error[E0308]: mismatched types
[INFO] [stderr]  --> $DIR/invalid_offset_type.rs:6:19
[INFO] [stderr]   |
[INFO] [stderr] 6 |     #[br(offset = a)]
[INFO] [stderr]   |                   ^ expected `u64`, found `u8`
[INFO] [stderr]   |
[INFO] [stderr] note: return type inferred to be `u64` here
[INFO] [stderr]  --> $DIR/invalid_offset_type.rs:3:10
[INFO] [stderr]   |
[INFO] [stderr] 3 | #[derive(BinRead)]
[INFO] [stderr]   |          ^^^^^^^
[INFO] [stderr] 
[INFO] [stderr] error[E0308]: mismatched types
[INFO] [stderr]  --> $DIR/invalid_offset_type.rs:8:25
[INFO] [stderr]   |
[INFO] [stderr] 8 |     #[br(offset_after = d)]
[INFO] [stderr]   |                         ^ expected `u64`, found `u8`
[INFO] [stderr]   |
[INFO] [stderr] note: return type inferred to be `u64` here
[INFO] [stderr]  --> $DIR/invalid_offset_type.rs:3:10
[INFO] [stderr]   |
[INFO] [stderr] 3 | #[derive(BinRead)]
[INFO] [stderr]   |          ^^^^^^^
[INFO] [stderr] ┈┈┈┈┈┈┈┈┈┈┈┈┈┈┈┈┈┈┈┈┈┈┈┈┈┈┈┈┈┈┈┈┈┈┈┈┈┈┈┈┈┈┈┈┈┈┈┈┈┈┈┈┈┈┈┈┈┈┈┈
[INFO] [stderr] 
[INFO] [stderr] ACTUAL OUTPUT:
[INFO] [stderr] ┈┈┈┈┈┈┈┈┈┈┈┈┈┈┈┈┈┈┈┈┈┈┈┈┈┈┈┈┈┈┈┈┈┈┈┈┈┈┈┈┈┈┈┈┈┈┈┈┈┈┈┈┈┈┈┈┈┈┈┈
[INFO] [stderr] error[E0308]: mismatched types
[INFO] [stderr]  --> tests/ui/invalid_offset_type.rs:6:19
[INFO] [stderr]   |
[INFO] [stderr] 3 | #[derive(BinRead)]
[INFO] [stderr]   |          ------- expected due to the type of this binding
[INFO] [stderr] ...
[INFO] [stderr] 6 |     #[br(offset = a)]
[INFO] [stderr]   |                   ^ expected `u64`, found `u8`
[INFO] [stderr] 
[INFO] [stderr] error[E0308]: mismatched types
[INFO] [stderr]  --> tests/ui/invalid_offset_type.rs:8:25
[INFO] [stderr]   |
[INFO] [stderr] 3 | #[derive(BinRead)]
[INFO] [stderr]   |          ------- expected due to the type of this binding
[INFO] [stderr] ...
[INFO] [stderr] 8 |     #[br(offset_after = d)]
[INFO] [stderr]   |                         ^ expected `u64`, found `u8`
[INFO] [stderr] ┈┈┈┈┈┈┈┈┈┈┈┈┈┈┈┈┈┈┈┈┈┈┈┈┈┈┈┈┈┈┈┈┈┈┈┈┈┈┈┈┈┈┈┈┈┈┈┈┈┈┈┈┈┈┈┈┈┈┈┈
[INFO] [stderr] note: If the actual output is the correct output you can bless it by rerunning
[INFO] [stderr]       your test with the environment variable TRYBUILD=overwrite
[INFO] [stderr] 
[INFO] [stderr] test tests/ui/invalid_parse_with_fn.rs ... ok
[INFO] [stderr] test tests/ui/invalid_try_map_return_type.rs ... mismatch
[INFO] [stderr] 
[INFO] [stderr] EXPECTED:
[INFO] [stderr] ┈┈┈┈┈┈┈┈┈┈┈┈┈┈┈┈┈┈┈┈┈┈┈┈┈┈┈┈┈┈┈┈┈┈┈┈┈┈┈┈┈┈┈┈┈┈┈┈┈┈┈┈┈┈┈┈┈┈┈┈
[INFO] [stderr] error[E0308]: mismatched types
[INFO] [stderr]  --> $DIR/invalid_try_map_return_type.rs:5:24
[INFO] [stderr]   |
[INFO] [stderr] 5 |     #[br(try_map = |_| 0)]
[INFO] [stderr]   |                        ^ expected enum `Result`, found integer
[INFO] [stderr]   |
[INFO] [stderr]   = note: expected enum `Result<i32, _>`
[INFO] [stderr]              found type `{integer}`
[INFO] [stderr] help: try using a variant of the expected enum
[INFO] [stderr]   |
[INFO] [stderr] 5 |     #[br(try_map = |_| Ok(0))]
[INFO] [stderr]   |                        ~~~~~
[INFO] [stderr] 5 |     #[br(try_map = |_| Err(0))]
[INFO] [stderr]   |                        ~~~~~~
[INFO] [stderr] ┈┈┈┈┈┈┈┈┈┈┈┈┈┈┈┈┈┈┈┈┈┈┈┈┈┈┈┈┈┈┈┈┈┈┈┈┈┈┈┈┈┈┈┈┈┈┈┈┈┈┈┈┈┈┈┈┈┈┈┈
[INFO] [stderr] 
[INFO] [stderr] ACTUAL OUTPUT:
[INFO] [stderr] ┈┈┈┈┈┈┈┈┈┈┈┈┈┈┈┈┈┈┈┈┈┈┈┈┈┈┈┈┈┈┈┈┈┈┈┈┈┈┈┈┈┈┈┈┈┈┈┈┈┈┈┈┈┈┈┈┈┈┈┈
[INFO] [stderr] error[E0308]: mismatched types
[INFO] [stderr]  --> tests/ui/invalid_try_map_return_type.rs:5:24
[INFO] [stderr]   |
[INFO] [stderr] 5 |     #[br(try_map = |_| 0)]
[INFO] [stderr]   |                        ^ expected `Result<i32, _>`, found integer
[INFO] [stderr]   |
[INFO] [stderr]   = note: expected enum `Result<i32, _>`
[INFO] [stderr]              found type `{integer}`
[INFO] [stderr] help: try wrapping the expression in a variant of `Result`
[INFO] [stderr]   |
[INFO] [stderr] 5 |     #[br(try_map = |_| Ok(0))]
[INFO] [stderr]   |                        +++ +
[INFO] [stderr] 5 |     #[br(try_map = |_| Err(0))]
[INFO] [stderr]   |                        ++++ +
[INFO] [stderr] 
[INFO] [stderr] warning: this function depends on never type fallback being `()`
[INFO] [stderr]  --> tests/ui/invalid_try_map_return_type.rs:3:10
[INFO] [stderr]   |
[INFO] [stderr] 3 | #[derive(BinRead)]
[INFO] [stderr]   |          ^^^^^^^
[INFO] [stderr]   |
[INFO] [stderr]   = warning: this was previously accepted by the compiler but is being phased out; it will become a hard error in a future release!
[INFO] [stderr]   = note: for more information, see issue #123748 <https://github.com/rust-lang/rust/issues/123748>
[INFO] [stderr]   = help: specify the types explicitly
[INFO] [stderr] note: in edition 2024, the requirement `!: BinRead` will fail
[INFO] [stderr]  --> tests/ui/invalid_try_map_return_type.rs:3:10
[INFO] [stderr]   |
[INFO] [stderr] 3 | #[derive(BinRead)]
[INFO] [stderr]   |          ^^^^^^^
[INFO] [stderr]   = note: `#[warn(dependency_on_unit_never_type_fallback)]` on by default
[INFO] [stderr]   = note: this warning originates in the derive macro `BinRead` (in Nightly builds, run with -Z macro-backtrace for more info)
[INFO] [stderr] ┈┈┈┈┈┈┈┈┈┈┈┈┈┈┈┈┈┈┈┈┈┈┈┈┈┈┈┈┈┈┈┈┈┈┈┈┈┈┈┈┈┈┈┈┈┈┈┈┈┈┈┈┈┈┈┈┈┈┈┈
[INFO] [stderr] note: If the actual output is the correct output you can bless it by rerunning
[INFO] [stderr]       your test with the environment variable TRYBUILD=overwrite
[INFO] [stderr] 
[INFO] [stderr] test tests/ui/magic_conflict.rs ... ok
[INFO] [stderr] test tests/ui/non_blocking_errors.rs ... ok
[INFO] [stderr] test tests/ui/repr_magic_conflict.rs ... ok
[INFO] [stderr] test tests/ui/unsupported_type_enum.rs ... ok
[INFO] [stderr] test tests/ui/unsupported_type_union.rs ... ok
[INFO] [stderr] 
[INFO] [stderr] 
[INFO] [stdout] test ui ... FAILED
[INFO] [stdout] 
[INFO] [stdout] failures:
[INFO] [stdout] 
[INFO] [stdout] ---- ui stdout ----
[INFO] [stdout] thread 'ui' panicked at /opt/rustwide/cargo-home/registry/src/index.crates.io-6f17d22bba15001f/trybuild-1.0.101/src/run.rs:101:13:
[INFO] [stdout] 5 of 33 tests failed
[INFO] [stdout] stack backtrace:
[INFO] [stdout]    0:     0x5d4e7447c36a - std::backtrace_rs::backtrace::libunwind::trace::h207520d6e9873551
[INFO] [stdout]                                at /rustc/df4ca44d3fbc9301ee17f30f4d474e6ae4b05252/library/std/src/../../backtrace/src/backtrace/libunwind.rs:116:5
[INFO] [stdout]    1:     0x5d4e7447c36a - std::backtrace_rs::backtrace::trace_unsynchronized::h2ed7433f370e3eca
[INFO] [stdout]                                at /rustc/df4ca44d3fbc9301ee17f30f4d474e6ae4b05252/library/std/src/../../backtrace/src/backtrace/mod.rs:66:5
[INFO] [stdout]    2:     0x5d4e7447c36a - std::sys::backtrace::_print_fmt::h916fac51166b18d7
[INFO] [stdout]                                at /rustc/df4ca44d3fbc9301ee17f30f4d474e6ae4b05252/library/std/src/sys/backtrace.rs:66:9
[INFO] [stdout]    3:     0x5d4e7447c36a - <std::sys::backtrace::BacktraceLock::print::DisplayBacktrace as core::fmt::Display>::fmt::ha0a4c9b8ce3802e6
[INFO] [stdout]                                at /rustc/df4ca44d3fbc9301ee17f30f4d474e6ae4b05252/library/std/src/sys/backtrace.rs:39:26
[INFO] [stdout]    4:     0x5d4e744a6813 - core::fmt::rt::Argument::fmt::h4cfc8587d52b3eb5
[INFO] [stdout]                                at /rustc/df4ca44d3fbc9301ee17f30f4d474e6ae4b05252/library/core/src/fmt/rt.rs:177:76
[INFO] [stdout]    5:     0x5d4e744a6813 - core::fmt::write::h522cc39e5b36ae9f
[INFO] [stdout]                                at /rustc/df4ca44d3fbc9301ee17f30f4d474e6ae4b05252/library/core/src/fmt/mod.rs:1190:21
[INFO] [stdout]    6:     0x5d4e744783a3 - std::io::Write::write_fmt::h7d3c26752da97734
[INFO] [stdout]                                at /rustc/df4ca44d3fbc9301ee17f30f4d474e6ae4b05252/library/std/src/io/mod.rs:1839:15
[INFO] [stdout]    7:     0x5d4e7447c1b2 - std::sys::backtrace::BacktraceLock::print::h4b9e00b29e9c0942
[INFO] [stdout]                                at /rustc/df4ca44d3fbc9301ee17f30f4d474e6ae4b05252/library/std/src/sys/backtrace.rs:42:9
[INFO] [stdout]    8:     0x5d4e7447ddfa - std::panicking::default_hook::{{closure}}::hb59b88280d0324d9
[INFO] [stdout]                                at /rustc/df4ca44d3fbc9301ee17f30f4d474e6ae4b05252/library/std/src/panicking.rs:268:22
[INFO] [stdout]    9:     0x5d4e7447dc04 - std::panicking::default_hook::he1dd496665be4a29
[INFO] [stdout]                                at /rustc/df4ca44d3fbc9301ee17f30f4d474e6ae4b05252/library/std/src/panicking.rs:292:9
[INFO] [stdout]   10:     0x5d4e744448f9 - <alloc::boxed::Box<F,A> as core::ops::function::Fn<Args>>::call::h4ff71de18744e1dc
[INFO] [stdout]                                at /rustc/df4ca44d3fbc9301ee17f30f4d474e6ae4b05252/library/alloc/src/boxed.rs:2468:9
[INFO] [stdout]   11:     0x5d4e744448f9 - test::test_main::{{closure}}::hcf7c055ce117aa81
[INFO] [stdout]                                at /rustc/df4ca44d3fbc9301ee17f30f4d474e6ae4b05252/library/test/src/lib.rs:133:21
[INFO] [stdout]   12:     0x5d4e7447e4f8 - <alloc::boxed::Box<F,A> as core::ops::function::Fn<Args>>::call::h1d66c6bbd60c9692
[INFO] [stdout]                                at /rustc/df4ca44d3fbc9301ee17f30f4d474e6ae4b05252/library/alloc/src/boxed.rs:2468:9
[INFO] [stdout]   13:     0x5d4e7447e4f8 - std::panicking::rust_panic_with_hook::h2ff17fe8f26dfcf8
[INFO] [stdout]                                at /rustc/df4ca44d3fbc9301ee17f30f4d474e6ae4b05252/library/std/src/panicking.rs:809:13
[INFO] [stdout]   14:     0x5d4e7447e2ba - std::panicking::begin_panic_handler::{{closure}}::h4fad77951c07e101
[INFO] [stdout]                                at /rustc/df4ca44d3fbc9301ee17f30f4d474e6ae4b05252/library/std/src/panicking.rs:674:13
[INFO] [stdout]   15:     0x5d4e7447c849 - std::sys::backtrace::__rust_end_short_backtrace::hb1a25b3da5d0ea08
[INFO] [stdout]                                at /rustc/df4ca44d3fbc9301ee17f30f4d474e6ae4b05252/library/std/src/sys/backtrace.rs:170:18
[INFO] [stdout]   16:     0x5d4e7447df4c - rust_begin_unwind
[INFO] [stdout]                                at /rustc/df4ca44d3fbc9301ee17f30f4d474e6ae4b05252/library/std/src/panicking.rs:665:5
[INFO] [stdout]   17:     0x5d4e744a4bc0 - core::panicking::panic_fmt::ha9db07b529f9b256
[INFO] [stdout]                                at /rustc/df4ca44d3fbc9301ee17f30f4d474e6ae4b05252/library/core/src/panicking.rs:75:14
[INFO] [stdout]   18:     0x5d4e74223d1f - trybuild::run::<impl trybuild::Runner>::run::h1ba9e629efd84a18
[INFO] [stdout]                                at /opt/rustwide/cargo-home/registry/src/index.crates.io-6f17d22bba15001f/trybuild-1.0.101/src/run.rs:101:13
[INFO] [stdout]   19:     0x5d4e74229238 - <trybuild::TestCases as core::ops::drop::Drop>::drop::h56ae58aa76605fdc
[INFO] [stdout]                                at /opt/rustwide/cargo-home/registry/src/index.crates.io-6f17d22bba15001f/trybuild-1.0.101/src/lib.rs:340:13
[INFO] [stdout]   20:     0x5d4e74155477 - core::ptr::drop_in_place<trybuild::TestCases>::h02ea589aa3b79d1c
[INFO] [stdout]                                at /rustc/df4ca44d3fbc9301ee17f30f4d474e6ae4b05252/library/core/src/ptr/mod.rs:521:1
[INFO] [stdout]   21:     0x5d4e74155bc3 - ui::ui::hc33ca0e334885a5d
[INFO] [stdout]                                at /opt/rustwide/workdir/tests/ui.rs:13:1
[INFO] [stdout]   22:     0x5d4e74155b57 - ui::ui::{{closure}}::hf4da23dd26d52f01
[INFO] [stdout]                                at /opt/rustwide/workdir/tests/ui.rs:10:8
[INFO] [stdout]   23:     0x5d4e741553d6 - core::ops::function::FnOnce::call_once::h05e10dde64216459
[INFO] [stdout]                                at /rustc/df4ca44d3fbc9301ee17f30f4d474e6ae4b05252/library/core/src/ops/function.rs:250:5
[INFO] [stdout]   24:     0x5d4e744491cb - core::ops::function::FnOnce::call_once::h22c3ba5715e93f05
[INFO] [stdout]                                at /rustc/df4ca44d3fbc9301ee17f30f4d474e6ae4b05252/library/core/src/ops/function.rs:250:5
[INFO] [stdout]   25:     0x5d4e744491cb - test::__rust_begin_short_backtrace::h8e82d8113d0da17f
[INFO] [stdout]                                at /rustc/df4ca44d3fbc9301ee17f30f4d474e6ae4b05252/library/test/src/lib.rs:621:18
[INFO] [stdout]   26:     0x5d4e74448b47 - test::run_test_in_process::{{closure}}::h33235f4f20b7b7c7
[INFO] [stdout]                                at /rustc/df4ca44d3fbc9301ee17f30f4d474e6ae4b05252/library/test/src/lib.rs:644:60
[INFO] [stdout]   27:     0x5d4e74448b47 - <core::panic::unwind_safe::AssertUnwindSafe<F> as core::ops::function::FnOnce<()>>::call_once::hb5043206310c586f
[INFO] [stdout]                                at /rustc/df4ca44d3fbc9301ee17f30f4d474e6ae4b05252/library/core/src/panic/unwind_safe.rs:272:9
[INFO] [stdout]   28:     0x5d4e74448b47 - std::panicking::try::do_call::h9ad4731a60ab23e2
[INFO] [stdout]                                at /rustc/df4ca44d3fbc9301ee17f30f4d474e6ae4b05252/library/std/src/panicking.rs:557:40
[INFO] [stdout]   29:     0x5d4e74448b47 - std::panicking::try::h3824d23db772a716
[INFO] [stdout]                                at /rustc/df4ca44d3fbc9301ee17f30f4d474e6ae4b05252/library/std/src/panicking.rs:520:19
[INFO] [stdout]   30:     0x5d4e74448b47 - std::panic::catch_unwind::h5afd514605fde46b
[INFO] [stdout]                                at /rustc/df4ca44d3fbc9301ee17f30f4d474e6ae4b05252/library/std/src/panic.rs:358:14
[INFO] [stdout]   31:     0x5d4e74448b47 - test::run_test_in_process::h0d5cbfa7067d1720
[INFO] [stdout]                                at /rustc/df4ca44d3fbc9301ee17f30f4d474e6ae4b05252/library/test/src/lib.rs:644:27
[INFO] [stdout]   32:     0x5d4e74448b47 - test::run_test::{{closure}}::h708eb8872708115d
[INFO] [stdout]                                at /rustc/df4ca44d3fbc9301ee17f30f4d474e6ae4b05252/library/test/src/lib.rs:565:43
[INFO] [stdout]   33:     0x5d4e7440c264 - test::run_test::{{closure}}::h392c51cee94713ab
[INFO] [stdout]                                at /rustc/df4ca44d3fbc9301ee17f30f4d474e6ae4b05252/library/test/src/lib.rs:595:41
[INFO] [stdout]   34:     0x5d4e7440c264 - std::sys::backtrace::__rust_begin_short_backtrace::h2f40290710935a8b
[INFO] [stdout]                                at /rustc/df4ca44d3fbc9301ee17f30f4d474e6ae4b05252/library/std/src/sys/backtrace.rs:154:18
[INFO] [stdout]   35:     0x5d4e7440fa0e - std::thread::Builder::spawn_unchecked_::{{closure}}::{{closure}}::h3fd968d89053a903
[INFO] [stdout]                                at /rustc/df4ca44d3fbc9301ee17f30f4d474e6ae4b05252/library/std/src/thread/mod.rs:541:17
[INFO] [stdout]   36:     0x5d4e7440fa0e - <core::panic::unwind_safe::AssertUnwindSafe<F> as core::ops::function::FnOnce<()>>::call_once::h743f637ba4229880
[INFO] [stdout]                                at /rustc/df4ca44d3fbc9301ee17f30f4d474e6ae4b05252/library/core/src/panic/unwind_safe.rs:272:9
[INFO] [stdout]   37:     0x5d4e7440fa0e - std::panicking::try::do_call::h07440897322525a6
[INFO] [stdout]                                at /rustc/df4ca44d3fbc9301ee17f30f4d474e6ae4b05252/library/std/src/panicking.rs:557:40
[INFO] [stdout]   38:     0x5d4e7440fa0e - std::panicking::try::he5a2e00188156637
[INFO] [stdout]                                at /rustc/df4ca44d3fbc9301ee17f30f4d474e6ae4b05252/library/std/src/panicking.rs:520:19
[INFO] [stdout]   39:     0x5d4e7440fa0e - std::panic::catch_unwind::hbaf3cae49b3c6433
[INFO] [stdout]                                at /rustc/df4ca44d3fbc9301ee17f30f4d474e6ae4b05252/library/std/src/panic.rs:358:14
[INFO] [stdout]   40:     0x5d4e7440fa0e - std::thread::Builder::spawn_unchecked_::{{closure}}::h8e141ea224820bce
[INFO] [stdout]                                at /rustc/df4ca44d3fbc9301ee17f30f4d474e6ae4b05252/library/std/src/thread/mod.rs:540:30
[INFO] [stdout]   41:     0x5d4e7440fa0e - core::ops::function::FnOnce::call_once{{vtable.shim}}::h90d312fedd7b8ea8
[INFO] [stdout]                                at /rustc/df4ca44d3fbc9301ee17f30f4d474e6ae4b05252/library/core/src/ops/function.rs:250:5
[INFO] [stdout]   42:     0x5d4e744832bb - <alloc::boxed::Box<F,A> as core::ops::function::FnOnce<Args>>::call_once::h69aa08ddb6adb8b6
[INFO] [stdout]                                at /rustc/df4ca44d3fbc9301ee17f30f4d474e6ae4b05252/library/alloc/src/boxed.rs:2454:9
[INFO] [stdout]   43:     0x5d4e744832bb - <alloc::boxed::Box<F,A> as core::ops::function::FnOnce<Args>>::call_once::h5aa36efdb79c806f
[INFO] [stdout]                                at /rustc/df4ca44d3fbc9301ee17f30f4d474e6ae4b05252/library/alloc/src/boxed.rs:2454:9
[INFO] [stdout]   44:     0x5d4e744832bb - std::sys::pal::unix::thread::Thread::new::thread_start::h6cd80a1b4be5158d
[INFO] [stdout]                                at /rustc/df4ca44d3fbc9301ee17f30f4d474e6ae4b05252/library/std/src/sys/pal/unix/thread.rs:105:17
[INFO] [stdout]   45:     0x7e7830febac3 - <unknown>
[INFO] [stdout]   46:     0x7e783107ca04 - clone
[INFO] [stdout]   47:                0x0 - <unknown>
[INFO] [stdout] 
[INFO] [stdout] 
[INFO] [stdout] failures:
[INFO] [stdout]     ui
[INFO] [stdout] 
[INFO] [stdout] test result: FAILED. 0 passed; 1 failed; 0 ignored; 0 measured; 0 filtered out; finished in 7.05s
[INFO] [stdout] 
[INFO] [stderr] error: test failed, to rerun pass `--test ui`
[INFO] running `Command { std: "docker" "inspect" "100aa338960e28db461c0980e3a5c42b638e66e6a9a3eaecd7a08c6cb0fdb891", kill_on_drop: false }`
[INFO] running `Command { std: "docker" "rm" "-f" "100aa338960e28db461c0980e3a5c42b638e66e6a9a3eaecd7a08c6cb0fdb891", kill_on_drop: false }`
[INFO] [stdout] 100aa338960e28db461c0980e3a5c42b638e66e6a9a3eaecd7a08c6cb0fdb891
