[INFO] fetching crate binarycookies 0.1.2...
[INFO] testing binarycookies-0.1.2 against nightly-2024-10-28 for randomize-layout
[INFO] extracting crate binarycookies 0.1.2 into /workspace/builds/worker-4-tc1/source
[INFO] validating manifest of crates.io crate binarycookies 0.1.2 on toolchain nightly-2024-10-28
[INFO] running `Command { std: CARGO_HOME="/workspace/cargo-home" RUSTUP_HOME="/workspace/rustup-home" "/workspace/cargo-home/bin/cargo" "+nightly-2024-10-28" "metadata" "--manifest-path" "Cargo.toml" "--no-deps", kill_on_drop: false }`
[INFO] started tweaking crates.io crate binarycookies 0.1.2
[INFO] finished tweaking crates.io crate binarycookies 0.1.2
[INFO] tweaked toml for crates.io crate binarycookies 0.1.2 written to /workspace/builds/worker-4-tc1/source/Cargo.toml
[INFO] running `Command { std: CARGO_HOME="/workspace/cargo-home" RUSTUP_HOME="/workspace/rustup-home" "/workspace/cargo-home/bin/cargo" "+nightly-2024-10-28" "generate-lockfile" "--manifest-path" "Cargo.toml", kill_on_drop: false }`
[INFO] running `Command { std: CARGO_HOME="/workspace/cargo-home" RUSTUP_HOME="/workspace/rustup-home" "/workspace/cargo-home/bin/cargo" "+nightly-2024-10-28" "fetch" "--manifest-path" "Cargo.toml", kill_on_drop: false }`
[INFO] running `Command { std: "docker" "create" "-v" "/var/lib/crater-agent-workspace/builds/worker-4-tc1/target:/opt/rustwide/target:rw,Z" "-v" "/var/lib/crater-agent-workspace/builds/worker-4-tc1/source:/opt/rustwide/workdir:ro,Z" "-v" "/var/lib/crater-agent-workspace/cargo-home:/opt/rustwide/cargo-home:ro,Z" "-v" "/var/lib/crater-agent-workspace/rustup-home:/opt/rustwide/rustup-home:ro,Z" "-e" "SOURCE_DIR=/opt/rustwide/workdir" "-e" "CARGO_TARGET_DIR=/opt/rustwide/target" "-e" "CARGO_HOME=/opt/rustwide/cargo-home" "-e" "RUSTUP_HOME=/opt/rustwide/rustup-home" "-w" "/opt/rustwide/workdir" "-m" "1610612736" "--user" "0:0" "--network" "none" "ghcr.io/rust-lang/crates-build-env/linux@sha256:4a844ea9eb2546a2d2c7022eacef16ef2e8229c7fbb2c7d4d55a9ceca922f72d" "/opt/rustwide/cargo-home/bin/cargo" "+nightly-2024-10-28" "metadata" "--no-deps" "--format-version=1", kill_on_drop: false }`
[INFO] [stdout] fb0f81b60ae4a37d6217556993dad81cf52e94a89a3bfe06947ef6bb9e248bec
[INFO] running `Command { std: "docker" "start" "-a" "fb0f81b60ae4a37d6217556993dad81cf52e94a89a3bfe06947ef6bb9e248bec", kill_on_drop: false }`
[INFO] running `Command { std: "docker" "inspect" "fb0f81b60ae4a37d6217556993dad81cf52e94a89a3bfe06947ef6bb9e248bec", kill_on_drop: false }`
[INFO] running `Command { std: "docker" "rm" "-f" "fb0f81b60ae4a37d6217556993dad81cf52e94a89a3bfe06947ef6bb9e248bec", kill_on_drop: false }`
[INFO] [stdout] fb0f81b60ae4a37d6217556993dad81cf52e94a89a3bfe06947ef6bb9e248bec
[INFO] running `Command { std: "docker" "create" "-v" "/var/lib/crater-agent-workspace/builds/worker-4-tc1/target:/opt/rustwide/target:rw,Z" "-v" "/var/lib/crater-agent-workspace/builds/worker-4-tc1/source:/opt/rustwide/workdir:ro,Z" "-v" "/var/lib/crater-agent-workspace/cargo-home:/opt/rustwide/cargo-home:ro,Z" "-v" "/var/lib/crater-agent-workspace/rustup-home:/opt/rustwide/rustup-home:ro,Z" "-e" "SOURCE_DIR=/opt/rustwide/workdir" "-e" "CARGO_TARGET_DIR=/opt/rustwide/target" "-e" "CARGO_INCREMENTAL=0" "-e" "RUST_BACKTRACE=full" "-e" "RUSTFLAGS=--cap-lints=forbid" "-e" "RUSTDOCFLAGS=--cap-lints=forbid" "-e" "CARGO_HOME=/opt/rustwide/cargo-home" "-e" "RUSTUP_HOME=/opt/rustwide/rustup-home" "-w" "/opt/rustwide/workdir" "-m" "1610612736" "--user" "0:0" "--network" "none" "ghcr.io/rust-lang/crates-build-env/linux@sha256:4a844ea9eb2546a2d2c7022eacef16ef2e8229c7fbb2c7d4d55a9ceca922f72d" "/opt/rustwide/cargo-home/bin/cargo" "+nightly-2024-10-28" "build" "--frozen" "--message-format=json", kill_on_drop: false }`
[INFO] [stdout] 1aa251e31a13da4fd14a9e272638df22fd5cd58101f934a103c8368aa0f93aaf
[INFO] running `Command { std: "docker" "start" "-a" "1aa251e31a13da4fd14a9e272638df22fd5cd58101f934a103c8368aa0f93aaf", kill_on_drop: false }`
[INFO] [stderr]    Compiling binarycookies v0.1.2 (/opt/rustwide/workdir)
[INFO] [stderr]     Finished `dev` profile [unoptimized + debuginfo] target(s) in 0.27s
[INFO] running `Command { std: "docker" "inspect" "1aa251e31a13da4fd14a9e272638df22fd5cd58101f934a103c8368aa0f93aaf", kill_on_drop: false }`
[INFO] running `Command { std: "docker" "rm" "-f" "1aa251e31a13da4fd14a9e272638df22fd5cd58101f934a103c8368aa0f93aaf", kill_on_drop: false }`
[INFO] [stdout] 1aa251e31a13da4fd14a9e272638df22fd5cd58101f934a103c8368aa0f93aaf
[INFO] running `Command { std: "docker" "create" "-v" "/var/lib/crater-agent-workspace/builds/worker-4-tc1/target:/opt/rustwide/target:rw,Z" "-v" "/var/lib/crater-agent-workspace/builds/worker-4-tc1/source:/opt/rustwide/workdir:ro,Z" "-v" "/var/lib/crater-agent-workspace/cargo-home:/opt/rustwide/cargo-home:ro,Z" "-v" "/var/lib/crater-agent-workspace/rustup-home:/opt/rustwide/rustup-home:ro,Z" "-e" "SOURCE_DIR=/opt/rustwide/workdir" "-e" "CARGO_TARGET_DIR=/opt/rustwide/target" "-e" "CARGO_INCREMENTAL=0" "-e" "RUST_BACKTRACE=full" "-e" "RUSTFLAGS=--cap-lints=forbid" "-e" "RUSTDOCFLAGS=--cap-lints=forbid" "-e" "CARGO_HOME=/opt/rustwide/cargo-home" "-e" "RUSTUP_HOME=/opt/rustwide/rustup-home" "-w" "/opt/rustwide/workdir" "-m" "1610612736" "--user" "0:0" "--network" "none" "ghcr.io/rust-lang/crates-build-env/linux@sha256:4a844ea9eb2546a2d2c7022eacef16ef2e8229c7fbb2c7d4d55a9ceca922f72d" "/opt/rustwide/cargo-home/bin/cargo" "+nightly-2024-10-28" "test" "--frozen" "--no-run" "--message-format=json", kill_on_drop: false }`
[INFO] [stdout] c850257111576e8da01f47adac63e23d71582cd030da06ac430bf8b3e1a15205
[INFO] running `Command { std: "docker" "start" "-a" "c850257111576e8da01f47adac63e23d71582cd030da06ac430bf8b3e1a15205", kill_on_drop: false }`
[INFO] [stderr]    Compiling binarycookies v0.1.2 (/opt/rustwide/workdir)
[INFO] [stderr]     Finished `test` profile [unoptimized + debuginfo] target(s) in 0.23s
[INFO] running `Command { std: "docker" "inspect" "c850257111576e8da01f47adac63e23d71582cd030da06ac430bf8b3e1a15205", kill_on_drop: false }`
[INFO] running `Command { std: "docker" "rm" "-f" "c850257111576e8da01f47adac63e23d71582cd030da06ac430bf8b3e1a15205", kill_on_drop: false }`
[INFO] [stdout] c850257111576e8da01f47adac63e23d71582cd030da06ac430bf8b3e1a15205
[INFO] running `Command { std: "docker" "create" "-v" "/var/lib/crater-agent-workspace/builds/worker-4-tc1/target:/opt/rustwide/target:rw,Z" "-v" "/var/lib/crater-agent-workspace/builds/worker-4-tc1/source:/opt/rustwide/workdir:ro,Z" "-v" "/var/lib/crater-agent-workspace/cargo-home:/opt/rustwide/cargo-home:ro,Z" "-v" "/var/lib/crater-agent-workspace/rustup-home:/opt/rustwide/rustup-home:ro,Z" "-e" "SOURCE_DIR=/opt/rustwide/workdir" "-e" "CARGO_TARGET_DIR=/opt/rustwide/target" "-e" "CARGO_INCREMENTAL=0" "-e" "RUST_BACKTRACE=full" "-e" "RUSTFLAGS=--cap-lints=forbid" "-e" "RUSTDOCFLAGS=--cap-lints=forbid" "-e" "CARGO_HOME=/opt/rustwide/cargo-home" "-e" "RUSTUP_HOME=/opt/rustwide/rustup-home" "-w" "/opt/rustwide/workdir" "-m" "1610612736" "--user" "0:0" "--network" "none" "ghcr.io/rust-lang/crates-build-env/linux@sha256:4a844ea9eb2546a2d2c7022eacef16ef2e8229c7fbb2c7d4d55a9ceca922f72d" "/opt/rustwide/cargo-home/bin/cargo" "+nightly-2024-10-28" "test" "--frozen", kill_on_drop: false }`
[INFO] [stdout] 16eebc485fec545357d90e877bb17ee36d0aa4b3d7ad2982935bcd779c42996b
[INFO] running `Command { std: "docker" "start" "-a" "16eebc485fec545357d90e877bb17ee36d0aa4b3d7ad2982935bcd779c42996b", kill_on_drop: false }`
[INFO] [stderr]     Finished `test` profile [unoptimized + debuginfo] target(s) in 0.01s
[INFO] [stderr]      Running unittests src/libs.rs (/opt/rustwide/target/debug/deps/binary_cookies-5f31f8a0571dc0d6)
[INFO] [stdout] 
[INFO] [stdout] running 0 tests
[INFO] [stdout] 
[INFO] [stdout] test result: ok. 0 passed; 0 failed; 0 ignored; 0 measured; 0 filtered out; finished in 0.00s
[INFO] [stdout] 
[INFO] [stderr]    Doc-tests binary_cookies
[INFO] [stdout] 
[INFO] [stdout] running 2 tests
[INFO] [stdout] test src/decoder.rs - decoder::BinaryCookiesReader::new (line 28) ... FAILED
[INFO] [stdout] test src/decoder.rs - decoder::BinaryCookiesReader::from_vec (line 65) ... FAILED
[INFO] [stdout] 
[INFO] [stdout] failures:
[INFO] [stdout] 
[INFO] [stdout] ---- src/decoder.rs - decoder::BinaryCookiesReader::new (line 28) stdout ----
[INFO] [stdout] error: expected `{`, found `:`
[INFO] [stdout]  --> src/decoder.rs:32:38
[INFO] [stdout]   |
[INFO] [stdout] 6 | for page in bc_decoder.origin_pages():
[INFO] [stdout]   |                                      ^ expected `{`
[INFO] [stdout] 
[INFO] [stdout] error[E0433]: failed to resolve: use of undeclared type `BinaryCookiesReader`
[INFO] [stdout]  --> src/decoder.rs:30:22
[INFO] [stdout]   |
[INFO] [stdout] 4 | let mut bc_decoder = BinaryCookiesReader::new(&target_file_path).unwrap();
[INFO] [stdout]   |                      ^^^^^^^^^^^^^^^^^^^ use of undeclared type `BinaryCookiesReader`
[INFO] [stdout]   |
[INFO] [stdout] help: consider importing this struct
[INFO] [stdout]   |
[INFO] [stdout] 2 + use binary_cookies::BinaryCookiesReader;
[INFO] [stdout]   |
[INFO] [stdout] 
[INFO] [stdout] error: aborting due to 2 previous errors
[INFO] [stdout] 
[INFO] [stdout] For more information about this error, try `rustc --explain E0433`.
[INFO] [stdout] Couldn't compile the test.
[INFO] [stdout] ---- src/decoder.rs - decoder::BinaryCookiesReader::from_vec (line 65) stdout ----
[INFO] [stdout] error: expected `{`, found `:`
[INFO] [stdout]   --> src/decoder.rs:74:38
[INFO] [stdout]    |
[INFO] [stdout] 11 | for page in bc_decoder.origin_pages():
[INFO] [stdout]    |                                      ^ expected `{`
[INFO] [stdout] 
[INFO] [stdout] error[E0433]: failed to resolve: use of undeclared type `BinaryCookiesReader`
[INFO] [stdout]  --> src/decoder.rs:72:22
[INFO] [stdout]   |
[INFO] [stdout] 9 | let mut bc_decoder = BinaryCookiesReader::from_vec(&buf).unwrap();
[INFO] [stdout]   |                      ^^^^^^^^^^^^^^^^^^^ use of undeclared type `BinaryCookiesReader`
[INFO] [stdout]   |
[INFO] [stdout] help: consider importing this struct
[INFO] [stdout]   |
[INFO] [stdout] 2 + use binary_cookies::BinaryCookiesReader;
[INFO] [stdout]   |
[INFO] [stdout] 
[INFO] [stdout] error[E0599]: no method named `read_to_end` found for enum `Result` in the current scope
[INFO] [stdout]  --> src/decoder.rs:71:11
[INFO] [stdout]   |
[INFO] [stdout] 8 | let _ = f.read_to_end(&mut buf);
[INFO] [stdout]   |           ^^^^^^^^^^^ method not found in `Result<File, Error>`
[INFO] [stdout] 
[INFO] [stdout] error: aborting due to 3 previous errors
[INFO] [stdout] 
[INFO] [stdout] Some errors have detailed explanations: E0433, E0599.
[INFO] [stdout] For more information about an error, try `rustc --explain E0433`.
[INFO] [stdout] Couldn't compile the test.
[INFO] [stdout] 
[INFO] [stdout] failures:
[INFO] [stdout]     src/decoder.rs - decoder::BinaryCookiesReader::from_vec (line 65)
[INFO] [stdout]     src/decoder.rs - decoder::BinaryCookiesReader::new (line 28)
[INFO] [stdout] 
[INFO] [stdout] test result: FAILED. 0 passed; 2 failed; 0 ignored; 0 measured; 0 filtered out; finished in 0.17s
[INFO] [stdout] 
[INFO] [stderr] error: doctest failed, to rerun pass `--doc`
[INFO] running `Command { std: "docker" "inspect" "16eebc485fec545357d90e877bb17ee36d0aa4b3d7ad2982935bcd779c42996b", kill_on_drop: false }`
[INFO] running `Command { std: "docker" "rm" "-f" "16eebc485fec545357d90e877bb17ee36d0aa4b3d7ad2982935bcd779c42996b", kill_on_drop: false }`
[INFO] [stdout] 16eebc485fec545357d90e877bb17ee36d0aa4b3d7ad2982935bcd779c42996b
