[INFO] fetching crate biiter 0.1.0...
[INFO] testing biiter-0.1.0 against nightly-2024-10-28+rustflags=-Zrandomize-layout for randomize-layout
[INFO] extracting crate biiter 0.1.0 into /workspace/builds/worker-4-tc2/source
[INFO] validating manifest of crates.io crate biiter 0.1.0 on toolchain nightly-2024-10-28
[INFO] running `Command { std: CARGO_HOME="/workspace/cargo-home" RUSTUP_HOME="/workspace/rustup-home" "/workspace/cargo-home/bin/cargo" "+nightly-2024-10-28" "metadata" "--manifest-path" "Cargo.toml" "--no-deps", kill_on_drop: false }`
[INFO] started tweaking crates.io crate biiter 0.1.0
[INFO] finished tweaking crates.io crate biiter 0.1.0
[INFO] tweaked toml for crates.io crate biiter 0.1.0 written to /workspace/builds/worker-4-tc2/source/Cargo.toml
[INFO] running `Command { std: CARGO_HOME="/workspace/cargo-home" RUSTUP_HOME="/workspace/rustup-home" "/workspace/cargo-home/bin/cargo" "+nightly-2024-10-28" "generate-lockfile" "--manifest-path" "Cargo.toml", kill_on_drop: false }`
[INFO] running `Command { std: CARGO_HOME="/workspace/cargo-home" RUSTUP_HOME="/workspace/rustup-home" "/workspace/cargo-home/bin/cargo" "+nightly-2024-10-28" "fetch" "--manifest-path" "Cargo.toml", kill_on_drop: false }`
[INFO] running `Command { std: "docker" "create" "-v" "/var/lib/crater-agent-workspace/builds/worker-4-tc2/target:/opt/rustwide/target:rw,Z" "-v" "/var/lib/crater-agent-workspace/builds/worker-4-tc2/source:/opt/rustwide/workdir:ro,Z" "-v" "/var/lib/crater-agent-workspace/cargo-home:/opt/rustwide/cargo-home:ro,Z" "-v" "/var/lib/crater-agent-workspace/rustup-home:/opt/rustwide/rustup-home:ro,Z" "-e" "SOURCE_DIR=/opt/rustwide/workdir" "-e" "CARGO_TARGET_DIR=/opt/rustwide/target" "-e" "CARGO_HOME=/opt/rustwide/cargo-home" "-e" "RUSTUP_HOME=/opt/rustwide/rustup-home" "-w" "/opt/rustwide/workdir" "-m" "1610612736" "--user" "0:0" "--network" "none" "ghcr.io/rust-lang/crates-build-env/linux@sha256:4a844ea9eb2546a2d2c7022eacef16ef2e8229c7fbb2c7d4d55a9ceca922f72d" "/opt/rustwide/cargo-home/bin/cargo" "+nightly-2024-10-28" "metadata" "--no-deps" "--format-version=1", kill_on_drop: false }`
[INFO] [stdout] 84ab3a6c84d71ad7c024bdfe683f313001d2bd5a0844b6eb257388b494cdcb8a
[INFO] running `Command { std: "docker" "start" "-a" "84ab3a6c84d71ad7c024bdfe683f313001d2bd5a0844b6eb257388b494cdcb8a", kill_on_drop: false }`
[INFO] running `Command { std: "docker" "inspect" "84ab3a6c84d71ad7c024bdfe683f313001d2bd5a0844b6eb257388b494cdcb8a", kill_on_drop: false }`
[INFO] running `Command { std: "docker" "rm" "-f" "84ab3a6c84d71ad7c024bdfe683f313001d2bd5a0844b6eb257388b494cdcb8a", kill_on_drop: false }`
[INFO] [stdout] 84ab3a6c84d71ad7c024bdfe683f313001d2bd5a0844b6eb257388b494cdcb8a
[INFO] running `Command { std: "docker" "create" "-v" "/var/lib/crater-agent-workspace/builds/worker-4-tc2/target:/opt/rustwide/target:rw,Z" "-v" "/var/lib/crater-agent-workspace/builds/worker-4-tc2/source:/opt/rustwide/workdir:ro,Z" "-v" "/var/lib/crater-agent-workspace/cargo-home:/opt/rustwide/cargo-home:ro,Z" "-v" "/var/lib/crater-agent-workspace/rustup-home:/opt/rustwide/rustup-home:ro,Z" "-e" "SOURCE_DIR=/opt/rustwide/workdir" "-e" "CARGO_TARGET_DIR=/opt/rustwide/target" "-e" "CARGO_INCREMENTAL=0" "-e" "RUST_BACKTRACE=full" "-e" "RUSTFLAGS=--cap-lints=forbid -Zrandomize-layout" "-e" "RUSTDOCFLAGS=--cap-lints=forbid" "-e" "CARGO_HOME=/opt/rustwide/cargo-home" "-e" "RUSTUP_HOME=/opt/rustwide/rustup-home" "-w" "/opt/rustwide/workdir" "-m" "1610612736" "--user" "0:0" "--network" "none" "ghcr.io/rust-lang/crates-build-env/linux@sha256:4a844ea9eb2546a2d2c7022eacef16ef2e8229c7fbb2c7d4d55a9ceca922f72d" "/opt/rustwide/cargo-home/bin/cargo" "+nightly-2024-10-28" "build" "--frozen" "--message-format=json", kill_on_drop: false }`
[INFO] [stdout] 317a7a16b68fd468be549f3674a0d8b21069b7b8e5bf6bed8ebe07b247dac416
[INFO] running `Command { std: "docker" "start" "-a" "317a7a16b68fd468be549f3674a0d8b21069b7b8e5bf6bed8ebe07b247dac416", kill_on_drop: false }`
[INFO] [stderr]    Compiling biiter v0.1.0 (/opt/rustwide/workdir)
[INFO] [stderr]     Finished `dev` profile [unoptimized + debuginfo] target(s) in 0.09s
[INFO] running `Command { std: "docker" "inspect" "317a7a16b68fd468be549f3674a0d8b21069b7b8e5bf6bed8ebe07b247dac416", kill_on_drop: false }`
[INFO] running `Command { std: "docker" "rm" "-f" "317a7a16b68fd468be549f3674a0d8b21069b7b8e5bf6bed8ebe07b247dac416", kill_on_drop: false }`
[INFO] [stdout] 317a7a16b68fd468be549f3674a0d8b21069b7b8e5bf6bed8ebe07b247dac416
[INFO] running `Command { std: "docker" "create" "-v" "/var/lib/crater-agent-workspace/builds/worker-4-tc2/target:/opt/rustwide/target:rw,Z" "-v" "/var/lib/crater-agent-workspace/builds/worker-4-tc2/source:/opt/rustwide/workdir:ro,Z" "-v" "/var/lib/crater-agent-workspace/cargo-home:/opt/rustwide/cargo-home:ro,Z" "-v" "/var/lib/crater-agent-workspace/rustup-home:/opt/rustwide/rustup-home:ro,Z" "-e" "SOURCE_DIR=/opt/rustwide/workdir" "-e" "CARGO_TARGET_DIR=/opt/rustwide/target" "-e" "CARGO_INCREMENTAL=0" "-e" "RUST_BACKTRACE=full" "-e" "RUSTFLAGS=--cap-lints=forbid -Zrandomize-layout" "-e" "RUSTDOCFLAGS=--cap-lints=forbid" "-e" "CARGO_HOME=/opt/rustwide/cargo-home" "-e" "RUSTUP_HOME=/opt/rustwide/rustup-home" "-w" "/opt/rustwide/workdir" "-m" "1610612736" "--user" "0:0" "--network" "none" "ghcr.io/rust-lang/crates-build-env/linux@sha256:4a844ea9eb2546a2d2c7022eacef16ef2e8229c7fbb2c7d4d55a9ceca922f72d" "/opt/rustwide/cargo-home/bin/cargo" "+nightly-2024-10-28" "test" "--frozen" "--no-run" "--message-format=json", kill_on_drop: false }`
[INFO] [stdout] 29ed660763bce0913873ef44974e541920e6320b53a043fec9a54bb1d384f607
[INFO] running `Command { std: "docker" "start" "-a" "29ed660763bce0913873ef44974e541920e6320b53a043fec9a54bb1d384f607", kill_on_drop: false }`
[INFO] [stderr]    Compiling biiter v0.1.0 (/opt/rustwide/workdir)
[INFO] [stderr]     Finished `test` profile [unoptimized + debuginfo] target(s) in 0.31s
[INFO] running `Command { std: "docker" "inspect" "29ed660763bce0913873ef44974e541920e6320b53a043fec9a54bb1d384f607", kill_on_drop: false }`
[INFO] running `Command { std: "docker" "rm" "-f" "29ed660763bce0913873ef44974e541920e6320b53a043fec9a54bb1d384f607", kill_on_drop: false }`
[INFO] [stdout] 29ed660763bce0913873ef44974e541920e6320b53a043fec9a54bb1d384f607
[INFO] running `Command { std: "docker" "create" "-v" "/var/lib/crater-agent-workspace/builds/worker-4-tc2/target:/opt/rustwide/target:rw,Z" "-v" "/var/lib/crater-agent-workspace/builds/worker-4-tc2/source:/opt/rustwide/workdir:ro,Z" "-v" "/var/lib/crater-agent-workspace/cargo-home:/opt/rustwide/cargo-home:ro,Z" "-v" "/var/lib/crater-agent-workspace/rustup-home:/opt/rustwide/rustup-home:ro,Z" "-e" "SOURCE_DIR=/opt/rustwide/workdir" "-e" "CARGO_TARGET_DIR=/opt/rustwide/target" "-e" "CARGO_INCREMENTAL=0" "-e" "RUST_BACKTRACE=full" "-e" "RUSTFLAGS=--cap-lints=forbid -Zrandomize-layout" "-e" "RUSTDOCFLAGS=--cap-lints=forbid" "-e" "CARGO_HOME=/opt/rustwide/cargo-home" "-e" "RUSTUP_HOME=/opt/rustwide/rustup-home" "-w" "/opt/rustwide/workdir" "-m" "1610612736" "--user" "0:0" "--network" "none" "ghcr.io/rust-lang/crates-build-env/linux@sha256:4a844ea9eb2546a2d2c7022eacef16ef2e8229c7fbb2c7d4d55a9ceca922f72d" "/opt/rustwide/cargo-home/bin/cargo" "+nightly-2024-10-28" "test" "--frozen", kill_on_drop: false }`
[INFO] [stdout] 664d8d1e251a9c8b521657f22c84f71b4bbe4a834a40a35326f266ecbb7cb265
[INFO] running `Command { std: "docker" "start" "-a" "664d8d1e251a9c8b521657f22c84f71b4bbe4a834a40a35326f266ecbb7cb265", kill_on_drop: false }`
[INFO] [stderr]     Finished `test` profile [unoptimized + debuginfo] target(s) in 0.01s
[INFO] [stdout] 
[INFO] [stderr]      Running unittests src/lib.rs (/opt/rustwide/target/debug/deps/biiter-a27350787505b2d4)
[INFO] [stdout] running 0 tests
[INFO] [stderr]    Doc-tests biiter
[INFO] [stdout] 
[INFO] [stdout] test result: ok. 0 passed; 0 failed; 0 ignored; 0 measured; 0 filtered out; finished in 0.00s
[INFO] [stdout] 
[INFO] [stdout] 
[INFO] [stdout] running 3 tests
[INFO] [stdout] test src/lib.rs - BiIterator (line 4) ... FAILED
[INFO] [stdout] test src/lib.rs - BiIterator<T>::position (line 33) ... FAILED
[INFO] [stdout] test src/lib.rs - BiIterator<T>::prev (line 47) ... FAILED
[INFO] [stdout] 
[INFO] [stdout] failures:
[INFO] [stdout] 
[INFO] [stdout] ---- src/lib.rs - BiIterator (line 4) stdout ----
[INFO] [stdout] error[E0432]: unresolved import `algot_framework`
[INFO] [stdout]  --> src/lib.rs:5:5
[INFO] [stdout]   |
[INFO] [stdout] 3 | use algot_framework::BiIterator;
[INFO] [stdout]   |     ^^^^^^^^^^^^^^^ use of undeclared crate or module `algot_framework`
[INFO] [stdout] 
[INFO] [stdout] error: aborting due to 1 previous error
[INFO] [stdout] 
[INFO] [stdout] For more information about this error, try `rustc --explain E0432`.
[INFO] [stdout] Couldn't compile the test.
[INFO] [stdout] ---- src/lib.rs - BiIterator<T>::position (line 33) stdout ----
[INFO] [stdout] error[E0432]: unresolved import `algot_framework`
[INFO] [stdout]  --> src/lib.rs:34:5
[INFO] [stdout]   |
[INFO] [stdout] 3 | use algot_framework::BiIterator;
[INFO] [stdout]   |     ^^^^^^^^^^^^^^^ use of undeclared crate or module `algot_framework`
[INFO] [stdout] 
[INFO] [stdout] error: aborting due to 1 previous error
[INFO] [stdout] 
[INFO] [stdout] For more information about this error, try `rustc --explain E0432`.
[INFO] [stdout] Couldn't compile the test.
[INFO] [stdout] ---- src/lib.rs - BiIterator<T>::prev (line 47) stdout ----
[INFO] [stdout] error[E0432]: unresolved import `algot_framework`
[INFO] [stdout]  --> src/lib.rs:48:5
[INFO] [stdout]   |
[INFO] [stdout] 3 | use algot_framework::BiIterator;
[INFO] [stdout]   |     ^^^^^^^^^^^^^^^ use of undeclared crate or module `algot_framework`
[INFO] [stdout] 
[INFO] [stdout] error: aborting due to 1 previous error
[INFO] [stdout] 
[INFO] [stdout] For more information about this error, try `rustc --explain E0432`.
[INFO] [stdout] Couldn't compile the test.
[INFO] [stdout] 
[INFO] [stdout] failures:
[INFO] [stdout]     src/lib.rs - BiIterator (line 4)
[INFO] [stdout]     src/lib.rs - BiIterator<T>::position (line 33)
[INFO] [stdout]     src/lib.rs - BiIterator<T>::prev (line 47)
[INFO] [stdout] 
[INFO] [stdout] test result: FAILED. 0 passed; 3 failed; 0 ignored; 0 measured; 0 filtered out; finished in 0.12s
[INFO] [stdout] 
[INFO] [stderr] error: doctest failed, to rerun pass `--doc`
[INFO] running `Command { std: "docker" "inspect" "664d8d1e251a9c8b521657f22c84f71b4bbe4a834a40a35326f266ecbb7cb265", kill_on_drop: false }`
[INFO] running `Command { std: "docker" "rm" "-f" "664d8d1e251a9c8b521657f22c84f71b4bbe4a834a40a35326f266ecbb7cb265", kill_on_drop: false }`
[INFO] [stdout] 664d8d1e251a9c8b521657f22c84f71b4bbe4a834a40a35326f266ecbb7cb265
