[INFO] fetching crate bevy_aseprite_ultra 0.2.4...
[INFO] testing bevy_aseprite_ultra-0.2.4 against nightly-2024-10-28+rustflags=-Zrandomize-layout for randomize-layout
[INFO] extracting crate bevy_aseprite_ultra 0.2.4 into /workspace/builds/worker-5-tc2/source
[INFO] validating manifest of crates.io crate bevy_aseprite_ultra 0.2.4 on toolchain nightly-2024-10-28
[INFO] running `Command { std: CARGO_HOME="/workspace/cargo-home" RUSTUP_HOME="/workspace/rustup-home" "/workspace/cargo-home/bin/cargo" "+nightly-2024-10-28" "metadata" "--manifest-path" "Cargo.toml" "--no-deps", kill_on_drop: false }`
[INFO] started tweaking crates.io crate bevy_aseprite_ultra 0.2.4
[INFO] finished tweaking crates.io crate bevy_aseprite_ultra 0.2.4
[INFO] tweaked toml for crates.io crate bevy_aseprite_ultra 0.2.4 written to /workspace/builds/worker-5-tc2/source/Cargo.toml
[INFO] crate crates.io crate bevy_aseprite_ultra 0.2.4 already has a lockfile, it will not be regenerated
[INFO] running `Command { std: CARGO_HOME="/workspace/cargo-home" RUSTUP_HOME="/workspace/rustup-home" "/workspace/cargo-home/bin/cargo" "+nightly-2024-10-28" "fetch" "--manifest-path" "Cargo.toml", kill_on_drop: false }`
[INFO] running `Command { std: "docker" "create" "-v" "/var/lib/crater-agent-workspace/builds/worker-5-tc2/target:/opt/rustwide/target:rw,Z" "-v" "/var/lib/crater-agent-workspace/builds/worker-5-tc2/source:/opt/rustwide/workdir:ro,Z" "-v" "/var/lib/crater-agent-workspace/cargo-home:/opt/rustwide/cargo-home:ro,Z" "-v" "/var/lib/crater-agent-workspace/rustup-home:/opt/rustwide/rustup-home:ro,Z" "-e" "SOURCE_DIR=/opt/rustwide/workdir" "-e" "CARGO_TARGET_DIR=/opt/rustwide/target" "-e" "CARGO_HOME=/opt/rustwide/cargo-home" "-e" "RUSTUP_HOME=/opt/rustwide/rustup-home" "-w" "/opt/rustwide/workdir" "-m" "1610612736" "--user" "0:0" "--network" "none" "ghcr.io/rust-lang/crates-build-env/linux@sha256:4a844ea9eb2546a2d2c7022eacef16ef2e8229c7fbb2c7d4d55a9ceca922f72d" "/opt/rustwide/cargo-home/bin/cargo" "+nightly-2024-10-28" "metadata" "--no-deps" "--format-version=1", kill_on_drop: false }`
[INFO] [stdout] 27b9f3fff065b4cf714dbf35683a763dd937d8ebebaa518352ece8e9b5431a9e
[INFO] running `Command { std: "docker" "start" "-a" "27b9f3fff065b4cf714dbf35683a763dd937d8ebebaa518352ece8e9b5431a9e", kill_on_drop: false }`
[INFO] running `Command { std: "docker" "inspect" "27b9f3fff065b4cf714dbf35683a763dd937d8ebebaa518352ece8e9b5431a9e", kill_on_drop: false }`
[INFO] running `Command { std: "docker" "rm" "-f" "27b9f3fff065b4cf714dbf35683a763dd937d8ebebaa518352ece8e9b5431a9e", kill_on_drop: false }`
[INFO] [stdout] 27b9f3fff065b4cf714dbf35683a763dd937d8ebebaa518352ece8e9b5431a9e
[INFO] running `Command { std: "docker" "create" "-v" "/var/lib/crater-agent-workspace/builds/worker-5-tc2/target:/opt/rustwide/target:rw,Z" "-v" "/var/lib/crater-agent-workspace/builds/worker-5-tc2/source:/opt/rustwide/workdir:ro,Z" "-v" "/var/lib/crater-agent-workspace/cargo-home:/opt/rustwide/cargo-home:ro,Z" "-v" "/var/lib/crater-agent-workspace/rustup-home:/opt/rustwide/rustup-home:ro,Z" "-e" "SOURCE_DIR=/opt/rustwide/workdir" "-e" "CARGO_TARGET_DIR=/opt/rustwide/target" "-e" "CARGO_INCREMENTAL=0" "-e" "RUST_BACKTRACE=full" "-e" "RUSTFLAGS=--cap-lints=forbid -Zrandomize-layout" "-e" "RUSTDOCFLAGS=--cap-lints=forbid" "-e" "CARGO_HOME=/opt/rustwide/cargo-home" "-e" "RUSTUP_HOME=/opt/rustwide/rustup-home" "-w" "/opt/rustwide/workdir" "-m" "1610612736" "--user" "0:0" "--network" "none" "ghcr.io/rust-lang/crates-build-env/linux@sha256:4a844ea9eb2546a2d2c7022eacef16ef2e8229c7fbb2c7d4d55a9ceca922f72d" "/opt/rustwide/cargo-home/bin/cargo" "+nightly-2024-10-28" "build" "--frozen" "--message-format=json", kill_on_drop: false }`
[INFO] [stdout] b5f63d091d1db8c3f01a6c83edc77b94310879bf91d3e9a0a497e69356df6070
[INFO] running `Command { std: "docker" "start" "-a" "b5f63d091d1db8c3f01a6c83edc77b94310879bf91d3e9a0a497e69356df6070", kill_on_drop: false }`
[INFO] [stderr]    Compiling proc-macro2 v1.0.86
[INFO] [stderr]    Compiling unicode-ident v1.0.12
[INFO] [stderr]    Compiling cfg-if v1.0.0
[INFO] [stderr]    Compiling serde v1.0.203
[INFO] [stderr]    Compiling autocfg v1.3.0
[INFO] [stderr]    Compiling libc v0.2.155
[INFO] [stderr]    Compiling version_check v0.9.4
[INFO] [stderr]    Compiling equivalent v1.0.1
[INFO] [stderr]    Compiling once_cell v1.19.0
[INFO] [stderr]    Compiling pin-project-lite v0.2.14
[INFO] [stderr]    Compiling zerocopy v0.7.35
[INFO] [stderr]    Compiling allocator-api2 v0.2.18
[INFO] [stderr]    Compiling crossbeam-utils v0.8.20
[INFO] [stderr]    Compiling hashbrown v0.14.5
[INFO] [stderr]    Compiling ahash v0.8.11
[INFO] [stderr]    Compiling thiserror v1.0.61
[INFO] [stderr]    Compiling winnow v0.6.13
[INFO] [stderr]    Compiling toml_datetime v0.6.6
[INFO] [stderr]    Compiling smallvec v1.13.2
[INFO] [stderr]    Compiling parking v2.2.0
[INFO] [stderr]    Compiling tracing-core v0.1.32
[INFO] [stderr]    Compiling quote v1.0.36
[INFO] [stderr]    Compiling getrandom v0.2.15
[INFO] [stderr]    Compiling indexmap v2.2.6
[INFO] [stderr]    Compiling syn v2.0.68
[INFO] [stderr]    Compiling concurrent-queue v2.5.0
[INFO] [stderr]    Compiling rand_core v0.6.4
[INFO] [stderr]    Compiling rand v0.8.5
[INFO] [stderr]    Compiling futures-core v0.3.30
[INFO] [stderr]    Compiling futures-io v0.3.30
[INFO] [stderr]    Compiling fastrand v2.1.0
[INFO] [stderr]    Compiling thread_local v1.1.8
[INFO] [stderr]    Compiling slab v0.4.9
[INFO] [stderr]    Compiling futures-lite v2.3.0
[INFO] [stderr]    Compiling web-time v1.1.0
[INFO] [stderr]    Compiling async-task v4.7.1
[INFO] [stderr]    Compiling typeid v1.0.0
[INFO] [stderr]    Compiling smol_str v0.2.2
[INFO] [stderr]    Compiling downcast-rs v1.2.1
[INFO] [stderr]    Compiling bevy_ptr v0.14.0
[INFO] [stderr]    Compiling num-traits v0.2.19
[INFO] [stderr]    Compiling fixedbitset v0.4.2
[INFO] [stderr]    Compiling nonmax v0.5.5
[INFO] [stderr]    Compiling fixedbitset v0.5.7
[INFO] [stderr]    Compiling uuid v1.9.1
[INFO] [stderr]    Compiling cfg_aliases v0.1.1
[INFO] [stderr]    Compiling arrayvec v0.7.4
[INFO] [stderr]    Compiling memchr v2.7.4
[INFO] [stderr]    Compiling log v0.4.22
[INFO] [stderr]    Compiling lock_api v0.4.12
[INFO] [stderr]    Compiling toml_edit v0.22.14
[INFO] [stderr]    Compiling parking_lot_core v0.9.10
[INFO] [stderr]    Compiling event-listener v5.3.1
[INFO] [stderr]    Compiling async-executor v1.12.0
[INFO] [stderr]    Compiling termcolor v1.4.1
[INFO] [stderr]    Compiling bit-vec v0.6.3
[INFO] [stderr]    Compiling bevy_tasks v0.14.0
[INFO] [stderr]    Compiling unicode-width v0.1.13
[INFO] [stderr]    Compiling scopeguard v1.2.0
[INFO] [stderr]    Compiling codespan-reporting v0.11.1
[INFO] [stderr]    Compiling aho-corasick v1.1.3
[INFO] [stderr]    Compiling bit-set v0.5.3
[INFO] [stderr]    Compiling event-listener-strategy v0.5.2
[INFO] [stderr]    Compiling unicode-xid v0.2.4
[INFO] [stderr]    Compiling regex-syntax v0.8.4
[INFO] [stderr]    Compiling ash v0.37.3+1.3.251
[INFO] [stderr]    Compiling khronos-egl v6.0.0
[INFO] [stderr]    Compiling hexf-parse v0.2.1
[INFO] [stderr]    Compiling rustc-hash v1.1.0
[INFO] [stderr]    Compiling parking_lot v0.12.3
[INFO] [stderr]    Compiling wgpu-hal v0.21.1
[INFO] [stderr]    Compiling libloading v0.7.4
[INFO] [stderr]    Compiling libloading v0.8.4
[INFO] [stderr]    Compiling cc v1.0.104
[INFO] [stderr]    Compiling atomic-waker v1.1.2
[INFO] [stderr]    Compiling raw-window-handle v0.6.2
[INFO] [stderr]    Compiling piper v0.2.3
[INFO] [stderr]    Compiling async-channel v2.3.1
[INFO] [stderr]    Compiling wgpu-core v0.21.1
[INFO] [stderr]    Compiling crossbeam-channel v0.5.13
[INFO] [stderr]    Compiling profiling v1.0.15
[INFO] [stderr]    Compiling litrs v0.4.1
[INFO] [stderr]    Compiling bevy_macro_utils v0.14.0
[INFO] [stderr]    Compiling encase_derive_impl v0.8.0
[INFO] [stderr]    Compiling blake3 v1.5.1
[INFO] [stderr]    Compiling regex-automata v0.4.7
[INFO] [stderr]    Compiling glow v0.13.1
[INFO] [stderr]    Compiling renderdoc-sys v1.1.0
[INFO] [stderr]    Compiling document-features v0.2.8
[INFO] [stderr]    Compiling blocking v1.6.1
[INFO] [stderr]    Compiling async-lock v3.4.0
[INFO] [stderr]    Compiling wgpu v0.20.1
[INFO] [stderr]    Compiling event-listener v2.5.3
[INFO] [stderr]    Compiling accesskit v0.14.0
[INFO] [stderr]    Compiling arrayref v0.3.7
[INFO] [stderr]    Compiling const_panic v0.2.8
[INFO] [stderr]    Compiling constant_time_eq v0.3.0
[INFO] [stderr]    Compiling base64 v0.21.7
[INFO] [stderr]    Compiling const_soft_float v0.1.4
[INFO] [stderr]    Compiling serde_derive v1.0.203
[INFO] [stderr]    Compiling thiserror-impl v1.0.61
[INFO] [stderr]    Compiling bytemuck_derive v1.7.0
[INFO] [stderr]    Compiling tracing-attributes v0.1.27
[INFO] [stderr]    Compiling bevy_utils_proc_macros v0.14.0
[INFO] [stderr]    Compiling bevy_reflect_derive v0.14.0
[INFO] [stderr]    Compiling bevy_ecs_macros v0.14.0
[INFO] [stderr]    Compiling bevy_derive v0.14.0
[INFO] [stderr]    Compiling bytemuck v1.16.1
[INFO] [stderr]    Compiling regex v1.10.5
[INFO] [stderr]    Compiling tracing v0.1.40
[INFO] [stderr]    Compiling encase_derive v0.8.0
[INFO] [stderr]    Compiling constgebra v0.1.4
[INFO] [stderr]    Compiling bevy_asset_macros v0.14.0
[INFO] [stderr]    Compiling async-fs v2.1.2
[INFO] [stderr]    Compiling async-broadcast v0.5.1
[INFO] [stderr]    Compiling byteorder v1.5.0
[INFO] [stderr]    Compiling static_assertions v1.1.0
[INFO] [stderr]    Compiling const-fnv1a-hash v1.1.0
[INFO] [stderr]    Compiling data-encoding v2.6.0
[INFO] [stderr]    Compiling bevy_render_macros v0.14.0
[INFO] [stderr]    Compiling image v0.25.1
[INFO] [stderr]    Compiling bevy_encase_derive v0.14.0
[INFO] [stderr]    Compiling ttf-parser v0.24.0
[INFO] [stderr]    Compiling euclid v0.22.10
[INFO] [stderr]    Compiling slotmap v1.0.7
[INFO] [stderr]    Compiling svg_fmt v0.4.3
[INFO] [stderr]    Compiling radsort v0.1.0
[INFO] [stderr]    Compiling regex-syntax v0.6.29
[INFO] [stderr]    Compiling ab_glyph_rasterizer v0.1.8
[INFO] [stderr]    Compiling approx v0.5.1
[INFO] [stderr]    Compiling rectangle-pack v0.4.2
[INFO] [stderr]    Compiling lazy_static v1.5.0
[INFO] [stderr]    Compiling guillotiere v0.6.2
[INFO] [stderr]    Compiling xi-unicode v0.3.0
[INFO] [stderr]    Compiling overload v0.1.1
[INFO] [stderr]    Compiling rustversion v1.0.17
[INFO] [stderr]    Compiling nu-ansi-term v0.46.0
[INFO] [stderr]    Compiling sharded-slab v0.1.7
[INFO] [stderr]    Compiling tracing-log v0.2.0
[INFO] [stderr]    Compiling grid v0.14.0
[INFO] [stderr]    Compiling taffy v0.5.1
[INFO] [stderr]    Compiling adler v1.0.2
[INFO] [stderr]    Compiling heck v0.5.0
[INFO] [stderr]    Compiling miniz_oxide v0.7.4
[INFO] [stderr]    Compiling strum_macros v0.26.4
[INFO] [stderr]    Compiling owned_ttf_parser v0.24.0
[INFO] [stderr]    Compiling ab_glyph v0.2.28
[INFO] [stderr]    Compiling regex-automata v0.1.10
[INFO] [stderr]    Compiling glyph_brush_layout v0.2.4
[INFO] [stderr]    Compiling crc32fast v1.4.2
[INFO] [stderr]    Compiling either v1.13.0
[INFO] [stderr]    Compiling minimal-lexical v0.2.1
[INFO] [stderr]    Compiling anyhow v1.0.86
[INFO] [stderr]    Compiling itertools v0.13.0
[INFO] [stderr]    Compiling nom v7.1.3
[INFO] [stderr]    Compiling flate2 v1.0.30
[INFO] [stderr]    Compiling bitflags v2.6.0
[INFO] [stderr]    Compiling glam v0.27.0
[INFO] [stderr]    Compiling erased-serde v0.4.5
[INFO] [stderr]    Compiling spirv v0.3.0+sdk-1.3.268.0
[INFO] [stderr]    Compiling gpu-alloc-types v0.3.0
[INFO] [stderr]    Compiling gpu-descriptor-types v0.2.0
[INFO] [stderr]    Compiling bevy_utils v0.14.0
[INFO] [stderr]    Compiling wgpu-types v0.20.0
[INFO] [stderr]    Compiling gpu-alloc v0.6.0
[INFO] [stderr]    Compiling gpu-descriptor v0.3.0
[INFO] [stderr]    Compiling petgraph v0.6.5
[INFO] [stderr]    Compiling ron v0.8.1
[INFO] [stderr]    Compiling matchers v0.1.0
[INFO] [stderr]    Compiling tracing-subscriber v0.3.18
[INFO] [stderr]    Compiling strum v0.26.3
[INFO] [stderr]    Compiling aseprite-loader v0.3.0
[INFO] [stderr]    Compiling naga v0.20.0
[INFO] [stderr]    Compiling bevy_reflect v0.14.0
[INFO] [stderr]    Compiling encase v0.8.0
[INFO] [stderr]    Compiling hexasphere v12.0.0
[INFO] [stderr]    Compiling bevy_mikktspace v0.14.0
[INFO] [stderr]    Compiling bevy_ecs v0.14.0
[INFO] [stderr]    Compiling bevy_math v0.14.0
[INFO] [stderr]    Compiling bevy_color v0.14.1
[INFO] [stderr]    Compiling naga_oil v0.14.0
[INFO] [stderr]    Compiling bevy_app v0.14.0
[INFO] [stderr]    Compiling bevy_core v0.14.0
[INFO] [stderr]    Compiling bevy_time v0.14.0
[INFO] [stderr]    Compiling bevy_a11y v0.14.0
[INFO] [stderr]    Compiling bevy_window v0.14.0
[INFO] [stderr]    Compiling bevy_hierarchy v0.14.0
[INFO] [stderr]    Compiling bevy_asset v0.14.0
[INFO] [stderr]    Compiling bevy_diagnostic v0.14.0
[INFO] [stderr]    Compiling bevy_transform v0.14.0
[INFO] [stderr]    Compiling bevy_input v0.14.0
[INFO] [stderr]    Compiling bevy_log v0.14.0
[INFO] [stderr]    Compiling bevy_render v0.14.0
[INFO] [stderr]    Compiling bevy_core_pipeline v0.14.0
[INFO] [stderr]    Compiling bevy_sprite v0.14.0
[INFO] [stderr]    Compiling bevy_text v0.14.0
[INFO] [stderr]    Compiling bevy_ui v0.14.0
[INFO] [stderr]    Compiling bevy_internal v0.14.0
[INFO] [stderr]    Compiling bevy v0.14.0
[INFO] [stderr]    Compiling bevy_aseprite_ultra v0.2.4 (/opt/rustwide/workdir)
[INFO] [stderr]     Finished `dev` profile [unoptimized + debuginfo] target(s) in 5m 00s
[INFO] running `Command { std: "docker" "inspect" "b5f63d091d1db8c3f01a6c83edc77b94310879bf91d3e9a0a497e69356df6070", kill_on_drop: false }`
[INFO] running `Command { std: "docker" "rm" "-f" "b5f63d091d1db8c3f01a6c83edc77b94310879bf91d3e9a0a497e69356df6070", kill_on_drop: false }`
[INFO] [stdout] b5f63d091d1db8c3f01a6c83edc77b94310879bf91d3e9a0a497e69356df6070
[INFO] running `Command { std: "docker" "create" "-v" "/var/lib/crater-agent-workspace/builds/worker-5-tc2/target:/opt/rustwide/target:rw,Z" "-v" "/var/lib/crater-agent-workspace/builds/worker-5-tc2/source:/opt/rustwide/workdir:ro,Z" "-v" "/var/lib/crater-agent-workspace/cargo-home:/opt/rustwide/cargo-home:ro,Z" "-v" "/var/lib/crater-agent-workspace/rustup-home:/opt/rustwide/rustup-home:ro,Z" "-e" "SOURCE_DIR=/opt/rustwide/workdir" "-e" "CARGO_TARGET_DIR=/opt/rustwide/target" "-e" "CARGO_INCREMENTAL=0" "-e" "RUST_BACKTRACE=full" "-e" "RUSTFLAGS=--cap-lints=forbid -Zrandomize-layout" "-e" "RUSTDOCFLAGS=--cap-lints=forbid" "-e" "CARGO_HOME=/opt/rustwide/cargo-home" "-e" "RUSTUP_HOME=/opt/rustwide/rustup-home" "-w" "/opt/rustwide/workdir" "-m" "1610612736" "--user" "0:0" "--network" "none" "ghcr.io/rust-lang/crates-build-env/linux@sha256:4a844ea9eb2546a2d2c7022eacef16ef2e8229c7fbb2c7d4d55a9ceca922f72d" "/opt/rustwide/cargo-home/bin/cargo" "+nightly-2024-10-28" "test" "--frozen" "--no-run" "--message-format=json", kill_on_drop: false }`
[INFO] [stdout] a2aaa2165fee610f848c83a03a01970e73c157e87a1c6b8e58ba752b07eeee0f
[INFO] running `Command { std: "docker" "start" "-a" "a2aaa2165fee610f848c83a03a01970e73c157e87a1c6b8e58ba752b07eeee0f", kill_on_drop: false }`
[INFO] [stderr]    Compiling bevy_aseprite_ultra v0.2.4 (/opt/rustwide/workdir)
[INFO] [stderr]     Finished `test` profile [unoptimized + debuginfo] target(s) in 17.57s
[INFO] running `Command { std: "docker" "inspect" "a2aaa2165fee610f848c83a03a01970e73c157e87a1c6b8e58ba752b07eeee0f", kill_on_drop: false }`
[INFO] running `Command { std: "docker" "rm" "-f" "a2aaa2165fee610f848c83a03a01970e73c157e87a1c6b8e58ba752b07eeee0f", kill_on_drop: false }`
[INFO] [stdout] a2aaa2165fee610f848c83a03a01970e73c157e87a1c6b8e58ba752b07eeee0f
[INFO] running `Command { std: "docker" "create" "-v" "/var/lib/crater-agent-workspace/builds/worker-5-tc2/target:/opt/rustwide/target:rw,Z" "-v" "/var/lib/crater-agent-workspace/builds/worker-5-tc2/source:/opt/rustwide/workdir:ro,Z" "-v" "/var/lib/crater-agent-workspace/cargo-home:/opt/rustwide/cargo-home:ro,Z" "-v" "/var/lib/crater-agent-workspace/rustup-home:/opt/rustwide/rustup-home:ro,Z" "-e" "SOURCE_DIR=/opt/rustwide/workdir" "-e" "CARGO_TARGET_DIR=/opt/rustwide/target" "-e" "CARGO_INCREMENTAL=0" "-e" "RUST_BACKTRACE=full" "-e" "RUSTFLAGS=--cap-lints=forbid -Zrandomize-layout" "-e" "RUSTDOCFLAGS=--cap-lints=forbid" "-e" "CARGO_HOME=/opt/rustwide/cargo-home" "-e" "RUSTUP_HOME=/opt/rustwide/rustup-home" "-w" "/opt/rustwide/workdir" "-m" "1610612736" "--user" "0:0" "--network" "none" "ghcr.io/rust-lang/crates-build-env/linux@sha256:4a844ea9eb2546a2d2c7022eacef16ef2e8229c7fbb2c7d4d55a9ceca922f72d" "/opt/rustwide/cargo-home/bin/cargo" "+nightly-2024-10-28" "test" "--frozen", kill_on_drop: false }`
[INFO] [stdout] e9794d3f3d485f7ca9eb25ed8fdca18a3b95648a38430aa405fb3049d96a59a9
[INFO] running `Command { std: "docker" "start" "-a" "e9794d3f3d485f7ca9eb25ed8fdca18a3b95648a38430aa405fb3049d96a59a9", kill_on_drop: false }`
[INFO] [stderr]     Finished `test` profile [unoptimized + debuginfo] target(s) in 0.53s
[INFO] [stderr]      Running unittests src/lib.rs (/opt/rustwide/target/debug/deps/bevy_aseprite_ultra-d4f14f887bebf6e9)
[INFO] [stdout] 
[INFO] [stdout] running 0 tests
[INFO] [stdout] 
[INFO] [stdout] test result: ok. 0 passed; 0 failed; 0 ignored; 0 measured; 0 filtered out; finished in 0.00s
[INFO] [stdout] 
[INFO] [stderr]    Doc-tests bevy_aseprite_ultra
[INFO] [stdout] 
[INFO] [stdout] running 2 tests
[INFO] [stdout] test src/animation.rs - animation::AsepriteAnimationBundle (line 22) ... FAILED
[INFO] [stderr] error: doctest failed, to rerun pass `--doc`
[INFO] [stdout] test src/slice.rs - slice::AsepriteSliceBundle (line 16) ... FAILED
[INFO] [stdout] 
[INFO] [stdout] failures:
[INFO] [stdout] 
[INFO] [stdout] ---- src/animation.rs - animation::AsepriteAnimationBundle (line 22) stdout ----
[INFO] [stdout] error[E0425]: cannot find value `command` in this scope
[INFO] [stdout]  --> src/animation.rs:24:1
[INFO] [stdout]   |
[INFO] [stdout] 4 | command.spawn(AsepriteAnimationBundle {
[INFO] [stdout]   | ^^^^^^^ not found in this scope
[INFO] [stdout] 
[INFO] [stdout] error[E0422]: cannot find struct, variant or union type `AsepriteAnimationBundle` in this scope
[INFO] [stdout]  --> src/animation.rs:24:15
[INFO] [stdout]   |
[INFO] [stdout] 4 | command.spawn(AsepriteAnimationBundle {
[INFO] [stdout]   |               ^^^^^^^^^^^^^^^^^^^^^^^ not found in this scope
[INFO] [stdout]   |
[INFO] [stdout] help: consider importing this struct
[INFO] [stdout]   |
[INFO] [stdout] 3 + use bevy_aseprite_ultra::prelude::AsepriteAnimationBundle;
[INFO] [stdout]   |
[INFO] [stdout] 
[INFO] [stdout] error[E0425]: cannot find value `server` in this scope
[INFO] [stdout]  --> src/animation.rs:25:15
[INFO] [stdout]   |
[INFO] [stdout] 5 |     aseprite: server.load("player.aseprite"),
[INFO] [stdout]   |               ^^^^^^ not found in this scope
[INFO] [stdout] 
[INFO] [stdout] error[E0433]: failed to resolve: use of undeclared type `Transform`
[INFO] [stdout]  --> src/animation.rs:26:16
[INFO] [stdout]   |
[INFO] [stdout] 6 |     transform: Transform::from_translation(Vec3::new(15., -20., 0.)),
[INFO] [stdout]   |                ^^^^^^^^^ use of undeclared type `Transform`
[INFO] [stdout]   |
[INFO] [stdout] help: consider importing this struct
[INFO] [stdout]   |
[INFO] [stdout] 3 + use bevy::prelude::Transform;
[INFO] [stdout]   |
[INFO] [stdout] 
[INFO] [stdout] error[E0433]: failed to resolve: use of undeclared type `Vec3`
[INFO] [stdout]  --> src/animation.rs:26:44
[INFO] [stdout]   |
[INFO] [stdout] 6 |     transform: Transform::from_translation(Vec3::new(15., -20., 0.)),
[INFO] [stdout]   |                                            ^^^^ use of undeclared type `Vec3`
[INFO] [stdout]   |
[INFO] [stdout] help: a struct with a similar name exists
[INFO] [stdout]   |
[INFO] [stdout] 6 |     transform: Transform::from_translation(Vec::new(15., -20., 0.)),
[INFO] [stdout]   |                                            ~~~
[INFO] [stdout] help: consider importing this struct
[INFO] [stdout]   |
[INFO] [stdout] 3 + use bevy::prelude::Vec3;
[INFO] [stdout]   |
[INFO] [stdout] 
[INFO] [stdout] error[E0433]: failed to resolve: use of undeclared type `Animation`
[INFO] [stdout]  --> src/animation.rs:27:16
[INFO] [stdout]   |
[INFO] [stdout] 7 |     animation: Animation::default().with_tag("walk-right"),
[INFO] [stdout]   |                ^^^^^^^^^ use of undeclared type `Animation`
[INFO] [stdout]   |
[INFO] [stdout] help: consider importing this struct
[INFO] [stdout]   |
[INFO] [stdout] 3 + use bevy_aseprite_ultra::prelude::Animation;
[INFO] [stdout]   |
[INFO] [stdout] 
[INFO] [stdout] error[E0422]: cannot find struct, variant or union type `Sprite` in this scope
[INFO] [stdout]  --> src/animation.rs:28:13
[INFO] [stdout]   |
[INFO] [stdout] 8 |     sprite: Sprite {
[INFO] [stdout]   |             ^^^^^^ not found in this scope
[INFO] [stdout]   |
[INFO] [stdout] help: consider importing this struct
[INFO] [stdout]   |
[INFO] [stdout] 3 + use bevy::prelude::Sprite;
[INFO] [stdout]   |
[INFO] [stdout] 
[INFO] [stdout] error[E0425]: cannot find function `default` in this scope
[INFO] [stdout]   --> src/animation.rs:30:11
[INFO] [stdout]    |
[INFO] [stdout] 10 |         ..default()
[INFO] [stdout]    |           ^^^^^^^ not found in this scope
[INFO] [stdout]    |
[INFO] [stdout] help: consider importing this function
[INFO] [stdout]    |
[INFO] [stdout] 3  + use bevy::prelude::default;
[INFO] [stdout]    |
[INFO] [stdout] 
[INFO] [stdout] error[E0425]: cannot find function `default` in this scope
[INFO] [stdout]   --> src/animation.rs:32:7
[INFO] [stdout]    |
[INFO] [stdout] 12 |     ..default()
[INFO] [stdout]    |       ^^^^^^^ not found in this scope
[INFO] [stdout]    |
[INFO] [stdout] help: consider importing this function
[INFO] [stdout]    |
[INFO] [stdout] 3  + use bevy::prelude::default;
[INFO] [stdout]    |
[INFO] [stdout] 
[INFO] [stdout] error: aborting due to 9 previous errors
[INFO] [stdout] 
[INFO] [stdout] Some errors have detailed explanations: E0422, E0425, E0433.
[INFO] [stdout] For more information about an error, try `rustc --explain E0422`.
[INFO] [stdout] Couldn't compile the test.
[INFO] [stdout] ---- src/slice.rs - slice::AsepriteSliceBundle (line 16) stdout ----
[INFO] [stdout] error[E0425]: cannot find value `command` in this scope
[INFO] [stdout]  --> src/slice.rs:18:1
[INFO] [stdout]   |
[INFO] [stdout] 4 | command.spawn(AsepriteSliceBundle {
[INFO] [stdout]   | ^^^^^^^ not found in this scope
[INFO] [stdout] 
[INFO] [stdout] error[E0422]: cannot find struct, variant or union type `AsepriteSliceBundle` in this scope
[INFO] [stdout]  --> src/slice.rs:18:15
[INFO] [stdout]   |
[INFO] [stdout] 4 | command.spawn(AsepriteSliceBundle {
[INFO] [stdout]   |               ^^^^^^^^^^^^^^^^^^^ not found in this scope
[INFO] [stdout]   |
[INFO] [stdout] help: consider importing this struct
[INFO] [stdout]   |
[INFO] [stdout] 3 + use bevy_aseprite_ultra::prelude::AsepriteSliceBundle;
[INFO] [stdout]   |
[INFO] [stdout] 
[INFO] [stdout] error[E0425]: cannot find value `server` in this scope
[INFO] [stdout]  --> src/slice.rs:20:14
[INFO] [stdout]   |
[INFO] [stdout] 6 |    aseprite: server.load("ghost_slices.aseprite"),
[INFO] [stdout]   |              ^^^^^^ not found in this scope
[INFO] [stdout] 
[INFO] [stdout] error[E0422]: cannot find struct, variant or union type `Sprite` in this scope
[INFO] [stdout]  --> src/slice.rs:21:12
[INFO] [stdout]   |
[INFO] [stdout] 7 |    sprite: Sprite {
[INFO] [stdout]   |            ^^^^^^ not found in this scope
[INFO] [stdout]   |
[INFO] [stdout] help: consider importing this struct
[INFO] [stdout]   |
[INFO] [stdout] 3 + use bevy::prelude::Sprite;
[INFO] [stdout]   |
[INFO] [stdout] 
[INFO] [stdout] error[E0425]: cannot find function `default` in this scope
[INFO] [stdout]  --> src/slice.rs:23:11
[INFO] [stdout]   |
[INFO] [stdout] 9 |         ..default()
[INFO] [stdout]   |           ^^^^^^^ not found in this scope
[INFO] [stdout]   |
[INFO] [stdout] help: consider importing this function
[INFO] [stdout]   |
[INFO] [stdout] 3 + use bevy::prelude::default;
[INFO] [stdout]   |
[INFO] [stdout] 
[INFO] [stdout] error[E0433]: failed to resolve: use of undeclared type `Transform`
[INFO] [stdout]   --> src/slice.rs:25:15
[INFO] [stdout]    |
[INFO] [stdout] 11 |    transform: Transform::from_translation(Vec3::new(0., 0., 0.)),
[INFO] [stdout]    |               ^^^^^^^^^ use of undeclared type `Transform`
[INFO] [stdout]    |
[INFO] [stdout] help: consider importing this struct
[INFO] [stdout]    |
[INFO] [stdout] 3  + use bevy::prelude::Transform;
[INFO] [stdout]    |
[INFO] [stdout] 
[INFO] [stdout] error[E0433]: failed to resolve: use of undeclared type `Vec3`
[INFO] [stdout]   --> src/slice.rs:25:43
[INFO] [stdout]    |
[INFO] [stdout] 11 |    transform: Transform::from_translation(Vec3::new(0., 0., 0.)),
[INFO] [stdout]    |                                           ^^^^ use of undeclared type `Vec3`
[INFO] [stdout]    |
[INFO] [stdout] help: a struct with a similar name exists
[INFO] [stdout]    |
[INFO] [stdout] 11 |    transform: Transform::from_translation(Vec::new(0., 0., 0.)),
[INFO] [stdout]    |                                           ~~~
[INFO] [stdout] help: consider importing this struct
[INFO] [stdout]    |
[INFO] [stdout] 3  + use bevy::prelude::Vec3;
[INFO] [stdout]    |
[INFO] [stdout] 
[INFO] [stdout] error[E0425]: cannot find function `default` in this scope
[INFO] [stdout]   --> src/slice.rs:26:7
[INFO] [stdout]    |
[INFO] [stdout] 12 |     ..default()
[INFO] [stdout]    |       ^^^^^^^ not found in this scope
[INFO] [stdout]    |
[INFO] [stdout] help: consider importing this function
[INFO] [stdout]    |
[INFO] [stdout] 3  + use bevy::prelude::default;
[INFO] [stdout]    |
[INFO] [stdout] 
[INFO] [stdout] error: aborting due to 8 previous errors
[INFO] [stdout] 
[INFO] [stdout] Some errors have detailed explanations: E0422, E0425, E0433.
[INFO] [stdout] For more information about an error, try `rustc --explain E0422`.
[INFO] [stdout] Couldn't compile the test.
[INFO] [stdout] 
[INFO] [stdout] failures:
[INFO] [stdout]     src/animation.rs - animation::AsepriteAnimationBundle (line 22)
[INFO] [stdout]     src/slice.rs - slice::AsepriteSliceBundle (line 16)
[INFO] [stdout] 
[INFO] [stdout] test result: FAILED. 0 passed; 2 failed; 0 ignored; 0 measured; 0 filtered out; finished in 0.54s
[INFO] [stdout] 
[INFO] running `Command { std: "docker" "inspect" "e9794d3f3d485f7ca9eb25ed8fdca18a3b95648a38430aa405fb3049d96a59a9", kill_on_drop: false }`
[INFO] running `Command { std: "docker" "rm" "-f" "e9794d3f3d485f7ca9eb25ed8fdca18a3b95648a38430aa405fb3049d96a59a9", kill_on_drop: false }`
[INFO] [stdout] e9794d3f3d485f7ca9eb25ed8fdca18a3b95648a38430aa405fb3049d96a59a9
