[INFO] fetching crate bevy_activation 0.3.0-rc.1...
[INFO] testing bevy_activation-0.3.0-rc.1 against nightly-2024-10-28 for randomize-layout
[INFO] extracting crate bevy_activation 0.3.0-rc.1 into /workspace/builds/worker-2-tc1/source
[INFO] validating manifest of crates.io crate bevy_activation 0.3.0-rc.1 on toolchain nightly-2024-10-28
[INFO] running `Command { std: CARGO_HOME="/workspace/cargo-home" RUSTUP_HOME="/workspace/rustup-home" "/workspace/cargo-home/bin/cargo" "+nightly-2024-10-28" "metadata" "--manifest-path" "Cargo.toml" "--no-deps", kill_on_drop: false }`
[INFO] started tweaking crates.io crate bevy_activation 0.3.0-rc.1
[INFO] removed 0 missing examples
[INFO] finished tweaking crates.io crate bevy_activation 0.3.0-rc.1
[INFO] tweaked toml for crates.io crate bevy_activation 0.3.0-rc.1 written to /workspace/builds/worker-2-tc1/source/Cargo.toml
[INFO] crate crates.io crate bevy_activation 0.3.0-rc.1 already has a lockfile, it will not be regenerated
[INFO] running `Command { std: CARGO_HOME="/workspace/cargo-home" RUSTUP_HOME="/workspace/rustup-home" "/workspace/cargo-home/bin/cargo" "+nightly-2024-10-28" "fetch" "--manifest-path" "Cargo.toml", kill_on_drop: false }`
[INFO] [stderr]     Updating crates.io index
[INFO] [stderr]  Downloading crates ...
[INFO] [stderr]   Downloaded disqualified v1.0.0
[INFO] [stderr]   Downloaded bevy_a11y v0.15.0-rc.1
[INFO] [stderr]   Downloaded tracing-oslog v0.2.0
[INFO] [stderr]   Downloaded bevy_utils_proc_macros v0.15.0-rc.1
[INFO] [stderr]   Downloaded bevy_utils v0.15.0-rc.1
[INFO] [stderr]   Downloaded bevy_ptr v0.15.0-rc.1
[INFO] [stderr]   Downloaded bevy_time v0.15.0-rc.1
[INFO] [stderr]   Downloaded bevy_core v0.15.0-rc.1
[INFO] [stderr]   Downloaded bevy_log v0.15.0-rc.1
[INFO] [stderr]   Downloaded bevy_diagnostic v0.15.0-rc.1
[INFO] [stderr]   Downloaded bevy_hierarchy v0.15.0-rc.1
[INFO] [stderr]   Downloaded bevy_input v0.15.0-rc.1
[INFO] [stderr]   Downloaded prettyplease v0.2.24
[INFO] [stderr]   Downloaded bevy_app v0.15.0-rc.1
[INFO] [stderr]   Downloaded pin-project v1.1.6
[INFO] [stderr]   Downloaded bevy_math v0.15.0-rc.1
[INFO] [stderr]   Downloaded assert_type_match v0.1.1
[INFO] [stderr]   Downloaded bevy_reflect_derive v0.15.0-rc.1
[INFO] [stderr]   Downloaded bevy_transform v0.15.0-rc.1
[INFO] [stderr]   Downloaded syn v2.0.82
[INFO] [stderr]   Downloaded bevy_internal v0.15.0-rc.1
[INFO] [stderr]   Downloaded pin-project-internal v1.1.6
[INFO] [stderr]   Downloaded bevy_window v0.15.0-rc.1
[INFO] [stderr]   Downloaded bevy_ecs_macros v0.15.0-rc.1
[INFO] [stderr]   Downloaded bevy_tasks v0.15.0-rc.1
[INFO] [stderr]   Downloaded glam v0.29.0
[INFO] [stderr]   Downloaded bevy_derive v0.15.0-rc.1
[INFO] [stderr]   Downloaded bevy_ecs v0.15.0-rc.1
[INFO] [stderr]   Downloaded bevy_macro_utils v0.15.0-rc.1
[INFO] [stderr]   Downloaded bevy v0.15.0-rc.1
[INFO] [stderr]   Downloaded bevy_reflect v0.15.0-rc.1
[INFO] running `Command { std: "docker" "create" "-v" "/var/lib/crater-agent-workspace/builds/worker-2-tc1/target:/opt/rustwide/target:rw,Z" "-v" "/var/lib/crater-agent-workspace/builds/worker-2-tc1/source:/opt/rustwide/workdir:ro,Z" "-v" "/var/lib/crater-agent-workspace/cargo-home:/opt/rustwide/cargo-home:ro,Z" "-v" "/var/lib/crater-agent-workspace/rustup-home:/opt/rustwide/rustup-home:ro,Z" "-e" "SOURCE_DIR=/opt/rustwide/workdir" "-e" "CARGO_TARGET_DIR=/opt/rustwide/target" "-e" "CARGO_HOME=/opt/rustwide/cargo-home" "-e" "RUSTUP_HOME=/opt/rustwide/rustup-home" "-w" "/opt/rustwide/workdir" "-m" "1610612736" "--user" "0:0" "--network" "none" "ghcr.io/rust-lang/crates-build-env/linux@sha256:4a844ea9eb2546a2d2c7022eacef16ef2e8229c7fbb2c7d4d55a9ceca922f72d" "/opt/rustwide/cargo-home/bin/cargo" "+nightly-2024-10-28" "metadata" "--no-deps" "--format-version=1", kill_on_drop: false }`
[INFO] [stdout] c032502bc09a8152e2aead9e0e09fc976f33f17f159f2d273ab4fa010bda262e
[INFO] running `Command { std: "docker" "start" "-a" "c032502bc09a8152e2aead9e0e09fc976f33f17f159f2d273ab4fa010bda262e", kill_on_drop: false }`
[INFO] running `Command { std: "docker" "inspect" "c032502bc09a8152e2aead9e0e09fc976f33f17f159f2d273ab4fa010bda262e", kill_on_drop: false }`
[INFO] running `Command { std: "docker" "rm" "-f" "c032502bc09a8152e2aead9e0e09fc976f33f17f159f2d273ab4fa010bda262e", kill_on_drop: false }`
[INFO] [stdout] c032502bc09a8152e2aead9e0e09fc976f33f17f159f2d273ab4fa010bda262e
[INFO] running `Command { std: "docker" "create" "-v" "/var/lib/crater-agent-workspace/builds/worker-2-tc1/target:/opt/rustwide/target:rw,Z" "-v" "/var/lib/crater-agent-workspace/builds/worker-2-tc1/source:/opt/rustwide/workdir:ro,Z" "-v" "/var/lib/crater-agent-workspace/cargo-home:/opt/rustwide/cargo-home:ro,Z" "-v" "/var/lib/crater-agent-workspace/rustup-home:/opt/rustwide/rustup-home:ro,Z" "-e" "SOURCE_DIR=/opt/rustwide/workdir" "-e" "CARGO_TARGET_DIR=/opt/rustwide/target" "-e" "CARGO_INCREMENTAL=0" "-e" "RUST_BACKTRACE=full" "-e" "RUSTFLAGS=--cap-lints=forbid" "-e" "RUSTDOCFLAGS=--cap-lints=forbid" "-e" "CARGO_HOME=/opt/rustwide/cargo-home" "-e" "RUSTUP_HOME=/opt/rustwide/rustup-home" "-w" "/opt/rustwide/workdir" "-m" "1610612736" "--user" "0:0" "--network" "none" "ghcr.io/rust-lang/crates-build-env/linux@sha256:4a844ea9eb2546a2d2c7022eacef16ef2e8229c7fbb2c7d4d55a9ceca922f72d" "/opt/rustwide/cargo-home/bin/cargo" "+nightly-2024-10-28" "build" "--frozen" "--message-format=json", kill_on_drop: false }`
[INFO] [stdout] a93842fd4995a3983d3c916889d04f091ffc09d2ab3ac746108cb310a5810565
[INFO] running `Command { std: "docker" "start" "-a" "a93842fd4995a3983d3c916889d04f091ffc09d2ab3ac746108cb310a5810565", kill_on_drop: false }`
[INFO] [stderr]    Compiling crunchy v0.2.2
[INFO] [stderr]    Compiling tiny-keccak v2.0.2
[INFO] [stderr]    Compiling serde v1.0.213
[INFO] [stderr]    Compiling crossbeam-utils v0.8.20
[INFO] [stderr]    Compiling toml_datetime v0.6.8
[INFO] [stderr]    Compiling pin-project-lite v0.2.14
[INFO] [stderr]    Compiling winnow v0.6.20
[INFO] [stderr]    Compiling libc v0.2.161
[INFO] [stderr]    Compiling once_cell v1.20.2
[INFO] [stderr]    Compiling ahash v0.8.11
[INFO] [stderr]    Compiling typeid v1.0.2
[INFO] [stderr]    Compiling zerocopy v0.7.35
[INFO] [stderr]    Compiling syn v2.0.82
[INFO] [stderr]    Compiling getrandom v0.2.15
[INFO] [stderr]    Compiling allocator-api2 v0.2.18
[INFO] [stderr]    Compiling unicode-xid v0.2.6
[INFO] [stderr]    Compiling futures-core v0.3.31
[INFO] [stderr]    Compiling cfg_aliases v0.2.1
[INFO] [stderr]    Compiling tracing v0.1.40
[INFO] [stderr]    Compiling futures-lite v2.3.0
[INFO] [stderr]    Compiling nix v0.29.0
[INFO] [stderr]    Compiling thread_local v1.1.8
[INFO] [stderr]    Compiling async-task v4.7.1
[INFO] [stderr]    Compiling downcast-rs v1.2.1
[INFO] [stderr]    Compiling smallvec v1.13.2
[INFO] [stderr]    Compiling bevy_ptr v0.15.0-rc.1
[INFO] [stderr]    Compiling disqualified v1.0.0
[INFO] [stderr]    Compiling petgraph v0.6.5
[INFO] [stderr]    Compiling fixedbitset v0.5.7
[INFO] [stderr]    Compiling nonmax v0.5.5
[INFO] [stderr]    Compiling concurrent-queue v2.5.0
[INFO] [stderr]    Compiling crossbeam-channel v0.5.13
[INFO] [stderr]    Compiling async-executor v1.13.1
[INFO] [stderr]    Compiling uuid v1.11.0
[INFO] [stderr]    Compiling const-random-macro v0.1.16
[INFO] [stderr]    Compiling bevy_tasks v0.15.0-rc.1
[INFO] [stderr]    Compiling const-random v0.1.18
[INFO] [stderr]    Compiling toml_edit v0.22.22
[INFO] [stderr]    Compiling ctrlc v3.4.5
[INFO] [stderr]    Compiling hashbrown v0.14.5
[INFO] [stderr]    Compiling smol_str v0.2.2
[INFO] [stderr]    Compiling erased-serde v0.4.5
[INFO] [stderr]    Compiling bevy_macro_utils v0.15.0-rc.1
[INFO] [stderr]    Compiling bevy_utils_proc_macros v0.15.0-rc.1
[INFO] [stderr]    Compiling derive_more-impl v1.0.0
[INFO] [stderr]    Compiling assert_type_match v0.1.1
[INFO] [stderr]    Compiling bevy_reflect_derive v0.15.0-rc.1
[INFO] [stderr]    Compiling bevy_ecs_macros v0.15.0-rc.1
[INFO] [stderr]    Compiling bevy_derive v0.15.0-rc.1
[INFO] [stderr]    Compiling bevy_utils v0.15.0-rc.1
[INFO] [stderr]    Compiling derive_more v1.0.0
[INFO] [stderr]    Compiling bevy_reflect v0.15.0-rc.1
[INFO] [stderr]    Compiling bevy_ecs v0.15.0-rc.1
[INFO] [stderr]    Compiling bevy_app v0.15.0-rc.1
[INFO] [stderr]    Compiling bevy_time v0.15.0-rc.1
[INFO] [stderr]    Compiling bevy_activation v0.3.0-rc.1 (/opt/rustwide/workdir)
[INFO] [stderr]     Finished `dev` profile [unoptimized + debuginfo] target(s) in 20.16s
[INFO] running `Command { std: "docker" "inspect" "a93842fd4995a3983d3c916889d04f091ffc09d2ab3ac746108cb310a5810565", kill_on_drop: false }`
[INFO] running `Command { std: "docker" "rm" "-f" "a93842fd4995a3983d3c916889d04f091ffc09d2ab3ac746108cb310a5810565", kill_on_drop: false }`
[INFO] [stdout] a93842fd4995a3983d3c916889d04f091ffc09d2ab3ac746108cb310a5810565
[INFO] running `Command { std: "docker" "create" "-v" "/var/lib/crater-agent-workspace/builds/worker-2-tc1/target:/opt/rustwide/target:rw,Z" "-v" "/var/lib/crater-agent-workspace/builds/worker-2-tc1/source:/opt/rustwide/workdir:ro,Z" "-v" "/var/lib/crater-agent-workspace/cargo-home:/opt/rustwide/cargo-home:ro,Z" "-v" "/var/lib/crater-agent-workspace/rustup-home:/opt/rustwide/rustup-home:ro,Z" "-e" "SOURCE_DIR=/opt/rustwide/workdir" "-e" "CARGO_TARGET_DIR=/opt/rustwide/target" "-e" "CARGO_INCREMENTAL=0" "-e" "RUST_BACKTRACE=full" "-e" "RUSTFLAGS=--cap-lints=forbid" "-e" "RUSTDOCFLAGS=--cap-lints=forbid" "-e" "CARGO_HOME=/opt/rustwide/cargo-home" "-e" "RUSTUP_HOME=/opt/rustwide/rustup-home" "-w" "/opt/rustwide/workdir" "-m" "1610612736" "--user" "0:0" "--network" "none" "ghcr.io/rust-lang/crates-build-env/linux@sha256:4a844ea9eb2546a2d2c7022eacef16ef2e8229c7fbb2c7d4d55a9ceca922f72d" "/opt/rustwide/cargo-home/bin/cargo" "+nightly-2024-10-28" "test" "--frozen" "--no-run" "--message-format=json", kill_on_drop: false }`
[INFO] [stdout] 109c9dc7b25b4022109e2c98f4232ac23d4da914febff70b9e3efd498114e03f
[INFO] running `Command { std: "docker" "start" "-a" "109c9dc7b25b4022109e2c98f4232ac23d4da914febff70b9e3efd498114e03f", kill_on_drop: false }`
[INFO] [stderr]    Compiling serde v1.0.213
[INFO] [stderr]    Compiling tracing-core v0.1.32
[INFO] [stderr]    Compiling bytemuck v1.19.0
[INFO] [stderr]    Compiling smallvec v1.13.2
[INFO] [stderr]    Compiling getrandom v0.2.15
[INFO] [stderr]    Compiling zerocopy-derive v0.7.35
[INFO] [stderr]    Compiling serde_derive v1.0.213
[INFO] [stderr]    Compiling libm v0.2.8
[INFO] [stderr]    Compiling num-traits v0.2.19
[INFO] [stderr]    Compiling itertools v0.13.0
[INFO] [stderr]    Compiling regex-syntax v0.6.29
[INFO] [stderr]    Compiling regex-syntax v0.8.5
[INFO] [stderr]    Compiling overload v0.1.1
[INFO] [stderr]    Compiling sharded-slab v0.1.7
[INFO] [stderr]    Compiling accesskit v0.16.3
[INFO] [stderr]    Compiling nu-ansi-term v0.46.0
[INFO] [stderr]    Compiling const-random-macro v0.1.16
[INFO] [stderr]    Compiling rand_core v0.6.4
[INFO] [stderr]    Compiling uuid v1.11.0
[INFO] [stderr]    Compiling const-fnv1a-hash v1.1.0
[INFO] [stderr]    Compiling raw-window-handle v0.6.2
[INFO] [stderr]    Compiling bevy_reflect_derive v0.15.0-rc.1
[INFO] [stderr]    Compiling const-random v0.1.18
[INFO] [stderr]    Compiling tracing v0.1.40
[INFO] [stderr]    Compiling tracing-log v0.2.0
[INFO] [stderr]    Compiling zerocopy v0.7.35
[INFO] [stderr]    Compiling ppv-lite86 v0.2.20
[INFO] [stderr]    Compiling ahash v0.8.11
[INFO] [stderr]    Compiling rand_chacha v0.3.1
[INFO] [stderr]    Compiling regex-automata v0.4.8
[INFO] [stderr]    Compiling regex-automata v0.1.10
[INFO] [stderr]    Compiling rand v0.8.5
[INFO] [stderr]    Compiling matchers v0.1.0
[INFO] [stderr]    Compiling rand_distr v0.4.3
[INFO] [stderr]    Compiling regex v1.11.0
[INFO] [stderr]    Compiling tracing-subscriber v0.3.18
[INFO] [stderr]    Compiling hashbrown v0.14.5
[INFO] [stderr]    Compiling erased-serde v0.4.5
[INFO] [stderr]    Compiling glam v0.29.0
[INFO] [stderr]    Compiling smol_str v0.2.2
[INFO] [stderr]    Compiling bevy_utils v0.15.0-rc.1
[INFO] [stderr]    Compiling bevy_reflect v0.15.0-rc.1
[INFO] [stderr]    Compiling bevy_ecs v0.15.0-rc.1
[INFO] [stderr]    Compiling bevy_math v0.15.0-rc.1
[INFO] [stderr]    Compiling bevy_app v0.15.0-rc.1
[INFO] [stderr]    Compiling bevy_core v0.15.0-rc.1
[INFO] [stderr]    Compiling bevy_time v0.15.0-rc.1
[INFO] [stderr]    Compiling bevy_input v0.15.0-rc.1
[INFO] [stderr]    Compiling bevy_a11y v0.15.0-rc.1
[INFO] [stderr]    Compiling bevy_log v0.15.0-rc.1
[INFO] [stderr]    Compiling bevy_hierarchy v0.15.0-rc.1
[INFO] [stderr]    Compiling bevy_transform v0.15.0-rc.1
[INFO] [stderr]    Compiling bevy_diagnostic v0.15.0-rc.1
[INFO] [stderr]    Compiling bevy_activation v0.3.0-rc.1 (/opt/rustwide/workdir)
[INFO] [stderr]    Compiling bevy_window v0.15.0-rc.1
[INFO] [stderr]    Compiling bevy_internal v0.15.0-rc.1
[INFO] [stderr]    Compiling bevy v0.15.0-rc.1
[INFO] [stderr]     Finished `test` profile [unoptimized + debuginfo] target(s) in 41.74s
[INFO] running `Command { std: "docker" "inspect" "109c9dc7b25b4022109e2c98f4232ac23d4da914febff70b9e3efd498114e03f", kill_on_drop: false }`
[INFO] running `Command { std: "docker" "rm" "-f" "109c9dc7b25b4022109e2c98f4232ac23d4da914febff70b9e3efd498114e03f", kill_on_drop: false }`
[INFO] [stdout] 109c9dc7b25b4022109e2c98f4232ac23d4da914febff70b9e3efd498114e03f
[INFO] running `Command { std: "docker" "create" "-v" "/var/lib/crater-agent-workspace/builds/worker-2-tc1/target:/opt/rustwide/target:rw,Z" "-v" "/var/lib/crater-agent-workspace/builds/worker-2-tc1/source:/opt/rustwide/workdir:ro,Z" "-v" "/var/lib/crater-agent-workspace/cargo-home:/opt/rustwide/cargo-home:ro,Z" "-v" "/var/lib/crater-agent-workspace/rustup-home:/opt/rustwide/rustup-home:ro,Z" "-e" "SOURCE_DIR=/opt/rustwide/workdir" "-e" "CARGO_TARGET_DIR=/opt/rustwide/target" "-e" "CARGO_INCREMENTAL=0" "-e" "RUST_BACKTRACE=full" "-e" "RUSTFLAGS=--cap-lints=forbid" "-e" "RUSTDOCFLAGS=--cap-lints=forbid" "-e" "CARGO_HOME=/opt/rustwide/cargo-home" "-e" "RUSTUP_HOME=/opt/rustwide/rustup-home" "-w" "/opt/rustwide/workdir" "-m" "1610612736" "--user" "0:0" "--network" "none" "ghcr.io/rust-lang/crates-build-env/linux@sha256:4a844ea9eb2546a2d2c7022eacef16ef2e8229c7fbb2c7d4d55a9ceca922f72d" "/opt/rustwide/cargo-home/bin/cargo" "+nightly-2024-10-28" "test" "--frozen", kill_on_drop: false }`
[INFO] [stdout] d968c5b894124da9248f1c946e61430b3a45c21edb723d4625cbeac1516e1180
[INFO] running `Command { std: "docker" "start" "-a" "d968c5b894124da9248f1c946e61430b3a45c21edb723d4625cbeac1516e1180", kill_on_drop: false }`
[INFO] [stderr]     Finished `test` profile [unoptimized + debuginfo] target(s) in 0.16s
[INFO] [stderr]      Running unittests src/lib.rs (/opt/rustwide/target/debug/deps/bevy_activation-0618aec1db8028ea)
[INFO] [stdout] 
[INFO] [stdout] running 0 tests
[INFO] [stdout] 
[INFO] [stdout] test result: ok. 0 passed; 0 failed; 0 ignored; 0 measured; 0 filtered out; finished in 0.00s
[INFO] [stdout] 
[INFO] [stderr]    Doc-tests bevy_activation
[INFO] [stdout] 
[INFO] [stdout] running 1 test
[INFO] [stdout] test README.md - (line 12) ... FAILED
[INFO] [stderr] error: doctest failed, to rerun pass `--doc`
[INFO] [stdout] 
[INFO] [stdout] failures:
[INFO] [stdout] 
[INFO] [stdout] ---- README.md - (line 12) stdout ----
[INFO] [stdout] error[E0599]: no method named `delta_seconds` found for struct `bevy_ecs::change_detection::Res<'_, bevy::prelude::Time>` in the current scope
[INFO] [stdout]   --> README.md:65:24
[INFO] [stdout]    |
[INFO] [stdout] 55 |         *timer += time.delta_seconds();
[INFO] [stdout]    |                        ^^^^^^^^^^^^^
[INFO] [stdout]    |
[INFO] [stdout] help: there is a method `delta_secs` with a similar name
[INFO] [stdout]    |
[INFO] [stdout] 55 |         *timer += time.delta_secs();
[INFO] [stdout]    |                        ~~~~~~~~~~
[INFO] [stdout] 
[INFO] [stdout] error[E0609]: no field `0` on type `&TimeoutEvent`
[INFO] [stdout]   --> README.md:49:49
[INFO] [stdout]    |
[INFO] [stdout] 39 |         warn!("entity {:?} is idle", timeout_ev.0);
[INFO] [stdout]    |                                                 ^ unknown field
[INFO] [stdout] 
[INFO] [stdout] error: aborting due to 2 previous errors
[INFO] [stdout] 
[INFO] [stdout] Some errors have detailed explanations: E0599, E0609.
[INFO] [stdout] For more information about an error, try `rustc --explain E0599`.
[INFO] [stdout] Couldn't compile the test.
[INFO] [stdout] 
[INFO] [stdout] failures:
[INFO] [stdout]     README.md - (line 12)
[INFO] [stdout] 
[INFO] [stdout] test result: FAILED. 0 passed; 1 failed; 0 ignored; 0 measured; 0 filtered out; finished in 0.29s
[INFO] [stdout] 
[INFO] running `Command { std: "docker" "inspect" "d968c5b894124da9248f1c946e61430b3a45c21edb723d4625cbeac1516e1180", kill_on_drop: false }`
[INFO] running `Command { std: "docker" "rm" "-f" "d968c5b894124da9248f1c946e61430b3a45c21edb723d4625cbeac1516e1180", kill_on_drop: false }`
[INFO] [stdout] d968c5b894124da9248f1c946e61430b3a45c21edb723d4625cbeac1516e1180
