[INFO] fetching crate bevy-yoetz-macros 0.1.0...
[INFO] testing bevy-yoetz-macros-0.1.0 against nightly-2024-10-28 for randomize-layout
[INFO] extracting crate bevy-yoetz-macros 0.1.0 into /workspace/builds/worker-0-tc1/source
[INFO] validating manifest of crates.io crate bevy-yoetz-macros 0.1.0 on toolchain nightly-2024-10-28
[INFO] running `Command { std: CARGO_HOME="/workspace/cargo-home" RUSTUP_HOME="/workspace/rustup-home" "/workspace/cargo-home/bin/cargo" "+nightly-2024-10-28" "metadata" "--manifest-path" "Cargo.toml" "--no-deps", kill_on_drop: false }`
[INFO] started tweaking crates.io crate bevy-yoetz-macros 0.1.0
[INFO] finished tweaking crates.io crate bevy-yoetz-macros 0.1.0
[INFO] tweaked toml for crates.io crate bevy-yoetz-macros 0.1.0 written to /workspace/builds/worker-0-tc1/source/Cargo.toml
[INFO] running `Command { std: CARGO_HOME="/workspace/cargo-home" RUSTUP_HOME="/workspace/rustup-home" "/workspace/cargo-home/bin/cargo" "+nightly-2024-10-28" "generate-lockfile" "--manifest-path" "Cargo.toml", kill_on_drop: false }`
[INFO] [stderr]     Updating crates.io index
[INFO] [stderr]      Locking 4 packages to latest compatible versions
[INFO] running `Command { std: CARGO_HOME="/workspace/cargo-home" RUSTUP_HOME="/workspace/rustup-home" "/workspace/cargo-home/bin/cargo" "+nightly-2024-10-28" "fetch" "--manifest-path" "Cargo.toml", kill_on_drop: false }`
[INFO] running `Command { std: "docker" "create" "-v" "/var/lib/crater-agent-workspace/builds/worker-0-tc1/target:/opt/rustwide/target:rw,Z" "-v" "/var/lib/crater-agent-workspace/builds/worker-0-tc1/source:/opt/rustwide/workdir:ro,Z" "-v" "/var/lib/crater-agent-workspace/cargo-home:/opt/rustwide/cargo-home:ro,Z" "-v" "/var/lib/crater-agent-workspace/rustup-home:/opt/rustwide/rustup-home:ro,Z" "-e" "SOURCE_DIR=/opt/rustwide/workdir" "-e" "CARGO_TARGET_DIR=/opt/rustwide/target" "-e" "CARGO_HOME=/opt/rustwide/cargo-home" "-e" "RUSTUP_HOME=/opt/rustwide/rustup-home" "-w" "/opt/rustwide/workdir" "-m" "1610612736" "--user" "0:0" "--network" "none" "ghcr.io/rust-lang/crates-build-env/linux@sha256:4a844ea9eb2546a2d2c7022eacef16ef2e8229c7fbb2c7d4d55a9ceca922f72d" "/opt/rustwide/cargo-home/bin/cargo" "+nightly-2024-10-28" "metadata" "--no-deps" "--format-version=1", kill_on_drop: false }`
[INFO] [stdout] 69e173b4d31a613407adb099c0be9d2b89e6e4d09de23f0425018c2950aa2581
[INFO] running `Command { std: "docker" "start" "-a" "69e173b4d31a613407adb099c0be9d2b89e6e4d09de23f0425018c2950aa2581", kill_on_drop: false }`
[INFO] running `Command { std: "docker" "inspect" "69e173b4d31a613407adb099c0be9d2b89e6e4d09de23f0425018c2950aa2581", kill_on_drop: false }`
[INFO] running `Command { std: "docker" "rm" "-f" "69e173b4d31a613407adb099c0be9d2b89e6e4d09de23f0425018c2950aa2581", kill_on_drop: false }`
[INFO] [stdout] 69e173b4d31a613407adb099c0be9d2b89e6e4d09de23f0425018c2950aa2581
[INFO] running `Command { std: "docker" "create" "-v" "/var/lib/crater-agent-workspace/builds/worker-0-tc1/target:/opt/rustwide/target:rw,Z" "-v" "/var/lib/crater-agent-workspace/builds/worker-0-tc1/source:/opt/rustwide/workdir:ro,Z" "-v" "/var/lib/crater-agent-workspace/cargo-home:/opt/rustwide/cargo-home:ro,Z" "-v" "/var/lib/crater-agent-workspace/rustup-home:/opt/rustwide/rustup-home:ro,Z" "-e" "SOURCE_DIR=/opt/rustwide/workdir" "-e" "CARGO_TARGET_DIR=/opt/rustwide/target" "-e" "CARGO_INCREMENTAL=0" "-e" "RUST_BACKTRACE=full" "-e" "RUSTFLAGS=--cap-lints=forbid" "-e" "RUSTDOCFLAGS=--cap-lints=forbid" "-e" "CARGO_HOME=/opt/rustwide/cargo-home" "-e" "RUSTUP_HOME=/opt/rustwide/rustup-home" "-w" "/opt/rustwide/workdir" "-m" "1610612736" "--user" "0:0" "--network" "none" "ghcr.io/rust-lang/crates-build-env/linux@sha256:4a844ea9eb2546a2d2c7022eacef16ef2e8229c7fbb2c7d4d55a9ceca922f72d" "/opt/rustwide/cargo-home/bin/cargo" "+nightly-2024-10-28" "build" "--frozen" "--message-format=json", kill_on_drop: false }`
[INFO] [stdout] 8c60b1c42ca1ed5de2424eba8c80668fa53ad020e0c8bd0c94e1a984c17bbc50
[INFO] running `Command { std: "docker" "start" "-a" "8c60b1c42ca1ed5de2424eba8c80668fa53ad020e0c8bd0c94e1a984c17bbc50", kill_on_drop: false }`
[INFO] [stderr]    Compiling bevy-yoetz-macros v0.1.0 (/opt/rustwide/workdir)
[INFO] [stderr]     Finished `dev` profile [unoptimized + debuginfo] target(s) in 0.89s
[INFO] running `Command { std: "docker" "inspect" "8c60b1c42ca1ed5de2424eba8c80668fa53ad020e0c8bd0c94e1a984c17bbc50", kill_on_drop: false }`
[INFO] running `Command { std: "docker" "rm" "-f" "8c60b1c42ca1ed5de2424eba8c80668fa53ad020e0c8bd0c94e1a984c17bbc50", kill_on_drop: false }`
[INFO] [stdout] 8c60b1c42ca1ed5de2424eba8c80668fa53ad020e0c8bd0c94e1a984c17bbc50
[INFO] running `Command { std: "docker" "create" "-v" "/var/lib/crater-agent-workspace/builds/worker-0-tc1/target:/opt/rustwide/target:rw,Z" "-v" "/var/lib/crater-agent-workspace/builds/worker-0-tc1/source:/opt/rustwide/workdir:ro,Z" "-v" "/var/lib/crater-agent-workspace/cargo-home:/opt/rustwide/cargo-home:ro,Z" "-v" "/var/lib/crater-agent-workspace/rustup-home:/opt/rustwide/rustup-home:ro,Z" "-e" "SOURCE_DIR=/opt/rustwide/workdir" "-e" "CARGO_TARGET_DIR=/opt/rustwide/target" "-e" "CARGO_INCREMENTAL=0" "-e" "RUST_BACKTRACE=full" "-e" "RUSTFLAGS=--cap-lints=forbid" "-e" "RUSTDOCFLAGS=--cap-lints=forbid" "-e" "CARGO_HOME=/opt/rustwide/cargo-home" "-e" "RUSTUP_HOME=/opt/rustwide/rustup-home" "-w" "/opt/rustwide/workdir" "-m" "1610612736" "--user" "0:0" "--network" "none" "ghcr.io/rust-lang/crates-build-env/linux@sha256:4a844ea9eb2546a2d2c7022eacef16ef2e8229c7fbb2c7d4d55a9ceca922f72d" "/opt/rustwide/cargo-home/bin/cargo" "+nightly-2024-10-28" "test" "--frozen" "--no-run" "--message-format=json", kill_on_drop: false }`
[INFO] [stdout] bfb2cb1b1412ef3862bc168020bcfd748bb60a48b798769600c8e22e98685348
[INFO] running `Command { std: "docker" "start" "-a" "bfb2cb1b1412ef3862bc168020bcfd748bb60a48b798769600c8e22e98685348", kill_on_drop: false }`
[INFO] [stderr]    Compiling bevy-yoetz-macros v0.1.0 (/opt/rustwide/workdir)
[INFO] [stderr]     Finished `test` profile [unoptimized + debuginfo] target(s) in 0.71s
[INFO] running `Command { std: "docker" "inspect" "bfb2cb1b1412ef3862bc168020bcfd748bb60a48b798769600c8e22e98685348", kill_on_drop: false }`
[INFO] running `Command { std: "docker" "rm" "-f" "bfb2cb1b1412ef3862bc168020bcfd748bb60a48b798769600c8e22e98685348", kill_on_drop: false }`
[INFO] [stdout] bfb2cb1b1412ef3862bc168020bcfd748bb60a48b798769600c8e22e98685348
[INFO] running `Command { std: "docker" "create" "-v" "/var/lib/crater-agent-workspace/builds/worker-0-tc1/target:/opt/rustwide/target:rw,Z" "-v" "/var/lib/crater-agent-workspace/builds/worker-0-tc1/source:/opt/rustwide/workdir:ro,Z" "-v" "/var/lib/crater-agent-workspace/cargo-home:/opt/rustwide/cargo-home:ro,Z" "-v" "/var/lib/crater-agent-workspace/rustup-home:/opt/rustwide/rustup-home:ro,Z" "-e" "SOURCE_DIR=/opt/rustwide/workdir" "-e" "CARGO_TARGET_DIR=/opt/rustwide/target" "-e" "CARGO_INCREMENTAL=0" "-e" "RUST_BACKTRACE=full" "-e" "RUSTFLAGS=--cap-lints=forbid" "-e" "RUSTDOCFLAGS=--cap-lints=forbid" "-e" "CARGO_HOME=/opt/rustwide/cargo-home" "-e" "RUSTUP_HOME=/opt/rustwide/rustup-home" "-w" "/opt/rustwide/workdir" "-m" "1610612736" "--user" "0:0" "--network" "none" "ghcr.io/rust-lang/crates-build-env/linux@sha256:4a844ea9eb2546a2d2c7022eacef16ef2e8229c7fbb2c7d4d55a9ceca922f72d" "/opt/rustwide/cargo-home/bin/cargo" "+nightly-2024-10-28" "test" "--frozen", kill_on_drop: false }`
[INFO] [stdout] 276f9db524284658a23182f4a731900db6623855dbfb5c58acbef338dcaa969e
[INFO] running `Command { std: "docker" "start" "-a" "276f9db524284658a23182f4a731900db6623855dbfb5c58acbef338dcaa969e", kill_on_drop: false }`
[INFO] [stderr]     Finished `test` profile [unoptimized + debuginfo] target(s) in 0.02s
[INFO] [stderr]      Running unittests src/lib.rs (/opt/rustwide/target/debug/deps/bevy_yoetz_macros-65d2782597d781f3)
[INFO] [stdout] 
[INFO] [stdout] running 0 tests
[INFO] [stdout] 
[INFO] [stdout] test result: ok. 0 passed; 0 failed; 0 ignored; 0 measured; 0 filtered out; finished in 0.00s
[INFO] [stdout] 
[INFO] [stderr]    Doc-tests bevy_yoetz_macros
[INFO] [stdout] 
[INFO] [stdout] running 1 test
[INFO] [stdout] test src/lib.rs - derive_suggestion (line 50) - compile ... FAILED
[INFO] [stderr] error: doctest failed, to rerun pass `--doc`
[INFO] [stdout] 
[INFO] [stdout] failures:
[INFO] [stdout] 
[INFO] [stdout] ---- src/lib.rs - derive_suggestion (line 50) stdout ----
[INFO] [stdout] error[E0433]: failed to resolve: use of undeclared crate or module `bevy`
[INFO] [stdout]  --> src/lib.rs:51:5
[INFO] [stdout]   |
[INFO] [stdout] 3 | use bevy::prelude::*;
[INFO] [stdout]   |     ^^^^ use of undeclared crate or module `bevy`
[INFO] [stdout] 
[INFO] [stdout] error[E0433]: failed to resolve: use of undeclared crate or module `bevy_yoetz`
[INFO] [stdout]  --> src/lib.rs:52:5
[INFO] [stdout]   |
[INFO] [stdout] 4 | use bevy_yoetz::prelude::*;
[INFO] [stdout]   |     ^^^^^^^^^^ use of undeclared crate or module `bevy_yoetz`
[INFO] [stdout] 
[INFO] [stdout] error[E0432]: unresolved imports `bevy::prelude::*`, `bevy_yoetz::prelude::*`
[INFO] [stdout]  --> src/lib.rs:51:5
[INFO] [stdout]   |
[INFO] [stdout] 3 | use bevy::prelude::*;
[INFO] [stdout]   |     ^^^^^^^^^^^^^^^^
[INFO] [stdout] 4 | use bevy_yoetz::prelude::*;
[INFO] [stdout]   |     ^^^^^^^^^^^^^^^^^^^^^^
[INFO] [stdout] 
[INFO] [stdout] error: cannot find derive macro `YoetzSuggestion` in this scope
[INFO] [stdout]  --> src/lib.rs:53:10
[INFO] [stdout]   |
[INFO] [stdout] 5 | #[derive(YoetzSuggestion)]
[INFO] [stdout]   |          ^^^^^^^^^^^^^^^
[INFO] [stdout]   |
[INFO] [stdout] help: consider importing this derive macro
[INFO] [stdout]   |
[INFO] [stdout] 2 + use bevy_yoetz_macros::YoetzSuggestion;
[INFO] [stdout]   |
[INFO] [stdout] 
[INFO] [stdout] error: cannot find attribute `yoetz` in this scope
[INFO] [stdout]  --> src/lib.rs:54:3
[INFO] [stdout]   |
[INFO] [stdout] 6 | #[yoetz(
[INFO] [stdout]   |   ^^^^^
[INFO] [stdout] 
[INFO] [stdout] error: cannot find attribute `yoetz` in this scope
[INFO] [stdout]   --> src/lib.rs:67:11
[INFO] [stdout]    |
[INFO] [stdout] 19 |         #[yoetz(key)]
[INFO] [stdout]    |           ^^^^^
[INFO] [stdout] 
[INFO] [stdout] error: cannot find attribute `yoetz` in this scope
[INFO] [stdout]   --> src/lib.rs:72:11
[INFO] [stdout]    |
[INFO] [stdout] 24 |         #[yoetz(input)]
[INFO] [stdout]    |           ^^^^^
[INFO] [stdout] 
[INFO] [stdout] error: cannot find attribute `yoetz` in this scope
[INFO] [stdout]   --> src/lib.rs:78:11
[INFO] [stdout]    |
[INFO] [stdout] 30 |         #[yoetz(state)]
[INFO] [stdout]    |           ^^^^^
[INFO] [stdout] 
[INFO] [stdout] error[E0412]: cannot find type `Entity` in this scope
[INFO] [stdout]   --> src/lib.rs:68:27
[INFO] [stdout]    |
[INFO] [stdout] 20 |         target_to_attack: Entity,
[INFO] [stdout]    |                           ^^^^^^ not found in this scope
[INFO] [stdout] 
[INFO] [stdout] error[E0412]: cannot find type `Vec3` in this scope
[INFO] [stdout]   --> src/lib.rs:73:26
[INFO] [stdout]    |
[INFO] [stdout] 25 |         target_position: Vec3,
[INFO] [stdout]    |                          ^^^^ help: a struct with a similar name exists: `Vec`
[INFO] [stdout]   --> /rustc/df4ca44d3fbc9301ee17f30f4d474e6ae4b05252/library/alloc/src/vec/mod.rs:397:1
[INFO] [stdout]    |
[INFO] [stdout]    = note: similarly named struct `Vec` defined here
[INFO] [stdout] 
[INFO] [stdout] error[E0412]: cannot find type `Timer` in this scope
[INFO] [stdout]   --> src/lib.rs:79:35
[INFO] [stdout]    |
[INFO] [stdout] 31 |         time_left_for_the_attack: Timer,
[INFO] [stdout]    |                                   ^^^^^ not found in this scope
[INFO] [stdout] 
[INFO] [stdout] error: aborting due to 11 previous errors
[INFO] [stdout] 
[INFO] [stdout] Some errors have detailed explanations: E0412, E0432, E0433.
[INFO] [stdout] For more information about an error, try `rustc --explain E0412`.
[INFO] [stdout] Couldn't compile the test.
[INFO] [stdout] 
[INFO] [stdout] failures:
[INFO] [stdout]     src/lib.rs - derive_suggestion (line 50)
[INFO] [stdout] 
[INFO] [stdout] test result: FAILED. 0 passed; 1 failed; 0 ignored; 0 measured; 0 filtered out; finished in 0.11s
[INFO] [stdout] 
[INFO] running `Command { std: "docker" "inspect" "276f9db524284658a23182f4a731900db6623855dbfb5c58acbef338dcaa969e", kill_on_drop: false }`
[INFO] running `Command { std: "docker" "rm" "-f" "276f9db524284658a23182f4a731900db6623855dbfb5c58acbef338dcaa969e", kill_on_drop: false }`
[INFO] [stdout] 276f9db524284658a23182f4a731900db6623855dbfb5c58acbef338dcaa969e
